-- https://www.phpmyadmin.net/
--

START TRANSACTION;



--
-- Database: `weblineo_ecommerce`
--

-- --------------------------------------------------------

--
-- Table structure for table `sgp_adminnotification_inbox`
--

CREATE TABLE `sgp_adminnotification_inbox` (
  `notification_id` int(10) UNSIGNED NOT NULL COMMENT 'Notification id',
  `severity` smallint(5) UNSIGNED NOT NULL DEFAULT '0' COMMENT 'Problem type',
  `date_added` timestamp NOT NULL DEFAULT CURRENT_TIMESTAMP COMMENT 'Create date',
  `title` varchar(255) NOT NULL COMMENT 'Title',
  `description` text COMMENT 'Description',
  `url` varchar(255) DEFAULT NULL COMMENT 'Url',
  `is_read` smallint(5) UNSIGNED NOT NULL DEFAULT '0' COMMENT 'Flag if notification read',
  `is_remove` smallint(5) UNSIGNED NOT NULL DEFAULT '0' COMMENT 'Flag if notification might be removed'
) ENGINE=InnoDB DEFAULT CHARSET=utf8 COMMENT='Adminnotification Inbox';

--
-- Dumping data for table `sgp_adminnotification_inbox`
--

INSERT INTO `sgp_adminnotification_inbox` (`notification_id`, `severity`, `date_added`, `title`, `description`, `url`, `is_read`, `is_remove`) VALUES
(1, 1, '2018-12-28 05:27:45', 'Attention! You use an ancient version of Blog Extension. It is strongly recommended to update Blog Extension to the newest version 2.8.5', ' \n                                https://magefan.com/magento2-blog-extension?ancient=2.6.0                             ', 'https://magefan.com/magento2-blog-extension?ancient=2.6.0', 0, 0),
(2, 4, '2018-12-28 05:27:45', 'FAQ: How to configure &quot;read more&quot; in your Magento 2 blog post', ' If you still don\'t know how to configure read more functionality in your magento 2 blog post, please read this article.\n                Online documentation for Magento 2 blog extension is also available on our website. http://goo.gl/XOEdpy ', 'http://magefan.com/blog/add-read-more-tag-to-blog-post-content/?from=notification1', 0, 0),
(3, 4, '2018-12-28 05:27:45', 'Embed YouTube video with Magento 2 YouTube widget extension by Magefan.', 'Simple to use, no HTML knowledge required. Includes video lazy load technique for better page speed.', 'https://magefan.com/magento2-youtube-extension?from=ntf-new', 0, 0),
(4, 1, '2019-01-07 04:40:28', 'Attention! You use an ancient version of Blog Extension. It is strongly recommended to update Blog Extension to the newest version 2.8.6', ' \n                                https://magefan.com/magento2-blog-extension?ancient=2.6.0                             ', 'https://magefan.com/magento2-blog-extension?ancient=2.6.0', 0, 0),
(5, 4, '2019-02-12 22:15:58', 'Take our brief product survey.', 'Hello Magento Community, \n\nThrough this survey, the product team at Magento wants seek feedback on three different topics i.e. Magento Security,  Sales Channel, and Magento Cloud. Your feedback will help us to make better product decisions in future.\n\n**if you are a partner/non-seller/non-merchant taking this survey, please respond to the survey on behalf of your clients/merchants to whom these questions/topics may apply.\n\nYour feedback is 100% confidential and will not be shared in any way.\n\n\nThanks\nMagento UX\n\nhttps://www.surveymonkey.com/r/M2_Feb2019_ProductUXSurvey\n', 'https://www.surveymonkey.com/r/M2_Feb2019_ProductUXSurvey', 0, 0),
(6, 1, '2019-02-14 05:48:53', 'Attention! You use an ancient version of Blog Extension. It is strongly recommended to update Blog Extension to the newest version 2.8.7', ' \n                                https://magefan.com/magento2-blog-extension?ancient=2.6.0                             ', 'https://magefan.com/magento2-blog-extension?ancient=2.6.0', 0, 0),
(7, 1, '2019-03-01 20:19:18', 'Action required: Update Authorize.Net Direct Post from MD5 to SHA-512 – 3/1/2019', 'Magento\'s implementation of the Authorize.Net Direct Post payment method uses MD5 based hash, and on March 14, 2019 Authorize.net will stop supporting MD5 based hash usage. This will result in Magento merchants not being able to process payments using Authorize.Net Direct Post. To avoid disruption and to continue processing payments, merchants need to apply a patch provided by Magento and add a Signature Key (SHA-512) in the Magento Admin configuration settings. For information on applying this patch please see the Magento Help Center.\n\nhttps://support.magento.com/hc/en-us/articles/360024368392', 'https://support.magento.com/hc/en-us/articles/360024368392', 0, 0),
(8, 4, '2019-03-20 03:53:15', 'Is it time to take your Magento Open Source commerce to the next level? ', 'We’re here to help! Magento Commerce Cloud gives you access to Page Builder, a powerful drag-and-drop content creation and editing tool that allows you to quickly design, test and launch new content with no coding or developer support required. Check it out with a free demo today.  http://bit.ly/2HwGsBs ', 'http://bit.ly/2HwGsBs', 0, 0),
(9, 4, '2019-03-25 20:26:07', 'We’re here to help grow your business and take your commerce strategy to the next level.  ', 'Is it time to graduate from Magento Open Source and take the next step in your growth? Magento Commerce Cloud gives you out of the box content creation capabilities with our Page Builder tool, mobile responsive layouts, measurement and management tools, and so much more. Get a no obligation demo today. http://bit.ly/2HwGsBs ', 'http://bit.ly/2HwGsBs ', 0, 0),
(10, 1, '2019-03-26 18:05:01', 'Magento Open Source 2.3.1 delivers Powerful New Merchant and Developer Experience Enhancements – 3/26/2019', 'The latest release of Magento Open Source empowers merchants to act more quickly, operate more efficiently, and scale their businesses. Magento 2.3.1 also delivers important security enhancements and performance improvements. With these important updates we strongly recommend that you upgrade to ensure your sites maintain the highest level of security. You can review the release notes for more information about all of the enhancements.', 'https://devdocs.magento.com/guides/v2.3/release-notes/bk-release-notes.html', 0, 0),
(11, 4, '2019-03-27 22:47:30', '2019: Your Time to Join the Progressive Web App Movement ', 'Progressive Web App technology is enabling smarter, faster mobile shopping experiences. Forrester presents their latest findings on this next-generation technology, now available on Magento Commerce 2. Read the report and reshape your customers mobile engagement. \nLearn more: http://bit.ly/2W5r4zg ', 'http://bit.ly/2W5r4zg  ', 0, 0),
(12, 4, '2019-04-10 20:16:37', 'How low can your commerce Total Cost of Ownership go?', 'Magento provides multiple eCommerce offerings with unique benefits. The question becomes: Is your free version of Magento Open Source the best option for your business and budget? Properly evaluate the all-in costs of software, development, upkeep and support needs with this free guide: http://bit.ly/2WLcNIz ', 'http://bit.ly/2WLcNIz', 0, 0),
(13, 4, '2019-04-18 14:18:53', 'Open Source is great, but is it always a better value? Not necessarily.   ', 'Let’s shed light on the perception that Magento Open Source is always the cheaper option. Spoiler alert – you may be surprised. Learn how Magento Commerce accelerates time to market, simplifies content creation, scales with your business and more in our myth-busting guide: http://bit.ly/2COUs5E ', 'http://bit.ly/2COUs5E', 0, 0),
(14, 4, '2019-04-23 22:53:48', 'Seamlessly add intelligent, global shipping to your Magento store ', 'Provide the shipping and pickup options required to compete. Meet customer expectations, drive conversion, increase revenue, and lower abandonment. Learn more: http://bit.ly/2DtWitd', 'http://bit.ly/2DtWitd', 0, 0),
(15, 4, '2019-04-30 22:49:23', 'Improve customer experience with intelligent, multi-carrier shipping ', 'Provide the shipping and pickup options required to compete. Meet customer expectations, drive conversion, increase revenue, and lower abandonment. Learn more: http://bit.ly/2DtWitd ', 'http://bit.ly/2DtWitd ', 0, 0),
(16, 4, '2019-05-02 21:41:03', '7 Secrets to a Successful Migration: How Beer Hawk Upgraded from Magento Open Source 1 to Magento Commerce 2', 'Find out how Beer Hawk, a leading online craft beer retailer, experienced explosive growth after upgrading to Magento Commerce 2 in only 3 months. Joined by their solutions partner, Pinpoint, learn about the challenges they faced, the things they wished they would have known in advance, and how this new platform is enabling the rapid expansion of omnichannel bars and subscription models. Attend Magento Imagine 2019. Learn more: http://bit.ly/2vBledY', 'http://bit.ly/2vBledY', 0, 0),
(17, 4, '2019-05-05 21:05:29', 'Drive cart conversion and revenue with Magento Shipping', 'Provide the shipping and pickup options required to compete. Meet customer expectations, drive conversion, increase revenue, and lower abandonment. Learn more: http://bit.ly/2DtWitd', 'http://bit.ly/2DtWitd', 0, 0),
(18, 4, '2019-05-10 21:29:49', 'Magento Shipping easily connects you with global shipping carriers ', 'Provide the shipping and pickup options required to compete. Meet customer expectations, drive conversion, increase revenue, and lower abandonment. Learn more: http://bit.ly/2DtWitd', 'http://bit.ly/2DtWitd', 0, 0),
(19, 4, '2019-05-13 17:49:35', 'New Google Shopping Ads Channel Extension Available', 'Connect with a new, powerful Magento-developed extension for Open Source 2.2.4+ users via the Magento Marketplace: Google Shopping Ads Channel! With Google Shopping Ads Channel you can connect your Magento store with Google Merchant Center and Google Ads seamlessly; and run Smart Shopping campaigns to cost-effectively reach and convert more shoppers. Download the extension for free. ', 'http://marketplace.magento.com/magento-google-shopping-ads.html', 0, 0),
(20, 4, '2019-05-22 18:55:29', 'New Amazon Sales Channel Extension Available', 'Connect with a new, powerful Magento-developed extension for Open Source 2.2.4+ users via the Magento Marketplace: Amazon Sales Channel! Merchants around the world can use this extension to sell their products to millions of shoppers on the U.S., Canada, and Mexico Amazon marketplaces. The extension allows for seamless integration of your product catalog, inventory, and order information with Amazon. Download the extension for free. ', 'http://marketplace.magento.com/magento-module-amazon.html', 0, 0),
(21, 1, '2019-05-31 04:18:31', 'Attention! You use an ancient version of Blog Extension. It is strongly recommended to update Blog Extension to the newest version 2.8.10', ' \n                                https://magefan.com/magento2-blog-extension?ancient=2.6.0                             ', 'https://magefan.com/magento2-blog-extension?ancient=2.6.0', 0, 0),
(22, 4, '2019-06-13 18:29:36', 'How low can your commerce Total Cost of Ownership go?  ', 'Magento provides multiple eCommerce offerings with unique benefits. The question becomes: Is your free version of Magento Open Source the best option for your business and budget? Properly evaluate the all-in costs of software, development, upkeep and support needs with this free guide: http://bit.ly/2XMWGLw', 'http://bit.ly/2XMWGLw', 0, 0),
(23, 1, '2019-06-25 16:09:17', 'Important Security and Performance Updates Released in Magento 2.3.2', 'The latest releases of Magento include important security enhancements along with performance and productivity improvements. We strongly recommend that you upgrade to ensure your sites maintain the highest level of security. You can review the release notes for more information about all of the enhancements and information on security updates included in these versions of Magento at our Security Center: https://magento.com/security/', 'https://devdocs.magento.com/guides/v2.3/release-notes/bk-release-notes.html', 0, 0),
(24, 4, '2019-07-16 15:39:08', 'Webinar: Power Your Marketing in Magento with Google Shopping ads Channel', 'Join us on Wednesday, July 31, 2019 to discover how to reach more customers and improve ROI while simplifying your Google advertising operations – all from the Magento admin – with Google Shopping ads Channel. During this 45-minute webinar you’ll learn how you can seamlessly connect your Magento store with Google Merchant Center (GMC) and Google Ads, sync your product catalog and inventory with GMC so you never have to worry about advertising out-of-stock products or inaccurate pricing, and get the most out of your Smart Shopping campaigns with our campaign’s best practices. Two convenient webinar times – 8:00am PDT and 5:00pm PDT. Register today!', 'https://magento.com/resources/power-your-marketing-in-magento-google-shopping-ads-channel', 0, 0),
(25, 1, '2019-07-29 04:36:25', 'Attention! You use an ancient version of Blog Extension. It is strongly recommended to update Blog Extension to the newest version 2.8.10', ' \n                                https://magefan.com/magento2-blog-extension?ancient=2.8.0                             ', 'https://magefan.com/magento2-blog-extension?ancient=2.8.0', 0, 0),
(26, 1, '2019-07-31 04:22:20', 'Attention! You use an ancient version of Blog Extension. It is strongly recommended to update Blog Extension to the newest version 2.9.0', ' \n                                https://magefan.com/magento2-blog-extension?ancient=2.8.0                             ', 'https://magefan.com/magento2-blog-extension?ancient=2.8.0', 0, 0),
(27, 1, '2019-08-08 13:28:15', 'PSD2 Compliance Deadline: 09/14/2019', 'On September 14, the new Payment Services Directive (PSD2) will go into effect for all merchants who sell to customers in the EU. For information on compliance, PSD2 Authentication Standards, and actions that need to be taken prior to the deadline, please see the Magento DevBlog. https://community.magento.com/t5/Magento-DevBlog/3D-Secure-2-0-changes/ba-p/136460', 'https://community.magento.com/t5/Magento-DevBlog/3D-Secure-2-0-changes/ba-p/136460', 0, 0),
(28, 4, '2019-08-23 14:07:14', 'MagentoLive Europe 2019', 'Join 2000+ Commerce Innovators for MagentoLive Europe in Amsterdam from 22-23 October. Register Now!', 'https://live-eu.magento.com/', 0, 0),
(29, 4, '2019-08-27 14:06:49', 'Breaking news! Adobe (Magento) is recognized by Gartner as a Leader based on Magento Commerce in the 2019 Magic Quadrant for Digital Commerce. ', 'Learn why Magento Commerce is a Leader for a third year in a row and continues to move because of our ability to execute. Read the full report: http://bit.ly/2Zj3CVs', 'http://bit.ly/2Zj3CVs', 0, 0),
(30, 4, '2019-09-23 13:26:29', 'Magento 2 Zero Downtime Deployment Script', ' Do you hate to see when your store is broken while running Magento 2 deployment commands? In the next 5 minutes, we\'ll help you with this issue. ', 'https://magefan.com/blog/magento-2-zero-downtime-deployment', 0, 0),
(31, 4, '2019-10-01 16:15:34', 'It’s time to take your operations in a new direction by diversifying your revenue streams. ', 'We’ve got five ways you can effortlessly boost sales while reaching a wider audience. Download this informative guide and start fast-tracking your revenue growth today. Link: http://bit.ly/2m6svAN', 'http://bit.ly/2m6svAN', 0, 0),
(32, 4, '2019-10-08 18:50:49', 'It’s time to get your digital business out of the slow lane. ', 'Accelerate your revenue growth and drive customer satisfaction with these 5 must-have eCommerce features. Download this informative guide: http://bit.ly/2lLFOX6', 'http://bit.ly/2lLFOX6', 0, 0),
(33, 1, '2019-10-09 19:59:13', 'Magento Open Source 2.3.3 delivers important security updates along with performance and functionality enhancements – 10/9/2019 ', 'The latest release of Magento Open Source 2.3.3, Magento Open Source 2.2.10 and our new security-only patch 2.3.2-p2 are now available. Magento Open Source 2.3.3 includes important security enhancements along with new features, improved performance, and quality. With these important updates we strongly recommend that you upgrade to ensure your sites maintain the highest level of security. You can review the release notes for more information about all of the enhancements. For more information about security updates included in these versions of Magento please see our Security Center: https://magento.com/security/', 'https://devdocs.magento.com/guides/v2.3/release-notes/bk-release-notes.html', 0, 0),
(34, 4, '2019-10-11 04:48:59', 'NEW Magento 2 Alternate Hreflang Tags Extension with Better Store Switcher\n', ' Do you manage Magento multi-language store without using Hreflang tags? You should definitely enable them. ', 'https://magefan.com/magento2-alternate-hreflang-extension', 0, 0),
(35, 1, '2019-10-14 15:58:01', 'Important hotfix for Magento Open Source 2.3.3', 'A hotfix for Magento Open Source 2.3.3 has been published to address an issue related to Elasticsearch that may present itself during or after upgrading to our latest 2.3.3 release. We strongly recommend that everyone upgrading to 2.3.3, download and apply this hotfix prior to deployment. For more information please visit our release notes. https://devdocs.magento.com/guides/v2.3/release-notes/bk-release-notes.html ', 'https://devdocs.magento.com/guides/v2.3/release-notes/bk-release-notes.html', 0, 0),
(36, 4, '2019-10-16 13:53:12', 'You are invited: The True Cost Savings of Magento Commerce Webinar', 'Join other Magento Open Source customers for a live webinar on October 30th with commerce experts Matthew Boland and John Glasgow from Adobe to learn how upgrading from Open Source to Magento Commerce can trim your costs and deliver major ROI. Register today: http://bit.ly/2BcYK5A', 'http://bit.ly/2BcYK5A', 0, 0),
(37, 4, '2019-10-23 12:49:48', 'eBook: Advanced Strategies for Fast-Tracking Revenue Growth', 'Take your business in a new direction by selling more to a larger audience. Our guide explains 5 ways you can quickly add new revenue streams to your business. Link here: http://bit.ly/2m6svAN', 'http://bit.ly/2m6svAN', 0, 0),
(38, 1, '2019-10-28 04:37:04', 'Attention! You use an ancient version of Blog Extension. It is strongly recommended to update Blog Extension to the newest version 2.9.1', ' \n                                https://magefan.com/magento2-blog-extension?ancient=2.8.0                             ', 'https://magefan.com/magento2-blog-extension?ancient=2.8.0', 0, 0),
(39, 4, '2019-11-11 18:31:19', 'Special Offer for Open Source Customers through November 29th.', 'Take advantage of a special discount when you move to a Magento Commerce cloud subscription (formerly Enterprise Edition) through November 29th. With exciting new features like Page Builder and Content Staging and Preview, now is the perfect time to contact us. Link here: http://bit.ly/2O4hPNg', 'http://bit.ly/2O4hPNg', 0, 0),
(40, 4, '2019-11-14 16:36:56', 'We need your help! How do you fulfill and ship your orders?', 'We need your help! How do you fulfill and ship your orders?', 'http://selfserve.decipherinc.com/survey/selfserve/9d5/g013/191028 ', 0, 0),
(41, 1, '2019-11-27 04:15:11', '35% OFF. BLACK FRIDAY SALE! Get 25% OFF any Magento 2 Extension. Use coupon code: BF2019', ' Improve your store &amp; save budget today. URL: http://bit.ly/2pSs7Iz ', 'https://magefan.com/magento2-extensions?from=ntf-black-friday2019', 0, 0),
(42, 4, '2019-12-02 15:09:11', '2020: The Year You Reimagine Your Mobile Platform', 'Smarter, faster mobile shopping experiences are now achievable with Progressive Web App technology. Forrester reveals how to leverage this next-generation technology, now available on Magento Commerce 2. Reimagine your mobile environment with this exclusive report.  Link here: http://bit.ly/2W5r4zg', 'http://bit.ly/2W5r4zg ', 0, 0),
(43, 4, '2019-12-09 18:08:56', 'Online B2B purchases are set to skyrocket to $9 trillion in the US alone this year. Get in on the action with B2B and B2C selling.', 'The lines between B2B and B2C commerce are blurring. Here’s 5 reasons to go hybrid with your commerce strategy in 2020. http://bit.ly/2DPgAx0', 'http://bit.ly/2DPgAx0', 0, 0),
(44, 4, '2019-12-16 18:39:06', 'Did you know? A whopping 89% of B2B businesses now rely on digital content to guide their purchasing process.', 'Learn how you can integrate compelling content into your B2B sales strategy with our latest eBook. Download Now: http://bit.ly/368QIbu', 'http://bit.ly/368QIbu', 0, 0),
(45, 4, '2020-01-02 18:26:08', 'Are you set up to achieve your eCommerce goals? Make upgrading your resolution for 2020.', 'Upgrading to Magento Commerce might cost less than you think. Watch our webinar to learn the true cost savings of upgrading to Magento Commerce 2. Watch Now: http://bit.ly/2BcYK5A', 'http://bit.ly/2BcYK5A', 0, 0),
(46, 4, '2020-01-13 18:02:52', 'eCommerce is an ocean of opportunity. Take our quiz and find out if you are a pilot fish, octopus, or shark.', 'Find out if you’re ready to sell with the big fish by taking our brief quiz designed to identify your competitive selling potential. Answer our set of quick questions to see where you stack up and receive personalized resources to give your digital growth strategy some teeth. http://bit.ly/2NkNvhS', 'http://bit.ly/2NkNvhS', 0, 0),
(47, 4, '2020-01-20 13:09:14', 'NEW  Magento 2 CMS Display Rules Extension.', 'Magento 2 CMS Display Rules is the extension for Magento 2 stores that allows online merchants to manage the display of CMS Pages and CMS Block for different customer groups, on different dates, days of the week, the exact time during the day and even conditions based on product attributes and shopping cart items and total.', 'https://magefan.com/magento-2-cms-display-rules-extension?from=ntf-new', 0, 0),
(48, 4, '2020-01-21 17:05:32', '2020 goal: Is your product content keeping up with your customers?', 'Magento Page Builder gives you fast content updates and even faster growth. Download our eBook to learn more. Link here: http://bit.ly/2NyTuQf', 'http://bit.ly/2NyTuQf', 0, 0),
(49, 1, '2020-01-26 04:29:16', 'Attention! You use an ancient version of Blog Extension. It is strongly recommended to update Blog Extension to the newest version 2.9.2', ' \n                                    https://magefan.com/magento2-blog-extension?ancient=2.8.0                                 ', 'https://magefan.com/magento2-blog-extension?ancient=2.8.0', 0, 0),
(50, 4, '2020-01-27 16:01:40', 'Learn The 6 Sweet Features Behind Every Irresistible eCommerce Experience. ', '92% percent of online shoppers call it quits before checkout over poor site performance. Discover the six essential features your commerce platform needs to create truly memorable customer moments. Link here: http://bit.ly/2RrcS4d\n', 'http://bit.ly/2RrcS4d', 0, 0),
(51, 1, '2020-01-28 20:09:22', 'Magento Open Source 2.3.4 delivers important security updates and features to help you build a more engaging customer experience – 1/28/2020', 'The latest releases of Magento Open Source – 2.3.4, 2.3.3-p1, and 2.2.11 – are now generally available. The latest release of Magento Open Source includes important security enhancements along with new functionality and platform quality improvements. With these important updates we strongly recommend that you upgrade to ensure your sites maintain the highest level of security. You can review the release notes for more information about all of the enhancements. Learn how this release can help you build a more engaging customer experience at Magento.com/blog.', 'https://devdocs.magento.com/guides/v2.3/release-notes/bk-release-notes.html', 0, 0),
(52, 4, '2020-02-03 19:53:41', 'You are invited: Seize the New Year– 5 Growth Strategies for 2020.', 'Join us for a live webinar on February 13th with Magento experts Shannon Hane and Matthew Wasley from Adobe to learn the latest eCommerce strategies to accelerate revenue growth in 2020. Register today: http://bit.ly/2GPpb4b', 'http://bit.ly/2GPpb4b', 0, 0),
(53, 4, '2020-02-10 16:41:26', 'Are you putting off integrating your ERP and eCommerce?', 'Get started on the journey to a more integrated and profitable eCommerce business. Download our comprehensive guide, eCommerce + ERP: Better Together. http://bit.ly/33XMHVV', 'http://bit.ly/33XMHVV', 0, 0),
(54, 4, '2020-02-12 15:11:23', 'Join Tomorrow\'s Webinar: Seize the New Year– 5 Growth Strategies for 2020.', 'Join us for a live webinar tomorrow, February 13th with Magento experts Shannon Hane and Matthew Wasley from Adobe to learn the latest eCommerce strategies to accelerate revenue growth in 2020. Register today: http://bit.ly/2GPpb4b', 'http://bit.ly/2GPpb4b', 0, 0),
(55, 1, '2020-03-05 21:25:23', 'Retrieving data. Wait a few seconds and try to cut or copy again.', '&quot;We have discovered an error in Magento 2.3.4 that can prevent a shopper from completing an order when using PayPal Express Checkout. The issue occurs for any country where the region field in the address section is a text field (as opposed to a drop-down menu).\nWe have released a hotfix to resolve this issue and recommend that merchants on Magento version 2.3.4 who are also using PayPal Express Checkout download and apply this hotfix as soon as possible to prevent further errors. Please refer to our help center for instructions and troubleshooting. A fix for this issue will be included in Magento 2.3.5.', 'https://support.magento.com/hc/en-us/articles/360039451972', 0, 0),
(56, 1, '2020-03-15 04:55:01', 'Attention! You use an ancient version of Blog Extension. It is strongly recommended to update Blog Extension to the newest version 2.9.3', ' \n                                    https://magefan.com/magento2-blog-extension?ancient=2.8.0                                 ', 'https://magefan.com/magento2-blog-extension?ancient=2.8.0', 0, 0),
(57, 4, '2020-03-20 15:03:20', 'Simplify and accelerate your content updates with Page Builder', 'Content is critical to eCommerce engagement. In fact, 87 percent of shoppers say product content has a high impact on their purchasing decisions. Page Builder delivers a drag-and-drop content creation and management tool which simplifies your website updates from start to finish. Learn how this powerful creative tool can grow your business. Link here: http://bit.ly/2NyTuQf', 'http://bit.ly/2NyTuQf', 0, 0),
(58, 1, '2020-03-24 16:02:43', 'Important Hot Fix Available for Magento Commerce 2.3', 'A new Hot Fix is available to close a security issue in Magento Open Source 2.3, all versions. We recommend that users of potentially affected deployments take immediate action by updating your Magento installation with the latest patch. Please review our Security Blog via the included link for more information about the bug and how to apply the Hot Fix.', 'https://magento.com/security/hot-fix-available-cve-2019-8118', 0, 0),
(59, 4, '2020-04-08 16:41:38', 'Watch On-Demand Webinar: Seize the New Year– 5 Growth Strategies for 2020.', 'Magento experts Shannon Hane and Matthew Wasley from Adobe will share the latest eCommerce strategies to accelerate revenue growth in 2020. Watch now: http://bit.ly/2GPpb4b', 'http://bit.ly/2GPpb4b', 0, 0),
(60, 4, '2020-04-10 17:14:30', 'You are invited! Join our live webinar on April 23rd: The True Cost Savings of Magento Commerce 2.', 'Join us for The True Cost Savings of Magento Commerce 2 webinar on April 23rd. John Glasgow and Matt Boland from Adobe will discuss how your business can reduce operating costs and grow revenue. Leading solution partner Atwix will also share how they are helping customers launch innovative solutions to meet expectations in today’s environment. Register Now: https://bit.ly/2JRgJCX', 'https://bit.ly/2JRgJCX', 0, 0),
(61, 4, '2020-04-14 22:03:09', 'Upgrade to Magento Commerce with no payments for the first 3 months. ', 'Adobe is committed to supporting merchants during this challenging time. Upgrade to Magento Commerce 2 quickly and affordably with limited time offers. Pay nothing for the first 3 months, and our Magento Commerce launch package will get you up and running fast. Free Magento U classes will ensure your teams are fully equipped to take their digital operations to the next level. Learn more: https://bit.ly/2RBnk8M', 'https://bit.ly/2RBnk8M', 0, 0),
(62, 4, '2020-04-14 22:03:09', 'Upgrade to Magento Commerce with no payments for the first 3 months. ', 'Adobe is committed to supporting merchants during this challenging time. Upgrade to Magento Commerce 2 quickly and affordably with limited time offers. Pay nothing for the first 3 months, and our Magento Commerce launch package will get you up and running fast. Free Magento U classes will ensure your teams are fully equipped to take their digital operations to the next level. Learn more: https://bit.ly/2RBnk8M', 'https://bit.ly/2RBnk8M', 0, 0),
(63, 1, '2020-04-28 18:29:06', 'Magento Open Source 2.3.5-p1 delivers important security updates and features ', 'The latest releases of Magento Open Source – 2.3.5-p1 and 2.3.4-p2 – are now generally available. The latest release of Magento Open Source includes important security enhancements along with new functionality and platform quality improvements. With these important updates we strongly recommend that you upgrade to ensure your sites maintain the highest level of security. You can review the release notes for more information about all of the enhancements. Learn how this release can help you save time and maximize resources at Magento.com/blog. ', 'https://devdocs.magento.com/guides/v2.3/release-notes/bk-release-notes.html', 0, 0),
(64, 4, '2020-05-04 18:02:10', 'One Platform to Rule them All', 'The lines between B2B and B2C commerce are blurring. B2C companies are adding wholesale storefronts while their traditionally B2B counterparts are increasingly selling direct to consumers.', 'http://bit.ly/2DPgAx0', 0, 0),
(65, 1, '2020-05-06 01:15:26', 'You are invited! Join our live webinar on May 21st: Fast-Track Your Move to Magento Commerce', 'Join our live webinar on May 21st: Fast-Track Your Move to Magento Commerce. 5x Magento Master, Brent Peterson, will share insider advice on getting your new Magento Commerce site to market in 30 days or less. Also, Tricia Lee from Adobe will cover limited-time offers designed to help merchants upgrade quickly and affordably. Register now: https://bit.ly/2L1lxpW', 'https://bit.ly/2L1lxpW', 0, 0),
(66, 1, '2020-05-09 07:38:50', 'Attention! You use an ancient version of Blog Extension. It is strongly recommended to update Blog Extension to the newest version 2.9.4', ' \n                                    https://magefan.com/magento2-blog-extension?ancient=2.8.0                                 ', 'https://magefan.com/magento2-blog-extension?ancient=2.8.0', 0, 0),
(67, 4, '2020-05-11 23:43:35', '5 Ways You Can Deliver Commerce to Your Customers', 'Now more than ever, eCommerce is helping individuals and communities satisfy their most essential needs. Discover the 5 ways brands are bringing commerce to their customers in our eGuide, The New Everywhere (and Every Device) Commerce. Learn more: https://bit.ly/2YIrL6l', 'https://bit.ly/2YIrL6l', 0, 0),
(68, 4, '2020-05-19 23:51:00', 'Webinar Tomorrow! Join our live webinar on May 21st: Fast-Track Your Move to Magento Commerce.', 'Join us tomorrow for our live webinar: Fast-Track Your Move to Magento Commerce. 5x Magento Master, Brent Peterson, will share insider advice on getting your new Magento Commerce site to market in 30 days or less. Also, Tricia Lee from Adobe will cover limited-time offers designed to help merchants upgrade quickly and affordably. Register now: https://bit.ly/2L1lxpW', 'https://bit.ly/2L1lxpW', 0, 0),
(69, 4, '2020-04-10 17:14:30', 'Watch On-On Demand: The True Cost Savings of Magento Commerce 2.', 'Join us for The True Cost Savings of Magento Commerce 2 webinar on April 23rd. John Glasgow and Matt Boland from Adobe will discuss how your business can reduce operating costs and grow revenue. Leading solution partner Atwix will also share how they are helping customers launch innovative solutions to meet expectations in today’s environment. Register Now: https://bit.ly/2JRgJCX', 'https://bit.ly/2JRgJCX', 0, 0),
(70, 4, '2020-06-08 16:43:12', 'Find out why Forrester positioned Adobe as a Leader in their latest B2B commerce report.', 'Read why Adobe was named a Leader in the “Forrester Wave: B2B Commerce Suites, Q2 2020,” and discover how we can support your business with our global partner ecosystem. https://bit.ly/2z845hk', 'https://bit.ly/2z845hk', 0, 0),
(71, 4, '2020-05-19 23:51:00', 'Watch our live webinar on-demand: Fast-Track Your Move to Magento Commerce.', 'Watch our on-demand webinar: Fast-Track Your Move to Magento Commerce. 5x Magento Master, Brent Peterson, will share insider advice on getting your new Magento Commerce site to market in 30 days or less. Also, Tricia Lee from Adobe will cover limited-time offers designed to help merchants upgrade quickly and affordably. View now: https://bit.ly/2L1lxpW', 'https://bit.ly/2L1lxpW', 0, 0),
(72, 4, '2020-06-11 18:19:15', 'Ask us your questions during our upcoming webinar, The True Cost Savings of Magento Commerce 2.', 'Join us on Tuesday, June 23rd, for a new session of The True Cost Savings of Magento Commerce 2 now with extended time for live Q&amp;A. John Glasgow from Adobe will share how your business can reduce operating costs and grow revenue. And Slava Kravchuk from Atwix, # 1 Contributing Partner, will share a customer case study leading the way in innovative B2B retail experiences. Register Now: https://bit.ly/3dLYlsN', 'https://bit.ly/3dLYlsN', 0, 0),
(73, 4, '2020-06-16 19:19:54', 'Your input requested: Shipping &amp; Fulfillment', 'We would like to get your feedback on how you think about and manage your shipping &amp; fulfillment so we can build great features for you! http://selfserve.decipherinc.com/survey/selfserve/9d5/200603', 'http://selfserve.decipherinc.com/survey/selfserve/9d5/200603', 0, 0),
(74, 4, '2020-06-25 21:45:31', 'We’re proud to be recognized as Leader in B2C commerce by Forrester in their latest report. ', 'Read the latest “Forrester Wave: B2C Commerce Suites, Q2 2020” report to learn why “Adobe leads with flexibility, supported by a strong global partner ecosystem.” https://bit.ly/370vz4V', 'https://bit.ly/370vz4V', 0, 0),
(75, 4, '2020-06-26 17:15:35', 'Embrace digital change with insights from eCommerce leaders at Adobe Experience Maker\'s Live July 22-23.', 'Take part in 40+ diverse sessions at Experience Makers Live July 22-23, with topics including Magento Commerce product roadmap, delivered by John Stockton, Sr. Director of Product Marketing at Adobe, customer case studies highlighting real-world applications of Magento Commerce features and functionality, and how Magento Commerce is helping merchants adapt to the challenges of a new digital reality. Register today! https://adobe.ly/3i7XGnK', 'https://adobe.ly/3i7XGnK', 0, 0),
(76, 4, '2020-07-10 00:56:40', 'Is Your Website Selling as Much as It Can? Take our commerce self-assessment and uncover opportunities to improve conversion rates.', 'An engaging user experience is essential to converting casual visitors into loyal customers. Find out if your eCommerce environment inspires long-term loyalty with our commerce self-assessment which asks, Is Your Website Selling as Much as It Can? Download now: https://bit.ly/3gt16Qk', 'https://bit.ly/3gt16Qk', 0, 0),
(77, 4, '2020-07-21 15:55:36', 'Meet the Magento Commerce Interactive Product Experience.', 'Meet the world’s most flexible eCommerce platform by immersing yourself in the Magento Commerce Interactive Product Experience. This interactive simulation demonstrates the powerful functionality helping merchants sustain – and grow – their business. Start Product Tour: https://adobe.ly/3eR7kZ3', 'https://adobe.ly/3eR7kZ3', 0, 0),
(78, 4, '2020-07-28 16:12:12', 'Tell us about your experience with Magento', 'We want to hear from you! Please take a short survey about your experience using Magento Admin. Your feedback will help us improve our products and develop new features.  http://selfserve.decipherinc.com/survey/selfserve/9d5/200508?list=1', 'http://selfserve.decipherinc.com/survey/selfserve/9d5/200508?list=1', 0, 0),
(79, 1, '2020-07-28 16:17:11', 'Magento Open Source 2.4 delivers important security updates and features to accelerate your business in the changing commerce landscape – 7/28/2020', 'The latest releases of Magento Open Source – 2.4 and 2.3.5-p2 – are now available. The latest release of Magento Open Source includes important security enhancements along with new functionality and platform quality improvements. With these important updates we strongly recommend that you upgrade to ensure your sites maintain the highest level of security. You can review the release notes for more information about all of the enhancements. Learn how this release can help you adapt to the changing commerce landscape at Magento.com/blog.', 'https://devdocs.magento.com/guides/v2.4/release-notes/bk-release-notes.html', 0, 0),
(80, 4, '2020-07-31 16:37:31', 'Is Your Website Selling as Much as It Can? Join our upcoming webinar and learn how to turn your website into a conversion machine.', 'Join us on August 13 for our webinar: Is Your Website Selling As Much As It Can? Digital Strategist Ereika Stimley and eCommerce Consultant Corey Gelato will walk you through a website self-assessment and live demo that will help you uncover opportunities to increase conversions and grow revenues. Register now: https://bit.ly/2PcjcL3', 'https://bit.ly/2PcjcL3', 0, 0),
(81, 4, '2020-08-07 20:57:02', 'The Essentials of an Unforgettable Customer Experience', 'Learning what’s shaping tomorrow’s shopping experiences is essential for growth. Download our eBook full of advice about crafting a better buying journey using Magento Commerce and other key technologies. Download now: https://bit.ly/31tNXkq', 'https://bit.ly/31tNXkq', 0, 0),
(82, 4, '2020-08-11 16:54:10', 'Turn your website into a conversion machine. Don\'t miss this week\'s webinar on Aug 13th! ', 'Join us on Aug 13 for our webinar: Is Your Website Selling As Much As It Can? Adobe Digital Strategist Ereika Stimley and eCommerce Consultant Corey Gelato will walk you through a website self-assessment and live demo that will help you uncover opportunities to increase conversions and grow revenues. Register now: https://bit.ly/2PcjcL3', 'https://bit.ly/2PcjcL3', 0, 0),
(83, 1, '2020-08-14 08:42:17', 'Attention! You use an ancient version of Blog Extension. It is strongly recommended to update Blog Extension to the newest version 2.9.6', ' \n                                    https://magefan.com/magento2-blog-extension?ancient=2.8.0                                 ', 'https://magefan.com/magento2-blog-extension?ancient=2.8.0', 0, 0),
(84, 4, '2020-08-14 08:42:17', 'NEW Magento 2 Multi-Blog Extension ', ' Magento 2 Multi Blog extension is the extension that allows you to have 2 separate blogs on your Magento 2 store and manage them from one admin panel. This extension could be useful for those who already use Magento 2 Blog and want to improve their store with the second blog. ', 'https://magefan.com/magento-2-multi-blog-extension', 0, 0),
(85, 4, '2020-08-24 17:19:20', 'We would love your input on Magento Payments', 'We value the perspective of our users and we would appreciate if you took this short survey on Magento Payments. Your response will influence the design of the next generation Magento Payments solution. https://bit.ly/2CXZro2', 'https://bit.ly/2CXZro2', 0, 0),
(86, 4, '2020-09-14 13:33:10', 'Get real-time insights into the security status of the store​ with Enhanced Security Scan Tool.', 'The Enhanced Magento Security Scan Tool provides our on-prem and cloud merchants with real-time insights into the security status of their store by proactively notifying them if their store is vulnerable. ', 'https://account.magento.com/scanner ', 0, 0),
(87, 4, '2020-09-14 13:37:29', 'Now Available: Magento Quality Patch (MQP) tool to identify and resolve issues more quickly', 'The introduction of the MQP tool provides a way for you to know which quality patches are available for you installed version and apply or revert them giving you self-service access to resolve issues more quickly.', 'https://support.magento.com/hc/en-us/articles/360047139492-Magento-Quality-Patches-released-a-new-tool-to-self-serve-quality-patches', 0, 0),
(88, 1, '2020-09-16 07:52:27', 'Attention! You use an ancient version of Blog Extension. It is strongly recommended to update Blog Extension to the newest version 2.9.6', ' \n                                    https://magefan.com/magento-2-blog-modul?ancient=2.8.0                                 ', 'https://magefan.com/magento-2-blog-modul?ancient=2.8.0', 0, 0),
(89, 4, '2020-09-16 18:03:56', 'Free 25-Point Website Evaluation for Magento Open Source Users', '​Reach out to us today to get your free 25-point site assessment to identify top conversion drivers and turn your website into a conversion machine.​ Our team of experts will evaluate your site and identify specific areas for conversion improvements. https://bit.ly/3lcgILt', 'https://bit.ly/3lcgILt', 0, 0),
(90, 4, '2020-09-21 17:18:39', 'New resource updates to the Open Source page on Magento.com. ', 'Check out the updated Open Source page on Magento.com. Learn how to maximize your Open Source store, discover offers for Open Source merchants, and view comparison charts between Open Source and Magento Commerce. Go to page: https://adobe.ly/3kCB5jW', 'https://adobe.ly/3kCB5jW', 0, 0),
(91, 4, '2020-09-25 01:48:09', 'Don\'t miss Adobe Developer\'s Live: Commerce which brings together developers and experience builders in a one-day free conference on Monday, Sept 28th. ', 'The one-day free conference will feature important Magento developer updates, technical sessions and community networking opportunities. Adobe product teams across Adobe Experience Cloud will showcase the latest tech advances and developer tools powering customer experience management across industries. Register now: https://bit.ly/3hYzbrX', 'https://bit.ly/3hYzbrX', 0, 0);

-- --------------------------------------------------------

--
-- Table structure for table `sgp_admin_passwords`
--

CREATE TABLE `sgp_admin_passwords` (
  `password_id` int(10) UNSIGNED NOT NULL COMMENT 'Password Id',
  `user_id` int(10) UNSIGNED NOT NULL DEFAULT '0' COMMENT 'User Id',
  `password_hash` varchar(100) DEFAULT NULL COMMENT 'Password Hash',
  `expires` int(10) UNSIGNED NOT NULL DEFAULT '0' COMMENT 'Expires',
  `last_updated` int(10) UNSIGNED NOT NULL DEFAULT '0' COMMENT 'Last Updated'
) ENGINE=InnoDB DEFAULT CHARSET=utf8 COMMENT='Admin Passwords';

--
-- Dumping data for table `sgp_admin_passwords`
--

INSERT INTO `sgp_admin_passwords` (`password_id`, `user_id`, `password_hash`, `expires`, `last_updated`) VALUES
(1, 2, '6c5963e1f128fc4716d92db0c097b87ef0fbb142f7825168092a148eb027c98b:pWv8525JuJaXnXkPHSsxCUr6b5DCKMOA:1', 1553690659, 1545914659),
(2, 3, '4cee970380dc4d268c6fb2172a11afecc3e3a271f4d0f533a312b9dda6f08abc:k04pluBwk1gFt1sPKoidasujQlZfvnQT:1', 1553690706, 1545914706),
(3, 4, '99b6febafd68e23ca86b43fc004d6f1f39a78f440a19133596cb66ca64b0bcaa:7GggBa17TYURt7zGUFTWuy8tP5jYqBIA:1', 1553690768, 1545914768),
(4, 2, '6c5963e1f128fc4716d92db0c097b87ef0fbb142f7825168092a148eb027c98b:pWv8525JuJaXnXkPHSsxCUr6b5DCKMOA:1', 1554617737, 1546841737),
(5, 3, '4cee970380dc4d268c6fb2172a11afecc3e3a271f4d0f533a312b9dda6f08abc:k04pluBwk1gFt1sPKoidasujQlZfvnQT:1', 1554617737, 1546841737),
(6, 4, '99b6febafd68e23ca86b43fc004d6f1f39a78f440a19133596cb66ca64b0bcaa:7GggBa17TYURt7zGUFTWuy8tP5jYqBIA:1', 1554617737, 1546841737),
(7, 2, '6c5963e1f128fc4716d92db0c097b87ef0fbb142f7825168092a148eb027c98b:pWv8525JuJaXnXkPHSsxCUr6b5DCKMOA:1', 1554618206, 1546842206),
(8, 3, '4cee970380dc4d268c6fb2172a11afecc3e3a271f4d0f533a312b9dda6f08abc:k04pluBwk1gFt1sPKoidasujQlZfvnQT:1', 1554618206, 1546842206),
(9, 4, '99b6febafd68e23ca86b43fc004d6f1f39a78f440a19133596cb66ca64b0bcaa:7GggBa17TYURt7zGUFTWuy8tP5jYqBIA:1', 1554618206, 1546842206),
(10, 1, 'ac0673eb6ce584ba625837922061e94e33ef0dd22b56897474cca42f9115c478:nyGblWfLLy5J2nHLQXHwa6xa8XtCrEtJ:1', 1593981727, 1586205727),
(11, 1, 'df87a6fa87fb676dd09b1c3df8652007dca119c2bb1b0b0a24698a13702fd38c:Tq5yJYRI6IFhr6wEQLfWnTlFmVDZVG3k:1', 1593981785, 1586205785),
(12, 2, 'ad4c93ec76428716e6401a2fc96af4691ce0a7a3234f4c13f27866063dff6fe7:HpHrSvDYfgJuOlNApTMYkgcXpNN26s7k:1', 1598524192, 1590748192),
(13, 1, '5be9c66c4b2d93b253e6f1041ec55ca050e667bdba74bce07c7796fbba6d8f7c:dIdnDuLzzyM5cUQOgwTJ55f2Z0Z8Krsf:1', 1605170595, 1597394595);

-- --------------------------------------------------------

--
-- Table structure for table `sgp_admin_system_messages`
--

CREATE TABLE `sgp_admin_system_messages` (
  `identity` varchar(100) NOT NULL COMMENT 'Message id',
  `severity` smallint(5) UNSIGNED NOT NULL DEFAULT '0' COMMENT 'Problem type',
  `created_at` timestamp NOT NULL DEFAULT CURRENT_TIMESTAMP COMMENT 'Create date'
) ENGINE=InnoDB DEFAULT CHARSET=utf8 COMMENT='Admin System Messages';

--
-- Dumping data for table `sgp_admin_system_messages`
--

INSERT INTO `sgp_admin_system_messages` (`identity`, `severity`, `created_at`) VALUES
('da332d712f3215b9b94bfa268c398323', 2, '2019-01-07 10:39:58');

-- --------------------------------------------------------

--
-- Table structure for table `sgp_admin_user`
--

CREATE TABLE `sgp_admin_user` (
  `user_id` int(10) UNSIGNED NOT NULL COMMENT 'User ID',
  `firstname` varchar(32) DEFAULT NULL COMMENT 'User First Name',
  `lastname` varchar(32) DEFAULT NULL COMMENT 'User Last Name',
  `email` varchar(128) DEFAULT NULL COMMENT 'User Email',
  `username` varchar(40) DEFAULT NULL COMMENT 'User Login',
  `password` varchar(255) NOT NULL COMMENT 'User Password',
  `created` timestamp NOT NULL DEFAULT CURRENT_TIMESTAMP COMMENT 'User Created Time',
  `modified` timestamp NOT NULL DEFAULT CURRENT_TIMESTAMP ON UPDATE CURRENT_TIMESTAMP COMMENT 'User Modified Time',
  `logdate` timestamp NULL DEFAULT NULL COMMENT 'User Last Login Time',
  `lognum` smallint(5) UNSIGNED NOT NULL DEFAULT '0' COMMENT 'User Login Number',
  `reload_acl_flag` smallint(6) NOT NULL DEFAULT '0' COMMENT 'Reload ACL',
  `is_active` smallint(6) NOT NULL DEFAULT '1' COMMENT 'User Is Active',
  `extra` text COMMENT 'User Extra Data',
  `rp_token` text COMMENT 'Reset Password Link Token',
  `rp_token_created_at` timestamp NULL DEFAULT NULL COMMENT 'Reset Password Link Token Creation Date',
  `interface_locale` varchar(16) NOT NULL DEFAULT 'en_US' COMMENT 'Backend interface locale',
  `failures_num` smallint(6) DEFAULT '0' COMMENT 'Failure Number',
  `first_failure` timestamp NULL DEFAULT NULL COMMENT 'First Failure',
  `lock_expires` timestamp NULL DEFAULT NULL COMMENT 'Expiration Lock Dates'
) ENGINE=InnoDB DEFAULT CHARSET=utf8 COMMENT='Admin User Table';

--
-- Dumping data for table `sgp_admin_user`
--

INSERT INTO `sgp_admin_user` (`user_id`, `firstname`, `lastname`, `email`, `username`, `password`, `created`, `modified`, `logdate`, `lognum`, `reload_acl_flag`, `is_active`, `extra`, `rp_token`, `rp_token_created_at`, `interface_locale`, `failures_num`, `first_failure`, `lock_expires`) VALUES
(1, 'jicawebadmin', 'jicawebadmin', 'info@webline.in', 'jicawebadmin', '5be9c66c4b2d93b253e6f1041ec55ca050e667bdba74bce07c7796fbba6d8f7c:dIdnDuLzzyM5cUQOgwTJ55f2Z0Z8Krsf:1', '2018-12-27 07:37:00', '2020-10-14 07:13:14', '2020-09-28 05:06:49', 501, 0, 1, 'a:1:{s:11:\"configState\";a:118:{s:14:\"general_locale\";s:1:\"1\";s:25:\"general_store_information\";s:1:\"1\";s:25:\"general_single_store_mode\";s:1:\"1\";s:15:\"general_country\";s:1:\"1\";s:14:\"general_region\";s:1:\"1\";s:14:\"mfblog_general\";s:1:\"1\";s:27:\"newsletterpopup_popup_group\";s:1:\"1\";s:20:\"bannerslider_general\";s:1:\"1\";s:26:\"plazathemes_design_general\";s:1:\"1\";s:25:\"plazathemes_design_header\";s:1:\"1\";s:25:\"plazathemes_design_footer\";s:1:\"1\";s:7:\"web_url\";s:1:\"0\";s:7:\"web_seo\";s:1:\"0\";s:12:\"web_unsecure\";s:1:\"0\";s:10:\"web_secure\";s:1:\"0\";s:11:\"web_default\";s:1:\"0\";s:10:\"web_cookie\";s:1:\"0\";s:11:\"web_session\";s:1:\"0\";s:24:\"web_browser_capabilities\";s:1:\"0\";s:16:\"currency_options\";s:1:\"1\";s:25:\"trans_email_ident_general\";s:1:\"1\";s:23:\"trans_email_ident_sales\";s:1:\"1\";s:25:\"trans_email_ident_support\";s:1:\"1\";s:25:\"trans_email_ident_custom1\";s:1:\"1\";s:25:\"trans_email_ident_custom2\";s:1:\"0\";s:15:\"contact_contact\";s:1:\"1\";s:13:\"contact_email\";s:1:\"0\";s:21:\"producttab_new_status\";s:1:\"1\";s:28:\"bestsellerproduct_new_status\";s:1:\"1\";s:31:\"featureproductslider_new_status\";s:1:\"1\";s:22:\"categorytab_new_status\";s:1:\"1\";s:27:\"newproductslider_new_status\";s:1:\"1\";s:27:\"recentproductslider_general\";s:1:\"1\";s:27:\"randomproductslider_general\";s:1:\"1\";s:22:\"pricecountdown_general\";s:1:\"1\";s:31:\"pricecountdown_countdown_slider\";s:1:\"1\";s:30:\"pricecountdown_in_product_list\";s:1:\"1\";s:30:\"pricecountdown_in_product_view\";s:1:\"1\";s:22:\"categorytop_new_status\";s:1:\"1\";s:28:\"saleproductslider_new_status\";s:1:\"1\";s:19:\"brandslider_general\";s:1:\"1\";s:20:\"catalog_fields_masks\";s:1:\"0\";s:14:\"catalog_review\";s:1:\"0\";s:20:\"catalog_productalert\";s:1:\"0\";s:26:\"catalog_layered_navigation\";s:1:\"0\";s:24:\"cataloginventory_options\";s:1:\"1\";s:29:\"cataloginventory_item_options\";s:1:\"1\";s:41:\"payment_us_other_paypal_payment_solutions\";s:1:\"0\";s:32:\"payment_us_other_payment_methods\";s:1:\"1\";s:22:\"payment_us_ccavenuepay\";s:1:\"1\";s:18:\"payment_us_account\";s:1:\"1\";s:32:\"payment_us_recommended_solutions\";s:1:\"1\";s:34:\"payment_us_paypal_group_all_in_one\";s:1:\"1\";s:34:\"payment_us_paypal_payment_gateways\";s:1:\"1\";s:18:\"payment_us_checkmo\";s:1:\"1\";s:23:\"payment_us_banktransfer\";s:1:\"1\";s:25:\"payment_us_cashondelivery\";s:1:\"1\";s:15:\"payment_us_free\";s:1:\"1\";s:24:\"payment_us_purchaseorder\";s:1:\"1\";s:34:\"payment_us_authorizenet_directpost\";s:1:\"1\";s:15:\"shipping_origin\";s:1:\"0\";s:24:\"shipping_shipping_policy\";s:1:\"0\";s:17:\"carriers_flatrate\";s:1:\"1\";s:21:\"carriers_freeshipping\";s:1:\"1\";s:18:\"carriers_tablerate\";s:1:\"0\";s:14:\"carriers_fedex\";s:1:\"0\";s:12:\"carriers_ups\";s:1:\"0\";s:13:\"carriers_usps\";s:1:\"0\";s:12:\"carriers_dhl\";s:1:\"0\";s:19:\"sales_email_general\";s:1:\"1\";s:17:\"sales_email_order\";s:1:\"1\";s:25:\"sales_email_order_comment\";s:1:\"1\";s:19:\"sales_email_invoice\";s:1:\"1\";s:27:\"sales_email_invoice_comment\";s:1:\"1\";s:20:\"sales_email_shipment\";s:1:\"1\";s:28:\"sales_email_shipment_comment\";s:1:\"1\";s:22:\"sales_email_creditmemo\";s:1:\"1\";s:30:\"sales_email_creditmemo_comment\";s:1:\"1\";s:12:\"sales_orders\";s:1:\"1\";s:13:\"sales_general\";s:1:\"1\";s:12:\"admin_emails\";s:1:\"0\";s:21:\"currency_yahoofinance\";s:1:\"1\";s:20:\"currency_webservicex\";s:1:\"1\";s:16:\"currency_fixerio\";s:1:\"1\";s:15:\"currency_import\";s:1:\"1\";s:13:\"admin_startup\";s:1:\"0\";s:9:\"admin_url\";s:1:\"0\";s:14:\"admin_security\";s:1:\"0\";s:15:\"admin_dashboard\";s:1:\"1\";s:13:\"admin_captcha\";s:1:\"0\";s:35:\"payment_other_other_payment_methods\";s:1:\"1\";s:17:\"payment_other_ipg\";s:1:\"1\";s:21:\"payment_other_account\";s:1:\"1\";s:35:\"payment_other_recommended_solutions\";s:1:\"1\";s:36:\"payment_other_express_checkout_other\";s:1:\"0\";s:44:\"payment_other_other_paypal_payment_solutions\";s:1:\"0\";s:37:\"payment_other_paypal_group_all_in_one\";s:1:\"1\";s:25:\"payment_other_ccavenuepay\";s:1:\"0\";s:21:\"payment_other_checkmo\";s:1:\"0\";s:26:\"payment_other_banktransfer\";s:1:\"0\";s:28:\"payment_other_cashondelivery\";s:1:\"0\";s:18:\"payment_other_free\";s:1:\"0\";s:27:\"payment_other_purchaseorder\";s:1:\"0\";s:37:\"payment_other_authorizenet_directpost\";s:1:\"0\";s:17:\"mfblog_index_page\";s:1:\"1\";s:16:\"mfblog_post_view\";s:1:\"0\";s:16:\"mfblog_post_list\";s:1:\"0\";s:14:\"mfblog_sidebar\";s:1:\"1\";s:15:\"mfblog_rss_feed\";s:1:\"1\";s:11:\"system_smtp\";s:1:\"1\";s:10:\"dev_static\";s:1:\"1\";s:8:\"dev_grid\";s:1:\"1\";s:9:\"dev_image\";s:1:\"1\";s:7:\"dev_css\";s:1:\"1\";s:12:\"dev_template\";s:1:\"1\";s:9:\"dev_debug\";s:1:\"1\";s:12:\"dev_restrict\";s:1:\"1\";s:34:\"dev_front_end_development_workflow\";s:1:\"1\";}}', NULL, NULL, 'en_US', 10, '2020-09-28 05:34:06', '2020-10-14 07:43:14'),
(2, 'Jyoti', 'Webline', 'jyoti@weblineinfosoft.com', 'jyoti', 'ad4c93ec76428716e6401a2fc96af4691ce0a7a3234f4c13f27866063dff6fe7:HpHrSvDYfgJuOlNApTMYkgcXpNN26s7k:1', '2018-12-27 12:44:19', '2020-06-08 05:41:01', '2020-06-08 05:41:01', 234, 0, 1, 'N;', NULL, NULL, 'en_US', 0, NULL, NULL),
(3, 'Mohit', 'Webline', 'mohit@weblineinfosoft.com', 'mohit', '4cee970380dc4d268c6fb2172a11afecc3e3a271f4d0f533a312b9dda6f08abc:k04pluBwk1gFt1sPKoidasujQlZfvnQT:1', '2018-12-27 12:45:06', '2019-02-15 06:27:56', '2019-02-15 06:27:56', 141, 0, 1, 's:9:\"s:2:\"N;\";\";', NULL, NULL, 'en_US', 0, NULL, NULL),
(4, 'Kishor', 'Webline', 'kishor@weblineinfosoft.com', 'kishor', '99b6febafd68e23ca86b43fc004d6f1f39a78f440a19133596cb66ca64b0bcaa:7GggBa17TYURt7zGUFTWuy8tP5jYqBIA:1', '2018-12-27 12:46:08', '2019-02-02 10:04:38', '2019-02-02 10:04:38', 32, 0, 1, 's:2:\"N;\";', NULL, NULL, 'en_US', 0, NULL, NULL);

-- --------------------------------------------------------

--
-- Table structure for table `sgp_admin_user_session`
--

CREATE TABLE `sgp_admin_user_session` (
  `id` int(10) UNSIGNED NOT NULL COMMENT 'Entity ID',
  `session_id` varchar(128) NOT NULL COMMENT 'Session id value',
  `user_id` int(10) UNSIGNED DEFAULT NULL COMMENT 'Admin User ID',
  `status` smallint(5) UNSIGNED NOT NULL DEFAULT '1' COMMENT 'Current Session status',
  `created_at` timestamp NOT NULL DEFAULT CURRENT_TIMESTAMP COMMENT 'Created Time',
  `updated_at` timestamp NOT NULL DEFAULT CURRENT_TIMESTAMP ON UPDATE CURRENT_TIMESTAMP COMMENT 'Update Time',
  `ip` varchar(15) NOT NULL COMMENT 'Remote user IP'
) ENGINE=InnoDB DEFAULT CHARSET=utf8 COMMENT='Admin User sessions table';

--
-- Dumping data for table `sgp_admin_user_session`
--

INSERT INTO `sgp_admin_user_session` (`id`, `session_id`, `user_id`, `status`, `created_at`, `updated_at`, `ip`) VALUES
(1, 'q3bgcphsep0pd7uja5hbps0o74', 1, 1, '2018-12-27 11:47:42', '2018-12-27 11:47:42', '103.225.207.52'),
(2, 'jm7m3sac6mij26lvsuthq101o5', 1, 0, '2018-12-27 12:20:10', '2018-12-27 12:50:53', '103.225.207.52'),
(3, '9sibuv05bqmmrrnch6v111j8n5', 3, 0, '2018-12-27 12:51:07', '2018-12-27 12:52:42', '103.225.207.52'),
(4, 'n5fuml3evrhpduddn5q07nh777', 2, 1, '2018-12-28 04:20:14', '2018-12-28 04:20:14', '103.225.207.52'),
(5, '8hn8bv7cvj191t9610htv1ndh4', 4, 1, '2018-12-28 04:32:06', '2018-12-28 04:57:00', '103.225.207.52'),
(6, 'ugfvcplnivkar7i9rkl8vau1g4', 2, 1, '2018-12-28 04:42:00', '2018-12-28 05:06:33', '103.225.207.52'),
(7, 'ivft3i554qi2i8utm9msa7cnt4', 3, 1, '2018-12-28 04:47:44', '2018-12-28 04:50:46', '103.225.207.52'),
(8, 'e5rvc893ju3ajirudn7qe5b3b5', 1, 0, '2018-12-28 05:09:37', '2018-12-28 06:05:53', '103.225.207.52'),
(9, '3n46ho17ap17t3gk0ib8tvupg2', 4, 1, '2018-12-28 05:16:26', '2018-12-28 05:17:26', '103.225.207.52'),
(10, '01u27t7ip3hvsqbn1iq0h89qn5', 2, 1, '2018-12-28 05:29:40', '2018-12-28 05:48:09', '103.225.207.52'),
(11, '71ntnb803j8cepk0kh06mmq5p7', 4, 1, '2018-12-28 05:46:43', '2018-12-28 06:23:01', '103.225.207.52'),
(12, '45p1c5cchlj1u266dithqucgo3', 3, 2, '2018-12-28 06:02:50', '2018-12-28 06:15:20', '103.225.207.52'),
(13, '5u4q9kej488v67btvtlum3ko74', 2, 1, '2018-12-28 06:14:14', '2018-12-28 06:14:44', '103.225.207.52'),
(14, 'iu6f0e62lm26h47kep8fgj09m4', 3, 1, '2018-12-28 06:15:20', '2018-12-28 08:17:25', '103.225.207.52'),
(15, 'c4mcuoifq3us45iijj7rvptmg3', 2, 1, '2018-12-28 06:34:12', '2018-12-28 08:20:20', '103.225.207.52'),
(16, 'vhnjmikrjsn232hakt1mrvteu2', 4, 1, '2018-12-28 06:58:07', '2018-12-28 08:20:16', '103.225.207.52'),
(17, 'c7ds9o5rska0b6oskucq9m6cn0', 1, 1, '2018-12-28 07:25:32', '2018-12-28 07:27:08', '103.225.207.52'),
(18, 'k1abj5avo88o7h3bg1nkq2egs6', 3, 1, '2018-12-28 09:09:55', '2018-12-28 10:53:20', '103.225.207.52'),
(19, 'sfrh7ah68tovu64ncp9c3kd4s7', 2, 1, '2018-12-28 09:33:29', '2018-12-28 09:38:44', '103.225.207.52'),
(20, 'd1tjfvuhaeaioio1ca17d7cog7', 2, 1, '2018-12-28 10:06:43', '2018-12-28 11:49:47', '103.225.207.52'),
(21, '4emgnn7qu9g8gmam5l43epm9q6', 4, 1, '2018-12-28 10:18:43', '2018-12-28 10:50:46', '103.225.207.52'),
(22, 'hj8fnnq63q2k3h1bafpffarrp3', 3, 1, '2018-12-28 11:09:30', '2018-12-28 12:37:44', '103.225.207.52'),
(23, 'faob3i323bofhf5oqn29s52ji4', 4, 1, '2018-12-28 12:32:02', '2018-12-28 12:32:30', '103.225.207.52'),
(24, 'lk3aolrsip9b6nekahub3d7q85', 4, 1, '2018-12-29 03:41:28', '2018-12-29 04:25:52', '103.225.207.52'),
(25, 'plfjhck3u5805s1lgt6dh40ib4', 2, 0, '2018-12-29 04:26:46', '2018-12-29 04:57:45', '103.225.207.52'),
(26, 'p3vol3r7ifmvse10g30jm57qa7', 3, 1, '2018-12-29 04:30:57', '2018-12-29 04:59:24', '103.225.207.52'),
(27, '30v4qjr4ks7g0igeg88cp53le0', 2, 1, '2018-12-29 04:58:01', '2018-12-29 05:13:52', '103.225.207.52'),
(28, 'vn58o0tr3nnn6d4qf0esgqsc24', 4, 1, '2018-12-29 05:17:28', '2018-12-29 06:26:07', '103.225.207.52'),
(29, 'neig9oglvtsp4a1scluvt6hco2', 3, 1, '2018-12-29 05:20:52', '2018-12-29 05:20:52', '103.225.207.52'),
(30, '1fpeko4o85jcvip3t6j7o1p501', 2, 1, '2018-12-29 05:38:16', '2018-12-29 07:41:46', '103.225.207.52'),
(31, 'hll05g0i3aq0plni5gaejms3q5', 3, 1, '2018-12-29 05:38:53', '2018-12-29 08:19:40', '103.225.207.52'),
(32, 'f95jdr0k37iecep872f9gjd3q0', 4, 1, '2018-12-29 06:47:31', '2018-12-29 07:17:05', '103.225.207.52'),
(33, 'r9j3d054v0d4mv0paelpirio72', 2, 1, '2018-12-29 08:02:54', '2018-12-29 08:12:53', '103.225.207.52'),
(34, 'u8tq7a1n2ao30f2bog6934o641', 3, 1, '2018-12-29 09:10:22', '2018-12-29 10:12:38', '103.225.207.52'),
(35, '88iv5o6134e7e0fevqo4srqfq3', 2, 1, '2018-12-29 09:41:26', '2018-12-29 11:20:33', '103.225.207.52'),
(36, '4348ah4he74ek6fd01knotiu50', 3, 1, '2018-12-29 11:01:04', '2018-12-29 11:14:04', '103.225.207.52'),
(37, 'deltsmoke2fntmcd8e253oiv46', 3, 1, '2018-12-29 11:59:40', '2018-12-29 12:09:20', '103.225.207.52'),
(38, 'vm6v51it85gqu539lq48flqun2', 2, 1, '2018-12-29 12:12:08', '2018-12-29 12:22:25', '103.225.207.52'),
(39, '005j3n5g76o8uc1c1f2g9goo93', 1, 1, '2018-12-29 12:30:36', '2018-12-29 12:31:46', '103.225.207.52'),
(40, '0op1as066mapftnagvd8cnhhv6', 3, 1, '2018-12-29 12:42:05', '2018-12-29 12:44:25', '103.225.207.52'),
(41, 'crlsnmq5s9ae4rhurins47bv04', 4, 1, '2018-12-31 03:30:53', '2018-12-31 04:33:54', '103.225.207.52'),
(42, 'drq3m0q4nvorbj3tvdrvmjlte4', 3, 1, '2018-12-31 04:41:05', '2018-12-31 04:41:43', '103.225.207.52'),
(43, 'a30kjr7imn4i6acns5gphlcl82', 2, 1, '2018-12-31 04:44:59', '2018-12-31 05:08:12', '103.225.207.52'),
(44, 'tnjp8d8qfs78ee0cu524rqs6k5', 4, 1, '2018-12-31 04:51:01', '2018-12-31 05:07:45', '103.225.207.52'),
(45, '0vkrm9trqq7acjk6mc4s9n8up5', 3, 1, '2018-12-31 05:03:17', '2018-12-31 08:19:25', '103.225.207.52'),
(46, 'tcsfcqv09i9tjmdfnfpr4u19h6', 2, 1, '2018-12-31 06:09:07', '2018-12-31 06:38:46', '103.225.207.52'),
(47, 'u4d951dbrrtb3mcl39tsjr64q0', 4, 1, '2018-12-31 06:33:59', '2018-12-31 06:46:29', '103.225.207.52'),
(48, 's14m0a1ju1h44b9q55g9o59662', 4, 1, '2018-12-31 07:12:04', '2018-12-31 08:19:52', '103.225.207.52'),
(49, 'dvgnumdvcr3uqph8j9cjvhr4e2', 3, 1, '2018-12-31 09:09:40', '2018-12-31 10:28:31', '103.225.207.52'),
(50, 'ndlnb4u3ue5p59peoabk3ek9b0', 4, 1, '2018-12-31 09:12:56', '2018-12-31 09:40:51', '103.225.207.52'),
(51, 'o9vs3eiksl4q7glgqij0ami4m2', 2, 1, '2018-12-31 10:17:05', '2018-12-31 10:17:53', '103.225.207.52'),
(52, 'j3ug3m0lapvlmrj0emd8ugluv5', 3, 1, '2018-12-31 11:09:25', '2018-12-31 11:09:25', '103.225.207.52'),
(53, '4iftebr48v33hm89iciif7l223', 2, 1, '2018-12-31 12:05:28', '2018-12-31 12:25:21', '103.225.207.52'),
(54, 'f7v507949g34plrrlf2ku7cae7', 2, 1, '2019-01-01 05:06:09', '2019-01-01 05:17:09', '103.225.207.52'),
(55, '34mjhmu4f7glncg3o644lnihb0', 1, 1, '2019-01-01 05:35:33', '2019-01-01 06:48:35', '103.225.207.52'),
(56, '193uicilfab2kcl7i2cl440517', 2, 1, '2019-01-01 06:56:53', '2019-01-01 07:05:20', '103.225.207.52'),
(57, '7aoe3mhbhm0ss1nf4l2odhfpe6', 1, 1, '2019-01-01 07:34:34', '2019-01-01 07:52:45', '103.225.207.52'),
(58, '1jcui4hq2qjainc9t8k6j828v3', 2, 1, '2019-01-01 10:15:36', '2019-01-01 10:23:53', '103.225.207.52'),
(59, 'tk0r1a1ioeatfqa2eetuq7sb53', 2, 1, '2019-01-01 10:59:55', '2019-01-01 11:27:12', '103.225.207.52'),
(60, '3ld1g984bbf7mqae196ri3dhj4', 2, 1, '2019-01-01 11:45:05', '2019-01-01 12:22:55', '103.225.207.52'),
(61, 'f30s2u36fd0trt3q68o328kkf1', 2, 1, '2019-01-02 04:21:30', '2019-01-02 04:53:07', '103.225.207.52'),
(62, 'ukgmgtgpiel4ufubcrnu3jvtg5', 3, 1, '2019-01-02 05:03:51', '2019-01-02 05:19:26', '103.225.207.52'),
(63, '4ugvjjgh81bcqnfthnm174lnp7', 2, 1, '2019-01-02 05:16:48', '2019-01-02 05:22:00', '103.225.207.52'),
(64, 'g3cebu005e74ffaskjgcndnq66', 2, 1, '2019-01-02 05:59:11', '2019-01-02 06:05:50', '103.225.207.52'),
(65, 'hrp89phht159s0du91o00kftj0', 2, 1, '2019-01-02 06:31:32', '2019-01-02 07:18:44', '103.225.207.52'),
(66, 'ip5hi905d13gjmhbh2im0ihvi2', 2, 1, '2019-01-02 09:10:47', '2019-01-02 09:10:47', '103.225.207.52'),
(67, '1mu5arfrqup1av9p1adqa0gt26', 2, 1, '2019-01-02 10:07:42', '2019-01-02 10:24:54', '103.225.207.52'),
(68, 'oevvkauo9q8t98gekig9bc6v45', 1, 1, '2019-01-02 12:09:13', '2019-01-02 12:09:13', '103.225.207.52'),
(69, 'ug504h72tbqsqs0hs059h25pq7', 2, 1, '2019-01-02 12:11:03', '2019-01-02 12:34:46', '103.225.207.52'),
(70, 'aiokforgcagr0sk81942en8h46', 1, 1, '2019-01-02 12:34:09', '2019-01-02 13:38:44', '103.225.207.52'),
(71, 'cel0lk9fhdglgpdkb2dh6bu2s5', 2, 1, '2019-01-03 04:23:47', '2019-01-03 04:59:19', '103.225.207.52'),
(72, 'nf0u4q0plg66frbq1g6of4i4t7', 2, 1, '2019-01-03 05:16:37', '2019-01-03 06:15:59', '103.225.207.52'),
(73, 'dc60q8p50j7tro11qd49ijosc0', 2, 1, '2019-01-03 06:37:22', '2019-01-03 06:55:01', '103.225.207.52'),
(74, '4vsoqk9gf65rg9uaf0jjs88m57', 2, 1, '2019-01-03 07:17:20', '2019-01-03 07:32:30', '103.225.207.52'),
(75, 'ua6s1k73qe725rpsi49nbn4gq7', 2, 1, '2019-01-03 08:07:29', '2019-01-03 08:10:20', '103.225.207.52'),
(76, 'ecnegoj5a67dvmb9sibtmjg992', 2, 2, '2019-01-03 09:27:25', '2019-01-03 09:40:49', '103.225.207.52'),
(77, 'e4i95gca467oe9dtg9c819rd44', 2, 1, '2019-01-03 09:40:49', '2019-01-03 09:44:57', '103.225.207.52'),
(78, 'cj1m42d59lns1ad92rlvu8h3m3', 4, 1, '2019-01-03 11:28:20', '2019-01-03 11:33:42', '103.225.207.52'),
(79, '8a5lio28rlclrjbjfojh3ir206', 2, 1, '2019-01-03 12:16:05', '2019-01-03 12:33:07', '103.225.207.52'),
(80, 'c06ji9be9b20r9ttvtq9nltio5', 2, 2, '2019-01-04 04:24:03', '2019-01-04 04:52:47', '103.225.207.52'),
(81, 'gs5b7o9jkeo8bkscoga5ibmot4', 2, 2, '2019-01-04 04:52:47', '2019-01-04 04:57:56', '103.225.207.52'),
(82, 'p21e8486q78v6e91jf1trhle24', 2, 0, '2019-01-04 04:57:56', '2019-01-04 05:00:48', '103.225.207.52'),
(83, 'b4753icuovd33i7proml16mbr4', 2, 1, '2019-01-04 05:00:59', '2019-01-04 05:34:01', '103.225.207.52'),
(84, 'gvb3tp7ds3e3ptfmhgg4n5gu43', 2, 1, '2019-01-04 05:58:42', '2019-01-04 05:58:42', '103.225.207.52'),
(85, 'sbk030srbdh9221t2od7iovb14', 2, 1, '2019-01-04 10:42:18', '2019-01-04 10:42:18', '103.225.207.52'),
(86, 'm3j31lbb0qr2pumr3a4fnai2b7', 2, 1, '2019-01-04 11:00:07', '2019-01-04 11:10:53', '103.225.207.52'),
(87, 'srm3m31to4t1jlqumi3p3limc3', 2, 1, '2019-01-04 11:34:51', '2019-01-04 11:37:54', '103.225.207.52'),
(88, 'jb850d1058jeaki7lvg4q4qfc6', 2, 1, '2019-01-04 11:58:49', '2019-01-04 12:13:13', '103.225.207.52'),
(89, 'psg4desrs237bvgskovpmrag06', 2, 0, '2019-01-04 12:34:05', '2019-01-04 12:40:16', '103.225.207.52'),
(90, 'e74ff2r29rr72a647o3lmlisj0', 1, 0, '2019-01-04 12:40:37', '2019-01-04 12:41:48', '103.225.207.52'),
(91, 'aqf664tbsvu7uone10l66gjg23', 2, 1, '2019-01-04 12:42:39', '2019-01-04 12:42:39', '103.225.207.52'),
(92, 'inerpolan7dnk71511fpalo916', 2, 1, '2019-01-05 06:12:51', '2019-01-05 07:07:14', '103.225.207.52'),
(93, 'lngaa1jvli6pb8tjhljskpo5p2', 2, 1, '2019-01-05 07:31:26', '2019-01-05 08:01:49', '103.225.207.52'),
(94, 'o3qu81l6gsumf1s5nkjolugem4', 2, 1, '2019-01-05 09:10:53', '2019-01-05 09:32:09', '103.225.207.52'),
(95, '9o0piti3gfe4dpk5ptv2ihklj6', 3, 1, '2019-01-07 04:40:27', '2019-01-07 05:14:03', '103.225.207.52'),
(96, 'e1dbl16clj073vc632h8b5oc14', 3, 0, '2019-01-07 05:43:14', '2019-01-07 06:08:00', '103.225.207.52'),
(97, 'i39p49bc0747hc17hi5f5sle34', 1, 0, '2019-01-07 06:10:32', '2019-01-07 06:15:58', '103.225.207.52'),
(98, 'qgf97db74j5stcluncc2oob6e5', 3, 0, '2019-01-07 06:16:18', '2019-01-07 06:20:47', '103.225.207.52'),
(99, 'sdceh9328002mu7b1vl98l0pk6', 2, 1, '2019-01-07 06:16:41', '2019-01-07 06:16:41', '103.225.207.52'),
(100, '28855fbguafr238r3eino3sn37', 1, 0, '2019-01-07 06:21:27', '2019-01-07 06:24:10', '103.225.207.52'),
(101, '35skbaog0r7vek7dkhr3s719e0', 3, 1, '2019-01-07 06:24:24', '2019-01-07 07:47:05', '103.225.207.52'),
(102, 'bsn88pk1mtrc827c9lk2db6724', 2, 1, '2019-01-07 06:43:44', '2019-01-07 07:13:21', '103.225.207.52'),
(103, '4le1da2dme78h7gvllu4go3477', 2, 1, '2019-01-07 07:29:44', '2019-01-07 08:18:51', '103.225.207.52'),
(104, 'sfa39ive4j6t0t4kdgban8tt60', 3, 1, '2019-01-07 08:08:13', '2019-01-07 08:12:05', '103.225.207.52'),
(105, 'pjdbn4t5nhtn4kb1v2asjuvj33', 3, 1, '2019-01-07 09:09:21', '2019-01-07 11:11:14', '103.225.207.52'),
(106, 'vapc5me8phdihckotgssehkfa0', 2, 1, '2019-01-07 09:11:18', '2019-01-07 10:57:33', '103.225.207.52'),
(107, 'kmitb0ljsnr2is7ssh173bpad6', 2, 1, '2019-01-07 11:19:02', '2019-01-07 11:44:35', '103.225.207.52'),
(108, 'a3epnuma3n1s09gq6cfqmbl275', 3, 1, '2019-01-07 11:54:47', '2019-01-07 11:58:21', '103.225.207.52'),
(109, 'muhm0khv9i22bka79r66st11h0', 2, 0, '2019-01-07 12:01:37', '2019-01-07 13:14:49', '103.225.207.52'),
(110, 'krg0l3m5obmpkm9g55s4j9ktk2', 3, 1, '2019-01-08 04:15:32', '2019-01-08 04:54:43', '103.225.207.52'),
(111, 'jqrkt3brotkrmca3oesk66rc10', 3, 1, '2019-01-08 05:35:02', '2019-01-08 06:32:02', '103.225.207.52'),
(112, 'f3peto4ia36cs6f3fvgepqo877', 3, 1, '2019-01-08 06:47:46', '2019-01-08 07:37:57', '103.225.207.52'),
(113, 'gie1vvk2mfbkpao63lpjpua947', 3, 1, '2019-01-08 08:07:44', '2019-01-08 08:15:49', '103.225.207.52'),
(114, 'ugopo8igk46v1loervi5lcbit7', 1, 1, '2019-01-08 08:12:13', '2019-01-08 08:18:49', '103.225.207.52'),
(115, 'enijpmm4nt4g3qi1hh9ii3ojp4', 3, 1, '2019-01-08 10:59:42', '2019-01-08 11:26:32', '103.225.207.52'),
(116, 'o5rpf8049dtmn411nhqs467qd3', 2, 1, '2019-01-08 11:39:43', '2019-01-08 11:40:18', '103.225.207.52'),
(117, '9qk6jlidupa93nq316j5rfefr4', 3, 1, '2019-01-08 11:52:32', '2019-01-08 12:44:40', '103.225.207.52'),
(118, 'vvmvaqhf4cqgrnf9lafses3rr7', 3, 1, '2019-01-09 04:27:52', '2019-01-09 04:44:41', '103.225.207.52'),
(119, '1ehg5kt8tn4od23fkhh2erqo13', 3, 1, '2019-01-09 05:00:15', '2019-01-09 05:03:34', '103.225.207.52'),
(120, 'mmh6fecq5ht589rqg1auvecht2', 3, 1, '2019-01-09 06:14:54', '2019-01-09 07:30:40', '103.225.207.52'),
(121, '3vpn0qrq1fug0jhmc2nt17t622', 2, 1, '2019-01-09 06:26:55', '2019-01-09 06:53:10', '103.225.207.52'),
(122, 'hgglqitqnh814njq47bh7179d7', 2, 1, '2019-01-09 07:36:54', '2019-01-09 07:40:38', '103.225.207.52'),
(123, '4261j9glf4qaph9gumc5j1i580', 2, 1, '2019-01-09 08:16:34', '2019-01-09 08:24:09', '103.225.207.52'),
(124, 'sc72lntj6tfcm3je0j90v5llo3', 2, 1, '2019-01-09 09:16:03', '2019-01-09 09:22:53', '103.225.207.52'),
(125, 'uolhbissfa7s0ccu0o7t7t0cb7', 2, 1, '2019-01-09 09:42:03', '2019-01-09 09:44:10', '103.225.207.52'),
(126, 'vii6cm1bqlmu9h5q2oqb0d9lr0', 2, 1, '2019-01-09 10:44:39', '2019-01-09 12:07:49', '103.225.207.52'),
(127, '0045b5v2vv1kgs3vvt06ctanq5', 2, 1, '2019-01-10 04:35:31', '2019-01-10 04:35:31', '103.225.207.52'),
(128, '3v3h8jug9anqecf33it36tjgk3', 2, 1, '2019-01-10 04:57:11', '2019-01-10 05:05:15', '103.225.207.52'),
(129, 'k98vbafj1cvov4r4flukf4rvm5', 2, 1, '2019-01-10 07:13:16', '2019-01-10 07:45:47', '103.225.207.52'),
(130, '010nb3qvl4l27r9krevarif1k2', 2, 1, '2019-01-10 08:11:20', '2019-01-10 08:16:25', '103.225.207.52'),
(131, 'pv3p3837ep7hbn7st4j3e6kas0', 2, 1, '2019-01-10 09:06:47', '2019-01-10 09:36:36', '103.225.207.52'),
(132, '1ivacap1doh8rnqsk6626hpdr4', 3, 1, '2019-01-10 09:19:27', '2019-01-10 09:37:27', '103.225.207.52'),
(133, 's79shgdt6jrl12lbp894s7mqf7', 3, 1, '2019-01-10 10:11:51', '2019-01-10 10:45:11', '103.225.207.52'),
(134, 'hvtnr84pta3bfeahgqm65rfhf3', 2, 1, '2019-01-10 10:18:33', '2019-01-10 10:32:32', '103.225.207.52'),
(135, '5acsbv289miesgds7b7c0fau34', 3, 2, '2019-01-10 11:02:49', '2019-01-10 11:04:03', '103.225.207.52'),
(136, 'ck6bonv5elsv7sj3va9lbrj2i1', 3, 1, '2019-01-10 11:04:03', '2019-01-10 11:04:03', '103.225.207.52'),
(137, 'o3g9h3cqja3aslqcnfvjldvo17', 3, 1, '2019-01-10 11:44:38', '2019-01-10 11:46:58', '103.225.207.52'),
(138, '8krcm897gn4f8mme5s6dblgqb7', 2, 1, '2019-01-10 12:07:29', '2019-01-10 12:25:08', '103.225.207.52'),
(139, 'kamseakotcoak9luitiflri5o3', 3, 1, '2019-01-10 12:13:36', '2019-01-10 12:17:50', '103.225.207.52'),
(140, '514kn23fr9hlbmbuk6iipjvpr2', 2, 1, '2019-01-11 04:46:36', '2019-01-11 04:49:25', '103.225.207.52'),
(141, 'ovifqj1lejk947d8156bd2scm2', 2, 1, '2019-01-11 05:59:56', '2019-01-11 06:17:48', '103.225.207.52'),
(142, '4pvk2rf2u2fbrappumk760jh02', 2, 1, '2019-01-11 06:42:08', '2019-01-11 07:10:16', '103.225.207.52'),
(143, 'icv4karn7g0e06a17f6nfhv8p3', 2, 1, '2019-01-11 07:26:20', '2019-01-11 07:34:04', '103.225.207.52'),
(144, 'qorjoesf1r3b20g6d2l2c3u4r5', 2, 1, '2019-01-11 08:03:02', '2019-01-11 08:19:30', '103.225.207.52'),
(145, 'g8138kj9f0d58f0hpd7su09id3', 2, 1, '2019-01-11 09:22:31', '2019-01-11 09:23:32', '103.225.207.52'),
(146, 'u71qj076q6r0od6n3auk7glbb3', 2, 1, '2019-01-11 09:42:07', '2019-01-11 10:27:04', '103.225.207.52'),
(147, 'qmdrhtifaaodbo2gme1cj3ql15', 2, 1, '2019-01-11 10:47:31', '2019-01-11 11:18:37', '103.225.207.52'),
(148, 'uuttlgjikts5e103641onenf13', 3, 1, '2019-01-11 11:18:49', '2019-01-11 11:18:49', '103.225.207.52'),
(149, '4n0eu68k14q3mmrl5v70tbe5e2', 1, 1, '2019-01-11 11:45:59', '2019-01-11 12:03:57', '1.187.242.243'),
(150, 'bm29kokqb2uqh28tbchhlnc3v7', 1, 1, '2019-01-11 12:29:52', '2019-01-11 13:33:54', '1.187.247.12'),
(151, 'boa6im0kr8h2l14i01va4uquc5', 3, 1, '2019-01-12 04:11:10', '2019-01-12 04:21:27', '103.225.207.52'),
(152, '5eijc1riu75ad2acsj0mbaltc3', 2, 1, '2019-01-12 04:53:24', '2019-01-12 04:55:24', '103.225.207.52'),
(153, '9n8o87mcjs2qv9qtihqdlb9103', 3, 1, '2019-01-12 05:07:16', '2019-01-12 05:07:16', '103.225.207.52'),
(154, 'lsp0ebdr4hbmpmbajaqmrsfsn4', 3, 1, '2019-01-12 05:25:40', '2019-01-12 06:30:12', '103.225.207.52'),
(155, '33ocde69jg34buifbl2mm6cdt2', 2, 1, '2019-01-12 05:33:54', '2019-01-12 05:34:37', '103.225.207.52'),
(156, 'mphvfgiu1vobkqjted19un58o4', 3, 1, '2019-01-12 07:10:24', '2019-01-12 08:15:47', '103.225.207.52'),
(157, '6d5iain323k2uf34au95pirjv4', 3, 1, '2019-01-12 09:49:02', '2019-01-12 10:13:32', '103.225.207.52'),
(158, 'ps56l68i8ndau1ga054j5e7dg7', 2, 1, '2019-01-12 10:02:57', '2019-01-12 10:35:31', '103.225.207.52'),
(159, 'd2u25o9gh24rgvt2uig7fr40q6', 3, 1, '2019-01-12 10:39:17', '2019-01-12 11:05:44', '103.225.207.52'),
(160, 'o4o1licqeb5dtm0c17etja9lc6', 2, 1, '2019-01-12 11:12:26', '2019-01-12 11:15:49', '103.225.207.52'),
(161, 'cc1c7c72q0l2iipo4adf64c206', 2, 1, '2019-01-12 12:04:33', '2019-01-12 12:10:22', '103.225.207.52'),
(162, '8l99ntied9csvk22vn520dcmj3', 3, 1, '2019-01-14 04:23:19', '2019-01-14 04:23:19', '103.225.207.52'),
(163, 'iioq1qfogmkkdlmr9tkkut4el6', 2, 1, '2019-01-14 04:40:47', '2019-01-14 05:04:38', '103.225.207.52'),
(164, 'k9hj4p9dbd55ioc5unvl6vj7l7', 3, 1, '2019-01-14 04:52:16', '2019-01-14 05:28:09', '103.225.207.52'),
(165, 'rvfda4hovufgr7qmql0cs32op4', 2, 1, '2019-01-14 05:24:08', '2019-01-14 05:32:32', '103.225.207.52'),
(166, 'n0v2ltnjb4hm9fakkjg0hi8kg4', 3, 1, '2019-01-14 05:58:51', '2019-01-14 06:14:10', '103.225.207.52'),
(167, 'uo6grhn9nckoo0limgg3aap7u5', 3, 1, '2019-01-14 06:36:12', '2019-01-14 06:40:47', '103.225.207.52'),
(168, '9s0142rjmm38u8g16dp522jcb4', 3, 1, '2019-01-14 07:00:21', '2019-01-14 07:14:35', '103.225.207.52'),
(169, 'i9idpfs96e7kdogd0mremv33j3', 3, 1, '2019-01-14 07:29:59', '2019-01-14 08:21:39', '103.225.207.52'),
(170, 'ph74v74144tq0cfpi4gnbmapp0', 3, 1, '2019-01-14 09:06:08', '2019-01-14 10:16:36', '182.72.120.249'),
(171, 'o6vl7lobcviv8h75f8u6ce2ji3', 2, 1, '2019-01-14 09:58:19', '2019-01-14 10:05:26', '182.72.120.249'),
(172, 'tcriglk3k6q7r9c2f7pp2mj1t1', 2, 1, '2019-01-14 10:33:03', '2019-01-14 10:35:07', '182.72.120.249'),
(173, 'v0pudfig447tujskueesfskm25', 3, 1, '2019-01-14 10:47:06', '2019-01-14 11:10:40', '182.72.120.249'),
(174, 'bqgv7jt3m6imft2lv3vt3frp92', 2, 1, '2019-01-14 11:20:46', '2019-01-14 11:20:46', '103.225.207.52'),
(175, 'q7m19jp34sivjga3kdbfgqmvk3', 3, 1, '2019-01-14 11:27:25', '2019-01-14 12:36:06', '103.225.207.52'),
(176, 'lavt2olh28je70rr6dkichrvd5', 2, 1, '2019-01-14 11:46:54', '2019-01-14 11:48:51', '103.225.207.52'),
(177, '3lkvleealto6gfsokb6tvg31u2', 2, 1, '2019-01-14 12:28:30', '2019-01-14 12:30:35', '103.225.207.52'),
(178, 'gb72cur2jito7u42r4t59phch6', 3, 1, '2019-01-15 04:37:23', '2019-01-15 05:21:55', '103.225.207.52'),
(179, 'v63q1fhhou45lk035r37oq01b6', 2, 1, '2019-01-15 05:39:38', '2019-01-15 05:43:05', '103.225.207.52'),
(180, 'bq4u3h0e4m8jlsm3gamg59r130', 3, 1, '2019-01-15 05:48:22', '2019-01-15 06:05:54', '103.225.207.52'),
(181, 'ihl67es1q99nmkovl85me1qqd5', 3, 1, '2019-01-15 06:22:19', '2019-01-15 06:37:59', '103.225.207.52'),
(182, '7v7j0fvrpuqoku22i52atiaae6', 2, 1, '2019-01-15 06:26:32', '2019-01-15 06:39:37', '103.225.207.52'),
(183, 'ena73lqmpblh6aiqvp5nisvv80', 3, 1, '2019-01-15 07:10:46', '2019-01-15 08:14:30', '103.225.207.52'),
(184, '91sk3dket6apad6huuedask9e0', 2, 1, '2019-01-15 07:14:55', '2019-01-15 07:17:10', '103.225.207.52'),
(185, 'p9c5d8lii7oligmpto98nlkb31', 2, 1, '2019-01-15 08:17:09', '2019-01-15 08:25:06', '103.225.207.52'),
(186, 'tcdnv2nej52s4htj5qjoralii0', 3, 1, '2019-01-15 09:05:27', '2019-01-15 10:38:05', '103.225.207.52'),
(187, 'ut3vuhjk7aplsc8jen7iom7r16', 2, 1, '2019-01-15 09:08:49', '2019-01-15 09:15:50', '103.225.207.52'),
(188, 'jfoarov32o5trf6osn4nj9c062', 2, 1, '2019-01-15 10:42:57', '2019-01-15 10:51:57', '103.225.207.52'),
(189, 'd2838u03bv1rr9vcpvnv10ukt2', 2, 1, '2019-01-15 11:10:03', '2019-01-15 11:21:03', '182.72.120.249'),
(190, '9kdkd985ve40q7g3bf2k1ou626', 3, 1, '2019-01-15 11:14:42', '2019-01-15 12:40:42', '182.72.120.249'),
(191, '6d12uq9l8gbr4rt73h8dfprs47', 3, 1, '2019-01-16 04:24:58', '2019-01-16 04:32:07', '182.72.120.249'),
(192, '0au8qc83f81rkm3mme7j2llsn5', 2, 1, '2019-01-16 05:24:41', '2019-01-16 05:24:41', '103.225.207.52'),
(193, '22tnp3io8febdfu6mj4s1imb11', 3, 1, '2019-01-16 05:51:04', '2019-01-16 05:51:04', '103.225.207.52'),
(194, 'ht5v7cie1rnv9q8ci0f2k8vg64', 3, 1, '2019-01-16 06:10:22', '2019-01-16 08:07:37', '103.225.207.52'),
(195, '21enog7lu2s182qtnbg98fbeg5', 3, 1, '2019-01-16 08:30:59', '2019-01-16 11:22:08', '103.225.207.52'),
(196, 'on8fi6o6mlfcblulu31rq02nr0', 2, 1, '2019-01-16 09:07:25', '2019-01-16 09:17:15', '103.225.207.52'),
(197, '0ku0mvf4ggrkk0c9nuhuoe0sa5', 2, 1, '2019-01-16 09:50:43', '2019-01-16 09:54:08', '103.225.207.52'),
(198, 'predjchbhja5u7tu8edhvtehd7', 3, 1, '2019-01-16 11:47:58', '2019-01-16 12:35:14', '103.225.207.52'),
(199, 'uou4k0fr0hvi8kj7n47n19lna1', 3, 1, '2019-01-17 04:25:55', '2019-01-17 05:23:38', '103.225.207.52'),
(200, '22bsdj6kkqe65a6kv8hcs16sq0', 2, 1, '2019-01-17 04:50:56', '2019-01-17 04:55:14', '103.225.207.52'),
(201, 'jnqg1t2h729dfl2fa8j7lr8jm2', 3, 1, '2019-01-17 06:03:12', '2019-01-17 06:50:29', '103.225.207.52'),
(202, '1e1asdu4317nibrqljo7gov3n5', 2, 1, '2019-01-17 06:55:14', '2019-01-17 06:56:01', '103.225.207.52'),
(203, 'lv4ib0k5d81gqpau2cmel3ob40', 2, 1, '2019-01-17 07:35:53', '2019-01-17 08:12:25', '103.225.207.52'),
(204, '1hkkfesqlho8magm1p61s8tkf7', 3, 1, '2019-01-17 07:42:06', '2019-01-17 08:11:16', '103.225.207.52'),
(205, 'f75roq6l9dufmdm3g2j95m6gu5', 3, 1, '2019-01-17 09:44:31', '2019-01-17 11:52:27', '103.225.207.52'),
(206, 'cmr485a8rhl8ctdfabu6rp5f93', 2, 1, '2019-01-17 09:54:06', '2019-01-17 09:59:08', '103.225.207.52'),
(207, '7vkjerkv317jtf9tq24g3v9np6', 2, 1, '2019-01-17 11:04:36', '2019-01-17 11:07:33', '103.225.207.52'),
(208, 'bvcf96er47mjetefdha7mbtgd0', 2, 1, '2019-01-18 04:30:27', '2019-01-18 04:50:53', '103.225.207.52'),
(209, 'isvnjta161n331uiuvug40d7j3', 3, 2, '2019-01-18 04:39:51', '2019-01-18 04:52:18', '103.225.207.52'),
(210, 'k61m124vso5k4d4hathsca8av5', 3, 1, '2019-01-18 04:52:18', '2019-01-18 05:34:39', '103.225.207.52'),
(211, 'cgs88f5qmfa6jn36922ildldn4', 2, 1, '2019-01-18 05:28:17', '2019-01-18 05:30:05', '103.225.207.52'),
(212, '4onfs2pdiqc45a8eddlacbqba3', 3, 1, '2019-01-18 05:57:03', '2019-01-18 06:46:51', '103.225.207.52'),
(213, 'hm5a1g0jp28bhfr0lkft5b4n51', 3, 1, '2019-01-18 07:05:44', '2019-01-18 07:18:03', '103.225.207.52'),
(214, 'gckdmt5t5hu2sm4in3p49e0ju2', 3, 1, '2019-01-18 07:33:30', '2019-01-18 07:37:50', '103.225.207.52'),
(215, 'c6annsv1l3uubp71399avo6jc4', 3, 1, '2019-01-18 08:06:01', '2019-01-18 08:16:13', '103.225.207.52'),
(216, 'qkqlape7d4k9av59ppjjntja14', 3, 1, '2019-01-18 09:07:27', '2019-01-18 09:44:08', '103.225.207.52'),
(217, '8mkqtr8v3o5a871ts9q5bu8na2', 2, 1, '2019-01-18 09:41:33', '2019-01-18 09:49:33', '103.225.207.52'),
(218, 'beiutga7vvn64357c1trm5eju0', 2, 1, '2019-01-18 10:05:17', '2019-01-18 10:27:02', '182.72.120.249'),
(219, 'j1p83t22vhjfgcqmncrapdb1n1', 3, 1, '2019-01-18 10:12:11', '2019-01-18 11:51:49', '182.72.120.249'),
(220, 'lktrksmt83bn28e5ft3nbe4uo7', 2, 1, '2019-01-18 10:47:51', '2019-01-18 10:50:08', '182.72.120.249'),
(221, '97pkga4lukmm0mjo6g96476813', 3, 1, '2019-01-19 04:20:05', '2019-01-19 04:23:03', '182.72.120.249'),
(222, 'f3r6riia0u4cg85i2emurc3v16', 3, 1, '2019-01-19 05:01:23', '2019-01-19 06:23:33', '103.225.207.52'),
(223, 'isgjd98vk61850t05a32ivt0b5', 3, 1, '2019-01-19 06:41:24', '2019-01-19 07:49:30', '103.225.207.52'),
(224, 'gl6lsaa7m0l330qumaeo25tbf4', 3, 1, '2019-01-19 08:05:29', '2019-01-19 08:17:12', '182.72.120.249'),
(225, '89u2ltgqt61p95nfoqiv11q8d1', 3, 1, '2019-01-19 09:07:01', '2019-01-19 10:52:25', '103.225.207.52'),
(226, '5m14ruvl5t6ptcps5oq8hfm035', 3, 1, '2019-01-19 11:09:49', '2019-01-19 12:32:44', '103.225.207.52'),
(227, 'bpmaudf9ng1i47h8itk9a01no3', 3, 1, '2019-01-21 04:38:19', '2019-01-21 07:00:42', '103.225.207.52'),
(228, 'j7ec2srindg3qi8uane40hdtj1', 2, 1, '2019-01-21 05:25:33', '2019-01-21 07:16:48', '103.225.207.52'),
(229, 'h3utcm9elfdjma0blauiocjme7', 3, 1, '2019-01-21 07:16:57', '2019-01-21 08:17:18', '103.225.207.52'),
(230, 'sgf017u0gnf7oehhlg3kjifpj1', 2, 1, '2019-01-21 07:43:07', '2019-01-21 07:56:16', '103.225.207.52'),
(231, '59uvgirntv7qou5m2lnk2j45s0', 3, 1, '2019-01-21 09:07:43', '2019-01-21 09:32:40', '103.225.207.52'),
(232, '2lv0rhb5b0c04btl56hfr9v3f6', 1, 1, '2019-01-21 10:00:10', '2019-01-21 10:00:10', '103.225.207.52'),
(233, 'm40e7v4jfushvptclro3vob574', 1, 0, '2019-01-21 10:18:09', '2019-01-21 10:18:54', '103.225.207.52'),
(234, '8b8cvbu82t0rvmgqu092aiqu66', 2, 1, '2019-01-21 10:19:38', '2019-01-21 10:26:09', '103.225.207.52'),
(235, '2rsm9sjpd4rrtgoqhue7md8o67', 2, 1, '2019-01-21 10:49:49', '2019-01-21 12:58:44', '103.225.207.52'),
(236, '6u5p944r5f29igk22p8jb8ber0', 3, 1, '2019-01-21 11:20:03', '2019-01-21 13:26:54', '103.225.207.52'),
(237, '7oj40vpkpc05bsd90o5dpm6i10', 1, 0, '2019-01-21 12:04:48', '2019-01-21 12:06:46', '103.225.207.52'),
(238, 'g73tk3f5hrgegit07ghk7mncr7', 3, 1, '2019-01-21 13:44:45', '2019-01-21 13:46:11', '103.225.207.52'),
(239, 'lbj3qu7kjkddorqigg18bmicl3', 3, 1, '2019-01-22 04:29:32', '2019-01-22 04:29:32', '103.225.207.52'),
(240, 'sgohgtjfb87psneus24p1vifo6', 2, 1, '2019-01-22 04:44:10', '2019-01-22 05:20:48', '103.225.207.52'),
(241, 'bkfn3rdvv4p8l0ips2fakatd21', 3, 1, '2019-01-22 04:55:10', '2019-01-22 05:49:37', '103.225.207.52'),
(242, 'esmj57p403q4lh63e8h2gc1aa7', 2, 1, '2019-01-22 06:08:34', '2019-01-22 07:52:32', '103.225.207.52'),
(243, 'p7uqi9cemak3cbamnb809u2120', 3, 1, '2019-01-22 06:15:30', '2019-01-22 06:36:22', '103.225.207.52'),
(244, 'uvtchniijun2ptjl2rskea2v33', 1, 1, '2019-01-22 06:16:45', '2019-01-22 06:27:07', '103.225.207.52'),
(245, 'kvqfofr2scg3n0feeevbbkb633', 3, 1, '2019-01-22 06:55:23', '2019-01-22 08:18:00', '103.225.207.52'),
(246, 'pljnckag3i05r9m0mskdpiv7t2', 3, 1, '2019-01-22 09:08:25', '2019-01-22 12:22:30', '103.225.207.52'),
(247, 'heocim5s54o1ljuti1qvhh8f61', 2, 1, '2019-01-22 09:13:45', '2019-01-22 11:04:11', '103.225.207.52'),
(248, 'ef6op9dsl59jlijl4u9o0nufh7', 2, 1, '2019-01-22 11:26:46', '2019-01-22 11:28:38', '103.225.207.52'),
(249, 'q1p4e0temj0sq2avh4u02q1e33', 2, 1, '2019-01-22 11:51:25', '2019-01-22 12:00:49', '103.225.207.52'),
(250, 'ote1qt7s1qpdturq7i6msls293', 3, 1, '2019-01-23 04:44:42', '2019-01-23 04:44:42', '103.225.207.52'),
(251, '5kgrrasteq3nn3mrdr8r8nrs73', 3, 1, '2019-01-23 05:10:01', '2019-01-23 06:39:10', '103.225.207.52'),
(252, 'kj2j4pudlm3csjhu9dk16h1a15', 2, 1, '2019-01-23 05:36:00', '2019-01-23 05:51:19', '103.225.207.52'),
(253, '35ous0rql84vqv93t92u33j4l7', 2, 1, '2019-01-23 06:09:44', '2019-01-23 06:15:30', '103.225.207.52'),
(254, '1ftuuu5begfl3jf5ski7g2h990', 2, 1, '2019-01-23 06:30:59', '2019-01-23 06:44:57', '103.225.207.52'),
(255, 's7ak2acprd38nm9jnbj7tg1p03', 2, 1, '2019-01-23 07:04:03', '2019-01-23 07:11:30', '103.225.207.52'),
(256, 'gbduvplrvjpecelln4b4vmn2t2', 2, 1, '2019-01-23 07:28:50', '2019-01-23 07:51:52', '103.225.207.52'),
(257, 'gfn63814n0q0dlgkcd9koca1i1', 3, 1, '2019-01-23 07:46:24', '2019-01-23 08:16:00', '103.225.207.52'),
(258, '6ddsp7o6jh06o32t3ghevjbvm0', 2, 1, '2019-01-23 08:10:11', '2019-01-23 08:12:54', '103.225.207.52'),
(259, '92k5u1bse4r35gpl5v1k9d79r1', 3, 1, '2019-01-23 09:06:54', '2019-01-23 09:19:11', '103.225.207.52'),
(260, 'k8kktcb65bkti3fuu7us5trav4', 2, 1, '2019-01-23 09:07:44', '2019-01-23 09:28:02', '103.225.207.52'),
(261, 'sd84c9l4iik0ud2e31gluqkou1', 3, 1, '2019-01-23 09:48:32', '2019-01-23 10:10:38', '103.225.207.52'),
(262, 'a3aoorb71dkp7ij9acikt1tu41', 2, 1, '2019-01-23 09:56:52', '2019-01-23 10:06:31', '103.225.207.52'),
(263, 'g87bh44cqhlke8mjppclaprh65', 3, 1, '2019-01-23 10:34:01', '2019-01-23 10:42:12', '103.225.207.52'),
(264, 'he5vgorfojrodags7hqbrv5n53', 3, 1, '2019-01-23 10:59:27', '2019-01-23 12:42:19', '103.225.207.52'),
(265, '8oguo36cs81oosqlf9reb4slc1', 2, 1, '2019-01-23 12:28:36', '2019-01-23 12:33:15', '103.225.207.52'),
(266, '7oathoa5rmfle93bsov8s1c3p4', 2, 1, '2019-01-24 04:30:43', '2019-01-24 04:30:43', '103.225.207.52'),
(267, 'abv1ou092blk8vtbadda3innp4', 3, 1, '2019-01-24 04:44:11', '2019-01-24 04:46:12', '103.225.207.52'),
(268, '74g2pjlr3c22peltnuiadvhef3', 3, 1, '2019-01-24 05:26:21', '2019-01-24 06:14:25', '103.225.207.52'),
(269, '2cmrboccosvn7eo0u44d3bdtq4', 3, 1, '2019-01-24 06:47:08', '2019-01-24 07:09:23', '103.225.207.52'),
(270, '4ovh6q2d3nr3fkoiuh4ajaf291', 2, 1, '2019-01-24 07:23:12', '2019-01-24 07:28:58', '103.225.207.52'),
(271, 'h6i97icl38r946gigemq9cg8h4', 2, 1, '2019-01-24 07:45:23', '2019-01-24 08:23:43', '103.225.207.52'),
(272, 'imgsr7f537nup14ujsn0t3fak7', 3, 1, '2019-01-24 08:09:01', '2019-01-24 08:19:35', '103.225.207.52'),
(273, '8k99q4rab2lul8l3anvdg3sur0', 4, 1, '2019-01-24 09:08:10', '2019-01-24 09:08:10', '103.225.207.52'),
(274, 'fs2b4bnupk6cqa0j9l8u4cb6i7', 3, 1, '2019-01-24 09:18:46', '2019-01-24 09:24:56', '103.225.207.52'),
(275, 'bdqtu2oj88tjkp0kpiabas8re0', 4, 1, '2019-01-24 09:31:31', '2019-01-24 10:20:09', '103.225.207.52'),
(276, 'r966ubv9np2e1rqt5720b5d267', 4, 1, '2019-01-24 10:36:02', '2019-01-24 11:21:00', '103.225.207.52'),
(277, 'ccld3kupb9fvjgkcpgohnb8fp0', 3, 1, '2019-01-24 10:36:52', '2019-01-24 13:15:11', '103.225.207.52'),
(278, '38ljkfhnhsej3mvkl2s13te5f3', 2, 1, '2019-01-24 11:03:46', '2019-01-24 11:33:58', '103.225.207.52'),
(279, 'hgf12rg9rrev2dto9hd6a3lok7', 4, 1, '2019-01-24 11:41:00', '2019-01-24 12:09:54', '103.225.207.52'),
(280, 'jo0d4tmvl5knjsdokjrfg6dq37', 2, 1, '2019-01-24 12:06:08', '2019-01-24 12:34:00', '103.225.207.52'),
(281, 'arqbdpd3bjijccebf2rvutt802', 3, 1, '2019-01-25 04:31:57', '2019-01-25 04:31:57', '103.225.207.52'),
(282, '1ebnqi0rkn6kq80rgcr3ivjqc5', 3, 1, '2019-01-25 04:49:44', '2019-01-25 05:57:02', '103.225.207.52'),
(283, 'evo3uj7mp5huk3pchrl0hbdl12', 2, 1, '2019-01-25 05:14:21', '2019-01-25 05:18:43', '103.225.207.52'),
(284, 'lk8v2ql58skbpo1e2sv1l9oif5', 3, 1, '2019-01-25 06:12:22', '2019-01-25 07:34:18', '103.225.207.52'),
(285, 'a7fvrgkir9nhl3ttjdpuouq0m2', 4, 1, '2019-01-25 06:55:53', '2019-01-25 07:58:22', '103.225.207.52'),
(286, '139su00hurvgts7l2l9uk20ae7', 3, 1, '2019-01-25 07:56:25', '2019-01-25 08:13:50', '103.225.207.52'),
(287, 'r8uj3jupotvqes26dbsr06bbd0', 2, 1, '2019-01-25 08:13:51', '2019-01-25 08:20:17', '103.225.207.52'),
(288, 'ggianunki1h5rtrobnkfnoe475', 3, 1, '2019-01-25 09:07:25', '2019-01-25 09:16:49', '103.225.207.52'),
(289, '35jccp2eicar1ms03b90e0huc6', 4, 2, '2019-01-25 09:12:58', '2019-01-25 10:53:20', '103.225.207.52'),
(290, '7oj8b6jlf3hco19fotita8uo42', 2, 1, '2019-01-25 09:30:13', '2019-01-25 10:00:49', '103.225.207.52'),
(291, 'dm65a4iakm5bvjq50l7fg16t76', 3, 1, '2019-01-25 09:32:31', '2019-01-25 10:00:17', '103.225.207.52'),
(292, '0k4rn7gresrpnu61lnq6c69mm3', 3, 1, '2019-01-25 10:28:17', '2019-01-25 10:31:17', '103.225.207.52'),
(293, 'vfltqdi4jgnb3sjj6jdl6h1dn6', 2, 1, '2019-01-25 10:39:04', '2019-01-25 10:49:10', '103.225.207.52'),
(294, '8hma60dht1ucd017j7uk6d8mm5', 4, 1, '2019-01-25 10:53:20', '2019-01-25 10:53:20', '103.225.207.52'),
(295, 'fs3sn3gqs5ntot750h1lv6hsj6', 2, 1, '2019-01-25 11:05:57', '2019-01-25 11:50:34', '103.225.207.52'),
(296, 'o5rse8f4ubo3dn79kqjkeqf4k4', 4, 1, '2019-01-25 11:15:05', '2019-01-25 11:21:16', '103.225.207.52'),
(297, 'qi5tq0m190dbrdcvovuecbcfq3', 3, 1, '2019-01-25 11:21:14', '2019-01-25 12:32:30', '103.225.207.52'),
(298, '973kt34g0h1e26dgjuaqqoqrt1', 4, 1, '2019-01-25 11:44:15', '2019-01-25 12:02:26', '103.225.207.52'),
(299, '8lf2cg3pml8dkvmh2lsp9hvtr5', 2, 1, '2019-01-25 12:22:34', '2019-01-25 12:34:17', '103.225.207.52'),
(300, '5r1uolusictrji859r78m7esa3', 4, 1, '2019-01-26 15:42:44', '2019-01-26 18:28:23', '132.154.94.94'),
(301, 'e2sm6pghec0ljhe82q3afmjp36', 4, 1, '2019-01-27 04:24:25', '2019-01-27 05:38:57', '139.167.153.206'),
(302, '7siq5fp3p62d7gooh88ksffmg5', 4, 1, '2019-01-27 14:59:53', '2019-01-27 15:59:19', '139.167.229.30'),
(303, 'e56o1bj8pu8glcv8687vbe2o06', 3, 2, '2019-01-28 05:23:48', '2019-01-28 07:10:05', '103.84.238.244'),
(304, 'b0qaugnhh14hroisabehj7b120', 2, 1, '2019-01-28 05:29:46', '2019-01-28 05:46:42', '103.225.207.52'),
(305, 'o1r7oinkrue8d427jtst6saor7', 2, 2, '2019-01-28 06:34:19', '2019-01-28 06:46:39', '103.225.207.52'),
(306, 'k98tbj50hmlmv7fp25fqbtreg0', 2, 1, '2019-01-28 06:46:38', '2019-01-28 06:47:25', '103.225.207.52'),
(307, '', NULL, 0, '2019-01-28 06:48:12', '2019-01-28 06:48:12', ''),
(308, '9ssto791r3fvqhn15n8q4ngsu3', 1, 2, '2019-01-28 06:48:34', '2019-01-28 06:50:30', '103.225.207.52'),
(309, '0al2hsuflsvd4mrv9jadjb14v4', 1, 0, '2019-01-28 06:50:29', '2019-01-28 07:17:10', '103.225.207.52'),
(310, '77sebeelrcs891boouadveh1k7', 3, 2, '2019-01-28 07:10:05', '2019-01-28 07:10:40', '103.84.238.244'),
(311, 'cmsd7ibfpvluskee4rapolobd4', 3, 2, '2019-01-28 07:10:40', '2019-01-28 07:11:20', '103.84.238.244'),
(312, 'lge1jhioqunlv8o1glgf6okcu5', 3, 1, '2019-01-28 07:11:19', '2019-01-28 08:22:27', '103.225.207.52'),
(313, 'rsdkpumf87scfv2af1uehl25b5', 2, 2, '2019-01-28 07:12:39', '2019-01-28 07:18:42', '103.84.238.244'),
(314, 'f2hp4jlpo63eth6f47ls7co182', 2, 2, '2019-01-28 07:18:42', '2019-01-28 07:26:08', '103.225.207.52'),
(315, 'd3r4pa32rgu9kvg939srnmraq3', 1, 0, '2019-01-28 07:24:14', '2019-01-28 07:26:16', '103.225.207.52'),
(316, 'e839s0ggltf1aifhrmscerr8p0', 2, 2, '2019-01-28 07:26:08', '2019-01-28 08:10:27', '103.225.207.52'),
(317, 'mokrg69ij71f5tu1oglj4n4056', 2, 1, '2019-01-28 08:10:26', '2019-01-28 08:22:40', '103.84.238.244'),
(318, 'lgn6eq2buaahkeb8aujsoronf6', 2, 1, '2019-01-28 09:06:35', '2019-01-28 09:45:29', '103.225.207.52'),
(319, '7grne229flabnivnqemtof24p0', 3, 1, '2019-01-28 09:09:20', '2019-01-28 12:36:33', '103.225.207.52'),
(320, '6pl1ei02o8n54rfsq9q4g5r130', 4, 1, '2019-01-28 09:31:36', '2019-01-28 09:35:34', '103.225.207.52'),
(321, 'q6mi473t3v8dlfokg3gl0l44t4', 4, 1, '2019-01-28 12:30:26', '2019-01-28 12:37:44', '103.225.207.52'),
(322, 'ric0dd5fptm412t2md9o170ij0', 3, 1, '2019-01-29 04:44:21', '2019-01-29 06:43:56', '103.225.207.52'),
(323, '7oraaag9be789bmbbtefii6oe2', 2, 1, '2019-01-29 05:56:03', '2019-01-29 06:04:51', '103.225.207.52'),
(324, '8b1btq66c5539adfgpeevnak20', 4, 1, '2019-01-29 06:38:34', '2019-01-29 07:39:54', '103.225.207.52'),
(325, 'gh7m9sq5mm0cm41oesj00ipit7', 2, 1, '2019-01-29 07:08:11', '2019-01-29 07:14:36', '103.84.238.244'),
(326, 'olr8g7kal8aur42rvkb4bcq6t3', 2, 1, '2019-01-29 07:34:41', '2019-01-29 07:41:45', '103.225.207.52'),
(327, 'l5jjkfs1rkmed9i0pspqqa4fs2', 3, 1, '2019-01-29 07:41:08', '2019-01-29 08:10:45', '103.225.207.52'),
(328, 'vpg827n7cc8uftkb0bv8flfgk0', 2, 1, '2019-01-29 09:10:30', '2019-01-29 09:33:47', '103.225.207.52'),
(329, 'v8g166j391jctmma2v8pidevi0', 3, 1, '2019-01-29 09:13:49', '2019-01-29 09:36:45', '103.225.207.52'),
(330, 'p3fpco8ottoqjng12rg5u6to00', 4, 1, '2019-01-29 09:18:56', '2019-01-29 09:18:56', '103.225.207.52'),
(331, 'sd3gi1qv3508lkn3thjfockhn2', 4, 0, '2019-01-29 09:51:12', '2019-01-29 10:28:49', '103.225.207.52'),
(332, 'ucktenfccm8tmo9runom926e12', 1, 1, '2019-01-29 10:29:07', '2019-01-29 11:11:32', '103.225.207.52'),
(333, 'm2olkb0mpqil33i2k1vqucdmr3', 2, 1, '2019-01-29 10:42:50', '2019-01-29 11:36:46', '103.84.238.244'),
(334, '2cvgkv916fj4afp3dj3k49pjk5', 2, 1, '2019-01-29 12:43:10', '2019-01-29 13:06:43', '103.225.207.52'),
(335, 'i53qmc3pl4fabc74sc09afp360', 3, 1, '2019-01-29 12:48:49', '2019-01-29 12:54:29', '103.225.207.52'),
(336, 'n1k98do1dqcq3q8haci6lvucf4', 1, 0, '2019-01-29 12:59:26', '2019-01-29 13:03:01', '103.225.207.52'),
(337, '1rt28vbcp8455dfrbuvnpr5390', 3, 1, '2019-01-30 04:58:49', '2019-01-30 04:59:22', '103.225.207.52'),
(338, 'fj0ogk8qh62000vnnec8cau133', 3, 1, '2019-01-30 06:12:44', '2019-01-30 07:06:46', '103.225.207.52'),
(339, 'lsje4jik9cm93ens54sv2ohjm7', 3, 1, '2019-01-30 07:41:20', '2019-01-30 07:44:50', '103.225.207.52'),
(340, 'qs56fajqvs7fd3le7s4pkkfkr0', 2, 1, '2019-01-31 07:49:44', '2019-01-31 07:52:04', '103.84.238.244'),
(341, '2vljqoc1pnsqhso1qcus7o3aj7', 1, 1, '2019-01-31 08:14:19', '2019-01-31 08:17:19', '103.225.207.52'),
(342, 'fbj4j8t59darbm54utqgu3rai3', 2, 1, '2019-01-31 08:19:13', '2019-01-31 08:19:13', '103.84.238.242'),
(343, 'kqvqd5e9fak3mrp3aud3s40sd1', 2, 0, '2019-01-31 09:20:51', '2019-01-31 09:31:32', '103.225.207.52'),
(344, '215k309ag6pl3tpgprvmb8msd3', 1, 0, '2019-01-31 09:31:52', '2019-01-31 09:50:00', '103.225.207.52'),
(345, 'ef75krl65jprvlhgihvpr1ngr5', 2, 1, '2019-01-31 10:08:48', '2019-01-31 10:14:09', '103.84.238.242'),
(346, 'cuh8d06bojoud18dgmu1te5hc6', 1, 1, '2019-01-31 10:43:24', '2019-01-31 10:52:53', '103.225.207.52'),
(347, 'fgicngnjvhg9d6r6utmtgra4u0', 1, 0, '2019-01-31 11:18:18', '2019-01-31 11:20:25', '103.84.238.242'),
(348, 'hn6s7skvej3n1o5dgot1g80ir5', 2, 1, '2019-02-01 04:50:02', '2019-02-01 05:34:06', '103.225.207.52'),
(349, '81q5l1kkm0h9p8a2rlho8gsn92', 2, 1, '2019-02-01 06:12:30', '2019-02-01 07:25:32', '103.225.207.52'),
(350, 'ehpn85ubgq3v7bvra47qdrec84', 2, 1, '2019-02-01 07:44:45', '2019-02-01 08:06:30', '103.225.207.52'),
(351, 'neruh73t75ormcl39kltiq3ms1', 2, 1, '2019-02-01 09:09:18', '2019-02-01 09:10:01', '103.225.207.52'),
(352, '0eb1vrqkaqf6lfn490de5j6d95', 2, 1, '2019-02-01 09:26:33', '2019-02-01 10:46:38', '103.225.207.52'),
(353, '2tlu38spt5ukcf8fhifiu89022', 2, 1, '2019-02-01 12:09:21', '2019-02-01 12:29:38', '103.225.207.52'),
(354, 'igsp5e14agbo7i5tdtpoj5st47', 2, 1, '2019-02-02 05:06:14', '2019-02-02 05:26:43', '103.225.207.52'),
(355, 'kqp0csf6uhfpt32k75i0bnm372', 3, 1, '2019-02-02 05:15:23', '2019-02-02 05:37:20', '103.225.207.52'),
(356, 'jvigehbu8edo759npsevsbcqq5', 2, 1, '2019-02-02 06:21:45', '2019-02-02 06:53:22', '103.225.207.52'),
(357, 'o2iq1bjvgm72dqjr8m10equdj7', 3, 1, '2019-02-02 06:40:07', '2019-02-02 06:40:07', '103.225.207.52'),
(358, 'v422cps2cdb678no411e8ess96', 2, 1, '2019-02-02 07:43:23', '2019-02-02 08:15:39', '103.84.238.242'),
(359, 'f0lorbj8o8qpitucrmmi3vess3', 2, 1, '2019-02-02 09:27:31', '2019-02-02 09:27:31', '103.84.238.242'),
(360, 'pcbq2897vu8in6t6usbn319v57', 3, 1, '2019-02-02 09:43:12', '2019-02-02 09:43:12', '103.225.207.52'),
(361, 'dq93vtqs8jf58gos1ha6sd44l0', 2, 1, '2019-02-02 09:49:19', '2019-02-02 11:15:26', '103.84.238.242'),
(362, 'oeiufpjiumdpcjdhlj2t62kbu4', 3, 1, '2019-02-02 10:01:04', '2019-02-02 10:03:33', '103.225.207.52'),
(363, 'uq6oqsbu1fa41jkab6378c01h4', 4, 1, '2019-02-02 10:04:38', '2019-02-02 10:15:43', '103.225.207.52'),
(364, '0eo4q0t0c7tq659psggld5qbn0', 2, 1, '2019-02-02 11:58:40', '2019-02-02 12:19:53', '103.225.207.52'),
(365, 'jn5v95lk210vnuh4gvgkop8i01', 3, 1, '2019-02-04 04:23:46', '2019-02-04 04:38:11', '103.225.207.52'),
(366, 't4p32lll3cpb5qh3bra75mq0o7', 2, 1, '2019-02-04 04:27:00', '2019-02-04 04:31:38', '103.225.207.52'),
(367, '3hfhvthak7luhq4rkrkibv8nv0', 3, 1, '2019-02-04 05:06:50', '2019-02-04 06:51:54', '103.225.207.52'),
(368, '5d8vpabpc0l3pj8i1m35pbn7u4', 2, 1, '2019-02-04 05:11:53', '2019-02-04 05:38:36', '103.225.207.52'),
(369, 'm94trhjm1vdsc091v8m0nqkis1', 2, 1, '2019-02-04 06:57:34', '2019-02-04 07:19:14', '103.225.207.52'),
(370, 'km4cd74soe9m5ugpmthk0hbte0', 3, 1, '2019-02-04 09:26:35', '2019-02-04 10:34:52', '103.225.207.52'),
(371, 'sjq5rkj0psete64a9a0s7g7kh4', 2, 1, '2019-02-04 10:11:41', '2019-02-04 10:51:56', '103.84.238.242'),
(372, 'h7e27q8jg52nptj10p8lg664n7', 3, 1, '2019-02-04 10:52:15', '2019-02-04 11:20:44', '103.225.207.52'),
(373, 'k0bti3ueuuft262c0qmca85bu0', 2, 0, '2019-02-04 11:36:11', '2019-02-04 12:09:49', '103.225.207.52'),
(374, '0q6emd7eagq8lcmdb6m58ivs74', 3, 0, '2019-02-04 11:56:56', '2019-02-04 12:02:07', '103.225.207.52'),
(375, '4imj9t8534ug9do72jvbgk8co4', 3, 1, '2019-02-04 12:09:55', '2019-02-04 12:09:55', '103.225.207.52'),
(376, 'ed59obr69js00u57pv9cdlmmr4', 3, 1, '2019-02-05 07:25:38', '2019-02-05 07:27:51', '103.225.207.52'),
(377, '6lfsls3crdn9u43dm067u9vt51', 2, 1, '2019-02-05 08:18:02', '2019-02-05 08:18:02', '103.84.238.242'),
(378, 'g8u28aa8iuf0psbdc6gutvjn90', 3, 1, '2019-02-05 09:50:24', '2019-02-05 09:50:24', '103.225.207.52'),
(379, 'dbit4ua548r1aga4t3bd593hd3', 2, 1, '2019-02-05 09:56:21', '2019-02-05 09:59:19', '103.225.207.52'),
(380, 'vq3572h86mmuvgbmhio2flpm13', 2, 1, '2019-02-05 10:15:47', '2019-02-05 10:28:59', '103.225.207.52'),
(381, 'u6epip6nu1p83aie20hkq1cuc6', 3, 1, '2019-02-05 10:27:27', '2019-02-05 10:39:35', '103.225.207.52'),
(382, '21e0s4gafbo7a0h4mo1s3cdpg5', 2, 1, '2019-02-05 10:48:05', '2019-02-05 10:55:41', '103.225.207.52'),
(383, '3gphdet1r7bbte7b18sj9brfd7', 2, 0, '2019-02-05 11:12:10', '2019-02-05 12:14:02', '103.225.207.52'),
(384, 'r7os81uebtufpg7scot7p6m902', 1, 0, '2019-02-05 12:05:36', '2019-02-05 12:15:01', '103.84.238.242'),
(385, '75igr3fn843mjrk46jm84uqfl1', 1, 0, '2019-02-05 12:15:08', '2019-02-05 12:55:16', '103.84.238.242'),
(386, '', NULL, 0, '2019-02-05 12:55:51', '2019-02-05 12:55:51', ''),
(387, '36luq03i9nimbf5qc80t28e543', 3, 1, '2019-02-06 04:46:20', '2019-02-06 04:51:54', '103.225.207.52'),
(388, 'ih3q1a30huf53dma5fqo3iiqe4', 2, 1, '2019-02-06 05:32:01', '2019-02-06 07:25:00', '103.225.207.52'),
(389, 't3meijojk9h4s4rsq0u47qdc31', 2, 1, '2019-02-06 07:53:59', '2019-02-06 08:20:54', '103.84.238.242'),
(390, 'iqqrpgrl7s2o5uv3h43b2pps04', 2, 1, '2019-02-06 09:11:35', '2019-02-06 09:51:24', '103.225.207.52'),
(391, 'i8vfmsnfdnasjpllh5815bj9b1', 2, 1, '2019-02-06 10:10:14', '2019-02-06 12:14:50', '103.225.207.52'),
(392, 'bsg3an8n7gil345vecqmfjrli3', 2, 1, '2019-02-06 12:54:37', '2019-02-06 13:05:37', '103.225.207.52'),
(393, 'moln6m3g72mjj7ogqiqt46lb33', 2, 1, '2019-02-07 04:17:23', '2019-02-07 06:38:37', '103.225.207.52'),
(394, 'c4n7a52feb24mgf1nri605dho1', 2, 1, '2019-02-07 07:15:37', '2019-02-07 08:26:49', '103.225.207.52'),
(395, 'fkq6hck8mphf7dpcjr079iu7e4', 2, 1, '2019-02-07 09:21:35', '2019-02-07 09:34:39', '103.225.207.52'),
(396, 'j2t0kl91kv5hvjlsse0e7vfoe1', 2, 1, '2019-02-07 09:53:43', '2019-02-07 11:06:40', '103.225.207.52'),
(397, 'jdu4l6i9mlf4112euajvl26ja1', 2, 1, '2019-02-07 12:35:16', '2019-02-07 12:38:12', '103.225.207.52'),
(398, '8tml57at5kk49mi2n8umo8nvc7', 2, 1, '2019-02-08 05:07:03', '2019-02-08 05:57:24', '103.225.207.52'),
(399, 'ogo74i26rgss4j73t0r83d3qv5', 2, 1, '2019-02-08 06:17:57', '2019-02-08 06:21:17', '103.225.207.52'),
(400, '4fur12fm5ls9vkibug9ujrn507', 2, 1, '2019-02-08 06:38:25', '2019-02-08 08:11:21', '103.225.207.52'),
(401, 'kqvq6cttkr4qamigcokd8tbcj1', 2, 1, '2019-02-08 09:14:30', '2019-02-08 09:23:25', '103.225.207.52'),
(402, '4c5rqerln9ef84ia95nslgpt61', 2, 1, '2019-02-14 05:48:52', '2019-02-14 06:20:32', '103.225.207.52'),
(403, 'baaekbt7hm81f6cv32m7p9viq4', 2, 0, '2019-02-14 06:57:25', '2019-02-14 07:35:26', '103.225.207.52'),
(404, '4ad8esq8k3she0830fjub9o5g1', 1, 0, '2019-02-14 07:35:46', '2019-02-14 07:43:34', '103.225.207.52'),
(405, 'mc3mcd5ghbtj1phu86ar1f6c90', 1, 0, '2019-02-14 09:09:23', '2019-02-14 09:27:43', '103.225.207.52'),
(406, '5o4c6ra40s78bba56glf2b5sp0', 2, 1, '2019-02-14 09:28:31', '2019-02-14 09:36:43', '103.225.207.52'),
(407, 'ftu0354287l48f8l17f55kav83', 2, 1, '2019-02-14 10:09:02', '2019-02-14 10:16:36', '103.225.207.52'),
(408, 'ujh7cgbnt7ij4a1964gser6kv7', 2, 2, '2019-02-14 11:26:51', '2019-02-14 11:34:08', '103.225.207.52'),
(409, 'agmtpgcekvpaeij9vfucjndi53', 1, 0, '2019-02-14 11:31:51', '2019-02-14 11:34:00', '103.225.207.52'),
(410, '222efb7904sfqdujhlv6vg35u5', 2, 1, '2019-02-14 11:34:08', '2019-02-14 11:34:08', '103.225.207.52'),
(411, '2vdejefrn014k26u2s3o6ao8l5', 2, 0, '2019-02-14 12:25:32', '2019-02-14 12:43:02', '103.225.207.52'),
(412, '8gh4b6hel8cqq0o83u5cbieu11', 1, 1, '2019-02-14 12:43:16', '2019-02-14 13:00:34', '103.225.207.52'),
(413, 'viridsav828ssi8pf4knc2vg97', 2, 1, '2019-02-15 04:27:32', '2019-02-15 04:27:32', '103.225.207.52'),
(414, '5igjtn110mh8hemjv8c93hr2r4', 1, 0, '2019-02-15 06:14:49', '2019-02-15 07:39:34', '103.225.207.52'),
(415, 'hsr64c2tcmpi99ipe8ikh58ud1', 3, 0, '2019-02-15 06:27:56', '2019-02-15 06:29:55', '103.225.207.52'),
(416, 'h92csj8g8u17v291nccmb956i5', 1, 0, '2019-02-15 06:30:20', '2019-02-15 06:32:24', '103.225.207.52'),
(417, 'jl2c9ter0ollvj07ie44ie0hs1', 1, 0, '2019-02-18 12:35:52', '2019-02-18 13:13:51', '103.225.207.52'),
(418, 'mogbm9oqdrvsmmscr58q4ti7n2', 1, 1, '2019-02-21 10:57:18', '2019-02-21 11:11:45', '103.225.207.52'),
(419, 'n923f9jlbabl8pai1gmhsf2bl5', 2, 1, '2019-03-07 04:33:20', '2019-03-07 07:10:49', '103.225.207.52'),
(420, 'kfktbpekvnnsedbf51iq7dtnk5', 1, 1, '2019-03-07 05:15:55', '2019-03-07 05:37:00', '103.225.207.52'),
(421, 'p12vb7o0gof3aqgd0lgnv2qug2', 1, 1, '2019-03-07 06:00:21', '2019-03-07 06:00:21', '103.225.207.52'),
(422, '8u2uo108jb03os6tck31ei2ui1', 1, 0, '2019-03-07 07:07:18', '2019-03-07 07:41:59', '103.225.207.52'),
(423, '8inr1i5sdqkej189rceb7kej54', 2, 1, '2019-03-08 04:36:30', '2019-03-08 05:57:06', '103.225.207.52'),
(424, '0r5abqh1uo4tquus1ueu5hanb5', 2, 1, '2019-03-08 06:37:20', '2019-03-08 08:08:20', '103.225.207.52'),
(425, 'nlmjaqtilmc2msj0ioke1rakd3', 2, 1, '2019-03-08 09:26:45', '2019-03-08 10:15:19', '103.225.207.52'),
(426, 'campq5ov0iukf33i74id051ur4', 2, 1, '2019-03-08 10:34:02', '2019-03-08 10:34:48', '103.225.207.52'),
(427, '0pa3nv02q4de4j7qr191d5jr65', 2, 1, '2019-03-08 11:38:43', '2019-03-08 11:39:15', '103.225.207.52'),
(428, 'rr2l2og4u6k3f5g9rfpriimlr2', 2, 1, '2019-03-12 04:18:53', '2019-03-12 06:55:38', '103.225.207.52'),
(429, 'k5qvpbgo14ifjch6u7sbus7ok2', 2, 1, '2019-03-12 07:30:12', '2019-03-12 08:19:01', '103.225.207.52'),
(430, 'easff7ppmuspmpljh6is01vpo2', 2, 1, '2019-03-12 09:51:50', '2019-03-12 10:28:40', '103.225.207.52'),
(431, 'bbdv18cmv537fhi6qf4g74rqu5', 2, 1, '2019-03-12 10:45:11', '2019-03-12 10:58:52', '103.225.207.52'),
(432, 'mafrgmd0sui12n7gpold18mnk0', 2, 1, '2019-03-12 11:21:31', '2019-03-12 12:01:08', '103.225.207.52'),
(433, 'dapluvsv9k8numrq0g38m6kv94', 2, 1, '2019-03-12 12:19:26', '2019-03-12 12:23:33', '103.225.207.52'),
(434, 'm2h5baaplsofmbe4jt5egcn646', 2, 1, '2019-03-13 04:38:54', '2019-03-13 04:41:23', '103.225.207.52'),
(435, 'q6rt74ui00ts7be6l1iaq10fb7', 2, 1, '2019-03-13 05:25:15', '2019-03-13 05:46:40', '103.225.207.52'),
(436, 'iob6pn6gioqcstjfcf93t3b0t7', 2, 1, '2019-03-13 06:06:03', '2019-03-13 06:20:19', '103.225.207.52'),
(437, 'taqrvdcivpja793i641p9vioj1', 2, 1, '2019-03-13 06:36:37', '2019-03-13 06:36:37', '103.225.207.52'),
(438, '0mmqkm6npjotjmi3fjbspabto0', 2, 1, '2019-03-25 07:13:13', '2019-03-25 07:14:28', '103.225.207.52'),
(439, '5vjpnvvb5kk978rderfg3hu1b4', 1, 1, '2019-03-26 05:15:35', '2019-03-26 05:28:35', '139.167.145.87'),
(440, 'qo8p9h34qp7qe8osk08klge2e6', 1, 1, '2019-03-26 05:55:45', '2019-03-26 06:08:45', '139.167.145.87'),
(441, 'sn6rq5et4f8rsabm9a6otbq0k3', 1, 0, '2019-03-26 08:05:36', '2019-03-26 08:22:03', '139.167.145.87'),
(442, 'k67m61r5auidtoju1drdvidg15', 1, 1, '2019-03-27 04:38:35', '2019-03-27 04:55:49', '139.167.235.138'),
(443, 'ec3t10cinuiqcjbj54dpsv88c1', 1, 1, '2019-03-27 05:35:33', '2019-03-27 05:36:17', '139.167.235.138'),
(444, 'boh5bmqgi9hlu0tr2k0eomuhl5', 1, 1, '2019-03-27 07:22:34', '2019-03-27 07:37:37', '139.167.235.138'),
(445, 'lgrl0umsmh4pgnovvqmefrhon7', 1, 1, '2019-03-28 05:22:38', '2019-03-28 05:27:02', '139.167.232.122'),
(446, 'j8vqcullp9jjtm4clhdh2m2c81', 1, 1, '2019-03-28 05:44:18', '2019-03-28 06:06:37', '139.167.232.122'),
(447, 'e4vor4sj23qolljha94io2tk67', 1, 1, '2019-03-28 10:49:30', '2019-03-28 11:10:54', '139.167.222.123'),
(448, 'nvr275dsku1c1o7ck8f4iupnb3', 1, 1, '2019-03-29 09:41:50', '2019-03-29 09:49:21', '139.167.210.213'),
(449, 'kjp54k1n3ibh6lllhhr4ius960', 1, 1, '2019-03-29 10:26:08', '2019-03-29 10:27:11', '139.167.210.213'),
(450, '8pgdncrc08sim1f8jtcc286887', 1, 1, '2019-03-30 04:29:26', '2019-03-30 04:29:26', '132.154.71.73'),
(451, 'm82dt5i6udq89ndodl61joudu2', 1, 1, '2019-04-01 12:43:08', '2019-04-01 12:53:58', '139.167.93.110'),
(452, 'hctiguf7503pdkpaflspectl00', 1, 1, '2019-04-02 11:13:30', '2019-04-02 11:28:29', '139.167.133.164'),
(453, 'hkdtukjm7ibu2rnbeaa999obd1', 1, 1, '2019-04-03 04:39:52', '2019-04-03 05:02:36', '139.167.137.139'),
(454, 'ofeaed5f0sqdgs795sce3cmne7', 1, 1, '2019-04-04 05:08:46', '2019-04-04 05:18:42', '139.167.58.19'),
(455, '41q7cdnb9embk1pkctsstvk134', 1, 0, '2019-04-04 12:20:05', '2019-04-04 12:45:02', '103.225.207.52'),
(456, '13op2luv7aafaipd1b56dj4qf2', 2, 1, '2019-04-06 04:47:04', '2019-04-06 04:47:04', '103.225.207.52'),
(457, 'ji8csdtm7qu105ti1j792em455', 1, 1, '2019-04-08 04:13:37', '2019-04-08 04:15:29', '139.167.194.117'),
(458, 'gjh0dhh9flpkl0m709a2bvi4h5', 1, 1, '2019-04-13 04:31:31', '2019-04-13 04:34:25', '139.167.183.232'),
(459, 'vvjatllcnnrh79deb08eiauak5', 1, 1, '2019-04-15 04:31:31', '2019-04-15 04:31:31', '139.167.114.249'),
(460, 'nume4hhad20ak9c71e2o80ff26', 1, 1, '2019-04-16 11:00:40', '2019-04-16 11:16:09', '139.167.134.12'),
(461, '1b8l3mt63vigetbcfjmicnu492', 1, 2, '2019-04-17 05:43:46', '2019-04-17 07:01:31', '103.225.207.52'),
(462, 'k10j08fo2jfnpa6r97oafe3o75', 1, 2, '2019-04-17 07:01:31', '2019-04-17 07:02:30', '103.225.207.52'),
(463, 'tdoubn2fplthv4hpiqmbkj79d7', 1, 2, '2019-04-17 07:02:30', '2019-04-17 07:04:21', '103.225.207.52'),
(464, 'dafoi3c4lq1eodi827hkjrdh17', 1, 2, '2019-04-17 07:04:21', '2019-04-17 07:04:39', '103.225.207.52'),
(465, 'ppc24esh2kq7ef2lfgtgt7np84', 1, 2, '2019-04-17 07:04:38', '2019-04-17 07:14:58', '103.225.207.52'),
(466, 'fqammomb0ps9m8l0988hk3ul97', 1, 2, '2019-04-17 07:14:58', '2019-04-17 07:40:39', '103.225.207.52'),
(467, 'h2q204580lk63ja6fahfe02610', 2, 1, '2019-04-17 07:40:11', '2019-04-17 07:40:11', '103.225.207.52'),
(468, '39dleihjdg3m7khl1l8n1jl911', 1, 2, '2019-04-17 07:40:39', '2019-04-17 07:41:31', '103.225.207.52'),
(469, 'j3vnapjf88o5at5ijoras9jfl6', 1, 2, '2019-04-17 07:41:31', '2019-04-17 08:22:05', '103.225.207.52'),
(470, '3l578cbdjpp83f8t5ea7a4cql2', 1, 1, '2019-04-17 08:22:05', '2019-04-17 08:36:59', '103.225.207.52'),
(471, 'k7jaiueftlqlhgfboo27bm7q27', 1, 1, '2019-04-17 09:18:42', '2019-04-17 10:17:44', '103.225.207.52'),
(472, 'usf4846tkteia6mg3crn9g9362', 1, 1, '2019-04-17 10:36:41', '2019-04-17 10:48:39', '103.225.207.52'),
(473, 'mv0a3so7f8o619f5fe6kcbvie7', 1, 1, '2019-04-17 11:14:38', '2019-04-17 12:44:36', '103.225.207.52'),
(474, 'quh86qsm77js8ugo55rlmm1j34', 1, 1, '2019-04-18 04:41:54', '2019-04-18 05:50:37', '103.225.207.52'),
(475, '3csui842e7m1hrklsh5594kak7', 1, 1, '2019-04-19 04:58:56', '2019-04-19 05:19:33', '139.167.87.91'),
(476, 'vvvh31e95c3u9lftr5b5op8ek7', 1, 1, '2019-04-19 06:25:14', '2019-04-19 06:40:51', '139.167.87.91');
INSERT INTO `sgp_admin_user_session` (`id`, `session_id`, `user_id`, `status`, `created_at`, `updated_at`, `ip`) VALUES
(477, 't23un58rbuig9sdh5985vtcan1', 1, 0, '2019-04-19 12:32:15', '2019-04-19 12:44:50', '103.225.207.52'),
(478, '5bf77f7e4gkjkp8ab5akeal0f1', 1, 1, '2019-04-20 04:43:18', '2019-04-20 05:39:47', '139.167.33.70'),
(479, 'osinolulssdimjpcidmuiqah60', 1, 1, '2019-04-23 04:28:08', '2019-04-23 04:31:57', '132.154.86.151'),
(480, 'ogc4u2o5rqf7g4crg1j9har274', 1, 1, '2019-04-23 07:22:24', '2019-04-23 07:41:54', '132.154.75.164'),
(481, '80fqbrs6ctma611vt0dimrrh83', 1, 1, '2019-04-23 08:47:45', '2019-04-23 08:53:20', '132.154.75.164'),
(482, 'bhf0numosbjrb5gl1vsbpbvvh6', 1, 1, '2019-04-26 04:34:23', '2019-04-26 04:48:40', '139.167.214.169'),
(483, 'h4hs0ue7krriatgvdn13clt9b3', 1, 1, '2019-04-29 10:56:53', '2019-04-29 10:58:43', '139.167.184.218'),
(484, '786rr3bj00sbqktolnl51jgra0', 1, 1, '2019-05-01 04:25:34', '2019-05-01 04:36:39', '139.167.13.43'),
(485, 'llfkq7pap2i33um1jqj8lp8fk4', 1, 1, '2019-05-02 09:16:17', '2019-05-02 09:16:17', '139.167.101.201'),
(486, '7ua51i7rm6fhs54hbraunok2a1', 1, 1, '2019-05-03 08:58:12', '2019-05-03 09:23:15', '106.215.154.18'),
(487, '5ap1g3r8f4rnt07b27qs5cjj15', 1, 1, '2019-05-06 04:17:33', '2019-05-06 04:20:10', '139.167.156.161'),
(488, '34reh6e32pk1jj243ju6um8vq6', 1, 1, '2019-05-08 04:35:16', '2019-05-08 04:48:53', '139.167.213.114'),
(489, 'kn1v9s3vejtb8gfi50oko8f3l2', 1, 1, '2019-05-09 04:25:14', '2019-05-09 04:29:20', '132.154.67.2'),
(490, 'b6uv7st3g999b3i2u3j02csqr3', 1, 1, '2019-05-10 05:20:25', '2019-05-10 05:23:54', '139.167.195.201'),
(491, 'panv9qa5okveb9bul85osg5c90', 1, 1, '2019-05-11 04:51:55', '2019-05-11 04:54:10', '139.167.205.112'),
(492, 'q0s09qh44qg3duo9gkrbqi6rt4', 1, 1, '2019-05-13 04:18:19', '2019-05-13 04:19:58', '139.167.109.52'),
(493, 'lmj515nuu96svupdg1veu7tki0', 1, 1, '2019-05-13 04:52:51', '2019-05-13 05:01:28', '139.167.1.56'),
(494, '1qo7d023fvmelt1i4vefg62747', 1, 1, '2019-05-14 06:38:47', '2019-05-14 06:47:09', '139.167.146.196'),
(495, 'hkfunbgj4dhbqvipmd2hvcq162', 1, 1, '2019-05-15 04:30:00', '2019-05-15 04:40:20', '139.167.140.129'),
(496, 'dpiul7mpj4d5q3ndogocncqpl1', 1, 1, '2019-05-15 06:34:05', '2019-05-15 06:50:19', '139.167.140.129'),
(497, '77brpsv0f3d7sg30879ds47qd5', 1, 1, '2019-05-16 04:48:41', '2019-05-16 04:51:23', '139.167.146.251'),
(498, '411elcr0n0okjsgdfrhgke5hl3', 1, 1, '2019-05-17 07:37:23', '2019-05-17 07:37:57', '139.167.166.242'),
(499, 'a03kbiuasglpos32898sqek8i2', 1, 1, '2019-05-18 12:43:50', '2019-05-18 12:44:55', '132.154.64.94'),
(500, '9ou73id75k4s2svf2k6isugq91', 1, 1, '2019-05-20 04:15:57', '2019-05-20 04:19:32', '139.167.62.35'),
(501, 'nn5ie2k7qiv02eldac4249v246', 1, 1, '2019-05-22 05:56:38', '2019-05-22 05:58:26', '223.176.146.22'),
(502, '7o4kio5kt3lje5ukc74kn7lmv7', 1, 1, '2019-05-22 10:00:54', '2019-05-22 10:05:33', '223.176.148.166'),
(503, '3j3530mrjiivmk2nblescth743', 1, 1, '2019-05-25 09:21:46', '2019-05-25 09:59:55', '103.225.207.52'),
(504, 'fmat7rfodb0vd3e3bkruisu853', 1, 1, '2019-05-27 04:19:00', '2019-05-27 04:21:49', '139.167.172.95'),
(505, 'q9htptn9lm56h80usoeau8cqn3', 1, 1, '2019-05-28 05:26:51', '2019-05-28 05:37:15', '139.167.189.50'),
(506, '9pr2i06ceespv7peccfi3jn7s6', 1, 1, '2019-05-29 04:17:35', '2019-05-29 04:21:07', '139.167.128.173'),
(507, 'j1eapi6g3t5oap8k3khnd5g715', 1, 1, '2019-05-31 04:18:28', '2019-05-31 04:23:57', '139.167.155.11'),
(508, '066qt75u9gt7oti8cs8o9r8a82', 1, 0, '2019-05-31 11:46:24', '2019-05-31 11:51:05', '103.225.207.52'),
(509, 'vht62bl3tqhjde1u22rooegdu5', 1, 1, '2019-06-01 04:16:02', '2019-06-01 04:28:04', '139.167.119.103'),
(510, 'jsklq1ebu5o41908ggt5qpngo0', 1, 1, '2019-06-01 06:20:40', '2019-06-01 06:22:24', '139.167.119.103'),
(511, 'it4ocuukcovk8i3m853u6hlhs1', 1, 1, '2019-06-03 04:36:51', '2019-06-03 04:36:51', '139.167.145.105'),
(512, 'kr9adtgj6qk0ig44rc90ffnu36', 1, 0, '2019-06-04 11:23:53', '2019-06-04 11:31:37', '103.225.207.52'),
(513, 'u6uoo3qarpprabhriqo8u3g6t7', 1, 1, '2019-06-06 04:25:55', '2019-06-06 04:31:34', '132.154.77.176'),
(514, '63edvmmomjjlk867qneuahena5', 1, 1, '2019-06-08 04:09:31', '2019-06-08 04:12:11', '139.167.145.236'),
(515, 'lqi2nl4kcc2ltdenrbgdk6flb7', 1, 1, '2019-06-10 06:57:10', '2019-06-10 07:13:17', '139.167.109.212'),
(516, '42fs9p1iqlk4qgef4ul5q8f557', 1, 1, '2019-06-11 04:50:53', '2019-06-11 04:52:29', '139.167.222.205'),
(517, 'ho60uq0kivr4r38l23p6gohmj1', 1, 1, '2019-06-11 11:06:16', '2019-06-11 11:07:12', '139.167.234.105'),
(518, '2udknl899ve4i1iok3v355o7e0', 1, 1, '2019-06-12 04:26:32', '2019-06-12 04:35:26', '139.167.177.222'),
(519, 'hcctuh7p5ilrh3qa5hj8lm5ln5', 1, 1, '2019-06-12 05:03:34', '2019-06-12 05:08:11', '139.167.177.222'),
(520, '6a6b8gouls3reeknce6g8gmnc3', 1, 1, '2019-06-12 06:15:39', '2019-06-12 06:18:21', '139.167.177.222'),
(521, 'qlo47ou5pvei9ob96p55mfcup2', 1, 1, '2019-06-13 05:43:17', '2019-06-13 05:44:27', '139.167.137.201'),
(522, 'fdqvvlidg5c0j1s2b9b7cn7m04', 1, 1, '2019-06-15 04:30:17', '2019-06-15 04:41:42', '139.167.182.43'),
(523, 'q6d121tb8gpca5tnr4p57to4h3', 1, 1, '2019-06-17 04:23:11', '2019-06-17 04:23:11', '139.167.57.224'),
(524, 'sgo8r31n33adfcsbqjo86e7r92', 1, 1, '2019-06-18 04:28:44', '2019-06-18 04:30:41', '132.154.72.35'),
(525, '4idj1ejbm4qnb5ghoq7l164hu2', 1, 1, '2019-06-21 07:33:56', '2019-06-21 07:34:38', '139.167.171.238'),
(526, 'qbcslfcbm51j3iup2grc00aat5', 1, 1, '2019-06-25 04:10:45', '2019-06-25 04:17:04', '139.167.196.182'),
(527, 'regim4but8h7tk0b9n82ak2r53', 1, 1, '2019-06-27 04:28:08', '2019-06-27 04:29:44', '139.167.225.167'),
(528, 'sc4jdp9qg1rm5b60rengka64b0', 1, 1, '2019-06-29 04:26:11', '2019-06-29 04:27:47', '139.167.195.98'),
(529, 'ivddlkq1qbuaeagisgb6k9occ6', 1, 1, '2019-07-03 04:25:47', '2019-07-03 04:27:11', '139.167.37.235'),
(530, 'l9ud92mr22s62tvbd1mrq6uj64', 1, 1, '2019-07-08 04:43:59', '2019-07-08 04:44:40', '139.167.34.6'),
(531, 'd4jhgpapl1okbhdf5jrnk1cp62', 1, 1, '2019-07-10 04:48:14', '2019-07-10 04:51:38', '139.167.49.21'),
(532, 'bbm5qsq8c5hsh3b3hejsb70hv4', 1, 1, '2019-07-11 11:07:45', '2019-07-11 11:08:46', '132.154.85.100'),
(533, 'b6idm4f4redfceu5balj1fi1p0', 1, 1, '2019-07-15 04:29:56', '2019-07-15 04:31:42', '139.167.194.48'),
(534, 'v6vieo9ad7jj1vvgda6l8p9bj2', 1, 1, '2019-07-18 04:09:38', '2019-07-18 04:09:38', '139.167.212.78'),
(535, '1gin4qjcabsihg1dpk7fupk5t7', 1, 1, '2019-07-22 04:29:42', '2019-07-22 04:32:25', '139.167.140.18'),
(536, 'lbhh2db0ec14dp7u2enlcp6bf5', 1, 1, '2019-07-23 04:34:36', '2019-07-23 05:15:45', '132.154.71.23'),
(537, '016vhjio4i8rdont9ce6j9jv11', 1, 1, '2019-07-24 05:05:05', '2019-07-24 05:10:30', '139.167.207.132'),
(538, 'v2snbubnhhpjrtb8l5tkj0bip1', 1, 1, '2019-07-29 04:36:23', '2019-07-29 04:43:46', '139.167.116.201'),
(539, 'pijpm31slo89n0lchgple9juo2', 1, 1, '2019-07-29 05:03:22', '2019-07-29 05:03:22', '139.167.194.137'),
(540, 'fat8vni2o6ljfqmq52eghci0v4', 1, 1, '2019-07-31 04:22:17', '2019-07-31 04:23:13', '139.167.244.115'),
(541, 'j35c53gel4494p1ummvlbui361', 1, 1, '2019-08-01 04:15:44', '2019-08-01 04:16:13', '139.167.233.183'),
(542, '7i6n76a54437lpl4g4bk17hjb7', 1, 1, '2019-08-02 04:15:59', '2019-08-02 04:17:58', '139.167.30.72'),
(543, '0bhj48tqloan82pkbdcrlieog1', 1, 0, '2019-08-03 12:27:16', '2019-08-03 12:49:54', '103.225.207.52'),
(544, '2e51ivkds2becv2gq2ahpm0950', 1, 1, '2019-08-05 05:02:39', '2019-08-05 05:03:18', '139.167.255.128'),
(545, 'kgaa3am74n3bldf35emo0j3ho0', 1, 1, '2019-08-06 06:50:23', '2019-08-06 06:51:31', '139.167.221.238'),
(546, 'ub6t75tf1dmp920753rm1f4q04', 1, 1, '2019-08-07 04:14:52', '2019-08-07 04:15:40', '139.167.96.241'),
(547, 'aime7b3uklmjpobdl54f1oc4b4', 1, 1, '2019-08-12 04:33:32', '2019-08-12 04:39:01', '139.167.167.83'),
(548, 'u8ce02i49ag6no67h9d26dcsg2', 1, 1, '2019-08-13 04:26:46', '2019-08-13 04:28:05', '139.167.233.62'),
(549, 'r0gus53b333hrevi0iht4akcp3', 1, 1, '2019-08-14 04:29:09', '2019-08-14 04:29:09', '139.167.24.14'),
(550, 'll1ubs3u2ps97c5bq3vkvu8fb1', 1, 1, '2019-08-17 04:46:18', '2019-08-17 04:46:50', '139.167.229.140'),
(551, 'jpehrhv5avnjrg6v24juq3k520', 1, 1, '2019-08-19 04:52:02', '2019-08-19 04:57:10', '139.167.37.45'),
(552, '5oqgv9dvnu28ufn991tftjqte0', 1, 1, '2019-08-21 09:36:20', '2019-08-21 09:38:00', '139.167.117.117'),
(553, 'rvfe601ladd9v3ii34csehl365', 1, 1, '2019-08-23 06:24:11', '2019-08-23 06:38:48', '139.167.244.196'),
(554, 'a8t0nq47qc0i60h1nktkvokdc6', 1, 1, '2019-08-24 04:15:15', '2019-08-24 04:15:15', '139.167.180.133'),
(555, '05tc1qfuohe36i20s14q75rg81', 1, 1, '2019-08-24 12:38:27', '2019-08-24 12:38:59', '139.167.176.67'),
(556, '6l0b9h1f04lgq6kejd72shouc7', 1, 1, '2019-08-26 04:08:21', '2019-08-26 04:10:02', '139.167.218.103'),
(557, '7hv13pt64k8cjgrtt5uvn1e935', 1, 1, '2019-08-26 13:29:45', '2019-08-26 13:50:48', '132.154.66.104'),
(558, 'uif46nolh2s0arkj17bqocnp15', 1, 1, '2019-08-27 06:27:23', '2019-08-27 06:27:23', '139.167.216.121'),
(559, 'qjhb30125fe61ru3oq5ejp2pn3', 1, 1, '2019-08-29 04:25:46', '2019-08-29 04:26:20', '139.167.247.29'),
(560, 'be64anhrlbuclcvd01ffs0vhn4', 1, 1, '2019-08-30 05:51:37', '2019-08-30 05:53:33', '132.154.88.178'),
(561, '2n4iametj8reinsosvs7eugg44', 1, 1, '2019-08-30 11:35:53', '2019-08-30 11:37:20', '132.154.75.239'),
(562, 's9fp8k6af65nhu73lhibqb9a11', 1, 1, '2019-09-02 04:32:56', '2019-09-02 04:49:50', '139.167.229.150'),
(563, 'hg2s8vedgpf6j4i5jjepao6qd4', 1, 1, '2019-09-05 04:36:19', '2019-09-05 04:46:51', '132.154.85.65'),
(564, 'n30iu2b9c6b6fkcmavnvl17lq7', 1, 1, '2019-09-06 07:10:04', '2019-09-06 07:21:56', '139.167.157.234'),
(565, 'npuhnh3j7lsdm1cgctt7av0a85', 1, 1, '2019-09-07 05:03:05', '2019-09-07 05:25:55', '139.167.163.214'),
(566, 'fg3mjkmq4rjvhlp9hv26ad1v62', 1, 1, '2019-09-07 09:28:27', '2019-09-07 09:28:59', '132.154.95.137'),
(567, 'l92rdmda3cr4n26fh6esmcaol2', 1, 1, '2019-09-07 09:54:12', '2019-09-07 10:29:29', '139.167.155.74'),
(568, '1441i8n138hlocng4iqoal8rk6', 1, 1, '2019-09-09 04:37:11', '2019-09-09 04:38:19', '139.167.62.32'),
(569, '04vc2p8744tal5q15vliuls462', 1, 1, '2019-09-10 04:15:20', '2019-09-10 04:17:34', '139.167.254.226'),
(570, 'ibjs7brlkjjsff2jhlac10th85', 1, 1, '2019-09-11 04:06:51', '2019-09-11 04:22:04', '139.167.242.35'),
(571, 'fkblj2nhgmp0qd371255fgevd1', 1, 1, '2019-09-12 04:19:56', '2019-09-12 04:20:27', '139.167.139.213'),
(572, 'iht8n0mk9f554cc8argcs58624', 1, 1, '2019-09-16 04:18:35', '2019-09-16 04:21:59', '139.167.0.29'),
(573, 'op10lpvnfq7pijln12tafhoi01', 1, 1, '2019-09-17 04:19:33', '2019-09-17 04:19:33', '139.167.216.134'),
(574, '49hfdaglgim897i364or7lpfr4', 1, 1, '2019-09-20 04:11:10', '2019-09-20 04:25:31', '132.154.82.225'),
(575, 'i6aqdtgu4ui94nerss92a7r277', 1, 1, '2019-09-20 12:47:08', '2019-09-20 12:48:33', '139.167.158.114'),
(576, 'hkd356nkpp7q6ngbcvpu6pr892', 1, 1, '2019-09-21 04:18:15', '2019-09-21 04:28:25', '139.167.81.200'),
(577, '0qnkt2ncvlt8eveqe13c0fgma4', 1, 1, '2019-09-21 11:06:04', '2019-09-21 11:26:33', '139.167.105.123'),
(578, 'ihpt4oj2rmohuf7jr6bp2kfcr2', 1, 1, '2019-09-23 13:26:21', '2019-09-23 13:41:20', '139.167.241.31'),
(579, 'q0qbac69f2ria99rb23h417bk0', 1, 1, '2019-09-24 04:12:47', '2019-09-24 04:12:47', '139.167.207.82'),
(580, 'c6ba4ea81rg99ekj7hbeo8h503', 1, 1, '2019-09-24 11:58:39', '2019-09-24 12:03:54', '139.167.255.141'),
(581, 'gkjfba18qhfvn00g2u80lv9gp6', 1, 1, '2019-09-24 13:40:25', '2019-09-24 13:55:40', '139.167.255.141'),
(582, '5qof587ke4m91s90jcm875gjv2', 1, 1, '2019-09-25 04:12:22', '2019-09-25 05:14:16', '139.167.233.30'),
(583, '5mt528nrb4or95q9affhiutj02', 1, 1, '2019-09-26 04:07:45', '2019-09-26 04:08:15', '139.167.149.169'),
(584, 'f5cpq377gtifn2tbfa9fuk5lk7', 1, 1, '2019-09-27 04:06:30', '2019-09-27 04:07:04', '139.167.178.83'),
(585, '0k7cj0kamenfbvqn361hk6dhk1', 1, 1, '2019-09-27 09:46:35', '2019-09-27 09:47:04', '132.154.85.243'),
(586, 'dkbqb2a00r1rg933ehsgv89ma2', 1, 1, '2019-09-28 04:10:38', '2019-09-28 04:10:38', '139.167.238.176'),
(587, 't0oede9505d92425o0lmc61pu7', 1, 1, '2019-09-28 09:24:33', '2019-09-28 09:27:51', '139.167.224.97'),
(588, 'keb8q45hqakmtonimoqik1uss2', 1, 1, '2019-09-28 10:21:55', '2019-09-28 10:21:55', '132.154.97.113'),
(589, 'h0ju964660fikgee0cjds1jv13', 1, 1, '2019-09-28 11:22:36', '2019-09-28 11:22:36', '132.154.118.100'),
(590, 'usoa8gd6uookpj59ebe95pqdr3', 1, 1, '2019-09-30 04:19:30', '2019-09-30 04:20:07', '139.167.188.49'),
(591, 'vjrjjk3plhbgiea9ueeu5cmvj0', 1, 1, '2019-10-01 04:08:09', '2019-10-01 04:08:09', '139.167.41.71'),
(592, '0icr6tpgulklkvkhmab11een70', 1, 1, '2019-10-02 04:01:55', '2019-10-02 04:01:55', '139.167.151.71'),
(593, 'f30fditpv7oqd5avpkd2pu2th1', 1, 1, '2019-10-02 11:13:59', '2019-10-02 11:13:59', '139.167.169.196'),
(594, 'hocq35403t31tfh4fnf9s2htq4', 1, 1, '2019-10-03 04:24:03', '2019-10-03 04:25:38', '139.167.231.179'),
(595, '9m7frk7e18mufd1bvpvfsor9e5', 1, 1, '2019-10-03 05:01:52', '2019-10-03 05:01:52', '139.167.231.179'),
(596, 't1ulc2c6bbr5e3cpu3vtrndi90', 1, 1, '2019-10-03 08:54:17', '2019-10-03 08:54:48', '139.167.145.13'),
(597, 'r6qjiha0m3olqp2kuo6em6jd61', 1, 1, '2019-10-04 04:16:44', '2019-10-04 04:16:44', '132.154.106.48'),
(598, 'paf0ic7jmbip88g6oiob5c30k0', 1, 1, '2019-10-04 11:28:57', '2019-10-04 11:29:38', '139.167.228.109'),
(599, 'pnubcc66voo6m4l32b4vu3odi5', 1, 1, '2019-10-05 04:48:36', '2019-10-05 04:48:36', '132.154.116.255'),
(600, 'ulhh8j1bsaupcajla1g3rqdfp1', 1, 1, '2019-10-06 05:04:47', '2019-10-06 05:05:21', '132.154.93.245'),
(601, '5e84shr4bg7hmnri30d3r0ub72', 1, 1, '2019-10-07 04:21:00', '2019-10-07 04:21:00', '132.154.71.179'),
(602, 'b54rd519jf432374gqqbq3v9u3', 1, 1, '2019-10-08 04:33:20', '2019-10-08 04:34:35', '139.167.195.242'),
(603, 'imkqg2e6239o5l6f73p1he4765', 1, 1, '2019-10-09 04:06:48', '2019-10-09 04:07:21', '132.154.93.181'),
(604, '4lcvqbvvblfaqmb5vs58hf0r01', 1, 1, '2019-10-11 04:48:56', '2019-10-11 04:49:29', '139.167.193.124'),
(605, 'm9tacv7h46kmvasgsd1i1d0143', 1, 1, '2019-10-12 06:39:23', '2019-10-12 06:39:56', '139.167.231.56'),
(606, '8d3lllrjehmod2j0dmdghlrk93', 1, 1, '2019-10-14 05:14:07', '2019-10-14 05:14:07', '139.167.126.96'),
(607, '2u9uv34qgnhrvfthnsvj69g8k3', 1, 1, '2019-10-15 05:00:38', '2019-10-15 05:00:38', '139.167.144.125'),
(608, 'fehi3hvg66rhkdqe2coq088st1', 1, 1, '2019-10-16 04:48:36', '2019-10-16 04:48:36', '139.167.197.40'),
(609, 'fbr016vehkjk86hr9svspkh783', 1, 1, '2019-10-17 04:50:58', '2019-10-17 04:50:58', '139.167.175.252'),
(610, 'jb2armhn24lp2ikcd9c6fe1915', 1, 1, '2019-10-19 05:16:10', '2019-10-19 05:16:10', '139.167.181.147'),
(611, '097eurkgdcdsesulhr5tk5dmr6', 1, 1, '2019-10-20 04:20:18', '2019-10-20 04:21:30', '139.167.112.85'),
(612, 'iggnvemgehbqfmoakhkdo57bo3', 1, 1, '2019-10-22 04:10:41', '2019-10-22 04:11:23', '139.167.57.32'),
(613, 'fmeqcufgv0cfhd1f96jvha1am0', 1, 1, '2019-10-24 13:37:19', '2019-10-24 13:37:50', '139.167.154.225'),
(614, 'g4fhno0l69oc6c0sc12f0snbi1', 1, 1, '2019-10-25 11:02:30', '2019-10-25 11:03:11', '139.167.172.203'),
(615, '820j7nsv6m9jqh2dc678249pq3', 1, 1, '2019-10-28 04:37:00', '2019-10-28 04:39:05', '139.167.56.29'),
(616, '2fu9i3cnihpbmnu50upgm5rb65', 1, 1, '2019-10-29 04:33:20', '2019-10-29 04:33:48', '139.167.88.253'),
(617, 'v85m0eis5j87o8s476tv6mevp7', 1, 1, '2019-10-31 04:36:51', '2019-10-31 04:37:39', '132.154.101.43'),
(618, 'pflmapua9ml2g35ifhpbp6l1o6', 1, 1, '2019-10-31 04:53:06', '2019-10-31 04:53:06', '132.154.101.43'),
(619, 'n9pnipnelsh9kd36m0mnaac9l4', 1, 1, '2019-11-02 04:49:24', '2019-11-02 04:50:11', '139.167.59.127'),
(620, 'd4i4r1nacaquk54d0kklaq8rs3', 1, 1, '2019-11-02 05:17:59', '2019-11-02 05:24:08', '139.167.59.127'),
(621, 'f43h9boahjqjct7pc3tut3mmp1', 1, 1, '2019-11-05 10:47:10', '2019-11-05 10:48:27', '139.167.167.26'),
(622, 'lgr947ssa9lvqb76a3s8nj8nm6', 1, 1, '2019-11-06 04:57:55', '2019-11-06 04:59:09', '139.167.49.178'),
(623, '671o6jpgn2b62siqgotcc76ji0', 1, 1, '2019-11-07 05:24:12', '2019-11-07 05:24:12', '139.167.43.184'),
(624, 'go7ke12r3amp22a7rka0ab5sq5', 1, 1, '2019-11-09 04:51:05', '2019-11-09 04:51:05', '139.167.207.240'),
(625, 'kfo4ssgq9k3m711bsojcucu043', 1, 1, '2019-11-13 04:22:42', '2019-11-13 04:23:23', '139.167.20.232'),
(626, 'mrnp77o8jt82s6ii4qf5nta3s0', 1, 1, '2019-11-13 04:51:22', '2019-11-13 04:51:22', '139.167.76.32'),
(627, 'qqgv0i69b2vmfjg7hhoc775lb2', 1, 1, '2019-11-14 05:21:29', '2019-11-14 05:22:02', '139.167.137.159'),
(628, 'rsqf6281mhahgedau5ao7fpst2', 1, 1, '2019-11-14 05:39:29', '2019-11-14 05:39:29', '139.167.137.159'),
(629, 'akjnu4udd99b0eukgrhca9urd2', 1, 1, '2019-11-18 04:44:53', '2019-11-18 04:47:26', '139.167.183.115'),
(630, 'g3ehikmd3dsqqiq52v2uk0iap4', 1, 1, '2019-11-18 05:03:10', '2019-11-18 05:16:20', '139.167.183.115'),
(631, '33amgdhkgahs3nthm1taefa6p0', 1, 1, '2019-11-18 09:19:57', '2019-11-18 09:21:00', '139.167.129.204'),
(632, 'kpvtckr9hog95jbf3rrnu07qq3', 1, 1, '2019-11-19 05:03:09', '2019-11-19 05:03:09', '132.154.123.162'),
(633, 'hrs71o66qsiej3fn5v2ef5h6d5', 1, 1, '2019-11-19 10:37:59', '2019-11-19 10:42:45', '132.154.123.162'),
(634, '7sbmph7kl5kblmmufcrb9jlvm2', 1, 1, '2019-11-20 06:58:18', '2019-11-20 06:59:30', '139.167.115.54'),
(635, 'pe2bvqiloc8h4b784q9m7l26u3', 1, 1, '2019-11-20 10:57:02', '2019-11-20 10:58:21', '139.167.85.128'),
(636, 'l4clhad47rkr3389b1knq4qk04', 1, 1, '2019-11-21 04:16:50', '2019-11-21 04:16:50', '139.167.40.130'),
(637, 'pbo3faeij0d2mvulv8eb9m1r07', 1, 1, '2019-11-22 04:19:07', '2019-11-22 04:19:07', '139.167.26.36'),
(638, 'rgbv6lun07i8boh9oqm25te1b3', 1, 1, '2019-11-22 04:36:24', '2019-11-22 04:42:28', '139.167.26.36'),
(639, 'nfu202r5hsnilij3mmkc4oce21', 1, 1, '2019-11-23 04:27:14', '2019-11-23 04:27:58', '139.167.241.138'),
(640, 'jpqguhm5r2fs7ehpj8l4varim2', 1, 1, '2019-11-23 04:51:47', '2019-11-23 05:02:17', '139.167.198.197'),
(641, 'vtbp79uopk24rhfntgbm40cd74', 1, 1, '2019-11-23 11:13:25', '2019-11-23 11:21:13', '139.167.180.216'),
(642, '0t8fk2isiqd8hdg4flhp31fn14', 1, 1, '2019-11-25 07:49:21', '2019-11-25 07:50:54', '139.167.144.225'),
(643, 'gpmvgu821j27mikl8al3ml4fn1', 1, 1, '2019-11-25 08:12:21', '2019-11-25 08:12:54', '139.167.144.225'),
(644, '7itpem05jhhvbaf7qtidrahds7', 1, 1, '2019-11-26 04:31:26', '2019-11-26 04:31:59', '139.167.53.119'),
(645, 'a30rf9u5va6ou0haup3i2uap17', 1, 1, '2019-11-27 04:15:08', '2019-11-27 04:15:43', '139.167.173.153'),
(646, 'do002j0i67jf2o9rlkkdf3gl80', 1, 1, '2019-11-29 06:50:07', '2019-11-29 06:50:45', '132.154.101.192'),
(647, 'icvuo1lafre5nl7cvs1odlho14', 1, 1, '2019-11-30 04:17:57', '2019-11-30 04:18:29', '132.154.124.28'),
(648, 'gd5fk9oj63lmckka2rc0io3no4', 1, 1, '2019-12-01 04:19:40', '2019-12-01 04:20:20', '132.154.106.49'),
(649, 'u7iqudp6ncsr8d8r4f41rbg0n6', 1, 1, '2019-12-02 06:18:17', '2019-12-02 06:28:14', '132.154.116.172'),
(650, 'ft2tclt6ntjb1ug4j7lksisjd5', 1, 1, '2019-12-04 13:32:28', '2019-12-04 13:43:55', '139.167.185.233'),
(651, 'iunk4hak6ncjitld0c94mp72g0', 1, 1, '2019-12-07 04:23:48', '2019-12-07 04:24:16', '139.167.169.119'),
(652, 'rlovpa8kjpitk8afgcgd1akdq7', 1, 1, '2019-12-09 04:09:57', '2019-12-09 04:10:32', '139.167.241.86'),
(653, 'fd0fkh77safhsit9oulvr61365', 1, 1, '2019-12-11 12:18:57', '2019-12-11 12:18:57', '139.167.53.47'),
(654, '9plbl8j2rjaj43n51p54kjug91', 1, 1, '2019-12-13 08:11:30', '2019-12-13 08:11:30', '139.167.211.130'),
(655, 'a9dd9j0a6q0vuq73rnje13la20', 1, 1, '2019-12-14 04:44:52', '2019-12-14 04:51:37', '139.167.77.217'),
(656, '4p1t6ivv6bh1sq7at1mgdim907', 1, 1, '2019-12-16 05:32:06', '2019-12-16 05:40:30', '132.154.96.205'),
(657, 'ni7u5dkd3ktnj7c3i5rl97f9d7', 1, 1, '2019-12-17 05:15:34', '2019-12-17 05:17:01', '132.154.81.152'),
(658, 'fdqj3h7ms2uag76kdc3iusau31', 1, 1, '2019-12-18 04:26:54', '2019-12-18 04:26:54', '132.154.70.38'),
(659, 'shdejvk2l1ahhp1qs99t8foug1', 1, 1, '2019-12-19 05:00:43', '2019-12-19 05:01:43', '139.167.8.59'),
(660, '9khhjhdb7c6t5orj2chl8jf025', 1, 1, '2019-12-21 04:19:24', '2019-12-21 04:19:24', '139.167.249.83'),
(661, 'sddbs194ldl26o9lvv2sl2mas4', 1, 1, '2019-12-23 04:13:22', '2019-12-23 04:16:01', '139.167.242.140'),
(662, '8m6ul9cduir43an7fgmr5omrs2', 1, 1, '2019-12-24 04:30:07', '2019-12-24 04:30:42', '132.154.111.4'),
(663, 'l9jj3cmt9qs8qlb2a84l2gmtt1', 1, 1, '2019-12-25 04:16:29', '2019-12-25 04:47:05', '132.154.73.67'),
(664, '4db5el649u9jp2ua6qg41aslk6', 1, 1, '2019-12-25 11:44:32', '2019-12-25 11:44:32', '132.154.95.195'),
(665, 'o3opgcr1tdsbrifdmtvb1s7jk5', 1, 1, '2019-12-26 04:34:37', '2019-12-26 04:34:37', '132.154.117.158'),
(666, '1okphr4ml7a8lmo742gcc954c3', 1, 1, '2019-12-26 05:16:18', '2019-12-26 05:16:59', '132.154.117.158'),
(667, '81insh5iu8mvpvlbr0q2ivku33', 1, 1, '2019-12-27 04:43:58', '2019-12-27 04:45:05', '139.167.137.123'),
(668, 'corbibpjeps2r7jq41dirdl3c5', 1, 1, '2019-12-28 04:27:24', '2019-12-28 04:37:19', '139.167.195.126'),
(669, 'ri4n6onugb68brra88j6h2ufc3', 1, 1, '2019-12-30 04:30:18', '2019-12-30 04:31:15', '106.215.193.234'),
(670, 'l8bd1vhmius4in1ob8qc2u7067', 1, 1, '2019-12-31 11:48:28', '2019-12-31 11:49:13', '139.167.93.113'),
(671, 'vqimjmnc2asrs1spbnoahc4cs3', 1, 1, '2020-01-01 04:47:01', '2020-01-01 04:47:01', '106.215.160.127'),
(672, 'j66q9hjo8a2r807cendoeujss6', 1, 1, '2020-01-01 12:17:46', '2020-01-01 12:17:46', '139.167.225.196'),
(673, 'vab4km8cv86l42ovs28k0620e0', 1, 1, '2020-01-02 04:14:53', '2020-01-02 04:14:53', '132.154.124.65'),
(674, '19imjdga9b7g115ravbemma0h4', 1, 1, '2020-01-03 04:17:50', '2020-01-03 04:18:27', '132.154.85.63'),
(675, 'ge571s9r7mioaliqjqdfgjpo80', 1, 1, '2020-01-03 12:16:36', '2020-01-03 12:30:25', '139.167.29.152'),
(676, 'as17ue7ap0b6e2954d8fbgae91', 1, 1, '2020-01-04 04:18:31', '2020-01-04 04:18:31', '139.167.198.35'),
(677, 'vglt16j114h7hqvipg1s78bud5', 1, 1, '2020-01-06 04:36:09', '2020-01-06 04:37:07', '132.154.109.51'),
(678, '6nd3p44gm8uo0i84181i9fgup2', 1, 1, '2020-01-06 12:02:40', '2020-01-06 12:02:40', '132.154.118.241'),
(679, '6qit2l5kpa826cctq6o5g998o5', 1, 1, '2020-01-07 04:18:06', '2020-01-07 04:18:06', '132.154.78.69'),
(680, '7altsht1v84u634g11dudab7f0', 1, 1, '2020-01-07 11:09:05', '2020-01-07 11:10:26', '139.167.204.255'),
(681, '4samtru9saureq94rfju18evt1', 1, 1, '2020-01-10 08:58:29', '2020-01-10 09:00:41', '139.167.43.135'),
(682, 'ik3fku1kipit5u0pr5nl47rlq1', 1, 1, '2020-01-11 04:16:03', '2020-01-11 04:16:03', '139.167.124.229'),
(683, '98l1u18rpb457l609nskq1aa75', 1, 1, '2020-01-12 06:15:36', '2020-01-12 06:17:58', '139.167.36.62'),
(684, 'kb787m5bd48r3br9stb0vpnsl4', 1, 1, '2020-01-13 04:35:32', '2020-01-13 04:35:32', '132.154.122.156'),
(685, '03sfsgm8fpimkip55vc5o465k1', 1, 1, '2020-01-13 11:38:46', '2020-01-13 11:44:05', '139.167.165.127'),
(686, 'mh3k78431a3s988o5kmnavrf40', 1, 1, '2020-01-14 04:19:31', '2020-01-14 04:34:32', '139.167.226.112'),
(687, 'qdgvterj35tpb435thduk8tdp4', 1, 1, '2020-01-15 04:37:57', '2020-01-15 04:37:57', '139.167.190.174'),
(688, 'b4ud079bcqbh0lka0sud2e77h5', 1, 1, '2020-01-15 06:15:06', '2020-01-15 06:16:58', '139.167.77.112'),
(689, 'o8i8jtp31cndnkfvrucibt8596', 1, 1, '2020-01-15 12:41:09', '2020-01-15 12:41:40', '139.167.184.69'),
(690, 'o5ufsih9cuv4iu7ec88itls2d6', 1, 1, '2020-01-16 04:34:11', '2020-01-16 04:49:09', '139.167.53.243'),
(691, 'jpnq1q7dhipj1a251g1sos3046', 1, 1, '2020-01-16 05:11:37', '2020-01-16 05:16:34', '139.167.87.253'),
(692, '3ubco4o8ofef70oluhgr17jll6', 1, 1, '2020-01-16 10:02:44', '2020-01-16 10:02:44', '139.167.236.25'),
(693, '107eul4naiv13tqqjbho7tkc54', 1, 1, '2020-01-17 04:33:12', '2020-01-17 04:33:12', '132.154.121.101'),
(694, 'ei848csp1f5kcb7o9c2efu3ns3', 1, 1, '2020-01-17 09:01:31', '2020-01-17 09:01:31', '132.154.121.101'),
(695, 'pidg2b5bmj0dr36o9p7qfubfo6', 1, 1, '2020-01-17 09:46:34', '2020-01-17 09:47:05', '132.154.121.101'),
(696, '7643ncdaubue5148fv63hc0ph5', 1, 1, '2020-01-18 04:22:50', '2020-01-18 04:22:50', '139.167.149.181'),
(697, '9rjdrod75fqmktbv1d5fekcc85', 1, 2, '2020-01-18 09:36:30', '2020-01-18 09:37:54', '103.79.233.51'),
(698, 'sti95lumtcfs4p3d9lm8585os5', 1, 1, '2020-01-18 09:37:54', '2020-01-18 09:48:56', '103.79.233.51'),
(699, 'arvk8vsqdp06faemmeitqcisp5', 1, 1, '2020-01-19 04:49:12', '2020-01-19 04:49:12', '139.167.172.122'),
(700, 'k9q2crsp0ulbd28d06h8hcl1i5', 1, 1, '2020-01-19 11:02:35', '2020-01-19 11:03:52', '139.167.172.122'),
(701, 'omddgm3pq1pb2rfcnfe4qftd01', 1, 1, '2020-01-20 04:47:07', '2020-01-20 04:51:58', '132.154.68.36'),
(702, '1qh18ht89vuuk78a1kq5t4hel3', 1, 1, '2020-01-20 05:14:37', '2020-01-20 05:15:37', '132.154.68.36'),
(703, 'v35l5bvkjerh87j7akoak0o5s6', 1, 1, '2020-01-20 13:09:12', '2020-01-20 13:14:32', '132.154.68.36'),
(704, 'tlbo2l7ur6cbvu05a36ekn0f04', 1, 1, '2020-01-21 08:55:48', '2020-01-21 08:55:48', '139.167.224.79'),
(705, 'pk6r8mb386onabfka8glud2k13', 1, 1, '2020-01-22 04:45:56', '2020-01-22 04:51:29', '139.167.58.10'),
(706, 'q1l85n42dnmqiet1igogrvstn6', 1, 1, '2020-01-22 05:32:27', '2020-01-22 05:32:55', '139.167.58.10'),
(707, '0vaq7op8bhd42lljmtvnkk54j1', 1, 1, '2020-01-23 04:18:35', '2020-01-23 04:28:31', '139.167.100.126'),
(708, 'nubsd1678b66e23sia6pi7lkj3', 1, 1, '2020-01-23 12:59:53', '2020-01-23 12:59:53', '132.154.68.218'),
(709, 's8gc4pn17kecpn3l248lalhd10', 1, 1, '2020-01-24 04:31:20', '2020-01-24 04:55:28', '139.167.125.160'),
(710, 'fmcjsot5efihcgssml5h71oaq3', 1, 1, '2020-01-24 11:00:13', '2020-01-24 11:00:13', '139.167.29.64'),
(711, '5tbfn3a0bgqn1oikgqf1skrcs4', 1, 1, '2020-01-25 04:20:34', '2020-01-25 04:20:34', '139.167.143.23'),
(712, '49jacn8pb82vgg9sa7nkljgva6', 1, 1, '2020-01-25 13:21:59', '2020-01-25 13:26:05', '132.154.91.144'),
(713, 'a0fqla8sb8q4hdjb0ebrvu16t3', 1, 1, '2020-01-26 04:29:13', '2020-01-26 04:29:13', '139.167.135.171'),
(714, '2phtvjavavb137s2lnad91s874', 1, 1, '2020-01-26 08:04:13', '2020-01-26 08:06:29', '139.167.135.171'),
(715, 'ejp3ftlahtc9v4f3plmc8gbbc5', 1, 1, '2020-01-27 04:45:40', '2020-01-27 04:45:40', '139.167.229.143'),
(716, '8sic29o36r60fq3k9adu2ch5a1', 1, 1, '2020-01-28 09:34:46', '2020-01-28 09:35:37', '139.167.240.21'),
(717, 'gupao9qa685dp8o7o7a50439d6', 1, 1, '2020-01-28 12:10:53', '2020-01-28 12:11:26', '139.167.240.21'),
(718, 'vg9gejfdqi7vielatuu9p0umo5', 1, 1, '2020-01-28 13:40:02', '2020-01-28 13:40:02', '139.167.240.21'),
(719, 'do3ka1ommbmr22g0m13qs81hi4', 1, 1, '2020-01-29 04:25:25', '2020-01-29 04:25:25', '139.167.236.254'),
(720, 'pvok742d202qkk1ustmprq49j1', 1, 1, '2020-01-29 09:33:51', '2020-01-29 09:33:51', '139.167.220.21'),
(721, '8b4edh4g6cngeorutsi93d8nl2', 1, 1, '2020-01-30 04:45:29', '2020-01-30 04:46:05', '139.167.141.234'),
(722, 'ppcff960h11jvt3kpih42ati66', 1, 1, '2020-01-30 11:48:36', '2020-01-30 11:51:16', '139.167.178.61'),
(723, 'o8pgoktv0er2qgb4r16fcsjlb7', 1, 1, '2020-01-30 13:57:03', '2020-01-30 13:57:03', '132.154.121.134'),
(724, 'hnb83stvj9d6tt9mjn90dnj191', 1, 1, '2020-01-31 11:39:09', '2020-01-31 11:39:09', '139.167.86.132'),
(725, 'kj9gh1bfmbfpapj00m6v4bs2u0', 1, 1, '2020-02-01 04:46:57', '2020-02-01 04:47:46', '139.167.248.42'),
(726, 'jvqa7uk4ms6p92foqmsjn7ess7', 1, 1, '2020-02-03 04:52:08', '2020-02-03 04:53:13', '139.167.71.123'),
(727, '3re95j4vl5m7gs002njbjp24k3', 1, 1, '2020-02-03 12:47:54', '2020-02-03 12:48:22', '139.167.77.57'),
(728, '9atk48g2j7uif3h5jimcf56e44', 1, 1, '2020-02-04 04:24:51', '2020-02-04 04:24:51', '132.154.81.218'),
(729, 'uediqo5p7rokahejlt0n0hhrl3', 1, 1, '2020-02-04 10:23:51', '2020-02-04 10:23:51', '132.154.81.218'),
(730, '4uieadt2rfc31iqlv1mf46ue85', 1, 1, '2020-02-05 04:30:28', '2020-02-05 04:30:28', '132.154.78.50'),
(731, 'cds94lnj5iue64hlqrfrscoi34', 1, 1, '2020-02-06 04:23:50', '2020-02-06 04:23:50', '132.154.98.12'),
(732, 'j1p2mtjtedup30s1sgen077hm1', 1, 1, '2020-02-07 04:17:50', '2020-02-07 04:17:50', '139.167.163.157'),
(733, 'jcv53et21dbfc22gpsc4mk6n30', 1, 1, '2020-02-08 04:29:17', '2020-02-08 04:29:17', '132.154.96.21'),
(734, 'gfikke8qlhsilefjofauusk991', 1, 1, '2020-02-10 05:19:40', '2020-02-10 05:21:59', '139.167.229.160'),
(735, '785sbfpvs1pjji76upngghh2d5', 1, 1, '2020-02-11 10:46:24', '2020-02-11 10:48:35', '139.167.144.112'),
(736, 'pjut4ge67qshkmmc2qsp4lb6h7', 1, 1, '2020-02-12 13:31:11', '2020-02-12 13:31:58', '132.154.125.218'),
(737, 'hqddoero7qarmhokq6rqv5u892', 1, 1, '2020-02-13 04:28:42', '2020-02-13 04:29:56', '139.167.204.222'),
(738, 'ucsup5qgnae4b2tosrpeglrc46', 1, 1, '2020-02-14 05:07:56', '2020-02-14 05:07:56', '139.167.81.97'),
(739, 'oha0vo21fqic5ecomsfm8bbn57', 1, 1, '2020-02-14 13:42:22', '2020-02-14 13:42:22', '139.167.81.97'),
(740, 'tqcradpmsth0kli4hu57e54mt7', 1, 1, '2020-02-15 04:39:23', '2020-02-15 04:39:23', '139.167.249.34'),
(741, '8vjtvh9msr65v44srath7o8jj2', 1, 1, '2020-02-17 05:43:08', '2020-02-17 05:43:08', '139.167.172.80'),
(742, '1v60aglcpkhb2kbimhd6he6825', 1, 1, '2020-02-17 07:53:00', '2020-02-17 07:53:00', '139.167.172.80'),
(743, 'ngsct485fqj8p9gn2u4m3cajo1', 1, 1, '2020-02-18 04:45:06', '2020-02-18 04:45:06', '139.167.175.99'),
(744, 'm84lgqnh8fg2p7vckfqatlf3e3', 1, 1, '2020-02-19 05:26:19', '2020-02-19 05:51:53', '132.154.80.152'),
(745, '4gli39pellkovth416i08iime7', 1, 1, '2020-02-19 09:59:06', '2020-02-19 09:59:06', '139.167.159.139'),
(746, '88pmvcrgrvlh2d79r3s67em9r6', 1, 1, '2020-02-20 04:35:34', '2020-02-20 04:35:34', '139.167.199.92'),
(747, '5528hnf529hl8ihl3cqbv4hq50', 1, 1, '2020-02-20 11:11:24', '2020-02-20 11:11:24', '139.167.199.84'),
(748, 'p2p43qbfnichtq0rc4dpkkbip1', 1, 1, '2020-02-21 04:51:14', '2020-02-21 04:51:46', '139.167.179.115'),
(749, 'e24q8qomsbivfr4c4jpsaqnk36', 1, 1, '2020-02-22 04:41:30', '2020-02-22 04:41:30', '139.167.241.21'),
(750, '8vm06cttnn4lpcr31t5rblv0m3', 1, 1, '2020-02-22 12:31:55', '2020-02-22 12:31:55', '132.154.64.239'),
(751, '7f8c9ifte7u22s358g4m1co5j2', 1, 1, '2020-02-24 04:58:49', '2020-02-24 04:59:40', '139.167.198.207'),
(752, 'r6429k7kurh5q6a97rk1gkjf12', 1, 1, '2020-02-25 04:23:13', '2020-02-25 04:23:13', '132.154.102.240'),
(753, 'ck0v23pq0731r1un8ne85hm666', 1, 1, '2020-02-26 04:30:27', '2020-02-26 04:31:06', '139.167.220.89'),
(754, 'jejlmfrr926b33fk5fcfakmv60', 1, 1, '2020-02-26 10:02:16', '2020-02-26 10:06:45', '139.167.220.89'),
(755, '1tkueg83kg4g6fodhbqli2r230', 1, 1, '2020-02-27 05:01:01', '2020-02-27 05:01:01', '139.167.224.130'),
(756, 'k8eg3vb9si4nu28opmr6nsrl86', 1, 1, '2020-02-27 06:05:56', '2020-02-27 06:05:56', '139.167.224.130'),
(757, '6dni52mf05v9rg580eejterqr4', 1, 1, '2020-02-27 12:35:58', '2020-02-27 12:42:11', '139.167.224.130'),
(758, '548bsl06ui5ti9mcpa5n75nmb2', 1, 1, '2020-02-28 04:40:37', '2020-02-28 04:40:37', '139.167.228.172'),
(759, 'mrqgsu8uji3j9bmehm89bn2qp2', 1, 1, '2020-02-29 04:09:57', '2020-02-29 04:09:57', '132.154.127.237'),
(760, '9iauen5at5od74n0fd2hjsrf11', 1, 1, '2020-03-02 04:27:13', '2020-03-02 04:27:53', '132.154.74.118'),
(761, 'upa6j2uemle70ng2sqmcenqkp7', 1, 1, '2020-03-03 04:33:50', '2020-03-03 04:34:53', '139.167.223.77'),
(762, '0b1ptn2fqubaltd8mir2pa3sb7', 1, 1, '2020-03-03 12:48:07', '2020-03-03 12:48:51', '132.154.106.4'),
(763, 'vfdtmjhq0rlbukbcroq13utcl6', 1, 1, '2020-03-04 08:08:55', '2020-03-04 08:15:36', '132.154.118.151'),
(764, 'ia075velnfv4kalo8fkijas132', 1, 1, '2020-03-04 09:32:17', '2020-03-04 09:33:04', '132.154.118.151'),
(765, 'qj849qmpgssqvtk8e3jdh3vcj7', 1, 1, '2020-03-04 09:58:10', '2020-03-04 10:19:35', '132.154.118.151'),
(766, 'nnc4r53paojh10lpc73sn9lh50', 1, 1, '2020-03-04 12:12:23', '2020-03-04 12:15:44', '132.154.97.80'),
(767, '1065kapjl0b6dbpomadm8raa72', 1, 1, '2020-03-05 04:22:52', '2020-03-05 04:23:40', '132.154.114.206'),
(768, 'ln0hdehnkaorcmquf81bu0k970', 1, 0, '2020-03-05 05:04:35', '2020-03-05 05:11:03', '223.181.0.141'),
(769, 'ftau7vl21celra16lti4avva94', 1, 1, '2020-03-05 06:40:39', '2020-03-05 07:03:26', '103.79.233.51'),
(770, '4fn2a1bud57i95mio50f52i7b4', 1, 1, '2020-03-05 08:39:16', '2020-03-05 08:43:25', '139.167.119.78'),
(771, '2g29ug57is4k049dmai7d69ec2', 1, 1, '2020-03-06 04:35:44', '2020-03-06 04:36:58', '139.167.203.7'),
(772, 'p0qobloki89c3j4f856og4n051', 1, 1, '2020-03-07 04:24:59', '2020-03-07 04:24:59', '132.154.94.143'),
(773, '0lip1chb828bsttk2rr0342r81', 1, 1, '2020-03-09 04:40:50', '2020-03-09 04:40:50', '139.167.114.17'),
(774, '9m87ntdjl0535g52dj955j0606', 1, 1, '2020-03-11 04:26:29', '2020-03-11 04:26:29', '139.167.229.18'),
(775, '7fhhg7nqp4peqrveml26l7nol7', 1, 1, '2020-03-12 04:22:04', '2020-03-12 04:22:04', '139.167.169.187'),
(776, 'e08um0gjqemim2kedr61bs47p5', 1, 1, '2020-03-13 04:52:30', '2020-03-13 04:52:59', '132.154.89.162'),
(777, '22t2pgl4323m1826nflpen7i42', 1, 1, '2020-03-15 04:54:58', '2020-03-15 04:55:44', '132.154.110.50'),
(778, 'tm0asqr94mpd2ch6rh896mihr4', 1, 1, '2020-03-16 04:35:44', '2020-03-16 04:35:44', '139.167.213.26'),
(779, '4vnb2g54sapoi55d8dkjkpah64', 1, 1, '2020-03-18 04:27:29', '2020-03-18 04:27:29', '139.167.147.129'),
(780, 'hf5s7ng0ufhcs3tqhip84h0jo5', 1, 1, '2020-03-19 04:09:21', '2020-03-19 04:09:58', '139.167.237.73'),
(781, '5sttvlh1dmvsb3is3da0o66tq0', 1, 1, '2020-03-20 05:22:54', '2020-03-20 05:23:41', '139.167.117.6'),
(782, '8j39elvv0eeodl6sjgivina1n1', 1, 1, '2020-03-21 04:26:59', '2020-03-21 04:26:59', '132.154.70.115'),
(783, '53bsjnv9u39nsloa3trfjbhal4', 1, 1, '2020-03-23 06:12:16', '2020-03-23 06:42:15', '139.167.36.218'),
(784, 'f4f7v6u9stfl90ifcg24vpvc11', 1, 1, '2020-03-23 09:10:25', '2020-03-23 09:21:51', '139.167.106.72'),
(785, 'tllpqrpqosr5ivc08gnshrmqo6', 1, 1, '2020-04-04 06:11:02', '2020-04-04 06:13:27', '223.181.70.182'),
(786, 'nmsv6ne9vei0013qno00sh2nf3', 1, 0, '2020-04-06 20:41:29', '2020-04-06 20:43:10', '223.181.8.81'),
(787, '0h9aoecoi44s89pdcdi3d9bah4', 1, 1, '2020-04-06 20:43:39', '2020-04-06 20:53:05', '223.181.8.81'),
(788, 'n21e0p5plm02et8hhkna6idcd5', 1, 2, '2020-04-07 05:24:09', '2020-04-07 05:33:42', '106.223.176.237'),
(789, 'vtrlf61mcf2r72vv6clpacr0a3', 1, 1, '2020-04-07 05:33:42', '2020-04-07 05:39:52', '223.181.21.2'),
(790, 'c7inbpm3c62mo81irvi99sfmm7', 1, 2, '2020-04-07 06:00:31', '2020-04-07 06:04:51', '132.154.88.182'),
(791, 'agen2kuld4l4g5a9mcg9ocfcv0', 1, 1, '2020-04-07 06:04:51', '2020-04-07 06:06:25', '106.223.176.237'),
(792, 'r9j1pstq142qvq6fahr1022ab7', 1, 2, '2020-04-07 06:55:07', '2020-04-07 08:00:42', '106.223.176.237'),
(793, 'u7oohh0omhknjur49j6jihr5u6', 1, 2, '2020-04-07 08:00:42', '2020-04-07 08:05:04', '223.181.70.141'),
(794, '9aki3h4gnta3rd50dsu92chsf0', 1, 1, '2020-04-07 08:05:04', '2020-04-07 09:07:59', '132.154.98.178'),
(795, 'tdh0a9j5ao16t2gcf967v4fqh6', 1, 1, '2020-04-07 09:47:16', '2020-04-07 10:03:49', '132.154.98.178'),
(796, 'h1ut9bqde2e2o3qgife4hm7t73', 1, 1, '2020-04-07 10:28:14', '2020-04-07 11:09:03', '132.154.98.178'),
(797, 'nkq6d7uiskdcte0ncvfrbmrk93', 1, 1, '2020-04-07 11:31:41', '2020-04-07 13:19:58', '132.154.98.178'),
(798, 'd3j6os8f9q6dnbontgjm569kc2', 1, 1, '2020-04-07 14:03:37', '2020-04-07 15:22:00', '132.154.98.178'),
(799, '8hrcelooui023r2oarmung1fh6', 1, 1, '2020-04-07 15:51:11', '2020-04-07 16:34:53', '106.223.176.237'),
(800, '0qrj4lrdghvjk2kmrgsdiq5oj7', 1, 1, '2020-04-08 06:28:30', '2020-04-08 07:18:27', '139.167.255.255'),
(801, '8uf4rlj8djg4a8hntk8uktc047', 1, 1, '2020-04-10 09:21:20', '2020-04-10 09:21:20', '27.63.179.154'),
(802, 'ecjjpm3tv78qcubojm4rebhn55', 1, 1, '2020-04-10 11:52:05', '2020-04-10 12:27:23', '132.154.104.21'),
(803, '283ss37a6pneoq07hs0mi6iom5', 1, 1, '2020-04-14 07:56:39', '2020-04-14 08:06:31', '106.223.183.51'),
(804, 'rorm8laso7h2nrfjs3v9igrfh1', 1, 2, '2020-04-16 06:46:56', '2020-04-16 06:46:57', '27.63.167.120'),
(805, 'h9hgtip14qnm9qtertl9hnl4d3', 1, 2, '2020-04-16 06:46:57', '2020-04-16 06:46:58', '27.63.167.120'),
(806, 'f3nhl2pib9kauglb5k3r6vbbp0', 1, 1, '2020-04-16 06:46:58', '2020-04-16 07:16:47', '27.63.167.120'),
(807, 'qcjg3snl8bmh09ju15j87i62c6', 1, 1, '2020-04-16 07:36:40', '2020-04-16 09:43:37', '27.63.167.120'),
(808, 'egojttma88trakudgjjis9emm5', 1, 1, '2020-04-16 11:27:19', '2020-04-16 11:44:14', '27.63.167.120'),
(809, '23avpggchtidoa34nalbtfmgh1', 1, 1, '2020-04-16 12:10:22', '2020-04-16 12:13:04', '27.63.167.120'),
(810, 'vjrngc2kgp310ge5qmqvq975k3', 1, 1, '2020-04-16 14:41:35', '2020-04-16 15:07:28', '27.63.167.120'),
(811, 'ot2uo223peksv8pgud79m3jla5', 1, 1, '2020-04-17 08:02:55', '2020-04-17 08:02:55', '27.63.160.155'),
(812, 'sar5s5k6ck4v7osetle00d6mo2', 1, 1, '2020-04-18 09:21:01', '2020-04-18 10:43:47', '106.223.147.53'),
(813, 'vflevna83ujps8166ane3m3mi2', 1, 1, '2020-05-09 07:38:44', '2020-05-09 07:50:18', '139.167.156.107'),
(814, '3btqmpfgipsc1r3na167hjf6o4', 1, 1, '2020-05-09 08:11:04', '2020-05-09 08:20:31', '139.167.156.107'),
(815, 'v8vfdjc8a0pqc0sosm0kgo9to5', 1, 1, '2020-05-11 07:27:59', '2020-05-11 08:52:03', '139.167.173.42'),
(816, 'ca5iff2kich7mhffo64rng7sp4', 1, 1, '2020-05-11 10:07:11', '2020-05-11 11:31:50', '223.181.116.48'),
(817, 'uiehtda3c5irm0kk9br96be5q5', 1, 1, '2020-05-14 08:06:14', '2020-05-14 08:06:14', '106.215.151.62'),
(818, '2n5qnnk10o4e0g6q6672gnnoc0', 1, 1, '2020-05-14 08:38:23', '2020-05-14 10:30:17', '106.215.213.254'),
(819, '9048rgc9pfsk991gvhkffj0ru4', 1, 1, '2020-05-15 05:35:34', '2020-05-15 05:46:02', '132.154.126.173'),
(820, '56mevuu4s6tds4grui5mau6764', 1, 1, '2020-05-15 07:47:05', '2020-05-15 07:50:54', '139.167.164.251'),
(821, 'bggtc1qm3tdpncumohte833735', 1, 1, '2020-05-15 08:19:11', '2020-05-15 08:19:11', '139.167.164.251'),
(822, 'jpivbv5ts83guob3o68mk9rg21', 1, 1, '2020-05-15 08:50:46', '2020-05-15 09:05:06', '139.167.164.251'),
(823, 'cog5il3ekv3roiuhsv1c94qo66', 1, 1, '2020-05-16 12:18:29', '2020-05-16 12:26:17', '27.63.149.152'),
(824, '8er8tfs2soalqqf1eqj0f8o8d6', 1, 1, '2020-05-16 12:44:56', '2020-05-16 13:15:13', '27.63.149.152'),
(825, 'hqmp95ush2qro9epcsnsvnanv4', 1, 1, '2020-05-16 13:39:07', '2020-05-16 13:39:38', '27.63.149.152'),
(826, 'b5qn4m7s474imb96dqld0ucij3', 1, 1, '2020-05-19 09:39:56', '2020-05-19 09:41:35', '223.181.59.205'),
(827, 'sr5u1d927nj7gjrba50mvvg8p1', 1, 2, '2020-05-19 10:23:30', '2020-05-19 10:43:20', '223.181.59.205'),
(828, '997622me63t87so6g6afeta533', 1, 1, '2020-05-19 10:43:20', '2020-05-19 10:43:20', '139.167.178.7'),
(829, '7012f0plbd69bva8stk4qo7s53', 1, 1, '2020-05-19 12:06:53', '2020-05-19 12:10:11', '223.181.59.205'),
(830, '715djud132l8sbfvu3d6gob084', 1, 1, '2020-05-19 19:50:23', '2020-05-19 20:57:34', '139.167.250.148'),
(831, 'mg3b89c6e3d4kuli8097p9pg86', 1, 1, '2020-05-20 07:25:39', '2020-05-20 07:44:04', '223.181.112.176'),
(832, 'd5k98gclqu00h6l0iu3r9609o3', 1, 1, '2020-05-20 08:17:47', '2020-05-20 08:35:42', '223.181.94.165'),
(833, '23a5vf1kc7djr73l2sdoo7sbc4', 1, 2, '2020-05-20 09:54:43', '2020-05-20 10:05:05', '223.181.58.240'),
(834, 'bnokj6t0vafr0d42d9tvoogdm6', 1, 2, '2020-05-20 10:05:05', '2020-05-20 10:08:42', '223.181.119.197'),
(835, 's3evf6rc0rle8s3m9m5a6chd62', 1, 2, '2020-05-20 10:08:42', '2020-05-20 10:09:24', '223.181.58.240'),
(836, 'qpdadbuuglch19u6hgib0s3a13', 1, 2, '2020-05-20 10:09:24', '2020-05-20 10:10:16', '223.181.119.197'),
(837, 'oen79hrqgd76v9r96i27mp9pa4', 1, 1, '2020-05-20 10:10:16', '2020-05-20 10:45:42', '223.181.58.240'),
(838, 'c76b3qkdh6orjc4c780vc9h565', 1, 1, '2020-05-20 11:38:20', '2020-05-20 11:41:15', '223.181.84.9'),
(839, 'eoe7adk7sccspetgrd0s3ju033', 1, 1, '2020-05-28 08:10:59', '2020-05-28 09:18:48', '106.223.166.170'),
(840, '85fg0490q92djt814onr8gdpt3', 1, 1, '2020-05-28 10:40:51', '2020-05-28 13:05:07', '106.223.166.170'),
(841, '4lsdsn33bed5r7coc3oplfbor6', 1, 0, '2020-05-28 13:20:58', '2020-05-28 13:37:40', '223.181.36.152'),
(842, 'k9q9d8jpcqv0ulvce9tn30j912', 1, 1, '2020-05-29 07:00:40', '2020-05-29 08:20:40', '27.63.167.177'),
(843, 'aug288l1n06puohg5kqapj9bu6', 1, 2, '2020-05-29 09:47:09', '2020-05-29 10:06:27', '223.181.29.229'),
(844, 'ku99nj4mib5kp7ucrpkmbt29h1', 1, 2, '2020-05-29 10:06:27', '2020-05-29 10:24:28', '27.63.167.177'),
(845, '00k8l59imqg1f7998s44huvtk7', 1, 2, '2020-05-29 10:24:28', '2020-05-29 10:27:44', '223.181.99.74'),
(846, 'i65hdqu6sjggd5b53os5mpkmk5', 1, 2, '2020-05-29 10:27:44', '2020-05-29 10:28:36', '27.63.167.177'),
(847, 'smki689lfncu11ipn9htnbsli4', 1, 1, '2020-05-29 10:28:36', '2020-05-29 10:35:22', '223.181.99.74'),
(848, 'l99b7eopcs4r0n05amo4oubm62', 2, 1, '2020-05-29 10:30:56', '2020-05-29 11:14:47', '27.63.167.177'),
(849, 'td0lde1kasccemp460oq4tute0', 1, 1, '2020-05-29 10:55:15', '2020-05-29 11:47:14', '223.181.99.74'),
(850, '1gstqjfcnct83d4436fedvo0g0', 2, 1, '2020-05-30 07:49:24', '2020-05-30 08:30:37', '106.215.254.110'),
(851, 'jofrdq5ajjvl237vut2vfjhkh5', 2, 1, '2020-05-30 10:01:32', '2020-05-30 12:04:40', '106.215.254.110'),
(852, '5jshdjoeph36rosa5db00lmrl7', 1, 1, '2020-05-30 12:56:48', '2020-05-30 13:00:04', '223.181.40.153'),
(853, '69rppk22sgnqd1gfo4442orru2', 2, 1, '2020-05-30 13:25:43', '2020-05-30 13:58:58', '106.215.190.254'),
(854, '35hrdertidpm9a80c1mcn1en85', 2, 1, '2020-05-30 14:24:01', '2020-05-30 14:33:17', '106.215.254.110'),
(855, '9hmebkepv9chqk4cj9uah05l63', 2, 1, '2020-05-31 06:52:51', '2020-05-31 06:52:51', '106.223.138.70'),
(856, 'v9s52inba5oe98r3mh17cdf195', 2, 1, '2020-05-31 07:56:56', '2020-05-31 08:11:40', '106.223.138.70'),
(857, 'op7t570vr7ff4gf5ligs4nehb6', 2, 1, '2020-05-31 10:43:23', '2020-05-31 12:03:37', '106.223.138.70'),
(858, 'qo96b06sa5i13e52afg0jj4p90', 1, 1, '2020-05-31 12:07:51', '2020-05-31 12:31:25', '223.181.108.229'),
(859, 'ggk5tqfknvrpslgq25vscdmod7', 2, 1, '2020-06-01 09:29:21', '2020-06-01 09:54:30', '139.167.246.89'),
(860, '8t54j8sock89g285jqbtm5vcl5', 2, 1, '2020-06-01 10:22:35', '2020-06-01 10:44:35', '139.167.246.89'),
(861, '6ako5kru52826j0o0q2h4qtng7', 1, 1, '2020-06-02 09:07:24', '2020-06-02 09:26:42', '223.181.4.253'),
(862, 'qs6p2a33bma0qf5lgogt5c0v04', 2, 1, '2020-06-02 12:03:48', '2020-06-02 12:03:48', '106.215.157.101'),
(863, 'uo1svjc903b69blbusab5192e1', 1, 1, '2020-06-02 12:14:45', '2020-06-02 12:28:21', '223.181.121.200'),
(864, 'lbk5impjb4cvj8a9ggkvf7q4n4', 2, 1, '2020-06-03 08:01:33', '2020-06-03 08:08:19', '106.223.180.53'),
(865, '7a4kkc7ijp8cgdek76mbau4a96', 1, 0, '2020-06-03 09:07:51', '2020-06-03 09:32:24', '223.181.18.98'),
(866, 'dt1psncke8ab4f9220ai66o105', 2, 0, '2020-06-03 09:27:30', '2020-06-03 09:33:38', '106.223.180.53'),
(867, 'r6g07ncf9md18jlpju6hofdle5', 1, 1, '2020-06-03 09:33:53', '2020-06-03 09:35:42', '106.223.180.53'),
(868, 'ga87a7du72dobpnlshgv8vg483', 1, 2, '2020-06-03 10:01:14', '2020-06-03 10:12:06', '106.223.180.53'),
(869, '7or04fc17mrqqkotftlo3f00p2', 1, 0, '2020-06-03 10:12:06', '2020-06-03 10:15:10', '223.181.18.98'),
(870, 'muk4hcckv1538eit4ov5egi237', 1, 0, '2020-06-03 10:14:32', '2020-06-03 10:34:05', '106.223.180.53'),
(871, '2l7grnn3le4eoa76dk0lmqsg52', 1, 1, '2020-06-03 10:33:42', '2020-06-03 10:57:28', '223.181.18.98'),
(872, '89oke2sjgunmpvn7lkiheop674', 1, 1, '2020-06-03 13:39:10', '2020-06-03 14:09:32', '223.181.44.112'),
(873, 'u3j819fu5d6dgd9t97dhpkqcd1', 1, 1, '2020-06-03 14:57:33', '2020-06-03 15:13:25', '223.181.44.112'),
(874, '523majdheipp0e0at970134jv6', 1, 1, '2020-06-04 06:23:45', '2020-06-04 06:33:41', '223.181.102.135'),
(875, 'krctmnu4f9fie7sgjrrm0aclb6', 1, 1, '2020-06-04 08:10:31', '2020-06-04 08:11:06', '223.181.118.13'),
(876, 'r4rekopgabg918ma4i6rf0dbf1', 1, 1, '2020-06-04 08:28:18', '2020-06-04 09:14:56', '223.181.113.158'),
(877, '7s0i9pv4cfcgkvefsg13i9hsj5', 1, 1, '2020-06-04 20:16:18', '2020-06-04 20:32:35', '223.181.64.214'),
(878, 'kuacojdalrerbk6qja5pdbp9i2', 1, 1, '2020-06-05 06:12:01', '2020-06-05 06:14:34', '223.181.117.205'),
(879, 'bhiebmnruj2bjl4r14u7ftm5g6', 1, 1, '2020-06-05 07:06:29', '2020-06-05 07:07:10', '223.181.9.209'),
(880, 'd2dcrb0vs3cd8csvucnuf0ohe6', 1, 1, '2020-06-05 07:30:54', '2020-06-05 07:50:15', '223.181.54.79'),
(881, 'lph7v7gkbjt6e3qcehrcghvrn1', 1, 1, '2020-06-05 19:25:23', '2020-06-05 19:58:49', '223.181.84.6'),
(882, 'ik13j1qi64qjas328b2t34rgd7', 1, 1, '2020-06-05 20:14:23', '2020-06-05 20:29:24', '223.181.84.6'),
(883, 'e78282pc7ln1rt8vgim63bsk85', 1, 1, '2020-06-05 21:11:15', '2020-06-05 21:19:50', '223.181.84.6'),
(884, '7p23gbigf8j9ltdi8li2f0ld34', 1, 1, '2020-06-06 08:55:37', '2020-06-06 08:56:10', '223.181.41.163'),
(885, 'lro7pa7v4iv8e4ts9feutfees4', 1, 1, '2020-06-06 09:17:59', '2020-06-06 09:21:13', '223.181.41.163'),
(886, 'kffpvh598tp2bhmasks2dmv911', 1, 1, '2020-06-06 10:06:26', '2020-06-06 10:40:45', '223.181.119.175'),
(887, '17t5l5kmif4utv4gr20nqpk0e4', 1, 0, '2020-06-06 20:36:54', '2020-06-06 20:46:58', '223.181.6.94'),
(888, 'foebf4q6a73eqrt33obsujji94', 2, 1, '2020-06-08 05:10:05', '2020-06-08 05:18:14', '139.167.238.126'),
(889, '66kmg2bv080t46ko6vbkg9gfr2', 2, 1, '2020-06-08 05:41:01', '2020-06-08 06:21:43', '223.181.32.173'),
(890, 'j090j1rn14cj99edu92r8h6q17', 1, 1, '2020-06-08 10:24:23', '2020-06-08 10:46:02', '223.181.53.72'),
(891, 'cifbf11m1lheb1dtss2qdvhs32', 1, 1, '2020-06-08 13:46:10', '2020-06-08 13:46:39', '223.181.30.222'),
(892, 'sv0ab41to9hgtmfrhileficss6', 1, 1, '2020-06-08 16:50:16', '2020-06-08 16:55:15', '223.181.102.251'),
(893, 'mlsq9c1mtuojfpmid0pdidut15', 1, 1, '2020-06-09 08:42:52', '2020-06-09 08:58:18', '223.181.126.9'),
(894, 'jiqphn662po6o9sssrfecjie91', 1, 1, '2020-06-09 09:27:58', '2020-06-09 10:04:06', '223.181.65.203'),
(895, 'ncklihss0kqloouvijnj9dvco2', 1, 1, '2020-06-09 13:20:13', '2020-06-09 14:29:22', '223.181.23.74'),
(896, '2dbuppjl8pgq9bechoe9gse031', 1, 1, '2020-06-09 14:53:48', '2020-06-09 15:02:41', '223.181.23.74'),
(897, 'af3q6dpn49lko7ndt2tinj5tn2', 1, 1, '2020-06-10 03:56:36', '2020-06-10 04:06:21', '27.63.145.58'),
(898, 'j149jgjleaouhl41pqkdcet8m4', 1, 1, '2020-06-10 05:25:38', '2020-06-10 05:31:58', '27.63.145.58'),
(899, '62n4na7mhhnrbn6vm7e4hlinq6', 1, 1, '2020-06-10 05:53:53', '2020-06-10 06:10:06', '27.63.145.58'),
(900, 'nsq9ht49t3roqoqg1v67h4rrq4', 1, 1, '2020-06-10 11:11:39', '2020-06-10 11:14:46', '27.63.145.58'),
(901, 'hl69s017t97iggav2aoe7e5ul5', 1, 1, '2020-06-11 05:42:51', '2020-06-11 06:43:10', '106.223.136.137'),
(902, 'vu4fp839jlkds375fnf2jogjp3', 1, 1, '2020-06-11 13:31:29', '2020-06-11 13:31:58', '223.181.74.146'),
(903, 'ovp37vaq0ggvao9a7n4s114765', 1, 1, '2020-06-11 14:05:10', '2020-06-11 14:07:34', '223.181.110.170'),
(904, '2d109r9d3ng1hum859l1fi6t41', 1, 1, '2020-06-11 14:45:39', '2020-06-11 14:45:39', '223.181.110.170'),
(905, 'r4k21kg71aupcs00il4bjs40j2', 1, 1, '2020-08-14 08:42:07', '2020-08-14 08:48:18', '117.201.81.183'),
(906, 'tv7qf5aiiag0jll042h7s20f64', 1, 1, '2020-08-27 21:12:08', '2020-08-27 21:13:47', '223.181.23.80'),
(907, '2gfqnka3c1q8bmb2vbme9eafe7', 1, 0, '2020-09-07 18:41:52', '2020-09-07 19:03:37', '223.181.121.42'),
(908, 'dslk313ojt8lp22u8c1e307oq6', 1, 1, '2020-09-13 20:27:26', '2020-09-13 20:27:26', '223.181.127.88'),
(909, 'rd8foek8a3nhqj2jvkqui14481', 1, 1, '2020-09-14 16:35:56', '2020-09-14 16:35:56', '223.181.9.88'),
(910, '28fhhemuuhlnv1o2efeg5ke074', 1, 1, '2020-09-14 18:12:50', '2020-09-14 18:14:32', '223.181.9.88'),
(911, '0lke2i5hebiv5l03b74m2hjrf6', 1, 1, '2020-09-14 18:58:50', '2020-09-14 19:31:13', '223.181.9.88'),
(912, 'ai0kpsk3gcns434qdc32ma6ci4', 1, 1, '2020-09-14 19:52:11', '2020-09-14 19:52:11', '223.181.9.88'),
(913, '2os9tp1tdud3ifdu3v0idvut23', 1, 1, '2020-09-14 20:25:06', '2020-09-14 21:19:03', '223.181.9.88'),
(914, 'tp5aernplci40juvpa0dkb6jr4', 1, 1, '2020-09-16 07:52:20', '2020-09-16 07:54:36', '223.181.0.51'),
(915, '8s13snmf120teh5pr73us50m87', 1, 1, '2020-09-28 05:06:50', '2020-09-28 05:18:14', '223.181.7.191');

-- --------------------------------------------------------

--
-- Table structure for table `sgp_authorization_role`
--

CREATE TABLE `sgp_authorization_role` (
  `role_id` int(10) UNSIGNED NOT NULL COMMENT 'Role ID',
  `parent_id` int(10) UNSIGNED NOT NULL DEFAULT '0' COMMENT 'Parent Role ID',
  `tree_level` smallint(5) UNSIGNED NOT NULL DEFAULT '0' COMMENT 'Role Tree Level',
  `sort_order` smallint(5) UNSIGNED NOT NULL DEFAULT '0' COMMENT 'Role Sort Order',
  `role_type` varchar(1) NOT NULL DEFAULT '0' COMMENT 'Role Type',
  `user_id` int(10) UNSIGNED NOT NULL DEFAULT '0' COMMENT 'User ID',
  `user_type` varchar(16) DEFAULT NULL COMMENT 'User Type',
  `role_name` varchar(50) DEFAULT NULL COMMENT 'Role Name'
) ENGINE=InnoDB DEFAULT CHARSET=utf8 COMMENT='Admin Role Table';

--
-- Dumping data for table `sgp_authorization_role`
--

INSERT INTO `sgp_authorization_role` (`role_id`, `parent_id`, `tree_level`, `sort_order`, `role_type`, `user_id`, `user_type`, `role_name`) VALUES
(1, 0, 1, 1, 'G', 0, '2', 'Administrators'),
(2, 1, 2, 0, 'U', 1, '2', 'pharmacyadmin'),
(6, 0, 1, 0, 'G', 0, '2', 'Product Management'),
(14, 6, 2, 0, 'U', 3, '2', 'Mohit'),
(15, 6, 2, 0, 'U', 4, '2', 'Kishor'),
(16, 6, 2, 0, 'U', 2, '2', 'Jyoti');

-- --------------------------------------------------------

--
-- Table structure for table `sgp_authorization_rule`
--

CREATE TABLE `sgp_authorization_rule` (
  `rule_id` int(10) UNSIGNED NOT NULL COMMENT 'Rule ID',
  `role_id` int(10) UNSIGNED NOT NULL DEFAULT '0' COMMENT 'Role ID',
  `resource_id` varchar(255) DEFAULT NULL COMMENT 'Resource ID',
  `privileges` varchar(20) DEFAULT NULL COMMENT 'Privileges',
  `permission` varchar(10) DEFAULT NULL COMMENT 'Permission'
) ENGINE=InnoDB DEFAULT CHARSET=utf8 COMMENT='Admin Rule Table';

--
-- Dumping data for table `sgp_authorization_rule`
--

INSERT INTO `sgp_authorization_rule` (`rule_id`, `role_id`, `resource_id`, `privileges`, `permission`) VALUES
(1, 1, 'Magento_Backend::all', NULL, 'allow'),
(456, 6, 'Magento_Backend::all', NULL, 'deny'),
(457, 6, 'Magento_Backend::admin', NULL, 'allow'),
(458, 6, 'Magento_Backend::dashboard', NULL, 'allow'),
(459, 6, 'Plazathemes_Randomproductslider::Plazathemes', NULL, 'deny'),
(460, 6, 'Plazathemes_Randomproductslider::randomproductslider', NULL, 'deny'),
(461, 6, 'Plazathemes_Randomproductslider::general', NULL, 'deny'),
(462, 6, 'Magento_Sales::sales', NULL, 'deny'),
(463, 6, 'Magento_Sales::sales_operation', NULL, 'deny'),
(464, 6, 'Magento_Sales::sales_order', NULL, 'deny'),
(465, 6, 'Magento_Sales::actions', NULL, 'deny'),
(466, 6, 'Magento_Sales::create', NULL, 'deny'),
(467, 6, 'Magento_Sales::actions_view', NULL, 'deny'),
(468, 6, 'Magento_Sales::email', NULL, 'deny'),
(469, 6, 'Magento_Sales::reorder', NULL, 'deny'),
(470, 6, 'Magento_Sales::actions_edit', NULL, 'deny'),
(471, 6, 'Magento_Sales::cancel', NULL, 'deny'),
(472, 6, 'Magento_Sales::review_payment', NULL, 'deny'),
(473, 6, 'Magento_Sales::capture', NULL, 'deny'),
(474, 6, 'Magento_Sales::invoice', NULL, 'deny'),
(475, 6, 'Magento_Sales::creditmemo', NULL, 'deny'),
(476, 6, 'Magento_Sales::hold', NULL, 'deny'),
(477, 6, 'Magento_Sales::unhold', NULL, 'deny'),
(478, 6, 'Magento_Sales::ship', NULL, 'deny'),
(479, 6, 'Magento_Sales::comment', NULL, 'deny'),
(480, 6, 'Magento_Sales::emails', NULL, 'deny'),
(481, 6, 'Magento_Sales::sales_invoice', NULL, 'deny'),
(482, 6, 'Magento_Sales::shipment', NULL, 'deny'),
(483, 6, 'Magento_Sales::sales_creditmemo', NULL, 'deny'),
(484, 6, 'Magento_Paypal::billing_agreement', NULL, 'deny'),
(485, 6, 'Magento_Paypal::billing_agreement_actions', NULL, 'deny'),
(486, 6, 'Magento_Paypal::billing_agreement_actions_view', NULL, 'deny'),
(487, 6, 'Magento_Paypal::actions_manage', NULL, 'deny'),
(488, 6, 'Magento_Paypal::use', NULL, 'deny'),
(489, 6, 'Magento_Sales::transactions', NULL, 'deny'),
(490, 6, 'Magento_Sales::transactions_fetch', NULL, 'deny'),
(491, 6, 'Magento_Catalog::catalog', NULL, 'allow'),
(492, 6, 'Magento_Catalog::catalog_inventory', NULL, 'allow'),
(493, 6, 'Magento_Catalog::products', NULL, 'allow'),
(494, 6, 'Magento_Catalog::categories', NULL, 'allow'),
(495, 6, 'Magento_Customer::customer', NULL, 'deny'),
(496, 6, 'Magento_Customer::manage', NULL, 'deny'),
(497, 6, 'Magento_Customer::online', NULL, 'deny'),
(498, 6, 'Magento_Customer::group', NULL, 'deny'),
(499, 6, 'Magento_Cart::cart', NULL, 'deny'),
(500, 6, 'Magento_Cart::manage', NULL, 'deny'),
(501, 6, 'Plazathemes_Hozmegamenu::hozmegamenu', NULL, 'allow'),
(502, 6, 'Plazathemes_Bannerslider::bannerslider_bannerslider', NULL, 'deny'),
(503, 6, 'Plazathemes_Bannerslider::bannerslider_banners', NULL, 'deny'),
(504, 6, 'Plazathemes_Bannerslider::settings', NULL, 'deny'),
(505, 6, 'Plazathemes_Blog::elements', NULL, 'deny'),
(506, 6, 'Plazathemes_Blog::post', NULL, 'deny'),
(507, 6, 'Plazathemes_Blog::category', NULL, 'deny'),
(508, 6, 'Plazathemes_Brandslider::brandslider_brandslider', NULL, 'deny'),
(509, 6, 'Plazathemes_Brandslider::brandslider_brands', NULL, 'deny'),
(510, 6, 'Plazathemes_Brandslider::settings', NULL, 'deny'),
(511, 6, 'Plazathemes_Testimonial::testimonial', NULL, 'deny'),
(512, 6, 'Plazathemes_Testimonial::testimonial_testimos', NULL, 'deny'),
(513, 6, 'Plazathemes_Testimonial::settings', NULL, 'deny'),
(514, 6, 'Plazathemes_Themeoptions::themeoptions', NULL, 'deny'),
(515, 6, 'Plazathemes_Themeoptions::settings', NULL, 'deny'),
(516, 6, 'Plazathemes_Hozmegamenu::hozmegamenu_hozmegamenu', NULL, 'allow'),
(517, 6, 'Plazathemes_Hozmegamenu::items', NULL, 'allow'),
(518, 6, 'Plazathemes_Template::template', NULL, 'deny'),
(519, 6, 'Plazathemes_Template::items', NULL, 'deny'),
(520, 6, 'Magento_Backend::myaccount', NULL, 'deny'),
(521, 6, 'Magento_Backend::marketing', NULL, 'deny'),
(522, 6, 'Magento_CatalogRule::promo', NULL, 'deny'),
(523, 6, 'Magento_CatalogRule::promo_catalog', NULL, 'deny'),
(524, 6, 'Magento_SalesRule::quote', NULL, 'deny'),
(525, 6, 'Magento_Backend::marketing_communications', NULL, 'deny'),
(526, 6, 'Magento_Email::template', NULL, 'deny'),
(527, 6, 'Magento_Newsletter::template', NULL, 'deny'),
(528, 6, 'Magento_Newsletter::queue', NULL, 'deny'),
(529, 6, 'Magento_Newsletter::subscriber', NULL, 'deny'),
(530, 6, 'Magento_Backend::marketing_seo', NULL, 'deny'),
(531, 6, 'Magento_Search::search', NULL, 'deny'),
(532, 6, 'Magento_Search::synonyms', NULL, 'deny'),
(533, 6, 'Magento_UrlRewrite::urlrewrite', NULL, 'deny'),
(534, 6, 'Magento_Sitemap::sitemap', NULL, 'deny'),
(535, 6, 'Magento_Backend::marketing_user_content', NULL, 'deny'),
(536, 6, 'Magento_Review::reviews_all', NULL, 'deny'),
(537, 6, 'Magento_Review::pending', NULL, 'deny'),
(538, 6, 'Magento_Backend::content', NULL, 'allow'),
(539, 6, 'Magento_Backend::content_elements', NULL, 'allow'),
(540, 6, 'Magento_Cms::page', NULL, 'allow'),
(541, 6, 'Magento_Cms::save', NULL, 'allow'),
(542, 6, 'Magento_Cms::page_delete', NULL, 'allow'),
(543, 6, 'Magento_Cms::block', NULL, 'allow'),
(544, 6, 'Magento_Widget::widget_instance', NULL, 'allow'),
(545, 6, 'Magento_Cms::media_gallery', NULL, 'allow'),
(546, 6, 'Magento_Backend::design', NULL, 'deny'),
(547, 6, 'Magento_Theme::theme', NULL, 'deny'),
(548, 6, 'Magento_Backend::schedule', NULL, 'deny'),
(549, 6, 'Magento_Backend::content_translation', NULL, 'deny'),
(550, 6, 'Magento_Reports::report', NULL, 'deny'),
(551, 6, 'Magento_Reports::report_marketing', NULL, 'deny'),
(552, 6, 'Magento_Reports::shopcart', NULL, 'deny'),
(553, 6, 'Magento_Reports::product', NULL, 'deny'),
(554, 6, 'Magento_Reports::abandoned', NULL, 'deny'),
(555, 6, 'Magento_Reports::report_search', NULL, 'deny'),
(556, 6, 'Magento_Newsletter::problem', NULL, 'deny'),
(557, 6, 'Magento_Reports::review', NULL, 'deny'),
(558, 6, 'Magento_Reports::review_customer', NULL, 'deny'),
(559, 6, 'Magento_Reports::review_product', NULL, 'deny'),
(560, 6, 'Magento_Reports::salesroot', NULL, 'deny'),
(561, 6, 'Magento_Reports::salesroot_sales', NULL, 'deny'),
(562, 6, 'Magento_Reports::tax', NULL, 'deny'),
(563, 6, 'Magento_Reports::invoiced', NULL, 'deny'),
(564, 6, 'Magento_Reports::shipping', NULL, 'deny'),
(565, 6, 'Magento_Reports::refunded', NULL, 'deny'),
(566, 6, 'Magento_Reports::coupons', NULL, 'deny'),
(567, 6, 'Magento_Paypal::paypal_settlement_reports', NULL, 'deny'),
(568, 6, 'Magento_Paypal::paypal_settlement_reports_view', NULL, 'deny'),
(569, 6, 'Magento_Paypal::fetch', NULL, 'deny'),
(570, 6, 'Magento_Braintree::settlement_report', NULL, 'deny'),
(571, 6, 'Magento_Reports::customers', NULL, 'deny'),
(572, 6, 'Magento_Reports::totals', NULL, 'deny'),
(573, 6, 'Magento_Reports::customers_orders', NULL, 'deny'),
(574, 6, 'Magento_Reports::accounts', NULL, 'deny'),
(575, 6, 'Magento_Reports::report_products', NULL, 'deny'),
(576, 6, 'Magento_Reports::viewed', NULL, 'deny'),
(577, 6, 'Magento_Reports::bestsellers', NULL, 'deny'),
(578, 6, 'Magento_Reports::lowstock', NULL, 'deny'),
(579, 6, 'Magento_Reports::sold', NULL, 'deny'),
(580, 6, 'Magento_Reports::downloads', NULL, 'deny'),
(581, 6, 'Magento_Reports::statistics', NULL, 'deny'),
(582, 6, 'Magento_Reports::statistics_refresh', NULL, 'deny'),
(583, 6, 'Magento_Backend::stores', NULL, 'deny'),
(584, 6, 'Magento_Backend::stores_settings', NULL, 'deny'),
(585, 6, 'Magento_Backend::store', NULL, 'deny'),
(586, 6, 'Magento_Config::config', NULL, 'deny'),
(587, 6, 'Plazathemes_Themeoptions::config', NULL, 'deny'),
(588, 6, 'Magento_Payment::payment_services', NULL, 'deny'),
(589, 6, 'Plazathemes_Bannerslider::config_bannerslider', NULL, 'deny'),
(590, 6, 'Plazathemes_Bestsellerproduct::test_config', NULL, 'deny'),
(591, 6, 'Magento_Cms::config_cms', NULL, 'deny'),
(592, 6, 'Plazathemes_Blog::config_blog', NULL, 'deny'),
(593, 6, 'Plazathemes_Brandslider::config_brandslider', NULL, 'deny'),
(594, 6, 'Magento_Newsletter::newsletter', NULL, 'deny'),
(595, 6, 'Magento_GoogleAnalytics::google', NULL, 'deny'),
(596, 6, 'Magento_CatalogInventory::cataloginventory', NULL, 'deny'),
(597, 6, 'Plazathemes_Categorytab::test_config', NULL, 'deny'),
(598, 6, 'Plazathemes_Categorytop::test_config', NULL, 'deny'),
(599, 6, 'Plazathemes_Featureproductslider::test_config', NULL, 'deny'),
(600, 6, 'Magento_Payment::payment', NULL, 'deny'),
(601, 6, 'Magento_Downloadable::downloadable', NULL, 'deny'),
(602, 6, 'Plazathemes_Saleproductslider::test_config', NULL, 'deny'),
(603, 6, 'Magento_Contact::contact', NULL, 'deny'),
(604, 6, 'Plazathemes_Newproductslider::test_config', NULL, 'deny'),
(605, 6, 'Plazathemes_Newsletterpopup::test_config', NULL, 'deny'),
(606, 6, 'Plazathemes_Producttab::test_config', NULL, 'deny'),
(607, 6, 'Plazathemes_Randomproductslider::config_randomproductslider', NULL, 'deny'),
(608, 6, 'Magento_Catalog::config_catalog', NULL, 'deny'),
(609, 6, 'Magento_CatalogSearch::config_catalog_search', NULL, 'deny'),
(610, 6, 'Plazathemes_Recentproductslider::config_recentproductslider', NULL, 'deny'),
(611, 6, 'Plazathemes_Testimonial::config_testimonial', NULL, 'deny'),
(612, 6, 'Magento_Shipping::config_shipping', NULL, 'deny'),
(613, 6, 'Magento_Shipping::shipping_policy', NULL, 'deny'),
(614, 6, 'Magento_Shipping::carriers', NULL, 'deny'),
(615, 6, 'Magento_Multishipping::config_multishipping', NULL, 'deny'),
(616, 6, 'Magento_Config::config_general', NULL, 'deny'),
(617, 6, 'Magento_Config::web', NULL, 'deny'),
(618, 6, 'Magento_Config::config_design', NULL, 'deny'),
(619, 6, 'Magento_Customer::config_customer', NULL, 'deny'),
(620, 6, 'Magento_Paypal::paypal', NULL, 'deny'),
(621, 6, 'Magento_Tax::config_tax', NULL, 'deny'),
(622, 6, 'Magento_Sales::config_sales', NULL, 'deny'),
(623, 6, 'Magento_Persistent::persistent', NULL, 'deny'),
(624, 6, 'Magento_Sales::sales_email', NULL, 'deny'),
(625, 6, 'Magento_Sales::sales_pdf', NULL, 'deny'),
(626, 6, 'Magento_Sitemap::config_sitemap', NULL, 'deny'),
(627, 6, 'Magento_Reports::reports', NULL, 'deny'),
(628, 6, 'Magento_Config::config_system', NULL, 'deny'),
(629, 6, 'Magento_Wishlist::config_wishlist', NULL, 'deny'),
(630, 6, 'Magento_SalesRule::config_promo', NULL, 'deny'),
(631, 6, 'Magento_Config::advanced', NULL, 'deny'),
(632, 6, 'Magento_Config::trans_email', NULL, 'deny'),
(633, 6, 'Magento_Config::config_admin', NULL, 'deny'),
(634, 6, 'Plazathemes_Pricecountdown::config_pricecountdown', NULL, 'deny'),
(635, 6, 'Magento_Config::dev', NULL, 'deny'),
(636, 6, 'Plazathemes_Quickview::config_quickview', NULL, 'deny'),
(637, 6, 'Magento_Config::currency', NULL, 'deny'),
(638, 6, 'Magento_Rss::rss', NULL, 'deny'),
(639, 6, 'Magento_Config::sendfriend', NULL, 'deny'),
(640, 6, 'Magento_NewRelicReporting::config_newrelicreporting', NULL, 'deny'),
(641, 6, 'Magento_CheckoutAgreements::checkoutagreement', NULL, 'deny'),
(642, 6, 'Magento_Sales::order_statuses', NULL, 'deny'),
(643, 6, 'Magento_Tax::manage_tax', NULL, 'deny'),
(644, 6, 'Magento_CurrencySymbol::system_currency', NULL, 'deny'),
(645, 6, 'Magento_CurrencySymbol::currency_rates', NULL, 'deny'),
(646, 6, 'Magento_CurrencySymbol::symbols', NULL, 'deny'),
(647, 6, 'Magento_Backend::stores_attributes', NULL, 'deny'),
(648, 6, 'Magento_Catalog::attributes_attributes', NULL, 'deny'),
(649, 6, 'Magento_Catalog::update_attributes', NULL, 'deny'),
(650, 6, 'Magento_Catalog::sets', NULL, 'deny'),
(651, 6, 'Magento_Review::ratings', NULL, 'deny'),
(652, 6, 'Magento_Swatches::iframe', NULL, 'deny'),
(653, 6, 'Magento_Backend::stores_other_settings', NULL, 'deny'),
(654, 6, 'Magento_Backend::system', NULL, 'allow'),
(655, 6, 'Magento_Backend::convert', NULL, 'deny'),
(656, 6, 'Magento_ImportExport::import', NULL, 'deny'),
(657, 6, 'Magento_ImportExport::export', NULL, 'deny'),
(658, 6, 'Magento_TaxImportExport::import_export', NULL, 'deny'),
(659, 6, 'Magento_ImportExport::history', NULL, 'deny'),
(660, 6, 'Magento_Backend::extensions', NULL, 'deny'),
(661, 6, 'Magento_Backend::local', NULL, 'deny'),
(662, 6, 'Magento_Backend::custom', NULL, 'deny'),
(663, 6, 'Magento_Backend::tools', NULL, 'allow'),
(664, 6, 'Magento_Backend::cache', NULL, 'allow'),
(665, 6, 'Magento_Backend::setup_wizard', NULL, 'deny'),
(666, 6, 'Magento_Backup::backup', NULL, 'deny'),
(667, 6, 'Magento_Backup::rollback', NULL, 'deny'),
(668, 6, 'Magento_Indexer::index', NULL, 'deny'),
(669, 6, 'Magento_Indexer::changeMode', NULL, 'deny'),
(670, 6, 'Magento_User::acl', NULL, 'deny'),
(671, 6, 'Magento_User::acl_users', NULL, 'deny'),
(672, 6, 'Magento_User::locks', NULL, 'deny'),
(673, 6, 'Magento_User::acl_roles', NULL, 'deny'),
(674, 6, 'Magento_Backend::system_other_settings', NULL, 'deny'),
(675, 6, 'Magento_AdminNotification::adminnotification', NULL, 'deny'),
(676, 6, 'Magento_AdminNotification::show_toolbar', NULL, 'deny'),
(677, 6, 'Magento_AdminNotification::show_list', NULL, 'deny'),
(678, 6, 'Magento_AdminNotification::mark_as_read', NULL, 'deny'),
(679, 6, 'Magento_AdminNotification::adminnotification_remove', NULL, 'deny'),
(680, 6, 'Magento_Variable::variable', NULL, 'deny'),
(681, 6, 'Magento_EncryptionKey::crypt_key', NULL, 'deny'),
(682, 6, 'Magento_Backend::global_search', NULL, 'deny');

-- --------------------------------------------------------

--
-- Table structure for table `sgp_cache`
--

CREATE TABLE `sgp_cache` (
  `id` varchar(200) NOT NULL COMMENT 'Cache Id',
  `data` mediumblob COMMENT 'Cache Data',
  `create_time` int(11) DEFAULT NULL COMMENT 'Cache Creation Time',
  `update_time` int(11) DEFAULT NULL COMMENT 'Time of Cache Updating',
  `expire_time` int(11) DEFAULT NULL COMMENT 'Cache Expiration Time'
) ENGINE=InnoDB DEFAULT CHARSET=utf8 COMMENT='Caches';

-- --------------------------------------------------------

--
-- Table structure for table `sgp_cache_tag`
--

CREATE TABLE `sgp_cache_tag` (
  `tag` varchar(100) NOT NULL COMMENT 'Tag',
  `cache_id` varchar(200) NOT NULL COMMENT 'Cache Id'
) ENGINE=InnoDB DEFAULT CHARSET=utf8 COMMENT='Tag Caches';

-- --------------------------------------------------------

--
-- Table structure for table `sgp_captcha_log`
--

CREATE TABLE `sgp_captcha_log` (
  `type` varchar(32) NOT NULL COMMENT 'Type',
  `value` varchar(32) NOT NULL COMMENT 'Value',
  `count` int(10) UNSIGNED NOT NULL DEFAULT '0' COMMENT 'Count',
  `updated_at` timestamp NULL DEFAULT NULL COMMENT 'Update Time'
) ENGINE=InnoDB DEFAULT CHARSET=utf8 COMMENT='Count Login Attempts';

-- --------------------------------------------------------

--
-- Table structure for table `sgp_cataloginventory_stock`
--

CREATE TABLE `sgp_cataloginventory_stock` (
  `stock_id` smallint(5) UNSIGNED NOT NULL COMMENT 'Stock Id',
  `website_id` smallint(5) UNSIGNED NOT NULL COMMENT 'Website Id',
  `stock_name` varchar(255) DEFAULT NULL COMMENT 'Stock Name'
) ENGINE=InnoDB DEFAULT CHARSET=utf8 COMMENT='Cataloginventory Stock';

--
-- Dumping data for table `sgp_cataloginventory_stock`
--

INSERT INTO `sgp_cataloginventory_stock` (`stock_id`, `website_id`, `stock_name`) VALUES
(1, 0, 'Default');

-- --------------------------------------------------------

--
-- Table structure for table `sgp_cataloginventory_stock_item`
--

CREATE TABLE `sgp_cataloginventory_stock_item` (
  `item_id` int(10) UNSIGNED NOT NULL COMMENT 'Item Id',
  `product_id` int(10) UNSIGNED NOT NULL DEFAULT '0' COMMENT 'Product Id',
  `stock_id` smallint(5) UNSIGNED NOT NULL DEFAULT '0' COMMENT 'Stock Id',
  `qty` decimal(12,4) DEFAULT NULL COMMENT 'Qty',
  `min_qty` decimal(12,4) NOT NULL DEFAULT '0.0000' COMMENT 'Min Qty',
  `use_config_min_qty` smallint(5) UNSIGNED NOT NULL DEFAULT '1' COMMENT 'Use Config Min Qty',
  `is_qty_decimal` smallint(5) UNSIGNED NOT NULL DEFAULT '0' COMMENT 'Is Qty Decimal',
  `backorders` smallint(5) UNSIGNED NOT NULL DEFAULT '0' COMMENT 'Backorders',
  `use_config_backorders` smallint(5) UNSIGNED NOT NULL DEFAULT '1' COMMENT 'Use Config Backorders',
  `min_sale_qty` decimal(12,4) NOT NULL DEFAULT '1.0000' COMMENT 'Min Sale Qty',
  `use_config_min_sale_qty` smallint(5) UNSIGNED NOT NULL DEFAULT '1' COMMENT 'Use Config Min Sale Qty',
  `max_sale_qty` decimal(12,4) NOT NULL DEFAULT '0.0000' COMMENT 'Max Sale Qty',
  `use_config_max_sale_qty` smallint(5) UNSIGNED NOT NULL DEFAULT '1' COMMENT 'Use Config Max Sale Qty',
  `is_in_stock` smallint(5) UNSIGNED NOT NULL DEFAULT '0' COMMENT 'Is In Stock',
  `low_stock_date` timestamp NULL DEFAULT NULL COMMENT 'Low Stock Date',
  `notify_stock_qty` decimal(12,4) DEFAULT NULL COMMENT 'Notify Stock Qty',
  `use_config_notify_stock_qty` smallint(5) UNSIGNED NOT NULL DEFAULT '1' COMMENT 'Use Config Notify Stock Qty',
  `manage_stock` smallint(5) UNSIGNED NOT NULL DEFAULT '0' COMMENT 'Manage Stock',
  `use_config_manage_stock` smallint(5) UNSIGNED NOT NULL DEFAULT '1' COMMENT 'Use Config Manage Stock',
  `stock_status_changed_auto` smallint(5) UNSIGNED NOT NULL DEFAULT '0' COMMENT 'Stock Status Changed Automatically',
  `use_config_qty_increments` smallint(5) UNSIGNED NOT NULL DEFAULT '1' COMMENT 'Use Config Qty Increments',
  `qty_increments` decimal(12,4) NOT NULL DEFAULT '0.0000' COMMENT 'Qty Increments',
  `use_config_enable_qty_inc` smallint(5) UNSIGNED NOT NULL DEFAULT '1' COMMENT 'Use Config Enable Qty Increments',
  `enable_qty_increments` smallint(5) UNSIGNED NOT NULL DEFAULT '0' COMMENT 'Enable Qty Increments',
  `is_decimal_divided` smallint(5) UNSIGNED NOT NULL DEFAULT '0' COMMENT 'Is Divided into Multiple Boxes for Shipping',
  `website_id` smallint(5) UNSIGNED NOT NULL DEFAULT '0' COMMENT 'Is Divided into Multiple Boxes for Shipping'
) ENGINE=InnoDB DEFAULT CHARSET=utf8 COMMENT='Cataloginventory Stock Item';

--
-- Dumping data for table `sgp_cataloginventory_stock_item`
--

INSERT INTO `sgp_cataloginventory_stock_item` (`item_id`, `product_id`, `stock_id`, `qty`, `min_qty`, `use_config_min_qty`, `is_qty_decimal`, `backorders`, `use_config_backorders`, `min_sale_qty`, `use_config_min_sale_qty`, `max_sale_qty`, `use_config_max_sale_qty`, `is_in_stock`, `low_stock_date`, `notify_stock_qty`, `use_config_notify_stock_qty`, `manage_stock`, `use_config_manage_stock`, `stock_status_changed_auto`, `use_config_qty_increments`, `qty_increments`, `use_config_enable_qty_inc`, `enable_qty_increments`, `is_decimal_divided`, `website_id`) VALUES
(417, 424, 1, 49.0000, 0.0000, 1, 0, 0, 1, 1.0000, 1, 10000.0000, 1, 1, NULL, 1.0000, 1, 1, 1, 0, 1, 1.0000, 1, 0, 0, 0),
(418, 425, 1, 44.0000, 0.0000, 1, 0, 0, 1, 1.0000, 1, 10000.0000, 1, 1, NULL, 1.0000, 1, 1, 1, 0, 1, 1.0000, 1, 0, 0, 0),
(419, 426, 1, 50.0000, 0.0000, 1, 0, 0, 1, 1.0000, 1, 10000.0000, 1, 1, NULL, 1.0000, 1, 1, 1, 0, 1, 1.0000, 1, 0, 0, 0),
(420, 427, 1, 5.0000, 0.0000, 1, 0, 0, 1, 1.0000, 1, 10000.0000, 1, 1, NULL, 1.0000, 1, 1, 1, 0, 1, 1.0000, 1, 0, 0, 0),
(421, 428, 1, 100.0000, 0.0000, 1, 0, 0, 1, 1.0000, 1, 10000.0000, 1, 1, NULL, 1.0000, 1, 1, 1, 0, 1, 1.0000, 1, 0, 0, 0),
(422, 429, 1, 45.0000, 0.0000, 1, 0, 0, 1, 1.0000, 1, 10000.0000, 1, 1, NULL, 1.0000, 1, 1, 1, 0, 1, 1.0000, 1, 0, 0, 0),
(423, 430, 1, 5.0000, 0.0000, 1, 0, 0, 1, 1.0000, 1, 10000.0000, 1, 1, NULL, 1.0000, 1, 1, 1, 0, 1, 1.0000, 1, 0, 0, 0),
(424, 431, 1, 3.0000, 0.0000, 1, 0, 0, 1, 1.0000, 1, 10000.0000, 1, 1, NULL, 1.0000, 1, 1, 1, 1, 1, 1.0000, 1, 0, 0, 0),
(425, 432, 1, 79.0000, 0.0000, 1, 0, 0, 1, 1.0000, 1, 10000.0000, 1, 1, NULL, 1.0000, 1, 1, 1, 0, 1, 1.0000, 1, 0, 0, 0),
(426, 433, 1, 96.0000, 0.0000, 1, 0, 0, 1, 1.0000, 1, 10000.0000, 1, 1, NULL, 1.0000, 1, 1, 1, 0, 1, 1.0000, 1, 0, 0, 0),
(427, 434, 1, 70.0000, 0.0000, 1, 0, 0, 1, 1.0000, 1, 10000.0000, 1, 1, NULL, 1.0000, 1, 1, 1, 0, 1, 1.0000, 1, 0, 0, 0),
(428, 435, 1, 33.0000, 0.0000, 1, 0, 0, 1, 1.0000, 1, 10000.0000, 1, 1, NULL, 1.0000, 1, 1, 1, 0, 1, 1.0000, 1, 0, 0, 0),
(429, 436, 1, 50.0000, 0.0000, 1, 0, 0, 1, 1.0000, 1, 10000.0000, 1, 1, NULL, 1.0000, 1, 1, 1, 0, 1, 1.0000, 1, 0, 0, 0),
(430, 437, 1, 100.0000, 0.0000, 1, 0, 0, 1, 1.0000, 1, 10000.0000, 1, 1, NULL, 1.0000, 1, 1, 1, 0, 1, 1.0000, 1, 0, 0, 0),
(431, 438, 1, 100.0000, 0.0000, 1, 0, 0, 1, 1.0000, 1, 10000.0000, 1, 1, NULL, 1.0000, 1, 1, 1, 0, 1, 1.0000, 1, 0, 0, 0),
(432, 439, 1, 10.0000, 0.0000, 1, 0, 0, 1, 1.0000, 1, 10000.0000, 1, 1, NULL, 1.0000, 1, 1, 1, 0, 1, 1.0000, 1, 0, 0, 0),
(433, 440, 1, 5.0000, 0.0000, 1, 0, 0, 1, 1.0000, 1, 10000.0000, 1, 1, NULL, 1.0000, 1, 1, 1, 0, 1, 1.0000, 1, 0, 0, 0),
(434, 441, 1, 20.0000, 0.0000, 1, 0, 0, 1, 1.0000, 1, 10000.0000, 1, 1, NULL, 1.0000, 1, 1, 1, 0, 1, 1.0000, 1, 0, 0, 0),
(435, 442, 1, 15.0000, 0.0000, 1, 0, 0, 1, 1.0000, 1, 10000.0000, 1, 1, NULL, 1.0000, 1, 1, 1, 0, 1, 1.0000, 1, 0, 0, 0),
(436, 443, 1, 20.0000, 0.0000, 1, 0, 0, 1, 1.0000, 1, 10000.0000, 1, 1, NULL, 1.0000, 1, 1, 1, 0, 1, 1.0000, 1, 0, 0, 0),
(437, 444, 1, 10.0000, 0.0000, 1, 0, 0, 1, 1.0000, 1, 10000.0000, 1, 1, NULL, 1.0000, 1, 1, 1, 0, 1, 1.0000, 1, 0, 0, 0),
(438, 445, 1, 9.0000, 0.0000, 1, 0, 0, 1, 1.0000, 1, 10000.0000, 1, 1, NULL, 1.0000, 1, 1, 1, 0, 1, 1.0000, 1, 0, 0, 0),
(439, 446, 1, 7.0000, 0.0000, 1, 0, 0, 1, 1.0000, 1, 10000.0000, 1, 1, NULL, 1.0000, 1, 1, 1, 0, 1, 1.0000, 1, 0, 0, 0),
(440, 447, 1, 19.0000, 0.0000, 1, 0, 0, 1, 1.0000, 1, 10000.0000, 1, 1, NULL, 1.0000, 1, 1, 1, 0, 1, 1.0000, 1, 0, 0, 0),
(441, 448, 1, 100.0000, 0.0000, 1, 0, 0, 1, 1.0000, 1, 10000.0000, 1, 1, NULL, 1.0000, 1, 1, 1, 0, 1, 1.0000, 1, 0, 0, 0),
(442, 449, 1, 89.0000, 0.0000, 1, 0, 0, 1, 1.0000, 1, 10000.0000, 1, 1, NULL, 1.0000, 1, 1, 1, 0, 1, 1.0000, 1, 0, 0, 0),
(443, 450, 1, 100.0000, 0.0000, 1, 0, 0, 1, 1.0000, 1, 10000.0000, 1, 1, NULL, 1.0000, 1, 1, 1, 0, 1, 1.0000, 1, 0, 0, 0),
(444, 451, 1, 100.0000, 0.0000, 1, 0, 0, 1, 1.0000, 1, 10000.0000, 1, 1, NULL, 1.0000, 1, 1, 1, 0, 1, 1.0000, 1, 0, 0, 0),
(445, 452, 1, 70.0000, 0.0000, 1, 0, 0, 1, 1.0000, 1, 10000.0000, 1, 1, NULL, 1.0000, 1, 1, 1, 0, 1, 1.0000, 1, 0, 0, 0),
(446, 453, 1, 15.0000, 0.0000, 1, 0, 0, 1, 1.0000, 1, 10000.0000, 1, 1, NULL, 1.0000, 1, 1, 1, 1, 1, 1.0000, 1, 0, 0, 0),
(447, 454, 1, 100.0000, 0.0000, 1, 0, 0, 1, 1.0000, 1, 10000.0000, 1, 1, NULL, 1.0000, 1, 1, 1, 0, 1, 1.0000, 1, 0, 0, 0),
(448, 455, 1, 50.0000, 0.0000, 1, 0, 0, 1, 1.0000, 1, 10000.0000, 1, 1, NULL, 1.0000, 1, 1, 1, 0, 1, 1.0000, 1, 0, 0, 0),
(449, 456, 1, 50.0000, 0.0000, 1, 0, 0, 1, 1.0000, 1, 10000.0000, 1, 1, NULL, 1.0000, 1, 1, 1, 0, 1, 1.0000, 1, 0, 0, 0),
(450, 457, 1, 50.0000, 0.0000, 1, 0, 0, 1, 1.0000, 1, 10000.0000, 1, 1, NULL, 1.0000, 1, 1, 1, 0, 1, 1.0000, 1, 0, 0, 0),
(451, 458, 1, 50.0000, 0.0000, 1, 0, 0, 1, 1.0000, 1, 10000.0000, 1, 1, NULL, 1.0000, 1, 1, 1, 0, 1, 1.0000, 1, 0, 0, 0),
(452, 459, 1, 70.0000, 0.0000, 1, 0, 0, 1, 1.0000, 1, 10000.0000, 1, 1, NULL, 1.0000, 1, 1, 1, 0, 1, 1.0000, 1, 0, 0, 0),
(453, 460, 1, 70.0000, 0.0000, 1, 0, 0, 1, 1.0000, 1, 10000.0000, 1, 1, NULL, 1.0000, 1, 1, 1, 0, 1, 1.0000, 1, 0, 0, 0),
(454, 461, 1, 10.0000, 0.0000, 1, 0, 0, 1, 1.0000, 1, 10000.0000, 1, 1, NULL, 1.0000, 1, 1, 1, 0, 1, 1.0000, 1, 0, 0, 0),
(455, 462, 1, 10.0000, 0.0000, 1, 0, 0, 1, 1.0000, 1, 10000.0000, 1, 1, NULL, 1.0000, 1, 1, 1, 0, 1, 1.0000, 1, 0, 0, 0),
(456, 463, 1, 0.0000, 0.0000, 1, 0, 0, 1, 1.0000, 1, 10000.0000, 1, 0, '2020-06-10 06:03:19', 1.0000, 1, 1, 1, 1, 1, 1.0000, 1, 0, 0, 0),
(457, 464, 1, 10.0000, 0.0000, 1, 0, 0, 1, 1.0000, 1, 10000.0000, 1, 1, NULL, 1.0000, 1, 1, 1, 0, 1, 1.0000, 1, 0, 0, 0),
(458, 465, 1, 10.0000, 0.0000, 1, 0, 0, 1, 1.0000, 1, 10000.0000, 1, 1, NULL, 1.0000, 1, 1, 1, 0, 1, 1.0000, 1, 0, 0, 0),
(459, 466, 1, 10.0000, 0.0000, 1, 0, 0, 1, 1.0000, 1, 10000.0000, 1, 1, NULL, 1.0000, 1, 1, 1, 0, 1, 1.0000, 1, 0, 0, 0),
(460, 467, 1, 100.0000, 0.0000, 1, 0, 0, 1, 1.0000, 1, 10000.0000, 1, 1, NULL, 1.0000, 1, 1, 1, 0, 1, 1.0000, 1, 0, 0, 0),
(461, 468, 1, 20.0000, 0.0000, 1, 0, 0, 1, 1.0000, 1, 10000.0000, 1, 1, NULL, 1.0000, 1, 1, 1, 0, 1, 1.0000, 1, 0, 0, 0),
(462, 469, 1, 20.0000, 0.0000, 1, 0, 0, 1, 1.0000, 1, 10000.0000, 1, 1, NULL, 1.0000, 1, 1, 1, 0, 1, 1.0000, 1, 0, 0, 0),
(463, 470, 1, 20.0000, 0.0000, 1, 0, 0, 1, 1.0000, 1, 10000.0000, 1, 1, NULL, 1.0000, 1, 1, 1, 0, 1, 1.0000, 1, 0, 0, 0),
(464, 471, 1, 20.0000, 0.0000, 1, 0, 0, 1, 1.0000, 1, 10000.0000, 1, 1, NULL, 1.0000, 1, 1, 1, 0, 1, 1.0000, 1, 0, 0, 0),
(465, 472, 1, 20.0000, 0.0000, 1, 0, 0, 1, 1.0000, 1, 10000.0000, 1, 1, NULL, 1.0000, 1, 1, 1, 0, 1, 1.0000, 1, 0, 0, 0),
(466, 473, 1, 20.0000, 0.0000, 1, 0, 0, 1, 1.0000, 1, 10000.0000, 1, 1, NULL, 1.0000, 1, 1, 1, 0, 1, 1.0000, 1, 0, 0, 0),
(467, 474, 1, 0.0000, 0.0000, 1, 0, 0, 1, 1.0000, 1, 10000.0000, 1, 1, NULL, 1.0000, 1, 1, 1, 0, 1, 1.0000, 1, 0, 0, 0),
(468, 475, 1, 100.0000, 0.0000, 1, 0, 0, 1, 1.0000, 1, 10000.0000, 1, 1, NULL, 1.0000, 1, 1, 1, 0, 1, 1.0000, 1, 0, 0, 0),
(469, 476, 1, 100.0000, 0.0000, 1, 0, 0, 1, 1.0000, 1, 10000.0000, 1, 1, NULL, 1.0000, 1, 1, 1, 0, 1, 1.0000, 1, 0, 0, 0),
(470, 477, 1, 100.0000, 0.0000, 1, 0, 0, 1, 1.0000, 1, 10000.0000, 1, 1, NULL, 1.0000, 1, 1, 1, 0, 1, 1.0000, 1, 0, 0, 0),
(471, 478, 1, 0.0000, 0.0000, 1, 0, 0, 1, 1.0000, 1, 10000.0000, 1, 1, NULL, 1.0000, 1, 1, 1, 0, 1, 1.0000, 1, 0, 0, 0),
(472, 479, 1, 0.0000, 0.0000, 1, 0, 0, 1, 1.0000, 1, 10000.0000, 1, 1, NULL, 1.0000, 1, 1, 1, 0, 1, 1.0000, 1, 0, 0, 0),
(473, 480, 1, 0.0000, 0.0000, 1, 0, 0, 1, 1.0000, 1, 10000.0000, 1, 1, NULL, 1.0000, 1, 1, 1, 0, 1, 1.0000, 1, 0, 0, 0),
(474, 481, 1, 0.0000, 0.0000, 1, 0, 0, 1, 1.0000, 1, 10000.0000, 1, 1, NULL, 1.0000, 1, 1, 1, 0, 1, 1.0000, 1, 0, 0, 0),
(475, 482, 1, 0.0000, 0.0000, 1, 0, 0, 1, 1.0000, 1, 10000.0000, 1, 1, NULL, 1.0000, 1, 1, 1, 0, 1, 1.0000, 1, 0, 0, 0);

-- --------------------------------------------------------

--
-- Table structure for table `sgp_cataloginventory_stock_status`
--

CREATE TABLE `sgp_cataloginventory_stock_status` (
  `product_id` int(10) UNSIGNED NOT NULL COMMENT 'Product Id',
  `website_id` smallint(5) UNSIGNED NOT NULL COMMENT 'Website Id',
  `stock_id` smallint(5) UNSIGNED NOT NULL COMMENT 'Stock Id',
  `qty` decimal(12,4) NOT NULL DEFAULT '0.0000' COMMENT 'Qty',
  `stock_status` smallint(5) UNSIGNED NOT NULL COMMENT 'Stock Status'
) ENGINE=InnoDB DEFAULT CHARSET=utf8 COMMENT='Cataloginventory Stock Status';

--
-- Dumping data for table `sgp_cataloginventory_stock_status`
--

INSERT INTO `sgp_cataloginventory_stock_status` (`product_id`, `website_id`, `stock_id`, `qty`, `stock_status`) VALUES
(1, 0, 1, 0.0000, 1),
(2, 0, 1, 10.0000, 1),
(3, 0, 1, 0.0000, 0),
(4, 0, 1, 0.0000, 1),
(5, 0, 1, 6.0000, 1),
(6, 0, 1, 10.0000, 1),
(7, 0, 1, 10.0000, 1),
(8, 0, 1, 0.0000, 1),
(9, 0, 1, 10.0000, 1),
(10, 0, 1, 0.0000, 0),
(11, 0, 1, 10.0000, 1),
(12, 0, 1, 10.0000, 1),
(13, 0, 1, 3.0000, 1),
(14, 0, 1, 10.0000, 1),
(15, 0, 1, 0.0000, 1),
(16, 0, 1, 2.0000, 1),
(17, 0, 1, 10.0000, 1),
(18, 0, 1, 10.0000, 1),
(19, 0, 1, 10.0000, 1),
(20, 0, 1, 0.0000, 1),
(21, 0, 1, 0.0000, 1),
(22, 0, 1, 9.0000, 1),
(23, 0, 1, 0.0000, 1),
(24, 0, 1, 0.0000, 1),
(25, 0, 1, 0.0000, 1),
(27, 0, 1, 9.0000, 1),
(29, 0, 1, 10.0000, 1),
(31, 0, 1, 0.0000, 1),
(32, 0, 1, 9.0000, 1),
(33, 0, 1, 10.0000, 1),
(34, 0, 1, 0.0000, 1),
(35, 0, 1, 10.0000, 1),
(36, 0, 1, 9.0000, 1),
(37, 0, 1, 10.0000, 1),
(38, 0, 1, 9.0000, 1),
(39, 0, 1, 10.0000, 1),
(40, 0, 1, 0.0000, 1),
(41, 0, 1, 0.0000, 1),
(42, 0, 1, 0.0000, 1),
(43, 0, 1, 6.0000, 1),
(44, 0, 1, 10.0000, 1),
(45, 0, 1, 6.0000, 1),
(46, 0, 1, 0.0000, 1),
(47, 0, 1, 4.0000, 1),
(48, 0, 1, 10.0000, 1),
(49, 0, 1, 10.0000, 1),
(50, 0, 1, 99.0000, 1),
(51, 0, 1, 5.0000, 1),
(52, 0, 1, 10.0000, 1),
(53, 0, 1, 5.0000, 1),
(54, 0, 1, 10.0000, 1),
(55, 0, 1, 7.0000, 1),
(56, 0, 1, 6.0000, 1),
(57, 0, 1, 10.0000, 1),
(58, 0, 1, 3.0000, 1),
(59, 0, 1, 10.0000, 1),
(60, 0, 1, 10.0000, 1),
(61, 0, 1, 10.0000, 1),
(62, 0, 1, 10.0000, 1),
(63, 0, 1, 10.0000, 1),
(64, 0, 1, 10.0000, 1),
(65, 0, 1, 4.0000, 1),
(66, 0, 1, 10.0000, 1),
(67, 0, 1, 10.0000, 1),
(68, 0, 1, 0.0000, 1),
(69, 0, 1, 10.0000, 1),
(70, 0, 1, 0.0000, 1),
(71, 0, 1, 0.0000, 1),
(72, 0, 1, 0.0000, 1),
(73, 0, 1, 100.0000, 1),
(74, 0, 1, 10.0000, 1),
(75, 0, 1, 10.0000, 1),
(76, 0, 1, 10.0000, 1),
(77, 0, 1, 10.0000, 1),
(78, 0, 1, 3.0000, 1),
(79, 0, 1, 10.0000, 1),
(80, 0, 1, 10.0000, 1),
(81, 0, 1, 10.0000, 1),
(82, 0, 1, 10.0000, 1),
(83, 0, 1, 9.0000, 1),
(84, 0, 1, 10.0000, 1),
(85, 0, 1, 10.0000, 1),
(86, 0, 1, 97.0000, 1),
(87, 0, 1, 0.0000, 1),
(88, 0, 1, 10.0000, 1),
(89, 0, 1, 0.0000, 1),
(90, 0, 1, 10.0000, 1),
(91, 0, 1, 10.0000, 1),
(92, 0, 1, 10.0000, 1),
(93, 0, 1, 10.0000, 1),
(94, 0, 1, 0.0000, 1),
(95, 0, 1, 10.0000, 1),
(96, 0, 1, 10.0000, 1),
(97, 0, 1, 10.0000, 1),
(98, 0, 1, 10.0000, 1),
(99, 0, 1, 10.0000, 1),
(100, 0, 1, 10.0000, 1),
(101, 0, 1, 10.0000, 1),
(102, 0, 1, 9.0000, 1),
(103, 0, 1, 10.0000, 1),
(104, 0, 1, 10.0000, 1),
(105, 0, 1, 10.0000, 1),
(106, 0, 1, 10.0000, 1),
(107, 0, 1, 0.0000, 1),
(108, 0, 1, 96.0000, 1),
(109, 0, 1, 10.0000, 1),
(110, 0, 1, 10.0000, 1),
(111, 0, 1, 99.0000, 1),
(112, 0, 1, 10.0000, 1),
(113, 0, 1, 10.0000, 1),
(114, 0, 1, 10.0000, 1),
(115, 0, 1, 9.0000, 1),
(116, 0, 1, 8.0000, 1),
(117, 0, 1, 10.0000, 1),
(118, 0, 1, 10.0000, 1),
(119, 0, 1, 10.0000, 1),
(120, 0, 1, 0.0000, 1),
(121, 0, 1, 0.0000, 1),
(122, 0, 1, 10.0000, 1),
(123, 0, 1, 9.0000, 1),
(124, 0, 1, 0.0000, 1),
(125, 0, 1, 100.0000, 1),
(126, 0, 1, 0.0000, 1),
(127, 0, 1, 10.0000, 1),
(128, 0, 1, 10.0000, 1),
(129, 0, 1, 0.0000, 1),
(130, 0, 1, 0.0000, 1),
(131, 0, 1, 0.0000, 1),
(132, 0, 1, 0.0000, 1),
(133, 0, 1, 0.0000, 1),
(134, 0, 1, 8.0000, 1),
(135, 0, 1, 8.0000, 1),
(136, 0, 1, 10.0000, 1),
(137, 0, 1, 10.0000, 1),
(138, 0, 1, 10.0000, 1),
(139, 0, 1, 10.0000, 1),
(140, 0, 1, 10.0000, 1),
(141, 0, 1, 0.0000, 1),
(142, 0, 1, 7.0000, 1),
(143, 0, 1, 10.0000, 1),
(144, 0, 1, 10.0000, 1),
(145, 0, 1, 0.0000, 1),
(146, 0, 1, 0.0000, 0),
(147, 0, 1, 9.0000, 1),
(148, 0, 1, 1.0000, 1),
(149, 0, 1, 10.0000, 1),
(150, 0, 1, 10.0000, 1),
(151, 0, 1, 10.0000, 1),
(152, 0, 1, 10.0000, 1),
(153, 0, 1, 10.0000, 1),
(154, 0, 1, 0.0000, 1),
(155, 0, 1, 10.0000, 1),
(156, 0, 1, 0.0000, 0),
(157, 0, 1, 10.0000, 1),
(158, 0, 1, 10.0000, 1),
(159, 0, 1, 4.0000, 1),
(160, 0, 1, 10.0000, 1),
(161, 0, 1, 10.0000, 1),
(162, 0, 1, 95.0000, 1),
(163, 0, 1, 10.0000, 1),
(164, 0, 1, 10.0000, 1),
(165, 0, 1, 10.0000, 1),
(166, 0, 1, 3.0000, 1),
(167, 0, 1, 0.0000, 1),
(168, 0, 1, 10.0000, 1),
(169, 0, 1, 6.0000, 1),
(170, 0, 1, 10.0000, 1),
(171, 0, 1, 10.0000, 1),
(172, 0, 1, 49.0000, 1),
(173, 0, 1, 10.0000, 1),
(174, 0, 1, 7.0000, 1),
(175, 0, 1, 8.0000, 1),
(176, 0, 1, 0.0000, 0),
(177, 0, 1, 7.0000, 1),
(178, 0, 1, 10.0000, 1),
(179, 0, 1, 200.0000, 0),
(180, 0, 1, 0.0000, 1),
(181, 0, 1, 9.0000, 1),
(182, 0, 1, 0.0000, 1),
(183, 0, 1, 4.0000, 1),
(184, 0, 1, 0.0000, 1),
(185, 0, 1, 8.0000, 1),
(186, 0, 1, 0.0000, 1),
(187, 0, 1, 9.0000, 1),
(188, 0, 1, 0.0000, 1),
(189, 0, 1, 90.0000, 1),
(190, 0, 1, 10.0000, 1),
(191, 0, 1, 10.0000, 1),
(192, 0, 1, 10.0000, 1),
(193, 0, 1, 90.0000, 1),
(194, 0, 1, 10.0000, 1),
(195, 0, 1, 10.0000, 1),
(196, 0, 1, 0.0000, 1),
(197, 0, 1, 9.0000, 1),
(198, 0, 1, 10.0000, 1),
(199, 0, 1, 10.0000, 1),
(200, 0, 1, 10.0000, 1),
(201, 0, 1, 8.0000, 1),
(202, 0, 1, 8.0000, 1),
(203, 0, 1, 10.0000, 1),
(204, 0, 1, 10.0000, 1),
(205, 0, 1, 10.0000, 1),
(206, 0, 1, 9.0000, 1),
(207, 0, 1, 0.0000, 1),
(208, 0, 1, 10.0000, 1),
(209, 0, 1, 8.0000, 1),
(210, 0, 1, 1.0000, 1),
(211, 0, 1, 86.0000, 1),
(212, 0, 1, 8.0000, 1),
(213, 0, 1, 10.0000, 1),
(214, 0, 1, 10.0000, 1),
(215, 0, 1, 7.0000, 1),
(216, 0, 1, 10.0000, 1),
(217, 0, 1, 10.0000, 1),
(218, 0, 1, 0.0000, 1),
(219, 0, 1, 10.0000, 1),
(220, 0, 1, 7.0000, 1),
(221, 0, 1, 10.0000, 1),
(222, 0, 1, 10.0000, 1),
(223, 0, 1, 8.0000, 1),
(224, 0, 1, 10.0000, 1),
(225, 0, 1, 8.0000, 1),
(226, 0, 1, 27.0000, 1),
(227, 0, 1, 9.0000, 1),
(228, 0, 1, 8.0000, 1),
(229, 0, 1, 8.0000, 1),
(230, 0, 1, 4.0000, 1),
(231, 0, 1, 9.0000, 1),
(232, 0, 1, 0.0000, 1),
(233, 0, 1, 10.0000, 1),
(234, 0, 1, 0.0000, 0),
(235, 0, 1, 6.0000, 1),
(236, 0, 1, 0.0000, 0),
(237, 0, 1, 0.0000, 1),
(238, 0, 1, 0.0000, 1),
(239, 0, 1, 0.0000, 1),
(240, 0, 1, 8.0000, 1),
(241, 0, 1, 10.0000, 1),
(242, 0, 1, 0.0000, 1),
(243, 0, 1, 8.0000, 1),
(244, 0, 1, 2.0000, 1),
(245, 0, 1, 8.0000, 1),
(246, 0, 1, 10.0000, 1),
(247, 0, 1, 10.0000, 1),
(248, 0, 1, 8.0000, 1),
(249, 0, 1, 10.0000, 1),
(250, 0, 1, 10.0000, 1),
(251, 0, 1, 9.0000, 1),
(252, 0, 1, 10.0000, 1),
(253, 0, 1, 10.0000, 1),
(254, 0, 1, 10.0000, 1),
(255, 0, 1, 0.0000, 0),
(256, 0, 1, 6.0000, 1),
(258, 0, 1, 10.0000, 1),
(259, 0, 1, 9.0000, 1),
(260, 0, 1, 7.0000, 1),
(261, 0, 1, 0.0000, 0),
(262, 0, 1, 10.0000, 1),
(263, 0, 1, 10.0000, 1),
(264, 0, 1, 10.0000, 1),
(265, 0, 1, 10.0000, 1),
(266, 0, 1, 10.0000, 1),
(267, 0, 1, 10.0000, 1),
(268, 0, 1, 10.0000, 1),
(269, 0, 1, 9.0000, 1),
(270, 0, 1, 10.0000, 1),
(271, 0, 1, 10.0000, 1),
(272, 0, 1, 6.0000, 1),
(273, 0, 1, 10.0000, 1),
(277, 0, 1, 10.0000, 1),
(278, 0, 1, 10.0000, 1),
(279, 0, 1, 6.0000, 1),
(280, 0, 1, 10.0000, 1),
(281, 0, 1, 9.0000, 1),
(282, 0, 1, 10.0000, 1),
(283, 0, 1, 10.0000, 1),
(284, 0, 1, 10.0000, 1),
(285, 0, 1, 10.0000, 1),
(286, 0, 1, 10.0000, 1),
(287, 0, 1, 10.0000, 1),
(288, 0, 1, 10.0000, 1),
(289, 0, 1, 9.0000, 1),
(290, 0, 1, 9.0000, 1),
(291, 0, 1, 10.0000, 1),
(292, 0, 1, 10.0000, 1),
(293, 0, 1, 10.0000, 1),
(294, 0, 1, 10.0000, 1),
(295, 0, 1, 10.0000, 1),
(296, 0, 1, 10.0000, 1),
(297, 0, 1, 10.0000, 1),
(298, 0, 1, 10.0000, 1),
(299, 0, 1, 10.0000, 1),
(300, 0, 1, 10.0000, 1),
(301, 0, 1, 10.0000, 1),
(302, 0, 1, 10.0000, 1),
(303, 0, 1, 10.0000, 1),
(304, 0, 1, 10.0000, 1),
(305, 0, 1, 10.0000, 1),
(306, 0, 1, 10.0000, 1),
(307, 0, 1, 10.0000, 1),
(308, 0, 1, 10.0000, 1),
(309, 0, 1, 8.0000, 1),
(310, 0, 1, 0.0000, 0),
(311, 0, 1, 10.0000, 1),
(312, 0, 1, 9.0000, 1),
(313, 0, 1, 0.0000, 0),
(314, 0, 1, 0.0000, 0),
(315, 0, 1, 0.0000, 0),
(316, 0, 1, 0.0000, 0),
(317, 0, 1, 10.0000, 1),
(318, 0, 1, 49.0000, 1),
(319, 0, 1, 35.0000, 1),
(320, 0, 1, 10.0000, 1),
(321, 0, 1, 10.0000, 1),
(322, 0, 1, 10.0000, 1),
(323, 0, 1, 10.0000, 1),
(324, 0, 1, 10.0000, 1),
(325, 0, 1, 10.0000, 1),
(326, 0, 1, 10.0000, 1),
(327, 0, 1, 6.0000, 1),
(328, 0, 1, 10.0000, 1),
(329, 0, 1, 9.0000, 1),
(330, 0, 1, 10.0000, 1),
(331, 0, 1, 10.0000, 1),
(332, 0, 1, 10.0000, 1),
(333, 0, 1, 10.0000, 1),
(334, 0, 1, 10.0000, 1),
(335, 0, 1, 9.0000, 1),
(336, 0, 1, 2.0000, 1),
(337, 0, 1, 6.0000, 1),
(338, 0, 1, 10.0000, 1),
(339, 0, 1, 10.0000, 1),
(340, 0, 1, 10.0000, 1),
(341, 0, 1, 10.0000, 1),
(342, 0, 1, 10.0000, 1),
(343, 0, 1, 10.0000, 1),
(344, 0, 1, 100.0000, 1),
(345, 0, 1, 93.0000, 1),
(346, 0, 1, 10.0000, 1),
(347, 0, 1, 10.0000, 1),
(348, 0, 1, 8.0000, 1),
(349, 0, 1, 9.0000, 1),
(350, 0, 1, 0.0000, 0),
(351, 0, 1, 0.0000, 0),
(352, 0, 1, 7.0000, 1),
(353, 0, 1, 6.0000, 1),
(354, 0, 1, 10.0000, 1),
(355, 0, 1, 10.0000, 1),
(356, 0, 1, 8.0000, 1),
(357, 0, 1, 10.0000, 1),
(358, 0, 1, 10.0000, 1),
(359, 0, 1, 10.0000, 1),
(360, 0, 1, 10.0000, 1),
(361, 0, 1, 10.0000, 1),
(362, 0, 1, 9.0000, 1),
(363, 0, 1, 8.0000, 1),
(364, 0, 1, 10.0000, 1),
(365, 0, 1, 10.0000, 1),
(366, 0, 1, 10.0000, 1),
(367, 0, 1, 10.0000, 1),
(368, 0, 1, 9.0000, 1),
(369, 0, 1, 10.0000, 1),
(370, 0, 1, 8.0000, 1),
(371, 0, 1, 10.0000, 1),
(372, 0, 1, 9.0000, 1),
(373, 0, 1, 10.0000, 1),
(374, 0, 1, 10.0000, 1),
(375, 0, 1, 9.0000, 1),
(376, 0, 1, 7.0000, 1),
(377, 0, 1, 8.0000, 1),
(378, 0, 1, 50.0000, 1),
(379, 0, 1, 8.0000, 1),
(380, 0, 1, 10.0000, 1),
(381, 0, 1, 10.0000, 1),
(382, 0, 1, 99.0000, 1),
(383, 0, 1, 100.0000, 1),
(384, 0, 1, 105.0000, 1),
(385, 0, 1, 96.0000, 1),
(386, 0, 1, 83.0000, 1),
(387, 0, 1, 78.0000, 1),
(388, 0, 1, 9.0000, 1),
(389, 0, 1, 10.0000, 1),
(390, 0, 1, 200.0000, 0),
(391, 0, 1, 50.0000, 0),
(392, 0, 1, 100.0000, 1),
(393, 0, 1, 76.0000, 1),
(394, 0, 1, 9.0000, 1),
(395, 0, 1, 8.0000, 1),
(396, 0, 1, 100.0000, 0),
(397, 0, 1, 41.0000, 1),
(398, 0, 1, 100.0000, 1),
(399, 0, 1, 95.0000, 1),
(400, 0, 1, 10.0000, 1),
(401, 0, 1, 10.0000, 1),
(402, 0, 1, 99.0000, 1),
(403, 0, 1, 100.0000, 1),
(404, 0, 1, 10.0000, 1),
(405, 0, 1, 10.0000, 1),
(406, 0, 1, 196.0000, 1),
(407, 0, 1, 6.0000, 1),
(408, 0, 1, 94.0000, 1),
(409, 0, 1, 40.0000, 1),
(410, 0, 1, 8.0000, 1),
(411, 0, 1, 9.0000, 1),
(412, 0, 1, 99.0000, 1),
(413, 0, 1, 100.0000, 1),
(414, 0, 1, 10.0000, 1),
(415, 0, 1, 9.0000, 1),
(416, 0, 1, 8.0000, 1),
(417, 0, 1, 10.0000, 1),
(418, 0, 1, 10.0000, 1),
(419, 0, 1, 9.0000, 1),
(420, 0, 1, 10.0000, 1),
(421, 0, 1, 9.0000, 1),
(422, 0, 1, 92.0000, 1),
(423, 0, 1, 100.0000, 1),
(424, 0, 1, 49.0000, 1),
(425, 0, 1, 44.0000, 1),
(426, 0, 1, 50.0000, 1),
(427, 0, 1, 5.0000, 1),
(428, 0, 1, 100.0000, 1),
(429, 0, 1, 45.0000, 1),
(430, 0, 1, 5.0000, 1),
(431, 0, 1, 3.0000, 1),
(432, 0, 1, 79.0000, 1),
(433, 0, 1, 96.0000, 1),
(434, 0, 1, 70.0000, 1),
(435, 0, 1, 33.0000, 1),
(436, 0, 1, 50.0000, 1),
(437, 0, 1, 100.0000, 1),
(438, 0, 1, 100.0000, 1),
(439, 0, 1, 10.0000, 1),
(440, 0, 1, 5.0000, 1),
(441, 0, 1, 20.0000, 1),
(442, 0, 1, 15.0000, 1),
(443, 0, 1, 20.0000, 1),
(444, 0, 1, 10.0000, 1),
(445, 0, 1, 9.0000, 1),
(446, 0, 1, 7.0000, 1),
(447, 0, 1, 19.0000, 1),
(448, 0, 1, 100.0000, 1),
(449, 0, 1, 89.0000, 1),
(450, 0, 1, 100.0000, 1),
(451, 0, 1, 100.0000, 1),
(452, 0, 1, 70.0000, 1),
(453, 0, 1, 15.0000, 1),
(454, 0, 1, 100.0000, 1),
(455, 0, 1, 50.0000, 1),
(456, 0, 1, 50.0000, 1),
(457, 0, 1, 50.0000, 1),
(458, 0, 1, 50.0000, 1),
(459, 0, 1, 70.0000, 1),
(460, 0, 1, 70.0000, 1),
(461, 0, 1, 10.0000, 1),
(462, 0, 1, 10.0000, 1),
(463, 0, 1, 0.0000, 0),
(464, 0, 1, 10.0000, 1),
(465, 0, 1, 10.0000, 1),
(466, 0, 1, 10.0000, 1),
(467, 0, 1, 100.0000, 1),
(468, 0, 1, 20.0000, 1),
(469, 0, 1, 20.0000, 1),
(470, 0, 1, 20.0000, 1),
(471, 0, 1, 20.0000, 1),
(472, 0, 1, 20.0000, 1),
(473, 0, 1, 20.0000, 1),
(474, 0, 1, 0.0000, 1),
(475, 0, 1, 100.0000, 1),
(476, 0, 1, 100.0000, 1),
(477, 0, 1, 100.0000, 1),
(478, 0, 1, 0.0000, 1),
(479, 0, 1, 0.0000, 1),
(480, 0, 1, 0.0000, 1),
(481, 0, 1, 0.0000, 1),
(482, 0, 1, 0.0000, 1);

-- --------------------------------------------------------

--
-- Table structure for table `sgp_cataloginventory_stock_status_idx`
--

CREATE TABLE `sgp_cataloginventory_stock_status_idx` (
  `product_id` int(10) UNSIGNED NOT NULL COMMENT 'Product Id',
  `website_id` smallint(5) UNSIGNED NOT NULL COMMENT 'Website Id',
  `stock_id` smallint(5) UNSIGNED NOT NULL COMMENT 'Stock Id',
  `qty` decimal(12,4) NOT NULL DEFAULT '0.0000' COMMENT 'Qty',
  `stock_status` smallint(5) UNSIGNED NOT NULL COMMENT 'Stock Status'
) ENGINE=InnoDB DEFAULT CHARSET=utf8 COMMENT='Cataloginventory Stock Status Indexer Idx';

--
-- Dumping data for table `sgp_cataloginventory_stock_status_idx`
--

INSERT INTO `sgp_cataloginventory_stock_status_idx` (`product_id`, `website_id`, `stock_id`, `qty`, `stock_status`) VALUES
(1, 0, 1, 0.0000, 0),
(2, 0, 1, 0.0000, 0),
(3, 0, 1, 0.0000, 0),
(4, 0, 1, 10.0000, 1),
(5, 0, 1, 0.0000, 0),
(6, 0, 1, 0.0000, 0),
(7, 0, 1, 10.0000, 1),
(8, 0, 1, 10.0000, 1),
(9, 0, 1, 10.0000, 1),
(10, 0, 1, 10.0000, 1),
(11, 0, 1, 10.0000, 1),
(12, 0, 1, 10.0000, 1),
(13, 0, 1, 10.0000, 1),
(14, 0, 1, 10.0000, 1),
(15, 0, 1, 10.0000, 1),
(16, 0, 1, 10.0000, 1),
(17, 0, 1, 10.0000, 1),
(18, 0, 1, 10.0000, 1),
(19, 0, 1, 10.0000, 1),
(20, 0, 1, 10.0000, 1),
(21, 0, 1, 10.0000, 1),
(22, 0, 1, 10.0000, 1),
(23, 0, 1, 10.0000, 1),
(24, 0, 1, 10.0000, 1),
(25, 0, 1, 10.0000, 1),
(27, 0, 1, 10.0000, 1),
(29, 0, 1, 10.0000, 1),
(31, 0, 1, 10.0000, 1),
(32, 0, 1, 10.0000, 1),
(33, 0, 1, 10.0000, 1),
(34, 0, 1, 10.0000, 1),
(35, 0, 1, 10.0000, 1),
(36, 0, 1, 10.0000, 1),
(37, 0, 1, 10.0000, 1),
(38, 0, 1, 10.0000, 1),
(39, 0, 1, 10.0000, 1),
(40, 0, 1, 10.0000, 1),
(41, 0, 1, 10.0000, 1),
(42, 0, 1, 10.0000, 1),
(43, 0, 1, 10.0000, 1),
(44, 0, 1, 10.0000, 1),
(45, 0, 1, 10.0000, 1),
(46, 0, 1, 10.0000, 1),
(47, 0, 1, 10.0000, 1),
(48, 0, 1, 10.0000, 1),
(49, 0, 1, 10.0000, 1),
(50, 0, 1, 10.0000, 1),
(51, 0, 1, 10.0000, 1),
(52, 0, 1, 10.0000, 1),
(53, 0, 1, 10.0000, 1),
(54, 0, 1, 10.0000, 1),
(55, 0, 1, 10.0000, 1),
(56, 0, 1, 10.0000, 1),
(57, 0, 1, 10.0000, 1),
(58, 0, 1, 10.0000, 1),
(59, 0, 1, 10.0000, 1),
(60, 0, 1, 10.0000, 1),
(61, 0, 1, 10.0000, 1),
(62, 0, 1, 10.0000, 1),
(63, 0, 1, 10.0000, 1),
(64, 0, 1, 10.0000, 1),
(65, 0, 1, 10.0000, 1),
(66, 0, 1, 10.0000, 1),
(67, 0, 1, 10.0000, 1),
(68, 0, 1, 10.0000, 1),
(69, 0, 1, 10.0000, 1),
(70, 0, 1, 10.0000, 1),
(71, 0, 1, 10.0000, 1),
(72, 0, 1, 10.0000, 1),
(73, 0, 1, 10.0000, 1),
(74, 0, 1, 10.0000, 1),
(75, 0, 1, 10.0000, 1),
(76, 0, 1, 10.0000, 1),
(77, 0, 1, 10.0000, 1),
(78, 0, 1, 10.0000, 1),
(79, 0, 1, 10.0000, 1),
(80, 0, 1, 10.0000, 1),
(81, 0, 1, 10.0000, 1),
(82, 0, 1, 10.0000, 1),
(83, 0, 1, 10.0000, 1),
(84, 0, 1, 10.0000, 1),
(85, 0, 1, 10.0000, 1),
(86, 0, 1, 10.0000, 1),
(87, 0, 1, 10.0000, 1),
(88, 0, 1, 10.0000, 1),
(89, 0, 1, 10.0000, 1),
(90, 0, 1, 10.0000, 1),
(91, 0, 1, 10.0000, 1),
(92, 0, 1, 10.0000, 1),
(93, 0, 1, 10.0000, 1),
(94, 0, 1, 10.0000, 1),
(95, 0, 1, 10.0000, 1),
(96, 0, 1, 10.0000, 1),
(97, 0, 1, 10.0000, 1),
(98, 0, 1, 10.0000, 1),
(99, 0, 1, 10.0000, 1),
(100, 0, 1, 10.0000, 1),
(101, 0, 1, 10.0000, 1),
(102, 0, 1, 10.0000, 1),
(103, 0, 1, 10.0000, 1),
(104, 0, 1, 10.0000, 1),
(105, 0, 1, 10.0000, 1),
(106, 0, 1, 10.0000, 1),
(107, 0, 1, 10.0000, 1),
(108, 0, 1, 10.0000, 1),
(109, 0, 1, 10.0000, 1),
(110, 0, 1, 10.0000, 1),
(111, 0, 1, 10.0000, 1),
(112, 0, 1, 10.0000, 1),
(113, 0, 1, 10.0000, 1),
(114, 0, 1, 10.0000, 1),
(115, 0, 1, 10.0000, 1),
(116, 0, 1, 10.0000, 1),
(117, 0, 1, 10.0000, 1),
(118, 0, 1, 10.0000, 1),
(119, 0, 1, 10.0000, 1),
(120, 0, 1, 10.0000, 1),
(121, 0, 1, 10.0000, 1),
(122, 0, 1, 10.0000, 1),
(123, 0, 1, 10.0000, 1),
(124, 0, 1, 10.0000, 1),
(125, 0, 1, 10.0000, 1),
(126, 0, 1, 10.0000, 1),
(127, 0, 1, 10.0000, 1),
(128, 0, 1, 10.0000, 1),
(129, 0, 1, 10.0000, 1),
(130, 0, 1, 10.0000, 1),
(131, 0, 1, 10.0000, 1),
(132, 0, 1, 10.0000, 1),
(133, 0, 1, 10.0000, 1),
(134, 0, 1, 10.0000, 1),
(135, 0, 1, 10.0000, 1),
(136, 0, 1, 10.0000, 1),
(137, 0, 1, 10.0000, 1),
(138, 0, 1, 10.0000, 1),
(139, 0, 1, 10.0000, 1),
(140, 0, 1, 10.0000, 1),
(141, 0, 1, 10.0000, 1),
(142, 0, 1, 10.0000, 1),
(143, 0, 1, 10.0000, 1),
(144, 0, 1, 10.0000, 1),
(145, 0, 1, 10.0000, 1),
(146, 0, 1, 10.0000, 1),
(147, 0, 1, 10.0000, 1),
(148, 0, 1, 10.0000, 1),
(149, 0, 1, 10.0000, 1),
(150, 0, 1, 10.0000, 1),
(151, 0, 1, 10.0000, 1),
(152, 0, 1, 10.0000, 1),
(153, 0, 1, 10.0000, 1),
(154, 0, 1, 10.0000, 1),
(155, 0, 1, 10.0000, 1),
(156, 0, 1, 10.0000, 1),
(157, 0, 1, 10.0000, 1),
(158, 0, 1, 10.0000, 1),
(159, 0, 1, 10.0000, 1),
(160, 0, 1, 10.0000, 1),
(161, 0, 1, 10.0000, 1),
(162, 0, 1, 10.0000, 1),
(163, 0, 1, 10.0000, 1),
(164, 0, 1, 10.0000, 1),
(165, 0, 1, 10.0000, 1),
(166, 0, 1, 10.0000, 1),
(167, 0, 1, 10.0000, 1),
(168, 0, 1, 10.0000, 1),
(169, 0, 1, 10.0000, 1),
(170, 0, 1, 10.0000, 1),
(171, 0, 1, 10.0000, 1),
(172, 0, 1, 10.0000, 1),
(173, 0, 1, 10.0000, 1),
(174, 0, 1, 10.0000, 1),
(175, 0, 1, 10.0000, 1),
(176, 0, 1, 10.0000, 1),
(177, 0, 1, 10.0000, 1),
(178, 0, 1, 10.0000, 1),
(179, 0, 1, 10.0000, 1),
(180, 0, 1, 10.0000, 1),
(181, 0, 1, 10.0000, 1),
(182, 0, 1, 10.0000, 1),
(183, 0, 1, 10.0000, 1),
(184, 0, 1, 10.0000, 1),
(185, 0, 1, 10.0000, 1),
(186, 0, 1, 10.0000, 1),
(187, 0, 1, 10.0000, 1),
(188, 0, 1, 10.0000, 1),
(189, 0, 1, 10.0000, 1),
(190, 0, 1, 10.0000, 1),
(191, 0, 1, 10.0000, 1),
(192, 0, 1, 10.0000, 1),
(193, 0, 1, 100.0000, 1),
(194, 0, 1, 10.0000, 1),
(195, 0, 1, 10.0000, 1),
(196, 0, 1, 10.0000, 1),
(197, 0, 1, 10.0000, 1),
(198, 0, 1, 10.0000, 1),
(199, 0, 1, 10.0000, 1),
(200, 0, 1, 10.0000, 1),
(201, 0, 1, 10.0000, 1),
(202, 0, 1, 10.0000, 1),
(203, 0, 1, 10.0000, 1),
(204, 0, 1, 10.0000, 1),
(205, 0, 1, 10.0000, 1),
(206, 0, 1, 10.0000, 1),
(207, 0, 1, 10.0000, 1),
(208, 0, 1, 10.0000, 1),
(209, 0, 1, 10.0000, 1),
(210, 0, 1, 10.0000, 1),
(211, 0, 1, 10.0000, 1),
(212, 0, 1, 10.0000, 1),
(213, 0, 1, 10.0000, 1),
(214, 0, 1, 10.0000, 1),
(215, 0, 1, 10.0000, 1),
(216, 0, 1, 10.0000, 1),
(217, 0, 1, 10.0000, 1),
(218, 0, 1, 10.0000, 1),
(219, 0, 1, 10.0000, 1),
(220, 0, 1, 10.0000, 1),
(221, 0, 1, 10.0000, 1),
(222, 0, 1, 10.0000, 1),
(223, 0, 1, 10.0000, 1),
(224, 0, 1, 10.0000, 1),
(225, 0, 1, 10.0000, 1),
(226, 0, 1, 10.0000, 1),
(227, 0, 1, 10.0000, 1),
(228, 0, 1, 10.0000, 1),
(229, 0, 1, 10.0000, 1),
(230, 0, 1, 10.0000, 1),
(231, 0, 1, 10.0000, 1),
(232, 0, 1, 10.0000, 1),
(233, 0, 1, 10.0000, 1),
(234, 0, 1, 10.0000, 1),
(235, 0, 1, 10.0000, 1),
(236, 0, 1, 10.0000, 1),
(237, 0, 1, 10.0000, 1),
(238, 0, 1, 10.0000, 1),
(239, 0, 1, 10.0000, 1),
(240, 0, 1, 10.0000, 1),
(241, 0, 1, 10.0000, 1),
(242, 0, 1, 10.0000, 1),
(243, 0, 1, 10.0000, 1),
(244, 0, 1, 10.0000, 1),
(245, 0, 1, 10.0000, 1),
(246, 0, 1, 10.0000, 1),
(247, 0, 1, 10.0000, 1),
(248, 0, 1, 10.0000, 1),
(249, 0, 1, 10.0000, 1);

-- --------------------------------------------------------

--
-- Table structure for table `sgp_cataloginventory_stock_status_tmp`
--

CREATE TABLE `sgp_cataloginventory_stock_status_tmp` (
  `product_id` int(10) UNSIGNED NOT NULL COMMENT 'Product Id',
  `website_id` smallint(5) UNSIGNED NOT NULL COMMENT 'Website Id',
  `stock_id` smallint(5) UNSIGNED NOT NULL COMMENT 'Stock Id',
  `qty` decimal(12,4) NOT NULL DEFAULT '0.0000' COMMENT 'Qty',
  `stock_status` smallint(5) UNSIGNED NOT NULL COMMENT 'Stock Status'
) ENGINE=MEMORY DEFAULT CHARSET=utf8 COMMENT='Cataloginventory Stock Status Indexer Tmp';

-- --------------------------------------------------------

--
-- Table structure for table `sgp_catalogrule`
--

CREATE TABLE `sgp_catalogrule` (
  `rule_id` int(10) UNSIGNED NOT NULL COMMENT 'Rule Id',
  `name` varchar(255) DEFAULT NULL COMMENT 'Name',
  `description` text COMMENT 'Description',
  `from_date` date DEFAULT NULL COMMENT 'From',
  `to_date` date DEFAULT NULL COMMENT 'To',
  `is_active` smallint(6) NOT NULL DEFAULT '0' COMMENT 'Is Active',
  `conditions_serialized` mediumtext COMMENT 'Conditions Serialized',
  `actions_serialized` mediumtext COMMENT 'Actions Serialized',
  `stop_rules_processing` smallint(6) NOT NULL DEFAULT '1' COMMENT 'Stop Rules Processing',
  `sort_order` int(10) UNSIGNED NOT NULL DEFAULT '0' COMMENT 'Sort Order',
  `simple_action` varchar(32) DEFAULT NULL COMMENT 'Simple Action',
  `discount_amount` decimal(12,4) NOT NULL DEFAULT '0.0000' COMMENT 'Discount Amount'
) ENGINE=InnoDB DEFAULT CHARSET=utf8 COMMENT='CatalogRule';

-- --------------------------------------------------------

--
-- Table structure for table `sgp_catalogrule_customer_group`
--

CREATE TABLE `sgp_catalogrule_customer_group` (
  `rule_id` int(10) UNSIGNED NOT NULL COMMENT 'Rule Id',
  `customer_group_id` smallint(5) UNSIGNED NOT NULL COMMENT 'Customer Group Id'
) ENGINE=InnoDB DEFAULT CHARSET=utf8 COMMENT='Catalog Rules To Customer Groups Relations';

-- --------------------------------------------------------

--
-- Table structure for table `sgp_catalogrule_group_website`
--

CREATE TABLE `sgp_catalogrule_group_website` (
  `rule_id` int(10) UNSIGNED NOT NULL DEFAULT '0' COMMENT 'Rule Id',
  `customer_group_id` smallint(5) UNSIGNED NOT NULL DEFAULT '0' COMMENT 'Customer Group Id',
  `website_id` smallint(5) UNSIGNED NOT NULL DEFAULT '0' COMMENT 'Website Id'
) ENGINE=InnoDB DEFAULT CHARSET=utf8 COMMENT='CatalogRule Group Website';

-- --------------------------------------------------------

--
-- Table structure for table `sgp_catalogrule_product`
--

CREATE TABLE `sgp_catalogrule_product` (
  `rule_product_id` int(10) UNSIGNED NOT NULL COMMENT 'Rule Product Id',
  `rule_id` int(10) UNSIGNED NOT NULL DEFAULT '0' COMMENT 'Rule Id',
  `from_time` int(10) UNSIGNED NOT NULL DEFAULT '0' COMMENT 'From Time',
  `to_time` int(10) UNSIGNED NOT NULL DEFAULT '0' COMMENT 'To time',
  `customer_group_id` smallint(5) UNSIGNED NOT NULL DEFAULT '0' COMMENT 'Customer Group Id',
  `product_id` int(10) UNSIGNED NOT NULL DEFAULT '0' COMMENT 'Product Id',
  `action_operator` varchar(10) DEFAULT 'to_fixed' COMMENT 'Action Operator',
  `action_amount` decimal(12,4) NOT NULL DEFAULT '0.0000' COMMENT 'Action Amount',
  `action_stop` smallint(6) NOT NULL DEFAULT '0' COMMENT 'Action Stop',
  `sort_order` int(10) UNSIGNED NOT NULL DEFAULT '0' COMMENT 'Sort Order',
  `website_id` smallint(5) UNSIGNED NOT NULL COMMENT 'Website Id'
) ENGINE=InnoDB DEFAULT CHARSET=utf8 COMMENT='CatalogRule Product';

-- --------------------------------------------------------

--
-- Table structure for table `sgp_catalogrule_product_price`
--

CREATE TABLE `sgp_catalogrule_product_price` (
  `rule_product_price_id` int(10) UNSIGNED NOT NULL COMMENT 'Rule Product PriceId',
  `rule_date` date NOT NULL COMMENT 'Rule Date',
  `customer_group_id` smallint(5) UNSIGNED NOT NULL DEFAULT '0' COMMENT 'Customer Group Id',
  `product_id` int(10) UNSIGNED NOT NULL DEFAULT '0' COMMENT 'Product Id',
  `rule_price` decimal(12,4) NOT NULL DEFAULT '0.0000' COMMENT 'Rule Price',
  `website_id` smallint(5) UNSIGNED NOT NULL COMMENT 'Website Id',
  `latest_start_date` date DEFAULT NULL COMMENT 'Latest StartDate',
  `earliest_end_date` date DEFAULT NULL COMMENT 'Earliest EndDate'
) ENGINE=InnoDB DEFAULT CHARSET=utf8 COMMENT='CatalogRule Product Price';

-- --------------------------------------------------------

--
-- Table structure for table `sgp_catalogrule_website`
--

CREATE TABLE `sgp_catalogrule_website` (
  `rule_id` int(10) UNSIGNED NOT NULL COMMENT 'Rule Id',
  `website_id` smallint(5) UNSIGNED NOT NULL COMMENT 'Website Id'
) ENGINE=InnoDB DEFAULT CHARSET=utf8 COMMENT='Catalog Rules To Websites Relations';

-- --------------------------------------------------------

--
-- Table structure for table `sgp_catalogsearch_fulltext_scope1`
--

CREATE TABLE `sgp_catalogsearch_fulltext_scope1` (
  `entity_id` int(10) UNSIGNED NOT NULL COMMENT 'Entity ID',
  `attribute_id` int(10) UNSIGNED NOT NULL COMMENT 'Attribute_id',
  `data_index` longtext COMMENT 'Data index'
) ENGINE=InnoDB DEFAULT CHARSET=utf8 COMMENT='sgp_catalogsearch_fulltext_scope1';

--
-- Dumping data for table `sgp_catalogsearch_fulltext_scope1`
--

INSERT INTO `sgp_catalogsearch_fulltext_scope1` (`entity_id`, `attribute_id`, `data_index`) VALUES
(424, 73, 'Turmeric Powder (Haldi Powder) - 100 GM'),
(424, 74, 'Turmeric Powder (Haldi Powder)'),
(424, 75, 'Turmeric powder has been is obtained by pulverizing sun-dried turmeric grow in Uttarakhand hills. Turmeric cultivated in the highlands of Uttarakhand has high Curcumin content and encourages healthy cholesterol levels, acts as antioxidant and boosts stress tolerance. Our turmeric powder has been prepared using turmeric sourced from villages in Nainidanda region of Pauri Garhwal district in Corbett landscape and Ramganga river catchment in Uttarakhand. It has been grown under natural conditions by members of our women Self-Help Groups (SHGs)and processed and marketed by our women&rsquo;s Cooperatives.'),
(424, 76, 'Our Turmeric Powder, (sourced from turmeric grown in villages near Nainidanda, Pauri in Corbett landscape and Ramganga river catchment) encourages healthy cholesterol levels and boosts stress tolerance.'),
(424, 147, '100GM'),
(425, 73, 'Yellow Chilli Powder - 250 g'),
(425, 74, 'Yellow Chilli Powder'),
(425, 75, 'Yellow chilli powder has been obtained from a unique variety of chilli cultivated in the villages in Nainidanda region of Pauri Garhwal district in Corbett landscape and Ramganga river catchment in Uttarakhand. Locally know as Lakhori or Dhara chilli, it is highly pungent and gives a rich flavour. It is a good source of Vitamin C with anti-bacterial, analgesic and anti-diabetic properties. It has been grown under natural conditions by members of our women Self-Help Groups (SHGs). Chillies are plucked manually, sun-dried and pulverized in a hygienic manner.'),
(425, 76, 'Our Yellow Chilli Powder (sourced from yellow chilli grown in villages near Nainidanda, Pauri in Corbett landscape and Ramganga river catchment) is a good source of Vitamin C with anti-bacterial, analgesic and anti-diabetic properties.'),
(425, 147, '100GM'),
(426, 73, 'Coriander Powder - 100 g'),
(426, 74, 'Coriander Powder'),
(426, 75, 'Our Coriander powder has been obtained from naturally grown Coriander seeds sourced from village near Nainidanda, Pauri in Corbett landscape and Ramganga river catchment in Uttarakhand. It has been obtained after sun-drying and hygienically pulverizing quality Coriander seeds. Coriander is a source of Calcium, Iron and protein and in considered to stimulate the appetite and aid in digestion. Coriander has been cultivated by members of our women Self-Help Groups (SHGs). It has been processed and marketed by our women&rsquo;s Cooperatives.'),
(426, 76, 'Our Coriander Powder (seeds sourced from the villages near Nainidanda, Pauri in Corbett landscape and Ramganga river catchment) is a source of Calcium, Iron and protein amongst various other vital nutrients.'),
(426, 147, '100GM'),
(427, 73, 'Red Chilli Powder - 100 g'),
(427, 74, 'Red Chilli Powder'),
(427, 75, 'Red chillies are widely grown in Uttarakhand under natural conditions between altitudes ranging from 800 m to 1500 m. Chilli powder in this pack is obtained from ripe chillies that are sun dried and hygienically pulverized. Our red chilli powder is pungent and is considered rich in Potassium. It has been sourced from villages in the Nayar river catchment of Pauri Garhwal district Uttarakhand. It has been grown by members of our women Self-Help Groups (SHGs) and collected from SHGs by our women&rsquo;s Cooperatives and subsequently processed and marketed.'),
(427, 76, 'Our Red Chilli Powder (sourced from village in the Nayar river catchment Pauri) is considered to be rich in Potassium. Red Chilli has proven to be a rich source of Vitamin C that supports the immune system.'),
(427, 147, '100GM'),
(428, 73, 'Jakhya - 100 GM'),
(428, 74, 'Jakhya'),
(428, 75, 'Jakhya (also known as wild mustard) is the seed of Cleome viscose, a traditional herb of the mid-Himalayas. Jakhya is dark brown in colour and is traditionally used for tempering culinary dishes in the Himalayan region. It crackles on being heated in oil, has a distinct smell and adds flavour to various recipes, leaving an exotic feel on the taste buds. Jakhia is widely used in Uttarakhand in preparing various cuisines, particularly for preparing vegetables, pulses and curries. It is considered beneficial for treating liver and respiratory ailments. Our Jakhya has been sourced from Nayarriver catchment of Pauri Garhwal district Uttarakhand. It has been grown under natural conditions by members of our women Self-Help Groups (SHGs) and; processed and marketed by our women&rsquo;s cooperatives'),
(428, 76, 'Our Jakhya (sourced from villages in the Nayar river catchment, Pauri) is traditionally used for adding flavour to various recipes, leaving an exotic feel on the taste buds. The seeds are also known for treating liver and respiratory ailments.'),
(428, 147, '100GM'),
(429, 73, 'Fenugreek Seeds - 100 g'),
(429, 74, 'Fenugreek Seeds'),
(429, 75, 'Methi dana or Fenugreek seeds have a strong aroma and flavour. It is used as a condiment for flavouring cuisines. Methi dana is considered rich in various vitamins and minerals while it is also considered beneficial for reducing cholesterol, prompting weight loss and controlling blood sugar levels. Our methi dana has been sourced from villages around the hills of Ranikhet in the Almoradistrict of Uttarakhand. It has been grown under natural conditions by members of our women Self-Help Groups (SHGs).'),
(429, 76, 'Our Fenugreek seeds (sourced from villages around the hills of Ranikhet) has been traditionally used for reducing cholesterol, prompting weight loss and controlling blood sugar levels.'),
(429, 147, '100GM'),
(430, 73, 'Yellow Chilli Whole - 1 KG'),
(430, 74, 'Yellow Chilli Whole'),
(430, 75, 'Yellow Chilli Powder is obtained from an indigenous varieties of chilli crop, locally called Lakhorior Dhara chilli since it is first grown in a village of Uttarakhand called lakhora. The chillies are plucked manually, sundried and then pulverized appropriately to keep itsanti-bacterial, analgesic and anti-diabetic properties intact. What distinguished it from other varieties of chillies is the different type of wrinkles it gets on drying. Origin: HAVE PURE yellow chilli powder comes from lakhori chillies traditionally grown in the hill villages of Nainidanda of Corbet Tiger Reserve (CTR) landscape and Ramganga catchment area of Uttarakhand. Cultivation and processing: Women members of SHGs cultivate lakhori chilli crop in natural/ organic condition in the Kitchen Garden. After cultivation it is sun dried and pulverized in the most hygienic manner. SHGs and their cooperative, formed in Nainidanda area, process and procure it for enhancing income of women members'),
(430, 76, 'Yellow Chilli Powder is obtained from an indigenous varieties of chilli crop, locally called Lakhorior Dhara chilli since it is first grown in a village of Uttarakhand called lakhora. The chillies are plucked manually, sun dried and then pulverized appropriately to keep its anti-bacterial, analgesic and anti-diabetic properties intact. What distinguished it from other varieties of chillies is the different type of wrinkles it gets on drying.'),
(430, 146, 'HAVE PURE yellow chilli powder is extremely pungent and traditionally used to prepare pickles, chilli flakes, curries and dal for tempering. It is used for preparation of vegetarian and non-vegetarian food. Yellow chilies are extensively used in recipes of stuffed chilly and in preparation of dips, sauces and is a flavor enhancing ingredient. It is good for controlling excess fat and preventing heart diseases.'),
(430, 147, '1KG'),
(431, 73, 'Red Chilli whole - 1 KG'),
(431, 74, 'Red Chilli whole'),
(431, 75, 'Red chillies are widely grown in Uttarakhand under natural conditions between altitudes ranging from 800 m to 1500 m. We bring to you the best quality red chillies that are pungent and also rich in Potassium. Red chillies have been sourced from villages in the Nayar river catchment of Pauri Garhwal district Uttarakhand. They have been grown by members of our women Self-Help Groups (SHGs) and marketed by ourwomen&rsquo;s Cooperatives.'),
(431, 76, 'Our Red chillies have been cultivated under natural conditions in Nayar river catchment of Pauri Garhwal in Uttarakhand. We bring to you the best chillies which are pungent and rich in Potassium.'),
(431, 147, '1KG'),
(432, 73, 'Faran- 30 GM'),
(432, 74, 'Faran'),
(432, 75, 'Faran or Jambu is an alpine herb that grows between 2500 m to 3000 m altitude in the Himalayas. Its inflorescence and leaves are used as seasoning agents. Faran is widely used as a condiment. Dried leaves of this herb are tempered in oil or ghee to flavour vegetables, curries, soups and meat. Faran aids in digestion and controlling cholesterol. Our Faran has been sourced from villages in the Dhauli Ganga valley of the Nanda Devi Biosphere Reserve in Uttarakhand. It is being processed and marketed by our women&rsquo;s cooperatives.'),
(432, 76, 'Our Faran (sourced from Malari village in the Dhauli Ganga valley of the Nanda Devi Biosphere Reserve) is an alpine herb that aids in digestion and cholesterol reduction. Its inflorescence and leaves are popularly used as seasoning agents.'),
(432, 147, '25GM'),
(433, 73, 'Perilla- 75 GM'),
(433, 74, 'Perilla'),
(433, 75, 'Perilla, locally known as Bhangjeera, is a traditional herb cultivated in the mid- Himalayas. Perilla seeds are used for tempering as they significantly enhance the flavour of cuisines. They are also used to prepare spicy chutney while roasted Perilla seeds may also be consumed. Perilla is considered a rich source of Omega-3 and Omega-6 fatty acids with anti-oxidant and anti-inflammatory properties. Our Perilla seeds have been sourced from hill villages near Kapkot and Bageshwar towns in Sarayu valley of Bageshwar district of Uttarakhand. It has been grown under natural conditions by members of our women Self-Help Groups (SHGs) and the seeds are extracted manually and sundried. It is collected from the SHGs by our women&rsquo;s Cooperatives and subsequently processed and marketed.'),
(433, 76, 'Our Perilla (sourced from villages near Kapkot and Bageshwar, located in Sarayu valley) is a herb grown in mid-Himalayas. Perilla seeds are considered rich in Omega-3 and Omega-6 fatty acids with anti-oxidant and anti-inflammatory properties.'),
(433, 147, '50GM'),
(434, 73, 'Mustard Oil- 1 L'),
(434, 74, 'Mustard Oil'),
(434, 75, 'Mustard is a traditional crop grown and collected by the farmers in the hills of Himalayan region.&nbsp;HavePure mustard oil is extracted through cold press method to keep its properties intact. Origin:&nbsp;HavePure mustard oil is sourced from hill villages of Gairsain region, situated in the midst of Garhwal and Kumaon Himalayas. Cultivation and processing: Mustard crop is traditionally cultivated in hill villages of Gairsain of Chamoli district of the State of Uttarakhand. The crop is particularly cultivated in organically to extract the edible oil.&nbsp;HavePure mustard oil is extracted by SHGs Cooperative, formed in Gairsain area by using cold press method wherein nutrient retention is remain high due to low heat generation.'),
(434, 76, 'Our Mustard Oil (mustard sourced from villages around the hills of Ranikhet) is extracted by a traditional cold-press method wherein the nutrient retention is high due to low heat generation.'),
(434, 146, 'Mustard oil is used for frying various culinary dishes and is used as one of the main vegetable oil. Cold pressed mustard oil is a good source of monounsaturated fatty acids which promotes heart health. It has various medicinal properties to cure cracked heels and brittle nails, it improves blood circulation, cure skin diseases, cough and cold etc. Mustard oil speed up the metabolism, stimulates and aids digestion, inhibits cancer cell growth etc.'),
(434, 147, '500ML'),
(435, 73, 'Sesame Oil (Cold Pressed) - 500 ML'),
(435, 74, 'Sesame oil'),
(435, 75, 'Our Sesame oil has been prepared using naturally grown sesame sourced from villages around the hills of Ranikhet in the Almora district of Uttarakhand. It has been extracted using the ancient cold-press method that helps in high nutrient retention due to low heat generation during the oil-extraction process. Sesame has been cultivated by members of our women Self-Help Groups (SHGs) and processed and marketed by our women&rsquo;s Cooperatives.'),
(435, 76, 'Our pure Sesame Oil (sesame sourced from villages around the hills of Ranikhet) is extracted using an ancient cold-press method keeping the nutrient retention high due to low heat generation. It is considered to be rich in Omega-6 fatty acids, antioxidants and has natural anti-inflammatory properties.'),
(435, 147, '500ML'),
(436, 73, 'Walnut - 1 KG'),
(436, 74, 'Walnut'),
(436, 75, 'Walnut or Akhrotis one of the temperate nut fruits grown in the hills of Uttarakhand State. Walnut production is limited in the state however it is grown for commercial purpose. HavePure walnut comes from Champawat district of Uttarakhand. The area is known for cultivation of quality walnut. Walnut is a traditional crop in Champawat. It is grown naturally by the members of SHGs without using chemical inputs. It is collected, cleaned, graded and sundried and then procured by their cooperative.'),
(436, 76, 'Walnut is a rich source of dietary fibers, proteins, Omega-3 fatty acids, antioxidants, dietary fibre and Alpha Linolenic Acid (ALA). It helps in reducing risk of cardiovascular diseases and controlling blood pressure.'),
(436, 146, 'Walnut can be taken in different form viz. assnack or with salads, pastas, and breakfast cereals and with baked items. The best way is to soak the walnut in water, to rinse the tannin, before eating. Soaked walnut gives soft and more buttery taste. Walnut is good for brain health and prevent heart disease and cancer. Raw walnuts are good source of anti-oxidants; omega 3 fatty acids etc. Walnuts consumption help in maintaining cholesterol level, blood pressure, decrease inflammation, promote healthy gut and reduce the risk of cancer etc.'),
(436, 147, '1KG'),
(437, 73, 'Nettle Tea - 50 GM'),
(437, 74, 'Nettle Tea'),
(437, 75, 'HavePure Nettle tea is made from stinging leaves of nettle grown naturally in the hills of Uttarakhand. Nettle is a perennial shrub found growing in temperate and sub-tropical region of Himalayan state of Uttarakhand. It is blended with green tea and dry ginger. Nettle has traditionally been used to treat pain, sore muscles, and useful in relieving arthritis pain. Origin: Nettle leaves and ginger are harvested in the hill villages of Ranikhet area and green tea comes from Gairsain area. All the ingredients, in this pack, are being grown in natural and organic condition. Ranikhet is a famous hill station, known for its serenity, located in Kumaon region while Gairsain is situated at the eastern edge of vast Dudhatoli range, in the middle of Himalayan State of Uttarakhand. Processing: All ingredientsi.e. nettle, ginger and green teaaredried in shade by women Self Help Groups. After proper drying it is mixed and packed in the most hygienic manner.'),
(437, 76, 'Our Nettle Tea (prepared with stinging nettle leaves and flavoured with ginger, sourced from the villages around Ranikhet) is helpful in controlling blood pressure, blood sugar, heart stroke, swelling and joint pain. It is rich in Calcium, Magnesium and Iron. Ingredients: Nettle Leaves, Green Tea leaves and Bay Leaves.'),
(437, 146, 'Usage:It is used as tea and is effective in reducing swellings and joint pains. Tea prepared by infusing dried Nettle leaves is a caffeine-free alternative to tea and helps alleviate arthritic problem. Nettle tea is best suited to aid blood pressure, blood sugar, heart strokes, cancer and exhibits anti-inflammatory properties. Besides this, nettle tea is beneficial for facial acne, scars and imparts detoxifying, slimming and pain-relieving properties to the body'),
(437, 147, '50GM'),
(438, 73, 'Chamomile Tea - 50 GM'),
(438, 74, 'Chamomile Tea'),
(438, 75, 'HAVE PURE Chamomile tea is a blend of chamomile, small cardamom and ginger. Every ingredient added, has its Nutraceutical properties. This blend of tea is suitable for every season and imparts soothing effect to consumer&rsquo;s body besides their well-known health benefits. Chamomile tea is beneficial for treating diabetes, cold, helps in sleep and mind relaxation, lowering blood sugar etc. HAVE PURE Chamomile tea is made of the Chamomile grown in the villages of Ranikhet area-a famous hills station, known for its serenity. It is located in Kumaon region of Himalayan State of Uttarakhand. For making HAVE PURE Chamomile tea; flower are plucked manually and dried under shed. Ginger powder is mixed with this tea. The entire processing is handled by women SHGs of Ranikhet area properly in clean and hygienic manner.'),
(438, 76, 'HAVE PURE Chamomile tea is a blend of chamomile, small cardamom and ginger. Every ingredient added, has its Nutraceutical properties. This blend of tea is suitable for every season and imparts soothing effect to consumer&rsquo;s body besides their well-known health benefits. Chamomile tea is beneficial for treating diabetes, cold, helps in sleep and mind relaxation, lowering blood sugar etc.'),
(438, 146, 'Usage: Chamomile tea may relieve an upset stomach, menstrual cramps, irritable bowel syndrome, indigestion, and abdominal gas. It is believed that it can be used as sleep-inducer; hence the best time to drink chamomile tea is about 30 minute before sleep. Recipe: For making delicious Chamomile tea, at home, follow this simple method: Ingredients: (serving 1 person) 1 table spoon HAVE PURE Chamomile tea, 1 full cup of water, 1 tea spoon sugar or honey. Preparation: Add 1 table spoon chamomile tea in full boiled water and continue boiling for 2-3 minute until its extracts properly extracted Do not simmer it; take the pan from heat and then Pour the mixture through a tea strainer. You can add 1 tea spoon sugar or honey as per liking.'),
(438, 147, '50GM'),
(439, 73, 'Citrus Tea - 150 GM'),
(439, 74, 'Citrus Tea'),
(439, 75, 'HAVE PURE Citrus tea is blend of citrus (Malta fruit), bay leaf and green tea. Bay leaf imparts flavour as well as Nutraceutical properties to this tea. This tea contains plenty of anti-oxidants, rich in vitamin C and contains dietary fibres which regulate various functions of the body. Malta and green tea is being grown in the villages of Gairsain area, a picturesque landscape, emerging as a tourist place in Garhwal region. Gairsain is centrally located and connects both the divisions-Garhwal and Kumaon of the Himalayan state of Uttarakhand. Bay leaves, Malta peel and green tea is shed dried properly to mix it with Malta pulp. The processing is handled by the women SHGs of Gairsain area in a clean and hygienic manner.'),
(439, 76, 'HAVE PURE Citrus tea is blend of citrus (Malta fruit), bay leaf and green tea. Bay leaf imparts flavour as well as Nutraceutical properties to this tea. This tea contains plenty of anti-oxidants, rich in vitamin C and contains dietary fibres which regulate various functions of the body.&nbsp;'),
(439, 146, 'Usage:It is used as tea. HAVE PURE Citrus tea is caffeine free alternative tea. It is used to regulate body sugar level and help produce red blood cells. Recipe: For making delicious citrus tea, at home follow this simple method: Ingredients: (serving 1 person) 1 table spoon HAVE PURE Citrus tea, 1 full cup of water, 1 tea spoon sugar or honey. Preparation: Boil the water until it gives steam. Add 1 tablespoon HAVE PURE citrus tea and Simmer it (on low flame) for 3-4 minute until the extract is properly extracted.&nbsp; Pour the mixture through a tea strainer. You can add 1 tea spoon sugar or honey as per liking.'),
(439, 147, '100GM'),
(440, 73, 'Red Rice - 500 GM'),
(440, 74, 'Red Rice'),
(440, 75, 'Red rice is a unique variety of rice that is cultivated at altitudes between 1500 m to 2500 m in Uttarakhand. Our red rice has been grown under natural conditions.After harvest it is sun-driedand minimally processed to ensure more nutrient and vitamin contents. Red rice derives its red colour from antioxidants called anthocyanins that are considered beneficial in fighting free radicals in the body. Red rice has a high nutritional value and is a good source of vitamin B. It is also beneficial in controlling cholesterol and diabetes. Apart from being an integral part of the staple diet in Uttarakhand, it is also found to be good for south Indian preparations like dosa, idli, appam, puttu etc. Our red rice has been sourced from hill villages in Sarayu valley of Bageshwar district of Uttarakhand. It has been cultivated by members of our women Self-Help Groups (SHGs)and collected from the SHGs by our women&rsquo;s Cooperatives.'),
(440, 76, 'Red rice is a unique variety of rice that is cultivated at altitudes between 1500 m to 2500 m in Uttarakhand. Our red rice has been grown under natural conditions in hill villages in Sarayu valley of Bageshwar district of Uttarakhand. Red rice has a high nutritional value, is rich in antioxidants and is a good source of vitamin B. It is also beneficial in controlling cholesterol and diabetes.'),
(440, 146, '.'),
(440, 147, '1KG'),
(441, 73, 'Jhangora Rice (Barnyard Milletis) - 750 GM'),
(441, 74, 'Jhangora Rice'),
(441, 75, 'Jhangora or Barnyard millet is a traditionally cultivated in the highlands of Uttarakhand under rain-fed conditions. It is traditionally cooked as plain rice and also in diverse local recipes such as porridge, pudding and khichadi. Barnyard Milletis a good source of highly digestible proteins and dietary fibre. It is gluten-free and has lower calorie density as compared to other cereals. Our Barnyard millet has been sourced from villages in the Nayar river catchment of Pauri Garhwal district Uttarakhand. It has been grown under natural conditions by members of our women Self-Help Groups (SHGs) and collected from SHGs by our Cooperatives and subsequently processed and marketed.'),
(441, 76, 'Barnyard Milletis a good source of highly digestible proteins and dietary fibre. It is gluten-free and has lower calorie density as compared to other cereals. Our Barnyard millet flour has been obtained from naturally grown Barnyard millet sourced from villages in the Nayar river catchment of Pauri Garhwal district Uttarakhand.'),
(441, 147, '1KG'),
(442, 73, 'Barley Flour (Jau ka Atta) - 750 GM'),
(442, 74, 'Barley Flour (Jau ka Atta)'),
(442, 75, 'Barley is a traditional foodgrain cultivated under natural conditions by farmers in Uttarakhand. Barley flour in this pack has been specially ground in traditional water mills (gharats) in the villages which makes it more nutritious and richer in dietary fibre. Barley flour is rich in vitamins and micronutrients and; has anti-oxidant properties. It is believed to improve digestion, aid in weight loss and boost immunity. Our Barley flour has been sourced from villages around the hills of Ranikhet in the Almora district of Uttarakhand. It has been grown under natural conditions by members of our women Self-Help Groups (SHGs)and ground locally in traditional water mills. It has been packed and marketed by our women&rsquo;s Cooperatives.'),
(442, 76, 'Barleyis rich in vitamins and micronutrients and has anti-oxidant properties. Our Barley Flour (sourced from villages around the hills of Ranikhet in Uttarakhand)has been ground in traditional water mills making it more nutritious and richer in dietary fibre.'),
(442, 147, '1KG'),
(443, 73, 'Manduwa Flour (Finger millet flour) - 750 GM'),
(443, 74, 'Manduwa Flour'),
(443, 75, 'Finger millet (locally known as Mandua) is a variety of millet cultivated traditionally in villages in Uttarakhand under rain-fed conditions. Chappatis made for finger millet flour form the staple diet of communities in Uttarakhand. It is also good for preparing cakes, pancakes, cookies etc. Finger Millet is a gluten-free cereal rich in protein, vitamins, minerals and dietary fibre. Our Finger millet has been sourced from villages in the Nayar river catchment of Pauri Garhwal district Uttarakhand. It has been grown under natural conditions by members of our women Self-Help Groups (SHGs)and collected from SHGs by our Cooperatives and subsequently processed and marketed.'),
(443, 76, 'Finger Milletis a gluten-free cereal rich in protein, vitamins, minerals and dietary fibre. Our Finger Millet Flourhas been sourced from finger millet grown in hill villages in the Nayar river catchment of Pauri district of Uttarakhand.'),
(443, 147, '1KG'),
(444, 73, 'Gahat - 750 GM'),
(444, 74, 'Gahat'),
(444, 75, 'Horse gram or Gahat is a traditional pulse/ lentil crop grown in rain fed areas in the hills of Uttarakhand. It is one of the most popular varieties of pulses being grown and consumed in various forms in the hills especially in winter. Have PURE Gahat is sourced from hill villages situated in and around Bhagirathi river (a tributary to holy river Ganges) landscape of district Tehri Garhwal, Uttarakhand. Have PURE Gahat is cultivated and processed (dried and packed) by the members of women SHGs and their cooperative formed in district Tehri Garhwal. The cultivation takes place in rain fed areas mostly and the lentil is grown in natural/ organic condition.'),
(444, 76, 'Horse gram or Gahat is a traditional pulse/ lentil crop grown in rain fed areas in the hills of Uttarakhand. It is one of the most popular varieties of pulses being grown and consumed in various forms in the hills especially in winter.'),
(444, 147, '1KG'),
(445, 73, 'Black Soyabean (Kala Bhatt) - 500 GM'),
(445, 74, 'Black Soyabean (Kala Bhatt)'),
(445, 75, 'Locally known as &ldquo;Kaala Bhatt&rdquo;, this is a traditional soyabean variety of Uttarakhand. It is cultivated under natural conditions in Uttarakhand at altitudes ranging between 1000 m to 1800 m. It forms an integral part of the staple diet of the local communities owing to its nutrition value and high protein and fibre content. It is considered useful in controlling diabetes and blood pressure and strengthening bones. Our black soyabean has been sourced from villages around the hills of Ranikhet in the Almora district of Uttarakhand. It has been grown under natural conditions by members of our women Self-Help Groups (SHGs)and; processed and marketed by our women&rsquo;s Cooperatives.'),
(445, 76, 'Locally known as &ldquo;Kaala Bhatt&rdquo;, this is a traditional soyabean variety of Uttarakhand. It is cultivated under natural conditions in Uttarakhand at altitudes ranging between 1000 m to 1800 m.It forms an integral part of the staple diet of the local communities owing to its nutrition value and high protein and fibre content.'),
(445, 147, '1KG'),
(446, 73, 'Soyabean - 750 GM'),
(446, 74, 'Soyabean'),
(446, 75, 'Locally known as &ldquo;Bhatt&rdquo; this pulse has been traditionally grown under &ldquo;Barahanaja&rdquo; system (12 crops being grown together). It is cultivated under natural conditions in Uttarakhand at altitudes ranging between 1000 m to 1800 m. A rich source of Lecithin, soyabean is considered helpful in ailments of gallbladder, liver and kidneys. It is rich in Phosphorus and in Omega-3 fatty acid. Our soyabean has been sourced from farms in Bhagarathi river landscape in Tehri Garhwal district of Uttarakhand. It has been grown under natural conditions by members of our women Self-Help Groups (SHGs) and; processed and marketed by our women&rsquo;s Cooperatives.'),
(446, 76, 'Locally known as &ldquo;Bhatt&rdquo; this pulse has been traditionally grown under &ldquo;Barahanaja&rdquo; system (12 crops being grown together). It is cultivated under natural conditions in Uttarakhand at altitudes ranging between 1000 m to 1800 m'),
(446, 147, '1KG'),
(447, 73, 'Rajama-Munsiyari - 500 GM'),
(447, 74, 'Rajama-Munsiyari'),
(447, 75, 'This variety of kidney beans (rajma) is one of the most sought-after one of Uttarakhand. It derives its name from the town of Munsyari (2200 m). Munsiari kidney beans have a unique off-white colour and beans are larger in size as compared to other varieties. These are known for delicious taste, high fiber and protein content. Our kidney beans have been cultivated under natural conditions in Johar valley of Pithoragarh district of Uttarakhand. It has been collected from farmers by our women&rsquo;s Cooperatives.'),
(447, 76, 'This variety of kidney beans (rajma) is one of the most sought-after one of Uttarakhand. It derives its name from the town of Munsyari (2200 m). Munsiari kidney beans have a unique off-white colour and beans are larger in size as compared to other varieties. These are known for delicious taste, high fiber and protein content.'),
(447, 147, '1KG'),
(448, 73, 'Amla Powder - 100 GM'),
(448, 74, 'Amla Powder'),
(448, 75, 'This powder has been prepared from high quality Amla. They are cleaned, sun-dried and ground in most hygienic manner. Amla is known for its high vitamin C, Iron and Calcium contents and; is helpful in boosting immunity, controlling diabetes and reducing bad cholesterol. Our Amla has been sourced from villages in Nainidanda region of Pauri Garhwal district in Corbett landscape and Ramganga river catchment in Uttarakhand. It has been harvested by members of our women Self-Help Groups (SHGs) and; processed and marketed by our women&rsquo;s Cooperatives'),
(448, 76, 'Our Amla (sourced from Amla grown in village near Nainidanda, Pauri in corbett landscape &amp; Ramganga river catchment) is known for its high vitamin C, Iron &amp; Calcium contents helpful in boosting immunity, controlling diabetes &amp; reducing bad cholesterol.'),
(448, 147, '100GM'),
(449, 73, 'Himalayan honey - 350 GM'),
(449, 74, 'Himalayan honey'),
(449, 75, 'Our multiflora honey has been sourced from villages near Lansdowne in Pauri Garhwal district of Uttarakhand. It has been collected from bee reared in traditional hives and bee boxes that feed on flora in local forests and crops. It is rich in vitamins, nutrients and antioxidants. It has been extracted by members of our women Self-Help Groups (SHGs) and marketed by our women&rsquo;s Cooperative.'),
(449, 76, 'Our Himalayan Honey (sourced from villages near Lansdowne in Uttarakhand) is rich in nutrients and antioxidants. Collected straight from the hive with a harmonious composition of Himalayan flora, suitable for all sweetening purposes.'),
(449, 147, '250GM'),
(450, 73, 'Harad Powder - 100 GM'),
(450, 74, 'Harad Powder'),
(450, 75, 'Harad or Terminalia chebulahas a wide use in Ayurveda. Harad powder is believed to be rich in antioxidants, effective for intestinal health, constipation and weight loss as well as considered helpful in controlling hair loss. Use of Harad powder (mixed with water) in appropriate quantities is considered beneficial in boosting the immune system. Triphala, an Ayurvedic preparation made from Amla, Baheda and Harad, is a milk laxative and believed to improve digestion, build immunity and useful for treating eye diseases. Our Harad has been sourced from villages in Nainidanda region of Pauri Garhwal district in Corbett landscape and Ramganga river catchment in Uttarakhand. It has been harvested by members of our women Self-Help Groups (SHGs) and processed and marketed by our women&rsquo;s Cooperatives.'),
(450, 76, 'Our Harad powder (sourced from villages near Nainidanda, Pauri in Corbett landscape and Ramganga river catchment) is believed to be rich in antioxidants and helps in improving digestion. Triphala, an Ayurvedic preparation made from Amla, Bahera and Harad, is a mild laxative and believed to improve digestion, build immunity and useful for treating eye diseases.'),
(450, 147, '100GM'),
(451, 73, 'Bahera Powder - 100 GM'),
(451, 74, 'Bahera Powder'),
(451, 75, 'Baheda (Terminalia bellerica) powder is believed to be useful in protecting liver, treatment of respiratory tract infections, cough and sore throat. This pack contains dried powder of Baheda fruits harvested, sun-dried and pulverized in a hygienic manner. Triphala, an Ayurvedic preparation made from Amla, Baheda and Harad, is a milk laxative and believed to improve digestion, build immunity and useful for treating eye diseases. Our Baheda has been sourced from villages in Nainidanda region of Pauri Garhwal district in Corbett landscape and Ramganga river catchment in Uttarakhand. It has been harvested by members of our women Self-Help Groups (SHGs) and processed and marketed by our women&rsquo;s Cooperatives.'),
(451, 76, 'Our Bahera powder (sourced from villages near Nainidanda, Pauri in Corbett landscape and Ramganga river catchment) is believed to be useful in protecting liver, treatment of respiratory tract infections, cough, and sore throat. Triphala, an Ayurvedic preparation made from Amla, Bahera and Harad, is a mild laxative and believed to improve digestion, build immunity and useful for treating eye diseases.'),
(451, 147, '100GM'),
(452, 73, 'Ginger Powder - 100 GM'),
(452, 74, 'Ginger Powder'),
(452, 75, 'Ginger powder is also known as Sonth, is obtained from ginger root. It is a fine off-white or slightly brownish powder that has a strong aroma and a pungent flavour.Dry ginger powder is widely used to add flavor and aroma. Ginger finds mention in Ayurveda. It has anti-inflammatory and anti-bacterialproperties, it helps improving digestion and is widely used as a home-remedy for treatment of common cold. Ginger been cultivated under natural conditions by members of our Self-Help Groups (SHGs). It has been sun-dried and pulverized in most hygienic manner and marketed by our women&rsquo;s Cooperatives.'),
(452, 76, 'Our Ginger Powder (sourced from villages near Nainidanda, Pauri in Corbett landscape and Ramganga river catchment) has powerful immunity boosting properties that make it deeply healing and nourishing.'),
(452, 147, '100GM'),
(453, 73, 'Ghee - 250 GM'),
(453, 74, 'Ghee'),
(453, 75, 'Our cow&rsquo;s Ghee has been prepared from the milk of mountain cows. These cows are reared in highlands and fed mostly on naturally grown grasses and organic crop residues. This ghee is considered rich in fat-soluble vitamins and Omega-3. It is useful for weight loss and keeps body warm in winter. This has been sourced from villages near Lansdowne in Uttarakhand Himalayas. Members of our women Self-Help Groups (SHGs) and their cooperative prepare the ghee in most hygienic manner. It is packed and marketed our women&rsquo;s cooperative.'),
(453, 76, 'Our Ghee (sourced from villages near Lansdowne in Uttarakhand Himalayas) is produced by natural grass-fed cows and is considered to be rich in fat-soluble vitamins and Omega-3.'),
(453, 147, '250GM'),
(454, 73, 'Seabuckthorn Tea - 50 GM'),
(454, 74, 'Seabuckthorn Tea'),
(454, 75, 'Seabuckthorn tea'),
(454, 76, 'Seabuckthorn tea'),
(454, 147, '50GM'),
(455, 73, 'Rhododendron Squash - 1 L'),
(455, 74, 'Rohodendron Squash'),
(455, 75, 'Rhododendron Squash'),
(455, 76, 'Rhododendron Squash'),
(455, 147, '1000ML'),
(456, 73, 'Walnut Salsa - 310 GM'),
(456, 74, 'Walnut Salsa'),
(456, 75, 'Walnut Salsa'),
(456, 76, 'Walnut Salsa'),
(456, 147, '250GM'),
(457, 73, 'Apple flakes - 200 GM'),
(457, 74, 'Apple flakes'),
(457, 75, 'Apple flakes'),
(457, 76, 'Apple flakes'),
(457, 147, '200GM'),
(458, 73, 'Pumpkin Flakes - 200 GM'),
(458, 74, 'Pumpkin Flakes'),
(458, 75, 'Pumpkin flakes'),
(458, 76, 'Pumpkin flakes'),
(458, 147, '200GM'),
(460, 73, 'Malta Squash - 1 L'),
(460, 74, 'Malta Squash'),
(460, 75, 'Malta Squash'),
(460, 76, 'Malta Squash'),
(460, 147, '1000ML'),
(461, 73, 'Coriander Powder - 1 KG'),
(461, 74, 'Coriander Powder-1'),
(461, 75, 'Our Coriander Powder (seeds sourced from the villages near Nainidanda, Pauri in Corbett landscape and Ramganga river catchment) is a source of Calcium, Iron and protein amongst various other vital nutrients.'),
(461, 76, 'Our Coriander Powder (seeds sourced from the villages near Nainidanda, Pauri in Corbett landscape and Ramganga river catchment) is a source of Calcium, Iron and protein amongst various other vital nutrients.'),
(461, 147, '1KG'),
(462, 73, 'Red chilli powder - 1 KG'),
(462, 74, 'Red chilli powder-1'),
(462, 75, 'Our Red Chilli Powder (sourced from village in the Nayar river catchment Pauri) is considered to be rich in Potassium. Red Chilli has proven to be a rich source of Vitamin C that supports the immune system.'),
(462, 76, 'Our Red Chilli Powder (sourced from village in the Nayar river catchment Pauri) is considered to be rich in Potassium.'),
(462, 147, '1KG'),
(463, 73, 'Haldi powder - 1 KG'),
(463, 74, 'Haldi powder'),
(463, 75, 'Turmeric powder has been is obtained by pulverizing sun-dried turmeric grow in Uttarakhand hills. Turmeric cultivated in the highlands of Uttarakhand has high Curcumin content and encourages healthy cholesterol levels, acts as antioxidant and boosts stress tolerance. Our turmeric powder has been prepared using turmeric sourced from villages in Nainidanda region of Pauri Garhwal district in Corbett landscape and Ramganga river catchment in Uttarakhand. It has been grown under natural conditions by members of our women Self-Help Groups (SHGs)and processed and marketed by our women&rsquo;s Cooperatives.'),
(463, 76, 'Our Turmeric Powder, (sourced from turmeric grown in villages near Nainidanda, Pauri in Corbett landscape and Ramganga river catchment) encourages healthy cholesterol levels and boosts stress tolerance.'),
(463, 147, '1KG'),
(464, 73, 'Jakhya (Wild Mustard) - 1 KG'),
(464, 74, 'Jakhya (Wild Mustard)'),
(464, 75, 'Our Jakhya (sourced from villages in the Nayar river catchment, Pauri) is traditionally used for adding flavour to various recipes, leaving an exotic feel on the taste buds. The seeds are also known for treating liver and respiratory ailments.'),
(464, 76, 'Our Jakhya (sourced from villages in the Nayar river catchment, Pauri) is traditionally used for adding flavour to various recipes, leaving an exotic feel on the taste buds.'),
(464, 147, '1KG'),
(465, 73, 'Bhang Jeera (Perilla) - 1 KG'),
(465, 74, 'Bhang Jeera (Perilla)'),
(465, 75, 'Our Perilla (sourced from villages near Kapkot and Bageshwar, located along the Sarayu valley) is a herb grown in the mid-Himalayas. Perilla seeds are considered rich in Omega-3 and Omega-6 fatty acids with anti-oxidant and anti-inflammatory properties.'),
(465, 76, 'Our Perilla (sourced from villages near Kapkot and Bageshwar, located along the Sarayu valley) is a herb grown in the mid-Himalayas.'),
(465, 147, '1KG'),
(466, 73, 'Bhang Seeds (Hemp Seeds) - 1 KG'),
(466, 74, 'Bhang Seeds (Hemp Seeds)'),
(466, 75, 'Bhang Seeds (Hemp Seeds)'),
(466, 76, 'Bhang Seeds (Hemp Seeds)'),
(467, 73, 'Walnut Spread - 370 GM'),
(467, 74, 'Walnut Spread'),
(467, 75, 'Our Walnut Spread blends the goodness of walnut and honey, both sourced from Kurnaon Himalayan landscapes. Walnut is hch in minerals, fats and protein; and honey is full of antioxidants in addition to nutrients. Hence, our naturally sweet and tasty spread encourages nutrient intake espacially by children.'),
(467, 76, 'Our Walnut Spread blends the goodness of walnut and honey, both sourced from Kurnaon Himalayan landscapes. Walnut is hch in minerals, fats and protein and honey'),
(467, 147, '250GM'),
(468, 73, 'Amla Squash - 1 L'),
(468, 74, 'Amla Squash'),
(468, 75, 'Amla Squash'),
(468, 76, 'Amla Squash'),
(468, 144, 'Amla Squash'),
(468, 147, '1000ML'),
(474, 0, 'Manduwa Flour | Combo Items'),
(474, 73, 'Manduwa Flour (Finger millet flour) - 750 GM | Manduwa Flour (Finger millet flour) - 750 GM | Faran- 30 GM | Amla Powder - 100 GM | Jakhya - 100 GM | Jakhya - 250 GM | Yellow Chilli Powder - 250 g | Bahera Powder - 100 GM | Harad Powder - 100 GM | Perilla (Bhang Jeera)-75GM | Perilla (Bhang Jeera)-250GM'),
(474, 74, 'Manduwa-Flour'),
(474, 75, 'Finger millet (locally known as Mandua) is a variety of millet cultivated traditionally in villages in Uttarakhand under rain-fed conditions. Chappatis made for finger millet flour form the staple diet of communities in Uttarakhand. It is also good for preparing cakes, pancakes, cookies etc. Finger Millet is a gluten-free cereal rich in protein, vitamins, minerals and dietary fibre. Our Finger millet has been sourced from villages in the Nayar river catchment of Pauri Garhwal district Uttarakhand. It has been grown under natural conditions by members of our women Self-Help Groups (SHGs)and collected from SHGs by our Cooperatives and subsequently processed and marketed. | Finger millet (locally known as Mandua) is a variety of millet cultivated traditionally in villages in Uttarakhand under rain-fed conditions. Chappatis made for finger millet flour form the staple diet of communities in Uttarakhand. It is also good for preparing cakes, pancakes, cookies etc. Finger Millet is a gluten-free cereal rich in protein, vitamins, minerals and dietary fibre. Our Finger millet has been sourced from villages in the Nayar river catchment of Pauri Garhwal district Uttarakhand. It has been grown under natural conditions by members of our women Self-Help Groups (SHGs)and collected from SHGs by our Cooperatives and subsequently processed and marketed. | Faran or Jambu is an alpine herb that grows between 2500 m to 3000 m altitude in the Himalayas. Its inflorescence and leaves are used as seasoning agents. Faran is widely used as a condiment. Dried leaves of this herb are tempered in oil or ghee to flavour vegetables, curries, soups and meat. Faran aids in digestion and controlling cholesterol. Our Faran has been sourced from villages in the Dhauli Ganga valley of the Nanda Devi Biosphere Reserve in Uttarakhand. It is being processed and marketed by our women&rsquo;s cooperatives. | This powder has been prepared from high quality Amla. They are cleaned, sun-dried and ground in most hygienic manner. Amla is known for its high vitamin C, Iron and Calcium contents and; is helpful in boosting immunity, controlling diabetes and reducing bad cholesterol. Our Amla has been sourced from villages in Nainidanda region of Pauri Garhwal district in Corbett landscape and Ramganga river catchment in Uttarakhand. It has been harvested by members of our women Self-Help Groups (SHGs) and; processed and marketed by our women&rsquo;s Cooperatives | Jakhya (also known as wild mustard) is the seed of Cleome viscose, a traditional herb of the mid-Himalayas. Jakhya is dark brown in colour and is traditionally used for tempering culinary dishes in the Himalayan region. It crackles on being heated in oil, has a distinct smell and adds flavour to various recipes, leaving an exotic feel on the taste buds. Jakhia is widely used in Uttarakhand in preparing various cuisines, particularly for preparing vegetables, pulses and curries. It is considered beneficial for treating liver and respiratory ailments. Our Jakhya has been sourced from Nayarriver catchment of Pauri Garhwal district Uttarakhand. It has been grown under natural conditions by members of our women Self-Help Groups (SHGs) and; processed and marketed by our women&rsquo;s cooperatives | Yellow chilli powder has been obtained from a unique variety of chilli cultivated in the villages in Nainidanda region of Pauri Garhwal district in Corbett landscape and Ramganga river catchment in Uttarakhand. Locally know as Lakhori or Dhara chilli, it is highly pungent and gives a rich flavour. It is a good source of Vitamin C with anti-bacterial, analgesic and anti-diabetic properties. It has been grown under natural conditions by members of our women Self-Help Groups (SHGs). Chillies are plucked manually, sun-dried and pulverized in a hygienic manner. | Baheda (Terminalia bellerica) powder is believed to be useful in protecting liver, treatment of respiratory tract infections, cough and sore throat. This pack contains dried powder of Baheda fruits harvested, sun-dried and pulverized in a hygienic manner. Triphala, an Ayurvedic preparation made from Amla, Baheda and Harad, is a milk laxative and believed to improve digestion, build immunity and useful for treating eye diseases. Our Baheda has been sourced from villages in Nainidanda region of Pauri Garhwal district in Corbett landscape and Ramganga river catchment in Uttarakhand. It has been harvested by members of our women Self-Help Groups (SHGs) and processed and marketed by our women&rsquo;s Cooperatives. | Harad or Terminalia chebulahas a wide use in Ayurveda. Harad powder is believed to be rich in antioxidants, effective for intestinal health, constipation and weight loss as well as considered helpful in controlling hair loss. Use of Harad powder (mixed with water) in appropriate quantities is considered beneficial in boosting the immune system. Triphala, an Ayurvedic preparation made from Amla, Baheda and Harad, is a milk laxative and believed to improve digestion, build immunity and useful for treating eye diseases. Our Harad has been sourced from villages in Nainidanda region of Pauri Garhwal district in Corbett landscape and Ramganga river catchment in Uttarakhand. It has been harvested by members of our women Self-Help Groups (SHGs) and processed and marketed by our women&rsquo;s Cooperatives.'),
(474, 76, 'Finger Milletis a gluten-free cereal rich in protein, vitamins, minerals and dietary fibre. Our Finger Millet Flourhas been sourced from finger millet grown in hill villages in the Nayar river catchment of Pauri district of Uttarakhand. | Finger Milletis a gluten-free cereal rich in protein, vitamins, minerals and dietary fibre. Our Finger Millet Flourhas been sourced from finger millet grown in hill villages in the Nayar river catchment of Pauri district of Uttarakhand. | Our Faran (sourced from Malari village in the Dhauli Ganga valley of the Nanda Devi Biosphere Reserve) is an alpine herb that aids in digestion and cholesterol reduction. Its inflorescence and leaves are popularly used as seasoning agents. | Our Amla (sourced from Amla grown in village near Nainidanda, Pauri in corbett landscape &amp; Ramganga river catchment) is known for its high vitamin C, Iron &amp; Calcium contents helpful in boosting immunity, controlling diabetes &amp; reducing bad cholesterol. | Our Jakhya (sourced from villages in the Nayar river catchment, Pauri) is traditionally used for adding flavour to various recipes, leaving an exotic feel on the taste buds. The seeds are also known for treating liver and respiratory ailments. | Our Yellow Chilli Powder (sourced from yellow chilli grown in villages near Nainidanda, Pauri in Corbett landscape and Ramganga river catchment) is a good source of Vitamin C with anti-bacterial, analgesic and anti-diabetic properties. | Our Bahera powder (sourced from villages near Nainidanda, Pauri in Corbett landscape and Ramganga river catchment) is believed to be useful in protecting liver, treatment of respiratory tract infections, cough, and sore throat. Triphala, an Ayurvedic preparation made from Amla, Bahera and Harad, is a mild laxative and believed to improve digestion, build immunity and useful for treating eye diseases. | Our Harad powder (sourced from villages near Nainidanda, Pauri in Corbett landscape and Ramganga river catchment) is believed to be rich in antioxidants and helps in improving digestion. Triphala, an Ayurvedic preparation made from Amla, Bahera and Harad, is a mild laxative and believed to improve digestion, build immunity and useful for treating eye diseases.'),
(474, 147, '1KG | 25GM | 100GM | 100GM | 100GM | 100GM | 100GM'),
(475, 73, 'Jakhya - 250 GM'),
(475, 74, 'Jakhya - 250 GM'),
(476, 73, 'Perilla (Bhang Jeera)-75GM'),
(476, 74, 'Perilla (Bhang Jeera)-75GM'),
(477, 73, 'Perilla (Bhang Jeera)-250GM'),
(477, 74, 'Perilla (Bhang Jeera)-250GM'),
(478, 0, 'Barley Flour | Combo Items'),
(478, 73, 'Barley Flour - 750 GM | Barley Flour (Jau ka Atta) - 750 GM | Faran- 30 GM | Amla Powder - 100 GM | Perilla (Bhang Jeera)-75GM | Perilla (Bhang Jeera)-250GM | Jakhya - 100 GM | Jakhya - 250 GM | Yellow Chilli Powder - 250 g | Bahera Powder - 100 GM | Harad Powder - 100 GM'),
(478, 74, 'Barley Flour - 750 GM');
INSERT INTO `sgp_catalogsearch_fulltext_scope1` (`entity_id`, `attribute_id`, `data_index`) VALUES
(478, 75, 'Barley is a traditional food grain cultivated under natural conditions by farmers in Uttarakhand. Barley flour in this pack has been specially ground in traditional water mills (gharats) in the villages which makes it more nutritious and richer in dietary fibre. Barley flour is rich in vitamins and micro nutrients and has anti-oxidant properties. It is believed to improve digestion, aid in weight loss and boost immunity. Our Barley flour has been sourced from villages situated in the Ramganga Catchment around the hills of Ranikhet in the Almora district of Uttarakhand. The river originating in the southern slopes of Dudhatoli Hills of Gairsain subdivision (Diwali Khal) is endowed with beautiful landscapes and is the lifeline of world-famous Corbett National Park. As it flows through untouched mountain corridors, it brings with itself an abundance of pure aquatic and loam properties. Barley, grown by our women SHG members in their fields in this rich valley, imbibes the purity of Ramganga waters, which manifests in its taste and properties. It has been grown under natural conditions by members of our women Self-Help Groups (SHGs) and ground locally in traditional water mills, called Gharat. It has been packed and marketed by our women&rsquo;s Cooperatives. | Barley is a traditional foodgrain cultivated under natural conditions by farmers in Uttarakhand. Barley flour in this pack has been specially ground in traditional water mills (gharats) in the villages which makes it more nutritious and richer in dietary fibre. Barley flour is rich in vitamins and micronutrients and; has anti-oxidant properties. It is believed to improve digestion, aid in weight loss and boost immunity. Our Barley flour has been sourced from villages around the hills of Ranikhet in the Almora district of Uttarakhand. It has been grown under natural conditions by members of our women Self-Help Groups (SHGs)and ground locally in traditional water mills. It has been packed and marketed by our women&rsquo;s Cooperatives. | Faran or Jambu is an alpine herb that grows between 2500 m to 3000 m altitude in the Himalayas. Its inflorescence and leaves are used as seasoning agents. Faran is widely used as a condiment. Dried leaves of this herb are tempered in oil or ghee to flavour vegetables, curries, soups and meat. Faran aids in digestion and controlling cholesterol. Our Faran has been sourced from villages in the Dhauli Ganga valley of the Nanda Devi Biosphere Reserve in Uttarakhand. It is being processed and marketed by our women&rsquo;s cooperatives. | This powder has been prepared from high quality Amla. They are cleaned, sun-dried and ground in most hygienic manner. Amla is known for its high vitamin C, Iron and Calcium contents and; is helpful in boosting immunity, controlling diabetes and reducing bad cholesterol. Our Amla has been sourced from villages in Nainidanda region of Pauri Garhwal district in Corbett landscape and Ramganga river catchment in Uttarakhand. It has been harvested by members of our women Self-Help Groups (SHGs) and; processed and marketed by our women&rsquo;s Cooperatives | Jakhya (also known as wild mustard) is the seed of Cleome viscose, a traditional herb of the mid-Himalayas. Jakhya is dark brown in colour and is traditionally used for tempering culinary dishes in the Himalayan region. It crackles on being heated in oil, has a distinct smell and adds flavour to various recipes, leaving an exotic feel on the taste buds. Jakhia is widely used in Uttarakhand in preparing various cuisines, particularly for preparing vegetables, pulses and curries. It is considered beneficial for treating liver and respiratory ailments. Our Jakhya has been sourced from Nayarriver catchment of Pauri Garhwal district Uttarakhand. It has been grown under natural conditions by members of our women Self-Help Groups (SHGs) and; processed and marketed by our women&rsquo;s cooperatives | Yellow chilli powder has been obtained from a unique variety of chilli cultivated in the villages in Nainidanda region of Pauri Garhwal district in Corbett landscape and Ramganga river catchment in Uttarakhand. Locally know as Lakhori or Dhara chilli, it is highly pungent and gives a rich flavour. It is a good source of Vitamin C with anti-bacterial, analgesic and anti-diabetic properties. It has been grown under natural conditions by members of our women Self-Help Groups (SHGs). Chillies are plucked manually, sun-dried and pulverized in a hygienic manner. | Baheda (Terminalia bellerica) powder is believed to be useful in protecting liver, treatment of respiratory tract infections, cough and sore throat. This pack contains dried powder of Baheda fruits harvested, sun-dried and pulverized in a hygienic manner. Triphala, an Ayurvedic preparation made from Amla, Baheda and Harad, is a milk laxative and believed to improve digestion, build immunity and useful for treating eye diseases. Our Baheda has been sourced from villages in Nainidanda region of Pauri Garhwal district in Corbett landscape and Ramganga river catchment in Uttarakhand. It has been harvested by members of our women Self-Help Groups (SHGs) and processed and marketed by our women&rsquo;s Cooperatives. | Harad or Terminalia chebulahas a wide use in Ayurveda. Harad powder is believed to be rich in antioxidants, effective for intestinal health, constipation and weight loss as well as considered helpful in controlling hair loss. Use of Harad powder (mixed with water) in appropriate quantities is considered beneficial in boosting the immune system. Triphala, an Ayurvedic preparation made from Amla, Baheda and Harad, is a milk laxative and believed to improve digestion, build immunity and useful for treating eye diseases. Our Harad has been sourced from villages in Nainidanda region of Pauri Garhwal district in Corbett landscape and Ramganga river catchment in Uttarakhand. It has been harvested by members of our women Self-Help Groups (SHGs) and processed and marketed by our women&rsquo;s Cooperatives.'),
(478, 76, 'Barley is rich in vitamins and micronutrients and has anti-oxidant properties. Our Barley Flour (sourced from villages around the hills of Ranikhet in Uttarakhand)has been ground in traditional water mills making it more nutritious and richer in dietary fibre. | Barleyis rich in vitamins and micronutrients and has anti-oxidant properties. Our Barley Flour (sourced from villages around the hills of Ranikhet in Uttarakhand)has been ground in traditional water mills making it more nutritious and richer in dietary fibre. | Our Faran (sourced from Malari village in the Dhauli Ganga valley of the Nanda Devi Biosphere Reserve) is an alpine herb that aids in digestion and cholesterol reduction. Its inflorescence and leaves are popularly used as seasoning agents. | Our Amla (sourced from Amla grown in village near Nainidanda, Pauri in corbett landscape &amp; Ramganga river catchment) is known for its high vitamin C, Iron &amp; Calcium contents helpful in boosting immunity, controlling diabetes &amp; reducing bad cholesterol. | Our Jakhya (sourced from villages in the Nayar river catchment, Pauri) is traditionally used for adding flavour to various recipes, leaving an exotic feel on the taste buds. The seeds are also known for treating liver and respiratory ailments. | Our Yellow Chilli Powder (sourced from yellow chilli grown in villages near Nainidanda, Pauri in Corbett landscape and Ramganga river catchment) is a good source of Vitamin C with anti-bacterial, analgesic and anti-diabetic properties. | Our Bahera powder (sourced from villages near Nainidanda, Pauri in Corbett landscape and Ramganga river catchment) is believed to be useful in protecting liver, treatment of respiratory tract infections, cough, and sore throat. Triphala, an Ayurvedic preparation made from Amla, Bahera and Harad, is a mild laxative and believed to improve digestion, build immunity and useful for treating eye diseases. | Our Harad powder (sourced from villages near Nainidanda, Pauri in Corbett landscape and Ramganga river catchment) is believed to be rich in antioxidants and helps in improving digestion. Triphala, an Ayurvedic preparation made from Amla, Bahera and Harad, is a mild laxative and believed to improve digestion, build immunity and useful for treating eye diseases.'),
(478, 147, '1KG | 25GM | 100GM | 100GM | 100GM | 100GM | 100GM'),
(479, 0, 'Soyabean | Combo Items'),
(479, 73, 'Soyabean - 750 GM | Soyabean - 750 GM | Faran- 30 GM | Amla Powder - 100 GM | Perilla (Bhang Jeera)-75GM | Perilla (Bhang Jeera)-250GM | Jakhya - 250 GM | Jakhya - 100 GM | Yellow Chilli Powder - 250 g | Harad Powder - 100 GM | Bahera Powder - 100 GM'),
(479, 74, 'Soyabean - 750 GM'),
(479, 75, 'Our Soyabeanhas been cultivated in terraced fields under natural, rain-fed conditions at altitudes ranging between 1000 m to 1800 m in Uttarakhand. A rich source of Lecithin, Soyabean is considered helpful in ailments of gall bladder, liver and kidneys. It is rich in Phosphorus and in Omega-3 fatty acid. Our Soyabean has been sourced from hill villages in Bhagirathi valley in Tehri Garhwal district of Uttarakhand. River Bhagirathi is the main stream of the holy river Ganga. After rising from Gangotri glacier near Gaumukh, it passes through this valley endowing the hill farms located along its course with mineral rich soil and water that enriches our Soyabean crops. After flowing through this valley, Bhagirathi confluences with Alakhanda river at Devprayag to form the much revered and holy Ganga river. After harvest by our women Self-Help Groups (SHGs) members, Soyabean is processed and marketed by our women&rsquo;s Cooperatives. | Locally known as &ldquo;Bhatt&rdquo; this pulse has been traditionally grown under &ldquo;Barahanaja&rdquo; system (12 crops being grown together). It is cultivated under natural conditions in Uttarakhand at altitudes ranging between 1000 m to 1800 m. A rich source of Lecithin, soyabean is considered helpful in ailments of gallbladder, liver and kidneys. It is rich in Phosphorus and in Omega-3 fatty acid. Our soyabean has been sourced from farms in Bhagarathi river landscape in Tehri Garhwal district of Uttarakhand. It has been grown under natural conditions by members of our women Self-Help Groups (SHGs) and; processed and marketed by our women&rsquo;s Cooperatives. | Faran or Jambu is an alpine herb that grows between 2500 m to 3000 m altitude in the Himalayas. Its inflorescence and leaves are used as seasoning agents. Faran is widely used as a condiment. Dried leaves of this herb are tempered in oil or ghee to flavour vegetables, curries, soups and meat. Faran aids in digestion and controlling cholesterol. Our Faran has been sourced from villages in the Dhauli Ganga valley of the Nanda Devi Biosphere Reserve in Uttarakhand. It is being processed and marketed by our women&rsquo;s cooperatives. | This powder has been prepared from high quality Amla. They are cleaned, sun-dried and ground in most hygienic manner. Amla is known for its high vitamin C, Iron and Calcium contents and; is helpful in boosting immunity, controlling diabetes and reducing bad cholesterol. Our Amla has been sourced from villages in Nainidanda region of Pauri Garhwal district in Corbett landscape and Ramganga river catchment in Uttarakhand. It has been harvested by members of our women Self-Help Groups (SHGs) and; processed and marketed by our women&rsquo;s Cooperatives | Jakhya (also known as wild mustard) is the seed of Cleome viscose, a traditional herb of the mid-Himalayas. Jakhya is dark brown in colour and is traditionally used for tempering culinary dishes in the Himalayan region. It crackles on being heated in oil, has a distinct smell and adds flavour to various recipes, leaving an exotic feel on the taste buds. Jakhia is widely used in Uttarakhand in preparing various cuisines, particularly for preparing vegetables, pulses and curries. It is considered beneficial for treating liver and respiratory ailments. Our Jakhya has been sourced from Nayarriver catchment of Pauri Garhwal district Uttarakhand. It has been grown under natural conditions by members of our women Self-Help Groups (SHGs) and; processed and marketed by our women&rsquo;s cooperatives | Yellow chilli powder has been obtained from a unique variety of chilli cultivated in the villages in Nainidanda region of Pauri Garhwal district in Corbett landscape and Ramganga river catchment in Uttarakhand. Locally know as Lakhori or Dhara chilli, it is highly pungent and gives a rich flavour. It is a good source of Vitamin C with anti-bacterial, analgesic and anti-diabetic properties. It has been grown under natural conditions by members of our women Self-Help Groups (SHGs). Chillies are plucked manually, sun-dried and pulverized in a hygienic manner. | Harad or Terminalia chebulahas a wide use in Ayurveda. Harad powder is believed to be rich in antioxidants, effective for intestinal health, constipation and weight loss as well as considered helpful in controlling hair loss. Use of Harad powder (mixed with water) in appropriate quantities is considered beneficial in boosting the immune system. Triphala, an Ayurvedic preparation made from Amla, Baheda and Harad, is a milk laxative and believed to improve digestion, build immunity and useful for treating eye diseases. Our Harad has been sourced from villages in Nainidanda region of Pauri Garhwal district in Corbett landscape and Ramganga river catchment in Uttarakhand. It has been harvested by members of our women Self-Help Groups (SHGs) and processed and marketed by our women&rsquo;s Cooperatives. | Baheda (Terminalia bellerica) powder is believed to be useful in protecting liver, treatment of respiratory tract infections, cough and sore throat. This pack contains dried powder of Baheda fruits harvested, sun-dried and pulverized in a hygienic manner. Triphala, an Ayurvedic preparation made from Amla, Baheda and Harad, is a milk laxative and believed to improve digestion, build immunity and useful for treating eye diseases. Our Baheda has been sourced from villages in Nainidanda region of Pauri Garhwal district in Corbett landscape and Ramganga river catchment in Uttarakhand. It has been harvested by members of our women Self-Help Groups (SHGs) and processed and marketed by our women&rsquo;s Cooperatives.'),
(479, 76, 'Locally known as &ldquo;Bhatt&rdquo; this pulse has been traditionally grown under &ldquo;Barahanaja&rdquo; system (12 crops being grown together). It is cultivated under natural conditions in Uttarakhand at altitudes ranging between 1000 m to 1800 m | Locally known as &ldquo;Bhatt&rdquo; this pulse has been traditionally grown under &ldquo;Barahanaja&rdquo; system (12 crops being grown together). It is cultivated under natural conditions in Uttarakhand at altitudes ranging between 1000 m to 1800 m | Our Faran (sourced from Malari village in the Dhauli Ganga valley of the Nanda Devi Biosphere Reserve) is an alpine herb that aids in digestion and cholesterol reduction. Its inflorescence and leaves are popularly used as seasoning agents. | Our Amla (sourced from Amla grown in village near Nainidanda, Pauri in corbett landscape &amp; Ramganga river catchment) is known for its high vitamin C, Iron &amp; Calcium contents helpful in boosting immunity, controlling diabetes &amp; reducing bad cholesterol. | Our Jakhya (sourced from villages in the Nayar river catchment, Pauri) is traditionally used for adding flavour to various recipes, leaving an exotic feel on the taste buds. The seeds are also known for treating liver and respiratory ailments. | Our Yellow Chilli Powder (sourced from yellow chilli grown in villages near Nainidanda, Pauri in Corbett landscape and Ramganga river catchment) is a good source of Vitamin C with anti-bacterial, analgesic and anti-diabetic properties. | Our Harad powder (sourced from villages near Nainidanda, Pauri in Corbett landscape and Ramganga river catchment) is believed to be rich in antioxidants and helps in improving digestion. Triphala, an Ayurvedic preparation made from Amla, Bahera and Harad, is a mild laxative and believed to improve digestion, build immunity and useful for treating eye diseases. | Our Bahera powder (sourced from villages near Nainidanda, Pauri in Corbett landscape and Ramganga river catchment) is believed to be useful in protecting liver, treatment of respiratory tract infections, cough, and sore throat. Triphala, an Ayurvedic preparation made from Amla, Bahera and Harad, is a mild laxative and believed to improve digestion, build immunity and useful for treating eye diseases.'),
(479, 147, '1KG | 25GM | 100GM | 100GM | 100GM | 100GM | 100GM'),
(480, 0, 'Gahat | Combo Items'),
(480, 73, 'Gahat - 750 GM | Gahat - 750 GM | Faran- 30 GM | Yellow Chilli Powder - 250 g | Jakhya - 250 GM | Perilla (Bhang Jeera)-75GM | Perilla (Bhang Jeera)-250GM | Harad Powder - 100 GM | Bahera Powder - 100 GM | Amla Powder - 100 GM | Jakhya - 100 GM'),
(480, 74, 'Gahat - 750 GM'),
(480, 75, 'Horse gram or Gahat is a traditional pulse/ lentil crop grown in rain fed areas in the hills of Uttarakhand. It is one of the most popular varieties of pulses being grown and consumed in various forms in the hills especially in winter. Have PURE Gahat is sourced from hill villages situated in and around Bhagirathi river (a tributary to holy river Ganges) landscape of district Tehri Garhwal, Uttarakhand. Have PURE Gahat is cultivated and processed (dried and packed) by the members of women SHGs and their cooperative formed in district Tehri Garhwal. The cultivation takes place in rain fed areas mostly and the lentil is grown in natural/ organic condition. | Horse gram or Gahat is a traditional pulse/ lentil crop grown in rain fed areas in the hills of Uttarakhand. It is one of the most popular varieties of pulses being grown and consumed in various forms in the hills especially in winter. Have PURE Gahat is sourced from hill villages situated in and around Bhagirathi river (a tributary to holy river Ganges) landscape of district Tehri Garhwal, Uttarakhand. Have PURE Gahat is cultivated and processed (dried and packed) by the members of women SHGs and their cooperative formed in district Tehri Garhwal. The cultivation takes place in rain fed areas mostly and the lentil is grown in natural/ organic condition. | Faran or Jambu is an alpine herb that grows between 2500 m to 3000 m altitude in the Himalayas. Its inflorescence and leaves are used as seasoning agents. Faran is widely used as a condiment. Dried leaves of this herb are tempered in oil or ghee to flavour vegetables, curries, soups and meat. Faran aids in digestion and controlling cholesterol. Our Faran has been sourced from villages in the Dhauli Ganga valley of the Nanda Devi Biosphere Reserve in Uttarakhand. It is being processed and marketed by our women&rsquo;s cooperatives. | Yellow chilli powder has been obtained from a unique variety of chilli cultivated in the villages in Nainidanda region of Pauri Garhwal district in Corbett landscape and Ramganga river catchment in Uttarakhand. Locally know as Lakhori or Dhara chilli, it is highly pungent and gives a rich flavour. It is a good source of Vitamin C with anti-bacterial, analgesic and anti-diabetic properties. It has been grown under natural conditions by members of our women Self-Help Groups (SHGs). Chillies are plucked manually, sun-dried and pulverized in a hygienic manner. | Harad or Terminalia chebulahas a wide use in Ayurveda. Harad powder is believed to be rich in antioxidants, effective for intestinal health, constipation and weight loss as well as considered helpful in controlling hair loss. Use of Harad powder (mixed with water) in appropriate quantities is considered beneficial in boosting the immune system. Triphala, an Ayurvedic preparation made from Amla, Baheda and Harad, is a milk laxative and believed to improve digestion, build immunity and useful for treating eye diseases. Our Harad has been sourced from villages in Nainidanda region of Pauri Garhwal district in Corbett landscape and Ramganga river catchment in Uttarakhand. It has been harvested by members of our women Self-Help Groups (SHGs) and processed and marketed by our women&rsquo;s Cooperatives. | Baheda (Terminalia bellerica) powder is believed to be useful in protecting liver, treatment of respiratory tract infections, cough and sore throat. This pack contains dried powder of Baheda fruits harvested, sun-dried and pulverized in a hygienic manner. Triphala, an Ayurvedic preparation made from Amla, Baheda and Harad, is a milk laxative and believed to improve digestion, build immunity and useful for treating eye diseases. Our Baheda has been sourced from villages in Nainidanda region of Pauri Garhwal district in Corbett landscape and Ramganga river catchment in Uttarakhand. It has been harvested by members of our women Self-Help Groups (SHGs) and processed and marketed by our women&rsquo;s Cooperatives. | This powder has been prepared from high quality Amla. They are cleaned, sun-dried and ground in most hygienic manner. Amla is known for its high vitamin C, Iron and Calcium contents and; is helpful in boosting immunity, controlling diabetes and reducing bad cholesterol. Our Amla has been sourced from villages in Nainidanda region of Pauri Garhwal district in Corbett landscape and Ramganga river catchment in Uttarakhand. It has been harvested by members of our women Self-Help Groups (SHGs) and; processed and marketed by our women&rsquo;s Cooperatives | Jakhya (also known as wild mustard) is the seed of Cleome viscose, a traditional herb of the mid-Himalayas. Jakhya is dark brown in colour and is traditionally used for tempering culinary dishes in the Himalayan region. It crackles on being heated in oil, has a distinct smell and adds flavour to various recipes, leaving an exotic feel on the taste buds. Jakhia is widely used in Uttarakhand in preparing various cuisines, particularly for preparing vegetables, pulses and curries. It is considered beneficial for treating liver and respiratory ailments. Our Jakhya has been sourced from Nayarriver catchment of Pauri Garhwal district Uttarakhand. It has been grown under natural conditions by members of our women Self-Help Groups (SHGs) and; processed and marketed by our women&rsquo;s cooperatives'),
(480, 76, 'Horse gram or Gahat is a traditional pulse/ lentil crop grown in rain fed areas in the hills of Uttarakhand. It is one of the most popular varieties of pulses being grown and consumed in various forms in the hills especially in winter. | Horse gram or Gahat is a traditional pulse/ lentil crop grown in rain fed areas in the hills of Uttarakhand. It is one of the most popular varieties of pulses being grown and consumed in various forms in the hills especially in winter. | Our Faran (sourced from Malari village in the Dhauli Ganga valley of the Nanda Devi Biosphere Reserve) is an alpine herb that aids in digestion and cholesterol reduction. Its inflorescence and leaves are popularly used as seasoning agents. | Our Yellow Chilli Powder (sourced from yellow chilli grown in villages near Nainidanda, Pauri in Corbett landscape and Ramganga river catchment) is a good source of Vitamin C with anti-bacterial, analgesic and anti-diabetic properties. | Our Harad powder (sourced from villages near Nainidanda, Pauri in Corbett landscape and Ramganga river catchment) is believed to be rich in antioxidants and helps in improving digestion. Triphala, an Ayurvedic preparation made from Amla, Bahera and Harad, is a mild laxative and believed to improve digestion, build immunity and useful for treating eye diseases. | Our Bahera powder (sourced from villages near Nainidanda, Pauri in Corbett landscape and Ramganga river catchment) is believed to be useful in protecting liver, treatment of respiratory tract infections, cough, and sore throat. Triphala, an Ayurvedic preparation made from Amla, Bahera and Harad, is a mild laxative and believed to improve digestion, build immunity and useful for treating eye diseases. | Our Amla (sourced from Amla grown in village near Nainidanda, Pauri in corbett landscape &amp; Ramganga river catchment) is known for its high vitamin C, Iron &amp; Calcium contents helpful in boosting immunity, controlling diabetes &amp; reducing bad cholesterol. | Our Jakhya (sourced from villages in the Nayar river catchment, Pauri) is traditionally used for adding flavour to various recipes, leaving an exotic feel on the taste buds. The seeds are also known for treating liver and respiratory ailments.'),
(480, 147, '1KG | 25GM | 100GM | 100GM | 100GM | 100GM | 100GM'),
(481, 0, 'Jhangora Rice (Barnyad Millet) - 750 GM | Combo Items'),
(481, 73, 'Jhangora Rice (Barnyad Millet) - 750 GM | Jhangora Rice (Barnyard Milletis) - 750 GM | Faran- 30 GM | Amla Powder - 100 GM | Perilla (Bhang Jeera)-75GM | Jakhya - 100 GM | Yellow Chilli Powder - 250 g | Bahera Powder - 100 GM | Harad Powder - 100 GM | Jakhya - 250 GM | Perilla (Bhang Jeera)-250GM'),
(481, 74, 'Jhangora Rice (Barnyad Millet) - 750 GM'),
(481, 75, 'Jhangora or Barnyard millet is cultivated in the highlands of Uttarakhand under rain-fed conditions. It is traditionally cooked as plain rice and also in diverse local recipes such as porridge, pudding and khichadi. Barnyard Milletis a good source of highly digestible proteins and dietary fiber. It is gluten-free and has lower calorie density as compared to other cereals. It has been sourced from villages in the Nayar river catchment of Pauri Garhwal district Uttarakhand. Nayar, called Narad Ganga, according to ancient historical Hindu texts, rises in the dense forests and high meadows of Dudhatoli mountain range and rambles through scenic settings, providing clean and mineral rich water to villages situated along its course, imparting unique pungent flavor to our red Chilli. It has been grown by members of our women Self-Help Groups (SHGs) and collected from SHGs by our women&rsquo;s Cooperatives and subsequently processed and marketed. | Jhangora or Barnyard millet is a traditionally cultivated in the highlands of Uttarakhand under rain-fed conditions. It is traditionally cooked as plain rice and also in diverse local recipes such as porridge, pudding and khichadi. Barnyard Milletis a good source of highly digestible proteins and dietary fibre. It is gluten-free and has lower calorie density as compared to other cereals. Our Barnyard millet has been sourced from villages in the Nayar river catchment of Pauri Garhwal district Uttarakhand. It has been grown under natural conditions by members of our women Self-Help Groups (SHGs) and collected from SHGs by our Cooperatives and subsequently processed and marketed. | Faran or Jambu is an alpine herb that grows between 2500 m to 3000 m altitude in the Himalayas. Its inflorescence and leaves are used as seasoning agents. Faran is widely used as a condiment. Dried leaves of this herb are tempered in oil or ghee to flavour vegetables, curries, soups and meat. Faran aids in digestion and controlling cholesterol. Our Faran has been sourced from villages in the Dhauli Ganga valley of the Nanda Devi Biosphere Reserve in Uttarakhand. It is being processed and marketed by our women&rsquo;s cooperatives. | This powder has been prepared from high quality Amla. They are cleaned, sun-dried and ground in most hygienic manner. Amla is known for its high vitamin C, Iron and Calcium contents and; is helpful in boosting immunity, controlling diabetes and reducing bad cholesterol. Our Amla has been sourced from villages in Nainidanda region of Pauri Garhwal district in Corbett landscape and Ramganga river catchment in Uttarakhand. It has been harvested by members of our women Self-Help Groups (SHGs) and; processed and marketed by our women&rsquo;s Cooperatives | Jakhya (also known as wild mustard) is the seed of Cleome viscose, a traditional herb of the mid-Himalayas. Jakhya is dark brown in colour and is traditionally used for tempering culinary dishes in the Himalayan region. It crackles on being heated in oil, has a distinct smell and adds flavour to various recipes, leaving an exotic feel on the taste buds. Jakhia is widely used in Uttarakhand in preparing various cuisines, particularly for preparing vegetables, pulses and curries. It is considered beneficial for treating liver and respiratory ailments. Our Jakhya has been sourced from Nayarriver catchment of Pauri Garhwal district Uttarakhand. It has been grown under natural conditions by members of our women Self-Help Groups (SHGs) and; processed and marketed by our women&rsquo;s cooperatives | Yellow chilli powder has been obtained from a unique variety of chilli cultivated in the villages in Nainidanda region of Pauri Garhwal district in Corbett landscape and Ramganga river catchment in Uttarakhand. Locally know as Lakhori or Dhara chilli, it is highly pungent and gives a rich flavour. It is a good source of Vitamin C with anti-bacterial, analgesic and anti-diabetic properties. It has been grown under natural conditions by members of our women Self-Help Groups (SHGs). Chillies are plucked manually, sun-dried and pulverized in a hygienic manner. | Baheda (Terminalia bellerica) powder is believed to be useful in protecting liver, treatment of respiratory tract infections, cough and sore throat. This pack contains dried powder of Baheda fruits harvested, sun-dried and pulverized in a hygienic manner. Triphala, an Ayurvedic preparation made from Amla, Baheda and Harad, is a milk laxative and believed to improve digestion, build immunity and useful for treating eye diseases. Our Baheda has been sourced from villages in Nainidanda region of Pauri Garhwal district in Corbett landscape and Ramganga river catchment in Uttarakhand. It has been harvested by members of our women Self-Help Groups (SHGs) and processed and marketed by our women&rsquo;s Cooperatives. | Harad or Terminalia chebulahas a wide use in Ayurveda. Harad powder is believed to be rich in antioxidants, effective for intestinal health, constipation and weight loss as well as considered helpful in controlling hair loss. Use of Harad powder (mixed with water) in appropriate quantities is considered beneficial in boosting the immune system. Triphala, an Ayurvedic preparation made from Amla, Baheda and Harad, is a milk laxative and believed to improve digestion, build immunity and useful for treating eye diseases. Our Harad has been sourced from villages in Nainidanda region of Pauri Garhwal district in Corbett landscape and Ramganga river catchment in Uttarakhand. It has been harvested by members of our women Self-Help Groups (SHGs) and processed and marketed by our women&rsquo;s Cooperatives.'),
(481, 76, 'Barnyard Milletis a good source of highly digestible proteins and dietary fibre. It is gluten-free and has lower calorie density as compared to other cereals. Our Barnyard millet has been sourced from villages in the Nayar river catchment of Pauri Garhwal district Uttarakhand. | Barnyard Milletis a good source of highly digestible proteins and dietary fibre. It is gluten-free and has lower calorie density as compared to other cereals. Our Barnyard millet flour has been obtained from naturally grown Barnyard millet sourced from villages in the Nayar river catchment of Pauri Garhwal district Uttarakhand. | Our Faran (sourced from Malari village in the Dhauli Ganga valley of the Nanda Devi Biosphere Reserve) is an alpine herb that aids in digestion and cholesterol reduction. Its inflorescence and leaves are popularly used as seasoning agents. | Our Amla (sourced from Amla grown in village near Nainidanda, Pauri in corbett landscape &amp; Ramganga river catchment) is known for its high vitamin C, Iron &amp; Calcium contents helpful in boosting immunity, controlling diabetes &amp; reducing bad cholesterol. | Our Jakhya (sourced from villages in the Nayar river catchment, Pauri) is traditionally used for adding flavour to various recipes, leaving an exotic feel on the taste buds. The seeds are also known for treating liver and respiratory ailments. | Our Yellow Chilli Powder (sourced from yellow chilli grown in villages near Nainidanda, Pauri in Corbett landscape and Ramganga river catchment) is a good source of Vitamin C with anti-bacterial, analgesic and anti-diabetic properties. | Our Bahera powder (sourced from villages near Nainidanda, Pauri in Corbett landscape and Ramganga river catchment) is believed to be useful in protecting liver, treatment of respiratory tract infections, cough, and sore throat. Triphala, an Ayurvedic preparation made from Amla, Bahera and Harad, is a mild laxative and believed to improve digestion, build immunity and useful for treating eye diseases. | Our Harad powder (sourced from villages near Nainidanda, Pauri in Corbett landscape and Ramganga river catchment) is believed to be rich in antioxidants and helps in improving digestion. Triphala, an Ayurvedic preparation made from Amla, Bahera and Harad, is a mild laxative and believed to improve digestion, build immunity and useful for treating eye diseases.'),
(481, 147, '1KG | 25GM | 100GM | 100GM | 100GM | 100GM | 100GM'),
(482, 0, 'Sesame Oil | Combo Items'),
(482, 73, 'Sesame Oil (Cold Pressed) - 500 GM | Sesame Oil (Cold Pressed) - 500 ML | Faran- 30 GM | Amla Powder - 100 GM | Perilla (Bhang Jeera)-75GM | Jakhya - 100 GM | Yellow Chilli Powder - 250 g | Bahera Powder - 100 GM | Harad Powder - 100 GM | Jakhya - 250 GM | Perilla (Bhang Jeera)-250GM'),
(482, 74, 'Sesame Oil (Cold Pressed) - 500 GM'),
(482, 75, 'Sesame is considered to be the oldest oilseed crop known to humanity. Our Sesame oil, also known as Til oil, has been extracted from Sesame cultivated in villages situated in the Ramganga Catchment around the hills of Ranikhet in the Almora district of Uttarakhand. The river originating in the southern slopes of Dudhatoli Hills of Gairsain subdivision (Diwali Khal) is endowed with beautiful landscapes and is the lifeline of world-famous Corbett National Park. As it flows through untouched mountain corridors, it brings with itself an abundance of pure aquatic and loam properties. Sesame, grown by our women SHG members in their fields in this rich valley, imbibes the purity of Ramganga waters, which manifests in its taste and properties. Our Sesame oil has been extracted using the ancient cold-press method that helps in high nutrient retention due to low heat generation during the oil-extraction process. Historical records trace Sesame oil to Indus Valley civilization. It is believed that it was one of the first crops processed for oil during Indus Valley civilization and was probably exported to Mesopotamia around 2500 BC. Sesame oil has an earthy, nutty flavour and is ideal for deep frying. Its nutty taste complements the spices used in Indian cuisine, apart from use in cooking it is much preferred for preparing pickles. Lignan compounds present in Sesame oil are useful antioxidants while this oil is also believed to have anti-fungal and anti-inflammatory properties. It is rich in Omega -6 fatty acids any is believed to help in controlling cholesterol levels. Due to high Vitamin E content it is also considered beneficial for the skin. | Our Sesame oil has been prepared using naturally grown sesame sourced from villages around the hills of Ranikhet in the Almora district of Uttarakhand. It has been extracted using the ancient cold-press method that helps in high nutrient retention due to low heat generation during the oil-extraction process. Sesame has been cultivated by members of our women Self-Help Groups (SHGs) and processed and marketed by our women&rsquo;s Cooperatives. | Faran or Jambu is an alpine herb that grows between 2500 m to 3000 m altitude in the Himalayas. Its inflorescence and leaves are used as seasoning agents. Faran is widely used as a condiment. Dried leaves of this herb are tempered in oil or ghee to flavour vegetables, curries, soups and meat. Faran aids in digestion and controlling cholesterol. Our Faran has been sourced from villages in the Dhauli Ganga valley of the Nanda Devi Biosphere Reserve in Uttarakhand. It is being processed and marketed by our women&rsquo;s cooperatives. | This powder has been prepared from high quality Amla. They are cleaned, sun-dried and ground in most hygienic manner. Amla is known for its high vitamin C, Iron and Calcium contents and; is helpful in boosting immunity, controlling diabetes and reducing bad cholesterol. Our Amla has been sourced from villages in Nainidanda region of Pauri Garhwal district in Corbett landscape and Ramganga river catchment in Uttarakhand. It has been harvested by members of our women Self-Help Groups (SHGs) and; processed and marketed by our women&rsquo;s Cooperatives | Jakhya (also known as wild mustard) is the seed of Cleome viscose, a traditional herb of the mid-Himalayas. Jakhya is dark brown in colour and is traditionally used for tempering culinary dishes in the Himalayan region. It crackles on being heated in oil, has a distinct smell and adds flavour to various recipes, leaving an exotic feel on the taste buds. Jakhia is widely used in Uttarakhand in preparing various cuisines, particularly for preparing vegetables, pulses and curries. It is considered beneficial for treating liver and respiratory ailments. Our Jakhya has been sourced from Nayarriver catchment of Pauri Garhwal district Uttarakhand. It has been grown under natural conditions by members of our women Self-Help Groups (SHGs) and; processed and marketed by our women&rsquo;s cooperatives | Yellow chilli powder has been obtained from a unique variety of chilli cultivated in the villages in Nainidanda region of Pauri Garhwal district in Corbett landscape and Ramganga river catchment in Uttarakhand. Locally know as Lakhori or Dhara chilli, it is highly pungent and gives a rich flavour. It is a good source of Vitamin C with anti-bacterial, analgesic and anti-diabetic properties. It has been grown under natural conditions by members of our women Self-Help Groups (SHGs). Chillies are plucked manually, sun-dried and pulverized in a hygienic manner. | Baheda (Terminalia bellerica) powder is believed to be useful in protecting liver, treatment of respiratory tract infections, cough and sore throat. This pack contains dried powder of Baheda fruits harvested, sun-dried and pulverized in a hygienic manner. Triphala, an Ayurvedic preparation made from Amla, Baheda and Harad, is a milk laxative and believed to improve digestion, build immunity and useful for treating eye diseases. Our Baheda has been sourced from villages in Nainidanda region of Pauri Garhwal district in Corbett landscape and Ramganga river catchment in Uttarakhand. It has been harvested by members of our women Self-Help Groups (SHGs) and processed and marketed by our women&rsquo;s Cooperatives. | Harad or Terminalia chebulahas a wide use in Ayurveda. Harad powder is believed to be rich in antioxidants, effective for intestinal health, constipation and weight loss as well as considered helpful in controlling hair loss. Use of Harad powder (mixed with water) in appropriate quantities is considered beneficial in boosting the immune system. Triphala, an Ayurvedic preparation made from Amla, Baheda and Harad, is a milk laxative and believed to improve digestion, build immunity and useful for treating eye diseases. Our Harad has been sourced from villages in Nainidanda region of Pauri Garhwal district in Corbett landscape and Ramganga river catchment in Uttarakhand. It has been harvested by members of our women Self-Help Groups (SHGs) and processed and marketed by our women&rsquo;s Cooperatives.'),
(482, 76, 'Our pure Sesame Oil (sesame sourced from villages around the hills of Ranikhet) is extracted using an ancient cold-press method keeping the nutrient retention high due to low heat generation. It is considered to be rich in Omega-6 fatty acids, antioxidants and has natural anti-inflammatory properties. | Our pure Sesame Oil (sesame sourced from villages around the hills of Ranikhet) is extracted using an ancient cold-press method keeping the nutrient retention high due to low heat generation. It is considered to be rich in Omega-6 fatty acids, antioxidants and has natural anti-inflammatory properties. | Our Faran (sourced from Malari village in the Dhauli Ganga valley of the Nanda Devi Biosphere Reserve) is an alpine herb that aids in digestion and cholesterol reduction. Its inflorescence and leaves are popularly used as seasoning agents. | Our Amla (sourced from Amla grown in village near Nainidanda, Pauri in corbett landscape &amp; Ramganga river catchment) is known for its high vitamin C, Iron &amp; Calcium contents helpful in boosting immunity, controlling diabetes &amp; reducing bad cholesterol. | Our Jakhya (sourced from villages in the Nayar river catchment, Pauri) is traditionally used for adding flavour to various recipes, leaving an exotic feel on the taste buds. The seeds are also known for treating liver and respiratory ailments. | Our Yellow Chilli Powder (sourced from yellow chilli grown in villages near Nainidanda, Pauri in Corbett landscape and Ramganga river catchment) is a good source of Vitamin C with anti-bacterial, analgesic and anti-diabetic properties. | Our Bahera powder (sourced from villages near Nainidanda, Pauri in Corbett landscape and Ramganga river catchment) is believed to be useful in protecting liver, treatment of respiratory tract infections, cough, and sore throat. Triphala, an Ayurvedic preparation made from Amla, Bahera and Harad, is a mild laxative and believed to improve digestion, build immunity and useful for treating eye diseases. | Our Harad powder (sourced from villages near Nainidanda, Pauri in Corbett landscape and Ramganga river catchment) is believed to be rich in antioxidants and helps in improving digestion. Triphala, an Ayurvedic preparation made from Amla, Bahera and Harad, is a mild laxative and believed to improve digestion, build immunity and useful for treating eye diseases.'),
(482, 147, '500ML | 25GM | 100GM | 100GM | 100GM | 100GM | 100GM');

-- --------------------------------------------------------

--
