-- Table structure for table `sgp_catalog_category_entity`
--

CREATE TABLE `sgp_catalog_category_entity` (
  `entity_id` int(10) UNSIGNED NOT NULL COMMENT 'Entity ID',
  `attribute_set_id` smallint(5) UNSIGNED NOT NULL DEFAULT '0' COMMENT 'Attribute Set ID',
  `parent_id` int(10) UNSIGNED NOT NULL DEFAULT '0' COMMENT 'Parent Category ID',
  `created_at` timestamp NOT NULL DEFAULT CURRENT_TIMESTAMP COMMENT 'Creation Time',
  `updated_at` timestamp NOT NULL DEFAULT CURRENT_TIMESTAMP ON UPDATE CURRENT_TIMESTAMP COMMENT 'Update Time',
  `path` varchar(255) NOT NULL COMMENT 'Tree Path',
  `position` int(11) NOT NULL COMMENT 'Position',
  `level` int(11) NOT NULL DEFAULT '0' COMMENT 'Tree Level',
  `children_count` int(11) NOT NULL COMMENT 'Child Count'
) ENGINE=InnoDB DEFAULT CHARSET=utf8 COMMENT='Catalog Category Table';

--
-- Dumping data for table `sgp_catalog_category_entity`
--

INSERT INTO `sgp_catalog_category_entity` (`entity_id`, `attribute_set_id`, `parent_id`, `created_at`, `updated_at`, `path`, `position`, `level`, `children_count`) VALUES
(1, 3, 0, '2018-12-27 07:32:17', '2020-05-29 07:32:24', '1', 0, 0, -61),
(2, 3, 1, '2018-12-27 07:32:29', '2020-05-29 07:32:24', '1/2', 1, 1, -62),
(7, 3, 2, '2018-12-28 05:55:00', '2020-05-19 20:33:49', '1/2/7', 9, 2, 0),
(8, 3, 2, '2018-12-28 05:55:17', '2020-05-19 20:33:35', '1/2/8', 7, 2, 0),
(12, 3, 2, '2018-12-28 06:55:15', '2020-05-19 20:33:43', '1/2/12', 8, 2, 0),
(13, 3, 2, '2018-12-28 06:55:52', '2020-05-19 20:33:57', '1/2/13', 10, 2, 0),
(17, 3, 2, '2018-12-29 05:18:57', '2020-05-19 20:34:06', '1/2/17', 11, 2, 0),
(21, 3, 2, '2019-01-07 06:27:37', '2020-05-19 20:34:25', '1/2/21', 2, 2, 0),
(100, 3, 2, '2020-04-07 07:06:36', '2020-05-19 20:33:22', '1/2/100', 6, 2, 0),
(101, 3, 2, '2020-04-07 16:23:54', '2020-05-19 20:34:13', '1/2/101', 12, 2, 0),
(102, 3, 2, '2020-04-10 12:04:31', '2020-05-19 20:34:25', '1/2/102', 14, 2, 0),
(103, 3, 2, '2020-04-18 09:31:42', '2020-04-18 09:31:42', '1/2/103', 5, 2, 0),
(104, 3, 2, '2020-05-11 08:04:09', '2020-05-19 20:34:19', '1/2/104', 13, 2, 0),
(105, 3, 2, '2020-05-29 07:29:14', '2020-05-29 07:29:14', '1/2/105', 15, 2, 0),
(106, 3, 2, '2020-05-29 07:32:24', '2020-05-29 07:32:24', '1/2/106', 16, 2, 0);

-- --------------------------------------------------------

--
-- Table structure for table `sgp_catalog_category_entity_datetime`
--

CREATE TABLE `sgp_catalog_category_entity_datetime` (
  `value_id` int(11) NOT NULL COMMENT 'Value ID',
  `attribute_id` smallint(5) UNSIGNED NOT NULL DEFAULT '0' COMMENT 'Attribute ID',
  `store_id` smallint(5) UNSIGNED NOT NULL DEFAULT '0' COMMENT 'Store ID',
  `entity_id` int(10) UNSIGNED NOT NULL DEFAULT '0' COMMENT 'Entity ID',
  `value` datetime DEFAULT NULL COMMENT 'Value'
) ENGINE=InnoDB DEFAULT CHARSET=utf8 COMMENT='Catalog Category Datetime Attribute Backend Table';

--
-- Dumping data for table `sgp_catalog_category_entity_datetime`
--

INSERT INTO `sgp_catalog_category_entity_datetime` (`value_id`, `attribute_id`, `store_id`, `entity_id`, `value`) VALUES
(3, 61, 0, 12, NULL),
(4, 62, 0, 12, NULL),
(5, 61, 0, 7, NULL),
(6, 62, 0, 7, NULL),
(9, 61, 0, 8, NULL),
(10, 62, 0, 8, NULL),
(31, 61, 0, 21, NULL),
(32, 62, 0, 21, NULL),
(33, 61, 0, 13, NULL),
(34, 62, 0, 13, NULL),
(35, 61, 0, 17, NULL),
(36, 62, 0, 17, NULL),
(57, 61, 0, 100, NULL),
(58, 62, 0, 100, NULL),
(59, 61, 0, 103, NULL),
(60, 62, 0, 103, NULL),
(61, 61, 0, 2, NULL),
(62, 62, 0, 2, NULL),
(63, 61, 0, 102, NULL),
(64, 62, 0, 102, NULL);

-- --------------------------------------------------------

--
-- Table structure for table `sgp_catalog_category_entity_decimal`
--

CREATE TABLE `sgp_catalog_category_entity_decimal` (
  `value_id` int(11) NOT NULL COMMENT 'Value ID',
  `attribute_id` smallint(5) UNSIGNED NOT NULL DEFAULT '0' COMMENT 'Attribute ID',
  `store_id` smallint(5) UNSIGNED NOT NULL DEFAULT '0' COMMENT 'Store ID',
  `entity_id` int(10) UNSIGNED NOT NULL DEFAULT '0' COMMENT 'Entity ID',
  `value` decimal(12,4) DEFAULT NULL COMMENT 'Value'
) ENGINE=InnoDB DEFAULT CHARSET=utf8 COMMENT='Catalog Category Decimal Attribute Backend Table';

-- --------------------------------------------------------

--
-- Table structure for table `sgp_catalog_category_entity_int`
--

CREATE TABLE `sgp_catalog_category_entity_int` (
  `value_id` int(11) NOT NULL COMMENT 'Value ID',
  `attribute_id` smallint(5) UNSIGNED NOT NULL DEFAULT '0' COMMENT 'Attribute ID',
  `store_id` smallint(5) UNSIGNED NOT NULL DEFAULT '0' COMMENT 'Store ID',
  `entity_id` int(10) UNSIGNED NOT NULL DEFAULT '0' COMMENT 'Entity ID',
  `value` int(11) DEFAULT NULL COMMENT 'Value'
) ENGINE=InnoDB DEFAULT CHARSET=utf8 COMMENT='Catalog Category Integer Attribute Backend Table';

--
-- Dumping data for table `sgp_catalog_category_entity_int`
--

INSERT INTO `sgp_catalog_category_entity_int` (`value_id`, `attribute_id`, `store_id`, `entity_id`, `value`) VALUES
(1, 69, 0, 1, 1),
(2, 46, 0, 2, 1),
(3, 69, 0, 2, 1),
(36, 46, 0, 7, 1),
(37, 54, 0, 7, 1),
(38, 69, 0, 7, 1),
(39, 70, 0, 7, 0),
(40, 71, 0, 7, 0),
(41, 136, 0, 7, 1),
(42, 139, 0, 7, 1),
(43, 140, 0, 7, 1),
(44, 46, 0, 8, 1),
(45, 54, 0, 8, 1),
(46, 69, 0, 8, 1),
(47, 70, 0, 8, 0),
(48, 71, 0, 8, 0),
(49, 136, 0, 8, 1),
(50, 139, 0, 8, 1),
(51, 140, 0, 8, 1),
(77, 46, 0, 12, 1),
(78, 54, 0, 12, 1),
(79, 69, 0, 12, 1),
(80, 70, 0, 12, 0),
(81, 71, 0, 12, 0),
(82, 136, 0, 12, 1),
(83, 139, 0, 12, 1),
(84, 140, 0, 12, 1),
(85, 46, 0, 13, 1),
(86, 54, 0, 13, 1),
(87, 69, 0, 13, 1),
(88, 70, 0, 13, 0),
(89, 71, 0, 13, 0),
(90, 136, 0, 13, 1),
(91, 139, 0, 13, 1),
(92, 140, 0, 13, 1),
(117, 46, 0, 17, 0),
(118, 54, 0, 17, 1),
(119, 69, 0, 17, 0),
(120, 70, 0, 17, 0),
(121, 71, 0, 17, 0),
(122, 136, 0, 17, 1),
(123, 139, 0, 17, 1),
(124, 140, 0, 17, 1),
(149, 46, 0, 21, 1),
(150, 54, 0, 21, 1),
(151, 69, 0, 21, 1),
(152, 70, 0, 21, 0),
(153, 71, 0, 21, 0),
(154, 136, 0, 21, 1),
(155, 139, 0, 21, 1),
(156, 140, 0, 21, 1),
(157, 53, 0, 12, NULL),
(158, 53, 0, 7, NULL),
(160, 53, 0, 8, NULL),
(379, 53, 0, 21, NULL),
(380, 53, 0, 13, NULL),
(381, 53, 0, 17, NULL),
(866, 46, 0, 100, 1),
(867, 54, 0, 100, 1),
(868, 69, 0, 100, 1),
(869, 70, 0, 100, 0),
(870, 71, 0, 100, 0),
(871, 136, 0, 100, 1),
(872, 139, 0, 100, 1),
(873, 140, 0, 100, 1),
(874, 53, 0, 100, NULL),
(875, 46, 0, 101, 1),
(876, 54, 0, 101, 1),
(877, 69, 0, 101, 1),
(878, 70, 0, 101, 0),
(879, 71, 0, 101, 0),
(880, 136, 0, 101, 1),
(881, 139, 0, 101, 1),
(882, 140, 0, 101, 1),
(883, 46, 0, 102, 1),
(884, 54, 0, 102, 1),
(885, 69, 0, 102, 1),
(886, 70, 0, 102, 0),
(887, 71, 0, 102, 0),
(888, 136, 0, 102, 1),
(889, 139, 0, 102, 1),
(890, 140, 0, 102, 1),
(891, 46, 0, 103, 1),
(892, 54, 0, 103, 1),
(893, 69, 0, 103, 1),
(894, 70, 0, 103, 0),
(895, 71, 0, 103, 0),
(896, 136, 0, 103, 1),
(897, 139, 0, 103, 1),
(898, 140, 0, 103, 1),
(899, 53, 0, 103, NULL),
(900, 46, 0, 104, 1),
(901, 54, 0, 104, 1),
(902, 69, 0, 104, 1),
(903, 70, 0, 104, 0),
(904, 71, 0, 104, 0),
(905, 136, 0, 104, 1),
(906, 139, 0, 104, 1),
(907, 140, 0, 104, 1),
(908, 53, 0, 2, NULL),
(909, 54, 0, 2, 1),
(910, 70, 0, 2, 0),
(911, 71, 0, 2, 0),
(912, 136, 0, 2, 1),
(913, 139, 0, 2, 1),
(914, 140, 0, 2, 1),
(915, 46, 0, 105, 1),
(916, 54, 0, 105, 1),
(917, 69, 0, 105, 1),
(918, 70, 0, 105, 0),
(919, 71, 0, 105, 0),
(920, 136, 0, 105, 1),
(921, 139, 0, 105, 1),
(922, 140, 0, 105, 1),
(923, 46, 0, 106, 1),
(924, 54, 0, 106, 1),
(925, 69, 0, 106, 1),
(926, 70, 0, 106, 0),
(927, 71, 0, 106, 0),
(928, 136, 0, 106, 1),
(929, 139, 0, 106, 1),
(930, 140, 0, 106, 1),
(931, 53, 0, 102, NULL);

-- --------------------------------------------------------

--
-- Table structure for table `sgp_catalog_category_entity_text`
--

CREATE TABLE `sgp_catalog_category_entity_text` (
  `value_id` int(11) NOT NULL COMMENT 'Value ID',
  `attribute_id` smallint(5) UNSIGNED NOT NULL DEFAULT '0' COMMENT 'Attribute ID',
  `store_id` smallint(5) UNSIGNED NOT NULL DEFAULT '0' COMMENT 'Store ID',
  `entity_id` int(10) UNSIGNED NOT NULL DEFAULT '0' COMMENT 'Entity ID',
  `value` text COMMENT 'Value'
) ENGINE=InnoDB DEFAULT CHARSET=utf8 COMMENT='Catalog Category Text Attribute Backend Table';

--
-- Dumping data for table `sgp_catalog_category_entity_text`
--

INSERT INTO `sgp_catalog_category_entity_text` (`value_id`, `attribute_id`, `store_id`, `entity_id`, `value`) VALUES
(5, 47, 0, 12, NULL),
(6, 50, 0, 12, 'Value Added Products'),
(7, 51, 0, 12, 'Value Added Products'),
(8, 64, 0, 12, NULL),
(9, 47, 0, 7, NULL),
(10, 50, 0, 7, 'Herbal Tea'),
(11, 51, 0, 7, 'Herbal Tea'),
(12, 64, 0, 7, NULL),
(17, 47, 0, 8, NULL),
(18, 50, 0, 8, 'Oil & Ghee'),
(19, 51, 0, 8, 'Oil & Ghee'),
(20, 64, 0, 8, NULL),
(93, 47, 0, 21, NULL),
(94, 50, 0, 21, NULL),
(95, 51, 0, 21, NULL),
(96, 64, 0, 21, NULL),
(97, 47, 0, 13, NULL),
(98, 50, 0, 13, 'Cereals and millets'),
(99, 51, 0, 13, 'Cereals and millets'),
(100, 64, 0, 13, NULL),
(101, 47, 0, 17, NULL),
(102, 50, 0, 17, 'Other health products'),
(103, 51, 0, 17, 'Other health products'),
(104, 64, 0, 17, NULL),
(234, 50, 0, 100, 'Spices'),
(235, 51, 0, 100, 'Spices'),
(236, 47, 0, 100, NULL),
(237, 64, 0, 100, NULL),
(238, 50, 0, 101, 'Squash'),
(239, 51, 0, 101, 'Squash'),
(240, 50, 0, 102, 'Health Product'),
(241, 51, 0, 102, 'Other product'),
(242, 50, 0, 103, 'Havepure'),
(243, 47, 0, 103, NULL),
(244, 51, 0, 103, NULL),
(245, 64, 0, 103, NULL),
(246, 50, 0, 104, 'Spices-Bulk supply '),
(247, 51, 0, 104, 'Spices-Bulk supply '),
(248, 47, 0, 2, NULL),
(249, 50, 0, 2, NULL),
(250, 51, 0, 2, NULL),
(251, 64, 0, 2, NULL),
(252, 50, 0, 105, 'Condiments'),
(253, 51, 0, 105, 'Condiments'),
(254, 50, 0, 106, 'Pulses'),
(255, 51, 0, 106, 'Pulses'),
(256, 47, 0, 102, NULL),
(257, 64, 0, 102, NULL);

-- --------------------------------------------------------

--
-- Table structure for table `sgp_catalog_category_entity_varchar`
--

CREATE TABLE `sgp_catalog_category_entity_varchar` (
  `value_id` int(11) NOT NULL COMMENT 'Value ID',
  `attribute_id` smallint(5) UNSIGNED NOT NULL DEFAULT '0' COMMENT 'Attribute ID',
  `store_id` smallint(5) UNSIGNED NOT NULL DEFAULT '0' COMMENT 'Store ID',
  `entity_id` int(10) UNSIGNED NOT NULL DEFAULT '0' COMMENT 'Entity ID',
  `value` varchar(255) DEFAULT NULL COMMENT 'Value'
) ENGINE=InnoDB DEFAULT CHARSET=utf8 COMMENT='Catalog Category Varchar Attribute Backend Table';

--
-- Dumping data for table `sgp_catalog_category_entity_varchar`
--

INSERT INTO `sgp_catalog_category_entity_varchar` (`value_id`, `attribute_id`, `store_id`, `entity_id`, `value`) VALUES
(1, 45, 0, 1, 'Root Catalog'),
(2, 45, 0, 2, 'Default Category'),
(3, 52, 0, 2, 'PRODUCTS'),
(16, 45, 0, 7, 'Herbal Tea'),
(17, 52, 0, 7, 'PRODUCTS'),
(18, 117, 0, 7, 'herbal-tea'),
(19, 45, 0, 8, 'Oil & Ghee'),
(20, 52, 0, 8, 'PRODUCTS'),
(21, 117, 0, 8, 'oil-and-ghee'),
(39, 45, 0, 12, 'Special Products'),
(40, 52, 0, 12, 'PRODUCTS'),
(41, 117, 0, 12, 'value-added-products'),
(42, 45, 0, 13, 'Cereals and Millets'),
(43, 52, 0, 13, 'PRODUCTS'),
(44, 117, 0, 13, 'cereals-and-millets'),
(54, 45, 0, 17, 'Other Health Products '),
(55, 52, 0, 17, 'PRODUCTS'),
(56, 117, 0, 17, 'other-health-products'),
(70, 118, 0, 7, 'herbal-tea'),
(71, 118, 0, 8, 'oil-and-ghee'),
(75, 118, 0, 12, 'value-added-products'),
(76, 118, 0, 13, 'cereals-and-millets'),
(80, 118, 0, 17, 'other-health-products'),
(86, 45, 0, 21, 'Our Products'),
(87, 49, 0, 21, 'Products'),
(88, 52, 0, 21, 'PRODUCTS'),
(89, 117, 0, 21, 'products'),
(90, 118, 0, 21, 'products'),
(108, 48, 0, 12, NULL),
(109, 49, 0, 12, 'Value Added Products'),
(110, 60, 0, 12, NULL),
(111, 63, 0, 12, NULL),
(112, 135, 0, 12, NULL),
(113, 138, 0, 12, NULL),
(114, 141, 0, 12, NULL),
(116, 48, 0, 7, NULL),
(117, 49, 0, 7, 'Herbal Tea'),
(118, 60, 0, 7, NULL),
(119, 63, 0, 7, NULL),
(120, 135, 0, 7, NULL),
(121, 138, 0, 7, NULL),
(122, 141, 0, 7, NULL),
(132, 48, 0, 8, NULL),
(133, 49, 0, 8, 'Oil & Ghee'),
(134, 60, 0, 8, NULL),
(135, 63, 0, 8, NULL),
(136, 135, 0, 8, NULL),
(137, 138, 0, 8, NULL),
(138, 141, 0, 8, NULL),
(361, 48, 0, 21, NULL),
(362, 60, 0, 21, NULL),
(363, 63, 0, 21, NULL),
(364, 135, 0, 21, NULL),
(365, 138, 0, 21, NULL),
(366, 141, 0, 21, NULL),
(369, 48, 0, 13, NULL),
(370, 49, 0, 13, 'Cereals and millets'),
(371, 60, 0, 13, NULL),
(372, 63, 0, 13, NULL),
(373, 135, 0, 13, NULL),
(374, 138, 0, 13, NULL),
(375, 141, 0, 13, NULL),
(378, 48, 0, 17, NULL),
(379, 49, 0, 17, 'Other health products'),
(380, 60, 0, 17, NULL),
(381, 63, 0, 17, NULL),
(382, 135, 0, 17, NULL),
(383, 138, 0, 17, NULL),
(384, 141, 0, 17, NULL),
(775, 45, 0, 100, 'Spices'),
(776, 49, 0, 100, 'Spices'),
(777, 52, 0, 100, 'PRODUCTS'),
(778, 117, 0, 100, 'spices'),
(779, 118, 0, 100, 'spices'),
(792, 48, 0, 100, NULL),
(793, 60, 0, 100, NULL),
(794, 63, 0, 100, NULL),
(795, 135, 0, 100, NULL),
(796, 138, 0, 100, NULL),
(797, 141, 0, 100, NULL),
(804, 45, 0, 101, 'Squash'),
(805, 49, 0, 101, 'Squash'),
(806, 52, 0, 101, 'PRODUCTS'),
(807, 117, 0, 101, 'squash'),
(808, 118, 0, 101, 'squash'),
(811, 45, 0, 102, 'Health Products'),
(812, 49, 0, 102, 'Health Product'),
(813, 52, 0, 102, 'PRODUCTS'),
(814, 117, 0, 102, 'health-product'),
(815, 118, 0, 102, 'health-product'),
(816, 45, 0, 103, 'Home'),
(817, 49, 0, 103, 'Havepure'),
(818, 52, 0, 103, 'PRODUCTS_AND_PAGE'),
(819, 117, 0, 103, 'http-magento-webline-org-in'),
(820, 118, 0, 103, 'http-magento-webline-org-in'),
(822, 48, 0, 103, NULL),
(823, 60, 0, 103, NULL),
(824, 63, 0, 103, NULL),
(825, 135, 0, 103, NULL),
(826, 138, 0, 103, NULL),
(827, 141, 0, 103, NULL),
(829, 45, 0, 104, 'Spices-Bulk supply'),
(830, 49, 0, 104, 'Spices-Bulk supply '),
(831, 52, 0, 104, 'PRODUCTS'),
(832, 117, 0, 104, 'spices-bulk-supply'),
(833, 118, 0, 104, 'spices-bulk-supply'),
(843, 48, 0, 2, NULL),
(844, 49, 0, 2, NULL),
(845, 60, 0, 2, NULL),
(846, 63, 0, 2, NULL),
(847, 117, 0, 2, 'default-category'),
(849, 135, 0, 2, NULL),
(850, 138, 0, 2, NULL),
(851, 141, 0, 2, NULL),
(852, 118, 0, 2, NULL),
(853, 45, 0, 105, 'Condiments'),
(854, 49, 0, 105, 'Condiments'),
(855, 52, 0, 105, 'PRODUCTS'),
(856, 117, 0, 105, 'condiments'),
(857, 118, 0, 105, 'condiments'),
(859, 45, 0, 106, 'Pulses'),
(860, 49, 0, 106, 'Pulses'),
(861, 52, 0, 106, 'PRODUCTS'),
(862, 117, 0, 106, 'pulses'),
(863, 118, 0, 106, 'pulses'),
(866, 48, 0, 102, NULL),
(867, 60, 0, 102, NULL),
(868, 63, 0, 102, NULL),
(869, 135, 0, 102, NULL),
(870, 138, 0, 102, NULL),
(871, 141, 0, 102, NULL);

-- --------------------------------------------------------

--
-- Table structure for table `sgp_catalog_category_product`
--

CREATE TABLE `sgp_catalog_category_product` (
  `entity_id` int(11) NOT NULL COMMENT 'Entity ID',
  `category_id` int(10) UNSIGNED NOT NULL DEFAULT '0' COMMENT 'Category ID',
  `product_id` int(10) UNSIGNED NOT NULL DEFAULT '0' COMMENT 'Product ID',
  `position` int(11) NOT NULL DEFAULT '0' COMMENT 'Position'
) ENGINE=InnoDB DEFAULT CHARSET=utf8 COMMENT='Catalog Product To Category Linkage Table';

--
-- Dumping data for table `sgp_catalog_category_product`
--

INSERT INTO `sgp_catalog_category_product` (`entity_id`, `category_id`, `product_id`, `position`) VALUES
(428, 100, 424, 1),
(429, 100, 425, 1),
(430, 100, 426, 1),
(431, 21, 426, 1),
(432, 21, 425, 1),
(433, 21, 424, 1),
(434, 21, 427, 1),
(435, 100, 427, 1),
(436, 21, 428, 1),
(438, 21, 429, 1),
(439, 100, 429, 1),
(440, 21, 430, 1),
(442, 21, 431, 1),
(444, 21, 432, 1),
(446, 21, 433, 1),
(448, 8, 434, 1),
(449, 21, 434, 1),
(450, 8, 435, 1),
(451, 21, 435, 1),
(454, 7, 437, 1),
(455, 21, 437, 1),
(456, 7, 438, 1),
(457, 21, 438, 1),
(458, 7, 439, 1),
(459, 21, 439, 1),
(460, 13, 440, 1),
(461, 21, 440, 1),
(462, 13, 441, 1),
(463, 21, 441, 1),
(464, 13, 442, 1),
(465, 21, 442, 1),
(466, 13, 443, 1),
(467, 21, 443, 1),
(469, 21, 444, 1),
(471, 21, 445, 1),
(473, 21, 446, 1),
(475, 21, 447, 1),
(477, 21, 448, 1),
(479, 21, 449, 1),
(481, 21, 450, 1),
(483, 21, 451, 1),
(484, 21, 452, 1),
(487, 21, 453, 1),
(488, 7, 454, 1),
(489, 21, 454, 1),
(491, 21, 455, 1),
(492, 12, 456, 1),
(493, 21, 456, 1),
(494, 12, 457, 1),
(495, 21, 457, 1),
(496, 12, 458, 1),
(497, 21, 458, 1),
(498, 21, 459, 1),
(500, 21, 460, 1),
(501, 101, 460, 1),
(502, 8, 453, 1),
(505, 104, 430, 1),
(506, 21, 461, 1),
(507, 104, 461, 1),
(508, 21, 462, 1),
(509, 104, 462, 1),
(510, 21, 463, 1),
(512, 21, 464, 1),
(513, 104, 464, 1),
(514, 21, 465, 1),
(515, 104, 465, 1),
(516, 21, 466, 1),
(517, 104, 466, 1),
(518, 12, 467, 1),
(519, 21, 467, 1),
(520, 101, 455, 1),
(522, 21, 468, 1),
(523, 7, 459, 1),
(524, 101, 468, 1),
(528, 106, 447, 1),
(529, 106, 446, 1),
(530, 106, 445, 1),
(531, 105, 433, 1),
(532, 105, 432, 1),
(533, 100, 431, 1),
(534, 106, 444, 1),
(536, 21, 436, 1),
(537, 105, 428, 1),
(539, 102, 452, 1),
(540, 102, 449, 1),
(541, 102, 448, 1),
(542, 102, 436, 1),
(543, 102, 450, 1),
(544, 102, 451, 1),
(545, 100, 463, 1),
(546, 21, 469, 1),
(547, 100, 469, 1),
(548, 21, 470, 1),
(549, 100, 470, 1),
(550, 21, 471, 1),
(551, 100, 471, 1),
(552, 21, 472, 1),
(553, 100, 472, 1),
(554, 13, 474, 1);

-- --------------------------------------------------------

--
-- Table structure for table `sgp_catalog_category_product_index`
--

CREATE TABLE `sgp_catalog_category_product_index` (
  `category_id` int(10) UNSIGNED NOT NULL DEFAULT '0' COMMENT 'Category ID',
  `product_id` int(10) UNSIGNED NOT NULL DEFAULT '0' COMMENT 'Product ID',
  `position` int(11) DEFAULT NULL COMMENT 'Position',
  `is_parent` smallint(5) UNSIGNED NOT NULL DEFAULT '0' COMMENT 'Is Parent',
  `store_id` smallint(5) UNSIGNED NOT NULL DEFAULT '0' COMMENT 'Store ID',
  `visibility` smallint(5) UNSIGNED NOT NULL COMMENT 'Visibility'
) ENGINE=InnoDB DEFAULT CHARSET=utf8 COMMENT='Catalog Category Product Index';

--
-- Dumping data for table `sgp_catalog_category_product_index`
--

INSERT INTO `sgp_catalog_category_product_index` (`category_id`, `product_id`, `position`, `is_parent`, `store_id`, `visibility`) VALUES
(2, 475, 0, 0, 1, 4),
(2, 476, 0, 0, 1, 4),
(2, 477, 0, 0, 1, 4),
(2, 478, 0, 0, 1, 4),
(2, 479, 0, 0, 1, 4),
(2, 480, 0, 0, 1, 4),
(2, 481, 0, 0, 1, 4),
(2, 482, 0, 0, 1, 4),
(2, 424, 10001, 0, 1, 4),
(2, 425, 10001, 0, 1, 4),
(2, 426, 10001, 0, 1, 4),
(2, 427, 10001, 0, 1, 4),
(2, 428, 10001, 0, 1, 4),
(2, 429, 10001, 0, 1, 4),
(2, 430, 10001, 0, 1, 4),
(2, 431, 10001, 0, 1, 4),
(2, 432, 10001, 0, 1, 4),
(2, 433, 10001, 0, 1, 4),
(2, 434, 10001, 0, 1, 4),
(2, 435, 10001, 0, 1, 4),
(2, 436, 10001, 0, 1, 4),
(2, 437, 10001, 0, 1, 4),
(2, 438, 10001, 0, 1, 4),
(2, 439, 10001, 0, 1, 4),
(2, 440, 10001, 0, 1, 4),
(2, 441, 10001, 0, 1, 4),
(2, 442, 10001, 0, 1, 4),
(2, 443, 10001, 0, 1, 4),
(2, 444, 10001, 0, 1, 4),
(2, 445, 10001, 0, 1, 4),
(2, 446, 10001, 0, 1, 4),
(2, 447, 10001, 0, 1, 4),
(2, 448, 10001, 0, 1, 4),
(2, 449, 10001, 0, 1, 4),
(2, 450, 10001, 0, 1, 4),
(2, 451, 10001, 0, 1, 4),
(2, 452, 10001, 0, 1, 4),
(2, 453, 10001, 0, 1, 4),
(2, 454, 10001, 0, 1, 4),
(2, 455, 10001, 0, 1, 4),
(2, 456, 10001, 0, 1, 4),
(2, 457, 10001, 0, 1, 4),
(2, 458, 10001, 0, 1, 4),
(2, 460, 10001, 0, 1, 4),
(2, 461, 10001, 0, 1, 4),
(2, 462, 10001, 0, 1, 4),
(2, 463, 10001, 0, 1, 4),
(2, 464, 10001, 0, 1, 4),
(2, 465, 10001, 0, 1, 4),
(2, 466, 10001, 0, 1, 4),
(2, 467, 10001, 0, 1, 4),
(2, 468, 10001, 0, 1, 4),
(2, 474, 10001, 0, 1, 4),
(7, 437, 1, 1, 1, 4),
(7, 438, 1, 1, 1, 4),
(7, 439, 1, 1, 1, 4),
(7, 454, 1, 1, 1, 4),
(8, 434, 1, 1, 1, 4),
(8, 435, 1, 1, 1, 4),
(8, 453, 1, 1, 1, 4),
(12, 456, 1, 1, 1, 4),
(12, 457, 1, 1, 1, 4),
(12, 458, 1, 1, 1, 4),
(12, 467, 1, 1, 1, 4),
(13, 440, 1, 1, 1, 4),
(13, 441, 1, 1, 1, 4),
(13, 442, 1, 1, 1, 4),
(13, 443, 1, 1, 1, 4),
(13, 474, 1, 1, 1, 4),
(21, 424, 1, 1, 1, 4),
(21, 425, 1, 1, 1, 4),
(21, 426, 1, 1, 1, 4),
(21, 427, 1, 1, 1, 4),
(21, 428, 1, 1, 1, 4),
(21, 429, 1, 1, 1, 4),
(21, 430, 1, 1, 1, 4),
(21, 431, 1, 1, 1, 4),
(21, 432, 1, 1, 1, 4),
(21, 433, 1, 1, 1, 4),
(21, 434, 1, 1, 1, 4),
(21, 435, 1, 1, 1, 4),
(21, 436, 1, 1, 1, 4),
(21, 437, 1, 1, 1, 4),
(21, 438, 1, 1, 1, 4),
(21, 439, 1, 1, 1, 4),
(21, 440, 1, 1, 1, 4),
(21, 441, 1, 1, 1, 4),
(21, 442, 1, 1, 1, 4),
(21, 443, 1, 1, 1, 4),
(21, 444, 1, 1, 1, 4),
(21, 445, 1, 1, 1, 4),
(21, 446, 1, 1, 1, 4),
(21, 447, 1, 1, 1, 4),
(21, 448, 1, 1, 1, 4),
(21, 449, 1, 1, 1, 4),
(21, 450, 1, 1, 1, 4),
(21, 451, 1, 1, 1, 4),
(21, 452, 1, 1, 1, 4),
(21, 453, 1, 1, 1, 4),
(21, 454, 1, 1, 1, 4),
(21, 455, 1, 1, 1, 4),
(21, 456, 1, 1, 1, 4),
(21, 457, 1, 1, 1, 4),
(21, 458, 1, 1, 1, 4),
(21, 460, 1, 1, 1, 4),
(21, 461, 1, 1, 1, 4),
(21, 462, 1, 1, 1, 4),
(21, 463, 1, 1, 1, 4),
(21, 464, 1, 1, 1, 4),
(21, 465, 1, 1, 1, 4),
(21, 466, 1, 1, 1, 4),
(21, 467, 1, 1, 1, 4),
(21, 468, 1, 1, 1, 4),
(100, 424, 1, 1, 1, 4),
(100, 425, 1, 1, 1, 4),
(100, 426, 1, 1, 1, 4),
(100, 427, 1, 1, 1, 4),
(100, 429, 1, 1, 1, 4),
(100, 431, 1, 1, 1, 4),
(100, 463, 1, 1, 1, 4),
(101, 455, 1, 1, 1, 4),
(101, 460, 1, 1, 1, 4),
(101, 468, 1, 1, 1, 4),
(102, 436, 1, 1, 1, 4),
(102, 448, 1, 1, 1, 4),
(102, 449, 1, 1, 1, 4),
(102, 450, 1, 1, 1, 4),
(102, 451, 1, 1, 1, 4),
(102, 452, 1, 1, 1, 4),
(104, 430, 1, 1, 1, 4),
(104, 461, 1, 1, 1, 4),
(104, 462, 1, 1, 1, 4),
(104, 464, 1, 1, 1, 4),
(104, 465, 1, 1, 1, 4),
(104, 466, 1, 1, 1, 4),
(105, 428, 1, 1, 1, 4),
(105, 432, 1, 1, 1, 4),
(105, 433, 1, 1, 1, 4),
(106, 444, 1, 1, 1, 4),
(106, 445, 1, 1, 1, 4),
(106, 446, 1, 1, 1, 4),
(106, 447, 1, 1, 1, 4);

-- --------------------------------------------------------

--
-- Table structure for table `sgp_catalog_category_product_index_tmp`
--

CREATE TABLE `sgp_catalog_category_product_index_tmp` (
  `category_id` int(10) UNSIGNED NOT NULL DEFAULT '0' COMMENT 'Category ID',
  `product_id` int(10) UNSIGNED NOT NULL DEFAULT '0' COMMENT 'Product ID',
  `position` int(11) NOT NULL DEFAULT '0' COMMENT 'Position',
  `is_parent` smallint(5) UNSIGNED NOT NULL DEFAULT '0' COMMENT 'Is Parent',
  `store_id` smallint(5) UNSIGNED NOT NULL DEFAULT '0' COMMENT 'Store ID',
  `visibility` smallint(5) UNSIGNED NOT NULL COMMENT 'Visibility'
) ENGINE=MEMORY DEFAULT CHARSET=utf8 COMMENT='Catalog Category Product Indexer Temp Table';

-- --------------------------------------------------------

--
-- Table structure for table `sgp_catalog_compare_item`
--

CREATE TABLE `sgp_catalog_compare_item` (
  `catalog_compare_item_id` int(10) UNSIGNED NOT NULL COMMENT 'Compare Item ID',
  `visitor_id` int(10) UNSIGNED NOT NULL DEFAULT '0' COMMENT 'Visitor ID',
  `customer_id` int(10) UNSIGNED DEFAULT NULL COMMENT 'Customer ID',
  `product_id` int(10) UNSIGNED NOT NULL DEFAULT '0' COMMENT 'Product ID',
  `store_id` smallint(5) UNSIGNED DEFAULT NULL COMMENT 'Store ID'
) ENGINE=InnoDB DEFAULT CHARSET=utf8 COMMENT='Catalog Compare Table';

--
-- Dumping data for table `sgp_catalog_compare_item`
--

INSERT INTO `sgp_catalog_compare_item` (`catalog_compare_item_id`, `visitor_id`, `customer_id`, `product_id`, `store_id`) VALUES
(1, 3237381, NULL, 447, 1);

-- --------------------------------------------------------

--
-- Table structure for table `sgp_catalog_eav_attribute`
--

CREATE TABLE `sgp_catalog_eav_attribute` (
  `attribute_id` smallint(5) UNSIGNED NOT NULL COMMENT 'Attribute ID',
  `frontend_input_renderer` varchar(255) DEFAULT NULL COMMENT 'Frontend Input Renderer',
  `is_global` smallint(5) UNSIGNED NOT NULL DEFAULT '1' COMMENT 'Is Global',
  `is_visible` smallint(5) UNSIGNED NOT NULL DEFAULT '1' COMMENT 'Is Visible',
  `is_searchable` smallint(5) UNSIGNED NOT NULL DEFAULT '0' COMMENT 'Is Searchable',
  `is_filterable` smallint(5) UNSIGNED NOT NULL DEFAULT '0' COMMENT 'Is Filterable',
  `is_comparable` smallint(5) UNSIGNED NOT NULL DEFAULT '0' COMMENT 'Is Comparable',
  `is_visible_on_front` smallint(5) UNSIGNED NOT NULL DEFAULT '0' COMMENT 'Is Visible On Front',
  `is_html_allowed_on_front` smallint(5) UNSIGNED NOT NULL DEFAULT '0' COMMENT 'Is HTML Allowed On Front',
  `is_used_for_price_rules` smallint(5) UNSIGNED NOT NULL DEFAULT '0' COMMENT 'Is Used For Price Rules',
  `is_filterable_in_search` smallint(5) UNSIGNED NOT NULL DEFAULT '0' COMMENT 'Is Filterable In Search',
  `used_in_product_listing` smallint(5) UNSIGNED NOT NULL DEFAULT '0' COMMENT 'Is Used In Product Listing',
  `used_for_sort_by` smallint(5) UNSIGNED NOT NULL DEFAULT '0' COMMENT 'Is Used For Sorting',
  `apply_to` varchar(255) DEFAULT NULL COMMENT 'Apply To',
  `is_visible_in_advanced_search` smallint(5) UNSIGNED NOT NULL DEFAULT '0' COMMENT 'Is Visible In Advanced Search',
  `position` int(11) NOT NULL DEFAULT '0' COMMENT 'Position',
  `is_wysiwyg_enabled` smallint(5) UNSIGNED NOT NULL DEFAULT '0' COMMENT 'Is WYSIWYG Enabled',
  `is_used_for_promo_rules` smallint(5) UNSIGNED NOT NULL DEFAULT '0' COMMENT 'Is Used For Promo Rules',
  `is_required_in_admin_store` smallint(5) UNSIGNED NOT NULL DEFAULT '0' COMMENT 'Is Required In Admin Store',
  `is_used_in_grid` smallint(5) UNSIGNED NOT NULL DEFAULT '0' COMMENT 'Is Used in Grid',
  `is_visible_in_grid` smallint(5) UNSIGNED NOT NULL DEFAULT '0' COMMENT 'Is Visible in Grid',
  `is_filterable_in_grid` smallint(5) UNSIGNED NOT NULL DEFAULT '0' COMMENT 'Is Filterable in Grid',
  `search_weight` float NOT NULL DEFAULT '1' COMMENT 'Search Weight',
  `additional_data` text COMMENT 'Additional swatch attributes data'
) ENGINE=InnoDB DEFAULT CHARSET=utf8 COMMENT='Catalog EAV Attribute Table';

--
-- Dumping data for table `sgp_catalog_eav_attribute`
--

INSERT INTO `sgp_catalog_eav_attribute` (`attribute_id`, `frontend_input_renderer`, `is_global`, `is_visible`, `is_searchable`, `is_filterable`, `is_comparable`, `is_visible_on_front`, `is_html_allowed_on_front`, `is_used_for_price_rules`, `is_filterable_in_search`, `used_in_product_listing`, `used_for_sort_by`, `apply_to`, `is_visible_in_advanced_search`, `position`, `is_wysiwyg_enabled`, `is_used_for_promo_rules`, `is_required_in_admin_store`, `is_used_in_grid`, `is_visible_in_grid`, `is_filterable_in_grid`, `search_weight`, `additional_data`) VALUES
(45, NULL, 0, 1, 0, 0, 0, 0, 0, 0, 0, 0, 0, NULL, 0, 0, 0, 0, 0, 0, 0, 0, 1, NULL),
(46, NULL, 0, 1, 0, 0, 0, 0, 0, 0, 0, 0, 0, NULL, 0, 0, 0, 0, 0, 0, 0, 0, 1, NULL),
(47, NULL, 0, 1, 0, 0, 0, 0, 1, 0, 0, 0, 0, NULL, 0, 0, 1, 0, 0, 0, 0, 0, 1, NULL),
(48, NULL, 0, 1, 0, 0, 0, 0, 0, 0, 0, 0, 0, NULL, 0, 0, 0, 0, 0, 0, 0, 0, 1, NULL),
(49, NULL, 0, 1, 0, 0, 0, 0, 0, 0, 0, 0, 0, NULL, 0, 0, 0, 0, 0, 0, 0, 0, 1, NULL),
(50, NULL, 0, 1, 0, 0, 0, 0, 0, 0, 0, 0, 0, NULL, 0, 0, 0, 0, 0, 0, 0, 0, 1, NULL),
(51, NULL, 0, 1, 0, 0, 0, 0, 0, 0, 0, 0, 0, NULL, 0, 0, 0, 0, 0, 0, 0, 0, 1, NULL),
(52, NULL, 0, 1, 0, 0, 0, 0, 0, 0, 0, 0, 0, NULL, 0, 0, 0, 0, 0, 0, 0, 0, 1, NULL),
(53, NULL, 0, 1, 0, 0, 0, 0, 0, 0, 0, 0, 0, NULL, 0, 0, 0, 0, 0, 0, 0, 0, 1, NULL),
(54, NULL, 1, 1, 0, 0, 0, 0, 0, 0, 0, 0, 0, NULL, 0, 0, 0, 0, 0, 0, 0, 0, 1, NULL),
(55, NULL, 1, 0, 0, 0, 0, 0, 0, 0, 0, 0, 0, NULL, 0, 0, 0, 0, 0, 0, 0, 0, 1, NULL),
(56, NULL, 1, 0, 0, 0, 0, 0, 0, 0, 0, 0, 0, NULL, 0, 0, 0, 0, 0, 0, 0, 0, 1, NULL),
(57, NULL, 1, 0, 0, 0, 0, 0, 0, 0, 0, 0, 0, NULL, 0, 0, 0, 0, 0, 0, 0, 0, 1, NULL),
(58, NULL, 1, 0, 0, 0, 0, 0, 0, 0, 0, 0, 0, NULL, 0, 0, 0, 0, 0, 0, 0, 0, 1, NULL),
(59, NULL, 1, 0, 0, 0, 0, 0, 0, 0, 0, 0, 0, NULL, 0, 0, 0, 0, 0, 0, 0, 0, 1, NULL),
(60, NULL, 0, 1, 0, 0, 0, 0, 0, 0, 0, 0, 0, NULL, 0, 0, 0, 0, 0, 0, 0, 0, 1, NULL),
(61, NULL, 0, 1, 0, 0, 0, 0, 0, 0, 0, 0, 0, NULL, 0, 0, 0, 0, 0, 0, 0, 0, 1, NULL),
(62, NULL, 0, 1, 0, 0, 0, 0, 0, 0, 0, 0, 0, NULL, 0, 0, 0, 0, 0, 0, 0, 0, 1, NULL),
(63, NULL, 0, 1, 0, 0, 0, 0, 0, 0, 0, 0, 0, NULL, 0, 0, 0, 0, 0, 0, 0, 0, 1, NULL),
(64, NULL, 0, 1, 0, 0, 0, 0, 0, 0, 0, 0, 0, NULL, 0, 0, 0, 0, 0, 0, 0, 0, 1, NULL),
(65, NULL, 1, 0, 0, 0, 0, 0, 0, 0, 0, 0, 0, NULL, 0, 0, 0, 0, 0, 0, 0, 0, 1, NULL),
(66, NULL, 1, 0, 0, 0, 0, 0, 0, 0, 0, 0, 0, NULL, 0, 0, 0, 0, 0, 0, 0, 0, 1, NULL),
(67, 'Magento\\Catalog\\Block\\Adminhtml\\Category\\Helper\\Sortby\\Available', 0, 1, 0, 0, 0, 0, 0, 0, 0, 0, 0, NULL, 0, 0, 0, 0, 0, 0, 0, 0, 1, NULL),
(68, 'Magento\\Catalog\\Block\\Adminhtml\\Category\\Helper\\Sortby\\DefaultSortby', 0, 1, 0, 0, 0, 0, 0, 0, 0, 0, 0, NULL, 0, 0, 0, 0, 0, 0, 0, 0, 1, NULL),
(69, NULL, 0, 1, 0, 0, 0, 0, 0, 0, 0, 0, 0, NULL, 0, 0, 0, 0, 0, 0, 0, 0, 1, NULL),
(70, NULL, 0, 1, 0, 0, 0, 0, 0, 0, 0, 0, 0, NULL, 0, 0, 0, 0, 0, 0, 0, 0, 1, NULL),
(71, NULL, 0, 1, 0, 0, 0, 0, 0, 0, 0, 0, 0, NULL, 0, 0, 0, 0, 0, 0, 0, 0, 1, NULL),
(72, 'Magento\\Catalog\\Block\\Adminhtml\\Category\\Helper\\Pricestep', 0, 1, 0, 0, 0, 0, 0, 0, 0, 0, 0, NULL, 0, 0, 0, 0, 0, 0, 0, 0, 1, NULL),
(73, NULL, 0, 1, 1, 0, 0, 0, 0, 0, 0, 1, 1, NULL, 1, 0, 0, 0, 0, 0, 0, 0, 5, NULL),
(74, NULL, 1, 1, 1, 0, 1, 0, 0, 0, 0, 0, 0, NULL, 1, 0, 0, 0, 0, 0, 0, 0, 6, NULL),
(75, NULL, 0, 1, 1, 0, 1, 0, 1, 0, 0, 0, 0, NULL, 1, 0, 1, 0, 0, 0, 0, 0, 1, NULL),
(76, NULL, 0, 1, 1, 0, 1, 0, 1, 0, 0, 1, 0, NULL, 1, 0, 1, 0, 0, 1, 0, 0, 1, NULL),
(77, NULL, 1, 1, 1, 1, 0, 0, 0, 0, 0, 1, 1, 'simple,virtual,bundle,downloadable,configurable', 1, 0, 0, 0, 0, 0, 0, 0, 1, NULL),
(78, NULL, 1, 1, 0, 0, 0, 0, 0, 0, 0, 1, 0, 'simple,virtual,bundle,downloadable,configurable', 0, 0, 0, 0, 0, 1, 0, 1, 1, NULL),
(79, NULL, 2, 1, 0, 0, 0, 0, 0, 0, 0, 1, 0, 'simple,virtual,bundle,downloadable,configurable', 0, 0, 0, 0, 0, 1, 0, 0, 1, NULL),
(80, NULL, 2, 1, 0, 0, 0, 0, 0, 0, 0, 1, 0, 'simple,virtual,bundle,downloadable,configurable', 0, 0, 0, 0, 0, 1, 0, 0, 1, NULL),
(81, NULL, 1, 1, 0, 0, 0, 0, 0, 0, 0, 0, 0, 'simple,virtual,downloadable', 0, 0, 0, 0, 0, 1, 0, 1, 1, NULL),
(82, 'Magento\\Catalog\\Block\\Adminhtml\\Product\\Helper\\Form\\Weight', 1, 1, 0, 0, 0, 0, 0, 0, 0, 0, 0, 'simple,virtual,bundle,downloadable,configurable', 0, 0, 0, 0, 0, 1, 0, 1, 1, NULL),
(83, NULL, 1, 1, 1, 1, 1, 0, 0, 0, 0, 0, 0, 'simple', 1, 0, 0, 0, 0, 1, 0, 1, 1, NULL),
(84, NULL, 0, 1, 0, 0, 0, 0, 0, 0, 0, 0, 0, NULL, 0, 0, 0, 0, 0, 1, 0, 1, 1, NULL),
(85, NULL, 0, 1, 0, 0, 0, 0, 0, 0, 0, 0, 0, NULL, 0, 0, 0, 0, 0, 1, 0, 1, 1, NULL),
(86, NULL, 0, 1, 0, 0, 0, 0, 0, 0, 0, 0, 0, NULL, 0, 0, 0, 0, 0, 1, 0, 1, 1, NULL),
(87, NULL, 0, 1, 0, 0, 0, 0, 0, 0, 0, 1, 0, NULL, 0, 0, 0, 0, 0, 0, 0, 0, 1, NULL),
(88, NULL, 0, 1, 0, 0, 0, 0, 0, 0, 0, 1, 0, NULL, 0, 0, 0, 0, 0, 0, 0, 0, 1, NULL),
(89, NULL, 0, 1, 0, 0, 0, 0, 0, 0, 0, 1, 0, NULL, 0, 0, 0, 0, 0, 0, 0, 0, 1, NULL),
(90, NULL, 1, 1, 0, 0, 0, 0, 0, 0, 0, 0, 0, NULL, 0, 0, 0, 0, 0, 0, 0, 0, 1, NULL),
(91, NULL, 1, 0, 0, 0, 0, 0, 0, 0, 0, 0, 0, NULL, 0, 0, 0, 0, 0, 0, 0, 0, 1, NULL),
(92, NULL, 2, 1, 0, 0, 0, 0, 0, 0, 0, 0, 0, 'simple,virtual,bundle,downloadable,configurable', 0, 0, 0, 0, 0, 0, 0, 0, 1, NULL),
(93, NULL, 1, 1, 1, 1, 1, 0, 0, 0, 0, 0, 0, 'simple,virtual,configurable', 1, 0, 0, 0, 0, 1, 0, 1, 1, NULL),
(94, NULL, 2, 1, 0, 0, 0, 0, 0, 0, 0, 1, 0, NULL, 0, 0, 0, 0, 0, 1, 0, 0, 1, NULL),
(95, NULL, 2, 1, 0, 0, 0, 0, 0, 0, 0, 1, 0, NULL, 0, 0, 0, 0, 0, 1, 0, 0, 1, NULL),
(96, NULL, 1, 1, 0, 0, 0, 0, 0, 0, 0, 0, 0, NULL, 0, 0, 0, 0, 0, 0, 0, 0, 1, NULL),
(97, 'Magento\\Framework\\Data\\Form\\Element\\Hidden', 2, 1, 1, 0, 0, 0, 0, 0, 0, 1, 0, NULL, 0, 0, 0, 0, 1, 0, 0, 0, 1, NULL),
(98, NULL, 0, 0, 0, 0, 0, 0, 0, 0, 0, 0, 0, 'simple,virtual,bundle,downloadable,configurable', 0, 0, 0, 0, 0, 0, 0, 0, 1, NULL),
(99, NULL, 0, 1, 0, 0, 0, 0, 0, 0, 0, 0, 0, NULL, 0, 0, 0, 0, 1, 0, 0, 0, 1, NULL),
(100, NULL, 0, 1, 0, 0, 0, 0, 0, 0, 0, 0, 0, NULL, 0, 0, 0, 0, 0, 1, 0, 1, 1, NULL),
(101, NULL, 0, 1, 0, 0, 0, 0, 0, 0, 0, 0, 0, NULL, 0, 0, 0, 0, 0, 1, 0, 0, 1, NULL),
(102, NULL, 0, 1, 0, 0, 0, 0, 0, 0, 0, 0, 0, NULL, 0, 0, 0, 0, 0, 1, 0, 0, 1, NULL),
(103, NULL, 0, 1, 0, 0, 0, 0, 0, 0, 0, 0, 0, NULL, 0, 0, 0, 0, 0, 0, 0, 0, 1, NULL),
(104, NULL, 0, 1, 0, 0, 0, 0, 0, 0, 0, 0, 0, NULL, 0, 0, 0, 0, 0, 1, 0, 0, 1, NULL),
(105, 'Magento\\Catalog\\Block\\Adminhtml\\Product\\Helper\\Form\\Category', 1, 1, 0, 0, 0, 0, 0, 0, 0, 0, 0, NULL, 0, 0, 0, 0, 0, 0, 0, 0, 1, NULL),
(106, NULL, 0, 1, 0, 0, 0, 0, 0, 0, 0, 0, 0, NULL, 0, 0, 0, 0, 0, 0, 0, 0, 1, NULL),
(107, NULL, 1, 0, 0, 0, 0, 0, 0, 0, 0, 1, 0, NULL, 0, 0, 0, 0, 0, 0, 0, 0, 1, NULL),
(108, NULL, 1, 0, 0, 0, 0, 0, 0, 0, 0, 0, 0, NULL, 0, 0, 0, 0, 0, 0, 0, 0, 1, NULL),
(109, NULL, 0, 0, 0, 0, 0, 0, 0, 0, 0, 1, 0, NULL, 0, 0, 0, 0, 0, 0, 0, 0, 1, NULL),
(110, NULL, 0, 0, 0, 0, 0, 0, 0, 0, 0, 1, 0, NULL, 0, 0, 0, 0, 0, 0, 0, 0, 1, NULL),
(111, NULL, 0, 0, 0, 0, 0, 0, 0, 0, 0, 1, 0, NULL, 0, 0, 0, 0, 0, 0, 0, 0, 1, NULL),
(112, NULL, 1, 0, 0, 0, 0, 0, 0, 0, 0, 0, 0, NULL, 0, 0, 0, 0, 0, 0, 0, 0, 1, NULL),
(113, NULL, 1, 0, 0, 0, 0, 0, 0, 0, 0, 0, 0, NULL, 0, 0, 0, 0, 0, 0, 0, 0, 1, NULL),
(114, NULL, 2, 1, 0, 0, 0, 0, 0, 0, 0, 0, 0, 'simple,bundle,grouped,configurable', 0, 0, 0, 0, 0, 1, 0, 1, 1, NULL),
(115, 'Magento\\CatalogInventory\\Block\\Adminhtml\\Form\\Field\\Stock', 1, 1, 0, 0, 0, 0, 0, 0, 0, 0, 0, NULL, 0, 0, 0, 0, 0, 0, 0, 0, 1, NULL),
(116, NULL, 0, 1, 0, 0, 0, 0, 0, 0, 0, 0, 0, NULL, 0, 0, 0, 0, 0, 1, 0, 0, 1, NULL),
(117, NULL, 0, 1, 0, 0, 0, 0, 0, 0, 0, 0, 0, NULL, 0, 0, 0, 0, 0, 0, 0, 0, 1, NULL),
(118, NULL, 0, 0, 0, 0, 0, 0, 0, 0, 0, 0, 0, NULL, 0, 0, 0, 0, 0, 0, 0, 0, 1, NULL),
(119, NULL, 0, 1, 0, 0, 0, 0, 0, 0, 0, 1, 0, NULL, 0, 0, 0, 0, 0, 1, 0, 1, 1, NULL),
(120, NULL, 0, 0, 0, 0, 0, 0, 0, 0, 0, 0, 0, NULL, 0, 0, 0, 0, 0, 0, 0, 0, 1, NULL),
(121, 'Magento\\Msrp\\Block\\Adminhtml\\Product\\Helper\\Form\\Type', 1, 1, 0, 0, 0, 0, 0, 0, 0, 1, 0, 'simple,virtual,downloadable,bundle,configurable', 0, 0, 0, 0, 0, 1, 0, 1, 1, NULL),
(122, 'Magento\\Msrp\\Block\\Adminhtml\\Product\\Helper\\Form\\Type\\Price', 2, 1, 0, 0, 0, 0, 0, 0, 0, 1, 0, 'simple,virtual,downloadable,bundle,configurable', 0, 0, 0, 0, 0, 0, 0, 0, 1, NULL),
(123, NULL, 1, 1, 0, 0, 0, 0, 0, 0, 0, 1, 0, 'bundle', 0, 0, 0, 0, 0, 0, 0, 0, 1, NULL),
(124, NULL, 1, 1, 0, 0, 0, 0, 0, 0, 0, 0, 0, 'bundle', 0, 0, 0, 0, 0, 0, 0, 0, 1, NULL),
(125, NULL, 1, 1, 0, 0, 0, 0, 0, 0, 0, 1, 0, 'bundle', 0, 0, 0, 0, 0, 0, 0, 0, 1, NULL),
(126, NULL, 1, 1, 0, 0, 0, 0, 0, 0, 0, 1, 0, 'bundle', 0, 0, 0, 0, 0, 0, 0, 0, 1, NULL),
(127, NULL, 1, 1, 0, 0, 0, 0, 0, 0, 0, 1, 0, 'bundle', 0, 0, 0, 0, 0, 0, 0, 0, 1, NULL),
(128, NULL, 1, 0, 0, 0, 0, 0, 0, 0, 0, 1, 0, 'downloadable', 0, 0, 0, 0, 0, 0, 0, 0, 1, NULL),
(129, NULL, 0, 0, 0, 0, 0, 0, 0, 0, 0, 0, 0, 'downloadable', 0, 0, 0, 0, 0, 0, 0, 0, 1, NULL),
(130, NULL, 0, 0, 0, 0, 0, 0, 0, 0, 0, 0, 0, 'downloadable', 0, 0, 0, 0, 0, 0, 0, 0, 1, NULL),
(131, NULL, 1, 0, 0, 0, 0, 0, 0, 0, 0, 1, 0, 'downloadable', 0, 0, 0, 0, 0, 0, 0, 0, 1, NULL),
(132, NULL, 0, 1, 0, 0, 0, 0, 0, 0, 0, 1, 0, NULL, 0, 0, 0, 0, 0, 0, 0, 0, 1, NULL),
(133, NULL, 2, 1, 1, 0, 0, 0, 0, 0, 0, 1, 0, 'simple,virtual,bundle,downloadable,configurable', 0, 0, 0, 0, 0, 1, 0, 1, 1, NULL),
(134, 'Magento\\GiftMessage\\Block\\Adminhtml\\Product\\Helper\\Form\\Config', 1, 1, 0, 0, 0, 0, 0, 0, 0, 0, 0, NULL, 0, 0, 0, 0, 0, 1, 0, 0, 1, NULL),
(135, NULL, 0, 1, 0, 0, 0, 0, 0, 0, 0, 0, 0, NULL, 0, 0, 0, 0, 0, 0, 0, 0, 1, NULL),
(136, NULL, 0, 1, 0, 0, 0, 0, 0, 0, 0, 0, 0, NULL, 0, 0, 0, 0, 0, 0, 0, 0, 1, NULL),
(137, NULL, 0, 1, 0, 0, 0, 0, 0, 0, 0, 1, 0, 'simple,virtual,configurable', 0, 0, 0, 0, 0, 1, 0, 1, 1, NULL),
(138, NULL, 0, 1, 0, 0, 0, 0, 0, 0, 0, 0, 0, NULL, 0, 0, 0, 0, 0, 0, 0, 0, 1, NULL),
(139, NULL, 0, 1, 0, 0, 0, 0, 0, 0, 0, 0, 0, NULL, 0, 0, 0, 0, 0, 0, 0, 0, 1, NULL),
(140, NULL, 0, 1, 0, 0, 0, 0, 0, 0, 0, 0, 0, NULL, 0, 0, 0, 0, 0, 0, 0, 0, 1, NULL),
(141, NULL, 0, 1, 0, 0, 0, 0, 0, 0, 0, 0, 0, NULL, 0, 0, 0, 0, 0, 0, 0, 0, 1, NULL),
(142, NULL, 1, 1, 0, 0, 0, 0, 0, 0, 0, 0, 0, 'simple,configurable,bundle,virtual,downloadable', 0, 0, 0, 0, 0, 0, 0, 1, 1, NULL),
(143, NULL, 0, 1, 0, 0, 0, 0, 0, 0, 0, 1, 0, NULL, 0, 0, 0, 0, 0, 0, 0, 0, 1, NULL),
(144, NULL, 0, 1, 1, 0, 0, 0, 1, 0, 0, 0, 0, NULL, 1, 0, 1, 0, 0, 1, 1, 1, 1, NULL),
(145, NULL, 0, 1, 1, 0, 0, 0, 1, 0, 0, 0, 0, NULL, 1, 0, 1, 0, 0, 1, 1, 1, 1, NULL),
(146, NULL, 0, 1, 1, 0, 0, 0, 1, 0, 0, 0, 0, NULL, 1, 0, 1, 0, 0, 1, 1, 1, 1, NULL),
(147, NULL, 1, 1, 1, 1, 1, 1, 0, 0, 0, 1, 1, NULL, 1, 0, 0, 0, 0, 1, 1, 1, 1, NULL),
(150, NULL, 0, 1, 1, 0, 0, 0, 1, 0, 0, 1, 1, NULL, 1, 0, 0, 0, 0, 0, 1, 0, 1, NULL),
(151, NULL, 0, 1, 1, 0, 0, 0, 1, 0, 0, 1, 1, NULL, 1, 0, 0, 0, 0, 1, 1, 1, 1, NULL),
(152, NULL, 1, 1, 0, 0, 0, 0, 1, 0, 0, 0, 0, NULL, 0, 0, 0, 0, 0, 1, 1, 1, 1, NULL);

-- --------------------------------------------------------

--
-- Table structure for table `sgp_catalog_product_bundle_option`
--

CREATE TABLE `sgp_catalog_product_bundle_option` (
  `option_id` int(10) UNSIGNED NOT NULL COMMENT 'Option Id',
  `parent_id` int(10) UNSIGNED NOT NULL COMMENT 'Parent Id',
  `required` smallint(5) UNSIGNED NOT NULL DEFAULT '0' COMMENT 'Required',
  `position` int(10) UNSIGNED NOT NULL DEFAULT '0' COMMENT 'Position',
  `type` varchar(255) DEFAULT NULL COMMENT 'Type'
) ENGINE=InnoDB DEFAULT CHARSET=utf8 COMMENT='Catalog Product Bundle Option';

--
-- Dumping data for table `sgp_catalog_product_bundle_option`
--

INSERT INTO `sgp_catalog_product_bundle_option` (`option_id`, `parent_id`, `required`, `position`, `type`) VALUES
(1, 474, 1, 2, 'select'),
(2, 474, 1, 1, 'select'),
(3, 478, 1, 1, 'select'),
(4, 478, 1, 2, 'select'),
(5, 479, 1, 1, 'select'),
(6, 479, 1, 2, 'select'),
(7, 480, 1, 1, 'select'),
(8, 480, 1, 2, 'select'),
(9, 481, 1, 1, 'select'),
(10, 481, 1, 2, 'select'),
(11, 482, 1, 1, 'select'),
(12, 482, 1, 2, 'select');

-- --------------------------------------------------------

--
-- Table structure for table `sgp_catalog_product_bundle_option_value`
--

CREATE TABLE `sgp_catalog_product_bundle_option_value` (
  `value_id` int(10) UNSIGNED NOT NULL COMMENT 'Value Id',
  `option_id` int(10) UNSIGNED NOT NULL COMMENT 'Option Id',
  `store_id` smallint(5) UNSIGNED NOT NULL COMMENT 'Store Id',
  `title` varchar(255) DEFAULT NULL COMMENT 'Title'
) ENGINE=InnoDB DEFAULT CHARSET=utf8 COMMENT='Catalog Product Bundle Option Value';

--
-- Dumping data for table `sgp_catalog_product_bundle_option_value`
--

INSERT INTO `sgp_catalog_product_bundle_option_value` (`value_id`, `option_id`, `store_id`, `title`) VALUES
(9, 2, 0, 'Manduwa Flour'),
(10, 1, 0, 'Combo Items'),
(13, 5, 0, 'Soyabean'),
(14, 6, 0, 'Combo Items'),
(15, 3, 0, 'Barley Flour'),
(16, 4, 0, 'Combo Items'),
(17, 7, 0, 'Gahat'),
(18, 8, 0, 'Combo Items'),
(21, 9, 0, 'Jhangora Rice (Barnyad Millet) - 750 GM'),
(22, 10, 0, 'Combo Items'),
(23, 11, 0, 'Sesame Oil'),
(24, 12, 0, 'Combo Items');

-- --------------------------------------------------------

--
-- Table structure for table `sgp_catalog_product_bundle_price_index`
--

CREATE TABLE `sgp_catalog_product_bundle_price_index` (
  `entity_id` int(10) UNSIGNED NOT NULL COMMENT 'Entity Id',
  `website_id` smallint(5) UNSIGNED NOT NULL COMMENT 'Website Id',
  `customer_group_id` smallint(5) UNSIGNED NOT NULL COMMENT 'Customer Group Id',
  `min_price` decimal(12,4) NOT NULL COMMENT 'Min Price',
  `max_price` decimal(12,4) NOT NULL COMMENT 'Max Price'
) ENGINE=InnoDB DEFAULT CHARSET=utf8 COMMENT='Catalog Product Bundle Price Index';

-- --------------------------------------------------------

--
-- Table structure for table `sgp_catalog_product_bundle_selection`
--

CREATE TABLE `sgp_catalog_product_bundle_selection` (
  `selection_id` int(10) UNSIGNED NOT NULL COMMENT 'Selection Id',
  `option_id` int(10) UNSIGNED NOT NULL COMMENT 'Option Id',
  `parent_product_id` int(10) UNSIGNED NOT NULL COMMENT 'Parent Product Id',
  `product_id` int(10) UNSIGNED NOT NULL COMMENT 'Product Id',
  `position` int(10) UNSIGNED NOT NULL DEFAULT '0' COMMENT 'Position',
  `is_default` smallint(5) UNSIGNED NOT NULL DEFAULT '0' COMMENT 'Is Default',
  `selection_price_type` smallint(5) UNSIGNED NOT NULL DEFAULT '0' COMMENT 'Selection Price Type',
  `selection_price_value` decimal(12,4) NOT NULL DEFAULT '0.0000' COMMENT 'Selection Price Value',
  `selection_qty` decimal(12,4) DEFAULT NULL COMMENT 'Selection Qty',
  `selection_can_change_qty` smallint(6) NOT NULL DEFAULT '0' COMMENT 'Selection Can Change Qty'
) ENGINE=InnoDB DEFAULT CHARSET=utf8 COMMENT='Catalog Product Bundle Selection';

--
-- Dumping data for table `sgp_catalog_product_bundle_selection`
--

INSERT INTO `sgp_catalog_product_bundle_selection` (`selection_id`, `option_id`, `parent_product_id`, `product_id`, `position`, `is_default`, `selection_price_type`, `selection_price_value`, `selection_qty`, `selection_can_change_qty`) VALUES
(35, 2, 474, 443, 1, 1, 0, 0.0000, 1.0000, 0),
(36, 1, 474, 432, 1, 0, 0, 0.0000, 1.0000, 0),
(37, 1, 474, 448, 2, 0, 0, 0.0000, 1.0000, 0),
(38, 1, 474, 428, 4, 0, 0, 0.0000, 1.0000, 0),
(39, 1, 474, 475, 8, 0, 0, 0.0000, 1.0000, 0),
(40, 1, 474, 425, 5, 0, 0, 0.0000, 1.0000, 0),
(41, 1, 474, 451, 6, 0, 0, 0.0000, 1.0000, 0),
(42, 1, 474, 450, 7, 0, 0, 0.0000, 1.0000, 0),
(43, 1, 474, 476, 3, 0, 0, 0.0000, 1.0000, 0),
(44, 1, 474, 477, 9, 0, 0, 0.0000, 1.0000, 0),
(55, 5, 479, 446, 1, 1, 0, 0.0000, 1.0000, 0),
(56, 6, 479, 432, 1, 0, 0, 0.0000, 1.0000, 0),
(57, 6, 479, 448, 2, 0, 0, 0.0000, 1.0000, 0),
(58, 6, 479, 476, 3, 0, 0, 0.0000, 1.0000, 0),
(59, 6, 479, 477, 9, 0, 0, 0.0000, 1.0000, 0),
(60, 6, 479, 475, 8, 0, 0, 0.0000, 1.0000, 0),
(61, 6, 479, 428, 4, 0, 0, 0.0000, 1.0000, 0),
(62, 6, 479, 425, 5, 0, 0, 0.0000, 1.0000, 0),
(63, 6, 479, 450, 7, 0, 0, 0.0000, 1.0000, 0),
(64, 6, 479, 451, 6, 0, 0, 0.0000, 1.0000, 0),
(65, 3, 478, 442, 1, 1, 0, 0.0000, 1.0000, 0),
(66, 4, 478, 432, 1, 0, 0, 0.0000, 1.0000, 0),
(67, 4, 478, 448, 2, 0, 0, 0.0000, 1.0000, 0),
(68, 4, 478, 476, 3, 0, 0, 0.0000, 1.0000, 0),
(69, 4, 478, 477, 9, 0, 0, 0.0000, 1.0000, 0),
(70, 4, 478, 428, 4, 0, 0, 0.0000, 1.0000, 0),
(71, 4, 478, 475, 8, 0, 0, 0.0000, 1.0000, 0),
(72, 4, 478, 425, 5, 0, 0, 0.0000, 1.0000, 0),
(73, 4, 478, 451, 6, 0, 0, 0.0000, 1.0000, 0),
(74, 4, 478, 450, 7, 0, 0, 0.0000, 1.0000, 0),
(75, 7, 480, 444, 1, 1, 0, 0.0000, 1.0000, 0),
(76, 8, 480, 432, 1, 0, 0, 0.0000, 1.0000, 0),
(77, 8, 480, 425, 5, 0, 0, 0.0000, 1.0000, 0),
(78, 8, 480, 475, 8, 0, 0, 0.0000, 1.0000, 0),
(79, 8, 480, 476, 3, 0, 0, 0.0000, 1.0000, 0),
(80, 8, 480, 477, 9, 0, 0, 0.0000, 1.0000, 0),
(81, 8, 480, 450, 7, 0, 0, 0.0000, 1.0000, 0),
(82, 8, 480, 451, 6, 0, 0, 0.0000, 1.0000, 0),
(83, 8, 480, 448, 2, 0, 0, 0.0000, 1.0000, 0),
(84, 8, 480, 428, 4, 0, 0, 0.0000, 1.0000, 0),
(95, 9, 481, 441, 1, 1, 0, 0.0000, 1.0000, 0),
(96, 10, 481, 432, 1, 0, 0, 0.0000, 1.0000, 0),
(97, 10, 481, 448, 2, 0, 0, 0.0000, 1.0000, 0),
(98, 10, 481, 476, 3, 0, 0, 0.0000, 1.0000, 0),
(99, 10, 481, 428, 4, 0, 0, 0.0000, 1.0000, 0),
(100, 10, 481, 425, 5, 0, 0, 0.0000, 1.0000, 0),
(101, 10, 481, 451, 6, 0, 0, 0.0000, 1.0000, 0),
(102, 10, 481, 450, 7, 0, 0, 0.0000, 1.0000, 0),
(103, 10, 481, 475, 8, 0, 0, 0.0000, 1.0000, 0),
(104, 10, 481, 477, 9, 0, 0, 0.0000, 1.0000, 0),
(105, 11, 482, 435, 1, 1, 0, 0.0000, 1.0000, 0),
(106, 12, 482, 432, 1, 0, 0, 0.0000, 1.0000, 0),
(107, 12, 482, 448, 2, 0, 0, 0.0000, 1.0000, 0),
(108, 12, 482, 476, 3, 0, 0, 0.0000, 1.0000, 0),
(109, 12, 482, 428, 4, 0, 0, 0.0000, 1.0000, 0),
(110, 12, 482, 425, 5, 0, 0, 0.0000, 1.0000, 0),
(111, 12, 482, 451, 6, 0, 0, 0.0000, 1.0000, 0),
(112, 12, 482, 450, 7, 0, 0, 0.0000, 1.0000, 0),
(113, 12, 482, 475, 8, 0, 0, 0.0000, 1.0000, 0),
(114, 12, 482, 477, 9, 0, 0, 0.0000, 1.0000, 0);

-- --------------------------------------------------------

--
-- Table structure for table `sgp_catalog_product_bundle_selection_price`
--

CREATE TABLE `sgp_catalog_product_bundle_selection_price` (
  `selection_id` int(10) UNSIGNED NOT NULL COMMENT 'Selection Id',
  `website_id` smallint(5) UNSIGNED NOT NULL COMMENT 'Website Id',
  `selection_price_type` smallint(5) UNSIGNED NOT NULL DEFAULT '0' COMMENT 'Selection Price Type',
  `selection_price_value` decimal(12,4) NOT NULL DEFAULT '0.0000' COMMENT 'Selection Price Value'
) ENGINE=InnoDB DEFAULT CHARSET=utf8 COMMENT='Catalog Product Bundle Selection Price';

-- --------------------------------------------------------

--
-- Table structure for table `sgp_catalog_product_bundle_stock_index`
--

CREATE TABLE `sgp_catalog_product_bundle_stock_index` (
  `entity_id` int(10) UNSIGNED NOT NULL COMMENT 'Entity Id',
  `website_id` smallint(5) UNSIGNED NOT NULL COMMENT 'Website Id',
  `stock_id` smallint(5) UNSIGNED NOT NULL COMMENT 'Stock Id',
  `option_id` int(10) UNSIGNED NOT NULL DEFAULT '0' COMMENT 'Option Id',
  `stock_status` smallint(6) DEFAULT '0' COMMENT 'Stock Status'
) ENGINE=InnoDB DEFAULT CHARSET=utf8 COMMENT='Catalog Product Bundle Stock Index';

-- --------------------------------------------------------

--
-- Table structure for table `sgp_catalog_product_entity`
--

CREATE TABLE `sgp_catalog_product_entity` (
  `entity_id` int(10) UNSIGNED NOT NULL COMMENT 'Entity ID',
  `attribute_set_id` smallint(5) UNSIGNED NOT NULL DEFAULT '0' COMMENT 'Attribute Set ID',
  `type_id` varchar(32) NOT NULL DEFAULT 'simple' COMMENT 'Type ID',
  `sku` varchar(64) DEFAULT NULL COMMENT 'SKU',
  `has_options` smallint(6) NOT NULL DEFAULT '0' COMMENT 'Has Options',
  `required_options` smallint(5) UNSIGNED NOT NULL DEFAULT '0' COMMENT 'Required Options',
  `created_at` timestamp NOT NULL DEFAULT CURRENT_TIMESTAMP COMMENT 'Creation Time',
  `updated_at` timestamp NOT NULL DEFAULT CURRENT_TIMESTAMP ON UPDATE CURRENT_TIMESTAMP COMMENT 'Update Time'
) ENGINE=InnoDB DEFAULT CHARSET=utf8 COMMENT='Catalog Product Table';

--
-- Dumping data for table `sgp_catalog_product_entity`
--

INSERT INTO `sgp_catalog_product_entity` (`entity_id`, `attribute_set_id`, `type_id`, `sku`, `has_options`, `required_options`, `created_at`, `updated_at`) VALUES
(424, 4, 'simple', 'Turmeric Powder (Haldi Powder) ', 0, 0, '2020-04-07 07:41:33', '2020-04-07 07:41:33'),
(425, 4, 'simple', 'Yellow Chilli Powder ', 0, 0, '2020-04-07 07:52:47', '2020-06-11 06:36:44'),
(426, 4, 'simple', 'Coriander Powder', 0, 0, '2020-04-07 08:35:35', '2020-04-07 08:35:35'),
(427, 4, 'simple', 'Red Chilli Powder', 0, 0, '2020-04-07 09:01:48', '2020-04-07 09:01:48'),
(428, 4, 'simple', 'Jakhya', 0, 0, '2020-04-07 09:08:03', '2020-04-07 09:08:03'),
(429, 4, 'simple', 'Fenugreek Seeds', 0, 0, '2020-04-07 10:03:19', '2020-06-11 06:35:58'),
(430, 4, 'simple', 'Yellow Chilli Whole', 0, 0, '2020-04-07 10:35:15', '2020-04-07 10:49:10'),
(431, 4, 'simple', 'Red Chilli whole', 0, 0, '2020-04-07 11:37:37', '2020-04-07 11:37:37'),
(432, 4, 'simple', 'Faran', 0, 0, '2020-04-07 11:43:42', '2020-04-07 11:43:42'),
(433, 4, 'simple', 'Perilla', 0, 0, '2020-04-07 11:50:03', '2020-04-07 11:50:03'),
(434, 4, 'simple', 'Mustard Oil', 0, 0, '2020-04-07 11:55:24', '2020-04-07 11:55:24'),
(435, 4, 'simple', 'Sesame oil', 0, 0, '2020-04-07 11:59:53', '2020-04-07 11:59:53'),
(436, 4, 'simple', 'Walnut', 0, 0, '2020-04-07 12:13:15', '2020-04-07 12:13:15'),
(437, 4, 'simple', 'Nettle Tea', 0, 0, '2020-04-07 12:30:21', '2020-04-07 12:30:21'),
(438, 4, 'simple', 'Chamomile Tea', 0, 0, '2020-04-07 12:37:32', '2020-04-07 12:37:32'),
(439, 4, 'simple', 'Citrus Tea', 0, 0, '2020-04-07 12:47:16', '2020-04-07 12:47:40'),
(440, 4, 'simple', 'Red Rice', 0, 0, '2020-04-07 12:53:22', '2020-05-20 10:22:34'),
(441, 4, 'simple', 'Jhangora Rice', 0, 0, '2020-04-07 13:00:07', '2020-04-07 13:00:07'),
(442, 4, 'simple', 'Barley Flour (Jau ka Atta)', 0, 0, '2020-04-07 13:14:12', '2020-04-07 13:14:12'),
(443, 4, 'simple', 'Manduwa Flour', 0, 0, '2020-04-07 13:17:56', '2020-04-07 13:17:56'),
(444, 4, 'simple', 'Gahat', 0, 0, '2020-04-07 14:19:59', '2020-04-07 14:19:59'),
(445, 4, 'simple', 'Black Soyabean (Kala Bhatt)', 0, 0, '2020-04-07 14:29:27', '2020-04-07 14:29:27'),
(446, 4, 'simple', 'Soyabean', 0, 0, '2020-04-07 14:33:44', '2020-04-07 14:33:44'),
(447, 4, 'simple', 'Rajama-Munsiyari', 0, 0, '2020-04-07 14:39:04', '2020-04-07 14:39:04'),
(448, 4, 'simple', 'Amla Powder ', 0, 0, '2020-04-07 14:44:43', '2020-04-07 14:44:43'),
(449, 4, 'simple', 'Himalayan honey', 0, 0, '2020-04-07 14:56:18', '2020-05-30 13:36:52'),
(450, 4, 'simple', 'Harad Powder ', 0, 0, '2020-04-07 15:12:27', '2020-09-14 20:42:46'),
(451, 4, 'simple', 'Bahera Powder', 0, 0, '2020-04-07 15:15:45', '2020-09-14 20:42:27'),
(452, 4, 'simple', 'Ginger Powder', 0, 0, '2020-04-07 15:54:17', '2020-04-07 15:54:17'),
(453, 4, 'simple', 'Ghee', 0, 0, '2020-04-07 16:03:20', '2020-04-07 16:03:20'),
(454, 4, 'simple', 'Seabuckthorn Tea', 0, 0, '2020-04-07 16:08:33', '2020-04-07 16:08:33'),
(455, 4, 'simple', 'Rohodendron Squash ', 0, 0, '2020-04-07 16:10:48', '2020-05-20 10:31:35'),
(456, 4, 'simple', 'Walnut Salsa', 0, 0, '2020-04-07 16:14:36', '2020-04-07 16:14:36'),
(457, 4, 'simple', 'Apple flakes', 0, 0, '2020-04-07 16:18:21', '2020-04-07 16:18:21'),
(458, 4, 'simple', 'Pumpkin Flakes', 0, 0, '2020-04-07 16:21:15', '2020-04-07 16:21:15'),
(459, 4, 'simple', 'Rihodendron Tea', 0, 0, '2020-04-07 16:29:28', '2020-05-14 10:21:21'),
(460, 4, 'simple', 'Malta Squash', 0, 0, '2020-04-07 16:32:11', '2020-04-07 16:32:11'),
(461, 4, 'simple', 'Coriander Powder-1', 0, 0, '2020-05-14 09:20:45', '2020-05-14 09:20:45'),
(462, 4, 'simple', 'Red chilli powder-1', 0, 0, '2020-05-14 09:24:50', '2020-05-14 09:24:50'),
(463, 4, 'simple', 'Haldi powder', 0, 0, '2020-05-14 09:28:41', '2020-05-14 09:28:41'),
(464, 4, 'simple', 'Jakhya (Wild Mustard)', 0, 0, '2020-05-14 09:33:17', '2020-05-14 09:33:17'),
(465, 4, 'simple', 'Bhang Jeera (Perilla)', 0, 0, '2020-05-14 09:36:10', '2020-05-14 09:36:10'),
(466, 4, 'simple', 'Bhang Seeds (Hemp Seeds) ', 0, 0, '2020-05-14 09:40:20', '2020-05-14 09:40:20'),
(467, 4, 'simple', 'Walnut Spread', 0, 0, '2020-05-14 09:45:16', '2020-05-14 09:45:16'),
(468, 4, 'simple', 'Amla Squash', 0, 0, '2020-05-14 10:15:27', '2020-05-14 10:15:27'),
(469, 4, 'simple', 'Turmeric Powder (Haldi Powder) - 500 GM', 0, 0, '2020-05-31 11:10:12', '2020-05-31 11:10:12'),
(470, 4, 'simple', 'Red Chilli Powder - 500 GM', 0, 0, '2020-05-31 11:25:25', '2020-05-31 11:25:25'),
(471, 4, 'simple', 'Yellow Chili Powder - 100 GM', 0, 0, '2020-05-31 11:30:09', '2020-05-31 11:30:09'),
(472, 4, 'simple', 'Coriander Powder - 500 GM', 0, 0, '2020-05-31 11:33:22', '2020-05-31 11:33:22'),
(473, 4, 'simple', 'Red Chilli Whole - 500 GM', 0, 0, '2020-05-31 11:35:51', '2020-05-31 11:35:51'),
(474, 4, 'bundle', 'Manduwa-Flour', 1, 1, '2020-09-07 18:56:10', '2020-09-07 18:56:10'),
(475, 4, 'simple', 'Jakhya - 250 GM', 0, 0, '2020-09-14 20:35:32', '2020-09-14 20:35:32'),
(476, 4, 'simple', 'Perilla (Bhang Jeera)-75GM', 0, 0, '2020-09-14 20:37:55', '2020-09-14 20:38:21'),
(477, 4, 'simple', 'Perilla (Bhang Jeera)-250GM', 0, 0, '2020-09-14 20:39:01', '2020-09-14 20:39:01'),
(478, 4, 'bundle', 'Barley Flour - 750 GM', 1, 1, '2020-09-14 20:49:53', '2020-09-14 20:49:53'),
(479, 4, 'bundle', 'Soyabean - 750 GM', 1, 1, '2020-09-14 20:56:25', '2020-09-14 20:56:25'),
(480, 4, 'bundle', 'Gahat - 750 GM', 1, 1, '2020-09-14 21:03:17', '2020-09-14 21:03:17'),
(481, 4, 'bundle', 'Jhangora Rice (Barnyad Millet) - 750 GM', 1, 1, '2020-09-14 21:08:13', '2020-09-14 21:08:13'),
(482, 4, 'bundle', 'Sesame Oil (Cold Pressed) - 500 GM', 1, 1, '2020-09-14 21:13:56', '2020-09-14 21:13:56');

-- --------------------------------------------------------

--
-- Table structure for table `sgp_catalog_product_entity_datetime`
--

CREATE TABLE `sgp_catalog_product_entity_datetime` (
  `value_id` int(11) NOT NULL COMMENT 'Value ID',
  `attribute_id` smallint(5) UNSIGNED NOT NULL DEFAULT '0' COMMENT 'Attribute ID',
  `store_id` smallint(5) UNSIGNED NOT NULL DEFAULT '0' COMMENT 'Store ID',
  `entity_id` int(10) UNSIGNED NOT NULL DEFAULT '0' COMMENT 'Entity ID',
  `value` datetime DEFAULT NULL COMMENT 'Value'
) ENGINE=InnoDB DEFAULT CHARSET=utf8 COMMENT='Catalog Product Datetime Attribute Backend Table';

--
-- Dumping data for table `sgp_catalog_product_entity_datetime`
--

INSERT INTO `sgp_catalog_product_entity_datetime` (`value_id`, `attribute_id`, `store_id`, `entity_id`, `value`) VALUES
(2007, 79, 0, 424, '2020-04-07 00:00:00'),
(2008, 80, 0, 424, NULL),
(2009, 94, 0, 424, NULL),
(2010, 95, 0, 424, NULL),
(2011, 101, 0, 424, NULL),
(2012, 102, 0, 424, NULL),
(2013, 79, 0, 425, NULL),
(2014, 80, 0, 425, NULL),
(2015, 94, 0, 425, NULL),
(2016, 95, 0, 425, NULL),
(2017, 101, 0, 425, NULL),
(2018, 102, 0, 425, NULL),
(2019, 79, 0, 426, NULL),
(2020, 80, 0, 426, NULL),
(2021, 94, 0, 426, NULL),
(2022, 95, 0, 426, NULL),
(2023, 101, 0, 426, NULL),
(2024, 102, 0, 426, NULL),
(2025, 79, 0, 428, NULL),
(2026, 80, 0, 428, NULL),
(2027, 94, 0, 428, NULL),
(2028, 95, 0, 428, NULL),
(2029, 101, 0, 428, NULL),
(2030, 102, 0, 428, NULL),
(2031, 79, 0, 430, NULL),
(2032, 80, 0, 430, NULL),
(2033, 94, 0, 430, NULL),
(2034, 95, 0, 430, NULL),
(2035, 101, 0, 430, NULL),
(2036, 102, 0, 430, NULL),
(2037, 79, 0, 435, NULL),
(2038, 80, 0, 435, NULL),
(2039, 94, 0, 435, NULL),
(2040, 95, 0, 435, NULL),
(2041, 101, 0, 435, NULL),
(2042, 102, 0, 435, NULL),
(2043, 79, 0, 439, NULL),
(2044, 80, 0, 439, NULL),
(2045, 94, 0, 439, NULL),
(2046, 95, 0, 439, NULL),
(2047, 101, 0, 439, NULL),
(2048, 102, 0, 439, NULL),
(2049, 79, 0, 440, NULL),
(2050, 80, 0, 440, NULL),
(2051, 94, 0, 440, NULL),
(2052, 95, 0, 440, NULL),
(2053, 101, 0, 440, NULL),
(2054, 102, 0, 440, NULL),
(2055, 79, 0, 431, NULL),
(2056, 80, 0, 431, NULL),
(2057, 94, 0, 431, NULL),
(2058, 95, 0, 431, NULL),
(2059, 101, 0, 431, NULL),
(2060, 102, 0, 431, NULL),
(2061, 79, 0, 453, NULL),
(2062, 80, 0, 453, NULL),
(2063, 94, 0, 453, NULL),
(2064, 95, 0, 453, NULL),
(2065, 101, 0, 453, NULL),
(2066, 102, 0, 453, NULL),
(2067, 79, 0, 436, NULL),
(2068, 80, 0, 436, NULL),
(2069, 94, 0, 436, NULL),
(2070, 95, 0, 436, NULL),
(2071, 101, 0, 436, NULL),
(2072, 102, 0, 436, NULL),
(2073, 79, 0, 429, NULL),
(2074, 80, 0, 429, NULL),
(2075, 94, 0, 429, NULL),
(2076, 95, 0, 429, NULL),
(2077, 101, 0, 429, NULL),
(2078, 102, 0, 429, NULL),
(2079, 79, 0, 427, NULL),
(2080, 80, 0, 427, NULL),
(2081, 94, 0, 427, NULL),
(2082, 95, 0, 427, NULL),
(2083, 101, 0, 427, NULL),
(2084, 102, 0, 427, NULL),
(2085, 79, 0, 432, NULL),
(2086, 80, 0, 432, NULL),
(2087, 94, 0, 432, NULL),
(2088, 95, 0, 432, NULL),
(2089, 101, 0, 432, NULL),
(2090, 102, 0, 432, NULL),
(2091, 79, 0, 433, NULL),
(2092, 80, 0, 433, NULL),
(2093, 94, 0, 433, NULL),
(2094, 95, 0, 433, NULL),
(2095, 101, 0, 433, NULL),
(2096, 102, 0, 433, NULL),
(2097, 79, 0, 434, NULL),
(2098, 80, 0, 434, NULL),
(2099, 94, 0, 434, NULL),
(2100, 95, 0, 434, NULL),
(2101, 101, 0, 434, NULL),
(2102, 102, 0, 434, NULL),
(2103, 79, 0, 437, NULL),
(2104, 80, 0, 437, NULL),
(2105, 94, 0, 437, NULL),
(2106, 95, 0, 437, NULL),
(2107, 101, 0, 437, NULL),
(2108, 102, 0, 437, NULL),
(2109, 79, 0, 438, NULL),
(2110, 80, 0, 438, NULL),
(2111, 94, 0, 438, NULL),
(2112, 95, 0, 438, NULL),
(2113, 101, 0, 438, NULL),
(2114, 102, 0, 438, NULL),
(2115, 79, 0, 441, NULL),
(2116, 80, 0, 441, NULL),
(2117, 94, 0, 441, NULL),
(2118, 95, 0, 441, NULL),
(2119, 101, 0, 441, NULL),
(2120, 102, 0, 441, NULL),
(2121, 79, 0, 442, NULL),
(2122, 80, 0, 442, NULL),
(2123, 94, 0, 442, NULL),
(2124, 95, 0, 442, NULL),
(2125, 101, 0, 442, NULL),
(2126, 102, 0, 442, NULL),
(2127, 79, 0, 443, NULL),
(2128, 80, 0, 443, NULL),
(2129, 94, 0, 443, NULL),
(2130, 95, 0, 443, NULL),
(2131, 101, 0, 443, NULL),
(2132, 102, 0, 443, NULL),
(2133, 79, 0, 444, NULL),
(2134, 80, 0, 444, NULL),
(2135, 94, 0, 444, NULL),
(2136, 95, 0, 444, NULL),
(2137, 101, 0, 444, NULL),
(2138, 102, 0, 444, NULL),
(2139, 79, 0, 445, NULL),
(2140, 80, 0, 445, NULL),
(2141, 94, 0, 445, NULL),
(2142, 95, 0, 445, NULL),
(2143, 101, 0, 445, NULL),
(2144, 102, 0, 445, NULL),
(2145, 79, 0, 446, NULL),
(2146, 80, 0, 446, NULL),
(2147, 94, 0, 446, NULL),
(2148, 95, 0, 446, NULL),
(2149, 101, 0, 446, NULL),
(2150, 102, 0, 446, NULL),
(2151, 79, 0, 447, '2020-08-13 00:00:00'),
(2152, 80, 0, 447, '2020-08-21 00:00:00'),
(2153, 94, 0, 447, NULL),
(2154, 95, 0, 447, NULL),
(2155, 101, 0, 447, NULL),
(2156, 102, 0, 447, NULL),
(2157, 79, 0, 448, NULL),
(2158, 80, 0, 448, NULL),
(2159, 94, 0, 448, NULL),
(2160, 95, 0, 448, NULL),
(2161, 101, 0, 448, NULL),
(2162, 102, 0, 448, NULL),
(2163, 79, 0, 449, NULL),
(2164, 80, 0, 449, NULL),
(2165, 94, 0, 449, NULL),
(2166, 95, 0, 449, NULL),
(2167, 101, 0, 449, NULL),
(2168, 102, 0, 449, NULL),
(2169, 79, 0, 451, NULL),
(2170, 80, 0, 451, NULL),
(2171, 94, 0, 451, NULL),
(2172, 95, 0, 451, NULL),
(2173, 101, 0, 451, NULL),
(2174, 102, 0, 451, NULL),
(2175, 79, 0, 450, NULL),
(2176, 80, 0, 450, NULL),
(2177, 94, 0, 450, NULL),
(2178, 95, 0, 450, NULL),
(2179, 101, 0, 450, NULL),
(2180, 102, 0, 450, NULL),
(2181, 79, 0, 452, NULL),
(2182, 80, 0, 452, NULL),
(2183, 94, 0, 452, NULL),
(2184, 95, 0, 452, NULL),
(2185, 101, 0, 452, NULL),
(2186, 102, 0, 452, NULL),
(2187, 79, 0, 457, NULL),
(2188, 80, 0, 457, NULL),
(2189, 94, 0, 457, NULL),
(2190, 95, 0, 457, NULL),
(2191, 101, 0, 457, NULL),
(2192, 102, 0, 457, NULL),
(2193, 79, 0, 456, NULL),
(2194, 80, 0, 456, NULL),
(2195, 94, 0, 456, NULL),
(2196, 95, 0, 456, NULL),
(2197, 101, 0, 456, NULL),
(2198, 102, 0, 456, NULL),
(2199, 79, 0, 458, NULL),
(2200, 80, 0, 458, NULL),
(2201, 94, 0, 458, NULL),
(2202, 95, 0, 458, NULL),
(2203, 101, 0, 458, NULL),
(2204, 102, 0, 458, NULL),
(2205, 79, 0, 454, NULL),
(2206, 80, 0, 454, NULL),
(2207, 94, 0, 454, NULL),
(2208, 95, 0, 454, NULL),
(2209, 101, 0, 454, NULL),
(2210, 102, 0, 454, NULL),
(2211, 79, 0, 455, NULL),
(2212, 80, 0, 455, NULL),
(2213, 94, 0, 455, NULL),
(2214, 95, 0, 455, NULL),
(2215, 101, 0, 455, NULL),
(2216, 102, 0, 455, NULL),
(2217, 79, 0, 459, NULL),
(2218, 80, 0, 459, NULL),
(2219, 94, 0, 459, NULL),
(2220, 95, 0, 459, NULL),
(2221, 101, 0, 459, NULL),
(2222, 102, 0, 459, NULL),
(2223, 79, 0, 460, NULL),
(2224, 80, 0, 460, NULL),
(2225, 94, 0, 460, NULL),
(2226, 95, 0, 460, NULL),
(2227, 101, 0, 460, NULL),
(2228, 102, 0, 460, NULL),
(2229, 79, 0, 468, NULL),
(2230, 80, 0, 468, NULL),
(2231, 94, 0, 468, NULL),
(2232, 95, 0, 468, NULL),
(2233, 101, 0, 468, NULL),
(2234, 102, 0, 468, NULL),
(2235, 79, 0, 463, NULL),
(2236, 80, 0, 463, NULL),
(2237, 94, 0, 463, NULL),
(2238, 95, 0, 463, NULL),
(2239, 101, 0, 463, NULL),
(2240, 102, 0, 463, NULL),
(2241, 79, 0, 462, NULL),
(2242, 80, 0, 462, NULL),
(2243, 94, 0, 462, NULL),
(2244, 95, 0, 462, NULL),
(2245, 101, 0, 462, NULL),
(2246, 102, 0, 462, NULL),
(2247, 79, 0, 461, NULL),
(2248, 80, 0, 461, NULL),
(2249, 94, 0, 461, NULL),
(2250, 95, 0, 461, NULL),
(2251, 101, 0, 461, NULL),
(2252, 102, 0, 461, NULL),
(2253, 79, 0, 464, NULL),
(2254, 80, 0, 464, NULL),
(2255, 94, 0, 464, NULL),
(2256, 95, 0, 464, NULL),
(2257, 101, 0, 464, NULL),
(2258, 102, 0, 464, NULL),
(2259, 79, 0, 465, NULL),
(2260, 80, 0, 465, NULL),
(2261, 94, 0, 465, NULL),
(2262, 95, 0, 465, NULL),
(2263, 101, 0, 465, NULL),
(2264, 102, 0, 465, NULL),
(2265, 79, 0, 466, NULL),
(2266, 80, 0, 466, NULL),
(2267, 94, 0, 466, NULL),
(2268, 95, 0, 466, NULL),
(2269, 101, 0, 466, NULL),
(2270, 102, 0, 466, NULL),
(2271, 79, 0, 467, NULL),
(2272, 80, 0, 467, NULL),
(2273, 94, 0, 467, NULL),
(2274, 95, 0, 467, NULL),
(2275, 101, 0, 467, NULL),
(2276, 102, 0, 467, NULL),
(2277, 79, 0, 473, NULL),
(2278, 80, 0, 473, NULL),
(2279, 94, 0, 473, NULL),
(2280, 95, 0, 473, NULL),
(2281, 101, 0, 473, NULL),
(2282, 102, 0, 473, NULL),
(2283, 79, 0, 474, NULL),
(2284, 80, 0, 474, NULL),
(2285, 94, 0, 474, NULL),
(2286, 95, 0, 474, NULL),
(2287, 101, 0, 474, NULL),
(2288, 102, 0, 474, NULL),
(2289, 79, 0, 476, NULL),
(2290, 80, 0, 476, NULL),
(2291, 94, 0, 476, NULL),
(2292, 95, 0, 476, NULL),
(2293, 101, 0, 476, NULL),
(2294, 102, 0, 476, NULL),
(2295, 79, 0, 478, NULL),
(2296, 80, 0, 478, NULL),
(2297, 94, 0, 478, NULL),
(2298, 95, 0, 478, NULL),
(2299, 101, 0, 478, NULL),
(2300, 102, 0, 478, NULL),
(2301, 79, 0, 481, NULL),
(2302, 80, 0, 481, NULL),
(2303, 94, 0, 481, NULL),
(2304, 95, 0, 481, NULL),
(2305, 101, 0, 481, NULL),
(2306, 102, 0, 481, NULL);

-- --------------------------------------------------------

--
-- Table structure for table `sgp_catalog_product_entity_decimal`
--

CREATE TABLE `sgp_catalog_product_entity_decimal` (
  `value_id` int(11) NOT NULL COMMENT 'Value ID',
  `attribute_id` smallint(5) UNSIGNED NOT NULL DEFAULT '0' COMMENT 'Attribute ID',
  `store_id` smallint(5) UNSIGNED NOT NULL DEFAULT '0' COMMENT 'Store ID',
  `entity_id` int(10) UNSIGNED NOT NULL DEFAULT '0' COMMENT 'Entity ID',
  `value` decimal(12,4) DEFAULT NULL COMMENT 'Value'
) ENGINE=InnoDB DEFAULT CHARSET=utf8 COMMENT='Catalog Product Decimal Attribute Backend Table';

--
-- Dumping data for table `sgp_catalog_product_entity_decimal`
--

INSERT INTO `sgp_catalog_product_entity_decimal` (`value_id`, `attribute_id`, `store_id`, `entity_id`, `value`) VALUES
(1782, 77, 0, 424, 60.0000),
(1783, 78, 0, 424, 60.0000),
(1784, 81, 0, 424, 60.0000),
(1785, 77, 0, 425, 200.0000),
(1786, 82, 0, 424, 100.0000),
(1787, 150, 0, 424, NULL),
(1788, 151, 0, 424, NULL),
(1789, 78, 0, 425, NULL),
(1790, 81, 0, 425, NULL),
(1791, 82, 0, 425, NULL),
(1792, 150, 0, 425, NULL),
(1793, 151, 0, 425, NULL),
(1794, 77, 0, 426, 55.0000),
(1795, 78, 0, 426, NULL),
(1796, 81, 0, 426, NULL),
(1797, 82, 0, 426, NULL),
(1798, 150, 0, 426, NULL),
(1799, 151, 0, 426, NULL),
(1800, 77, 0, 427, 50.0000),
(1801, 82, 0, 427, 1.0000),
(1802, 77, 0, 428, 150.0000),
(1803, 78, 0, 428, NULL),
(1804, 81, 0, 428, NULL),
(1805, 82, 0, 428, NULL),
(1806, 150, 0, 428, NULL),
(1807, 151, 0, 428, NULL),
(1808, 77, 0, 429, 50.0000),
(1809, 77, 0, 430, 335.0000),
(1810, 78, 0, 430, NULL),
(1811, 81, 0, 430, NULL),
(1812, 82, 0, 430, NULL),
(1813, 150, 0, 430, NULL),
(1814, 151, 0, 430, NULL),
(1815, 77, 0, 431, 200.0000),
(1816, 77, 0, 432, 120.0000),
(1817, 77, 0, 433, 50.0000),
(1818, 77, 0, 434, 350.0000),
(1819, 77, 0, 435, 300.0000),
(1820, 78, 0, 435, NULL),
(1821, 81, 0, 435, NULL),
(1822, 82, 0, 435, NULL),
(1823, 150, 0, 435, NULL),
(1824, 151, 0, 435, NULL),
(1825, 77, 0, 436, 510.0000),
(1826, 77, 0, 437, 100.0000),
(1827, 77, 0, 438, 150.0000),
(1828, 77, 0, 439, 110.0000),
(1829, 78, 0, 439, NULL),
(1830, 81, 0, 439, NULL),
(1831, 82, 0, 439, NULL),
(1832, 150, 0, 439, NULL),
(1833, 151, 0, 439, NULL),
(1834, 77, 0, 440, 65.0000),
(1835, 77, 0, 441, 110.0000),
(1836, 77, 0, 442, 115.0000),
(1837, 77, 0, 443, 90.0000),
(1838, 77, 0, 444, 160.0000),
(1839, 78, 0, 440, NULL),
(1840, 81, 0, 440, NULL),
(1841, 82, 0, 440, NULL),
(1842, 150, 0, 440, NULL),
(1843, 151, 0, 440, NULL),
(1844, 77, 0, 445, 70.0000),
(1845, 77, 0, 446, 85.0000),
(1846, 77, 0, 447, 130.0000),
(1847, 77, 0, 448, 150.0000),
(1848, 77, 0, 449, 350.0000),
(1849, 78, 0, 431, NULL),
(1850, 81, 0, 431, NULL),
(1851, 82, 0, 431, NULL),
(1852, 150, 0, 431, NULL),
(1853, 151, 0, 431, NULL),
(1854, 77, 0, 450, 150.0000),
(1855, 77, 0, 451, 150.0000),
(1856, 77, 0, 452, 120.0000),
(1857, 77, 0, 453, 350.0000),
(1858, 78, 0, 453, NULL),
(1859, 81, 0, 453, NULL),
(1860, 82, 0, 453, NULL),
(1861, 150, 0, 453, NULL),
(1862, 151, 0, 453, NULL),
(1863, 77, 0, 454, 100.0000),
(1864, 77, 0, 455, 250.0000),
(1865, 77, 0, 456, 200.0000),
(1866, 77, 0, 457, 150.0000),
(1867, 77, 0, 458, 110.0000),
(1868, 77, 0, 459, 100.0000),
(1869, 77, 0, 460, 220.0000),
(1870, 78, 0, 436, NULL),
(1871, 81, 0, 436, NULL),
(1872, 82, 0, 436, NULL),
(1873, 150, 0, 436, NULL),
(1874, 151, 0, 436, NULL),
(1875, 78, 0, 429, NULL),
(1876, 81, 0, 429, NULL),
(1877, 82, 0, 429, NULL),
(1878, 150, 0, 429, NULL),
(1879, 151, 0, 429, NULL),
(1880, 78, 0, 427, NULL),
(1881, 81, 0, 427, NULL),
(1882, 150, 0, 427, NULL),
(1883, 151, 0, 427, NULL),
(1884, 78, 0, 432, NULL),
(1885, 81, 0, 432, NULL),
(1886, 82, 0, 432, NULL),
(1887, 150, 0, 432, NULL),
(1888, 151, 0, 432, NULL),
(1889, 78, 0, 433, NULL),
(1890, 81, 0, 433, NULL),
(1891, 82, 0, 433, NULL),
(1892, 150, 0, 433, NULL),
(1893, 151, 0, 433, NULL),
(1894, 78, 0, 434, NULL),
(1895, 81, 0, 434, NULL),
(1896, 82, 0, 434, NULL),
(1897, 150, 0, 434, NULL),
(1898, 151, 0, 434, NULL),
(1899, 78, 0, 437, NULL),
(1900, 81, 0, 437, NULL),
(1901, 82, 0, 437, NULL),
(1902, 150, 0, 437, NULL),
(1903, 151, 0, 437, NULL),
(1904, 78, 0, 438, NULL),
(1905, 81, 0, 438, NULL),
(1906, 82, 0, 438, NULL),
(1907, 150, 0, 438, NULL),
(1908, 151, 0, 438, NULL),
(1909, 78, 0, 441, NULL),
(1910, 81, 0, 441, NULL),
(1911, 82, 0, 441, NULL),
(1912, 150, 0, 441, NULL),
(1913, 151, 0, 441, NULL),
(1914, 78, 0, 442, NULL),
(1915, 81, 0, 442, NULL),
(1916, 82, 0, 442, NULL),
(1917, 150, 0, 442, NULL),
(1918, 151, 0, 442, NULL),
(1919, 78, 0, 443, NULL),
(1920, 81, 0, 443, NULL),
(1921, 82, 0, 443, NULL),
(1922, 150, 0, 443, NULL),
(1923, 151, 0, 443, NULL),
(1924, 78, 0, 444, NULL),
(1925, 81, 0, 444, NULL),
(1926, 82, 0, 444, NULL),
(1927, 150, 0, 444, NULL),
(1928, 151, 0, 444, NULL),
(1929, 78, 0, 445, NULL),
(1930, 81, 0, 445, NULL),
(1931, 82, 0, 445, NULL),
(1932, 150, 0, 445, NULL),
(1933, 151, 0, 445, NULL),
(1934, 78, 0, 446, NULL),
(1935, 81, 0, 446, NULL),
(1936, 82, 0, 446, NULL),
(1937, 150, 0, 446, NULL),
(1938, 151, 0, 446, NULL),
(1939, 78, 0, 447, 110.5000),
(1940, 81, 0, 447, 130.0000),
(1941, 82, 0, 447, NULL),
(1942, 150, 0, 447, NULL),
(1943, 151, 0, 447, NULL),
(1944, 78, 0, 448, NULL),
(1945, 81, 0, 448, NULL),
(1946, 82, 0, 448, NULL),
(1947, 150, 0, 448, NULL),
(1948, 151, 0, 448, NULL),
(1949, 78, 0, 449, NULL),
(1950, 81, 0, 449, NULL),
(1951, 82, 0, 449, NULL),
(1952, 150, 0, 449, NULL),
(1953, 151, 0, 449, NULL),
(1954, 78, 0, 451, NULL),
(1955, 81, 0, 451, NULL),
(1956, 82, 0, 451, NULL),
(1957, 150, 0, 451, NULL),
(1958, 151, 0, 451, NULL),
(1959, 78, 0, 450, NULL),
(1960, 81, 0, 450, NULL),
(1961, 82, 0, 450, NULL),
(1962, 150, 0, 450, NULL),
(1963, 151, 0, 450, NULL),
(1964, 78, 0, 452, NULL),
(1965, 81, 0, 452, NULL),
(1966, 82, 0, 452, NULL),
(1967, 150, 0, 452, NULL),
(1968, 151, 0, 452, NULL),
(1969, 77, 0, 461, 210.0000),
(1970, 77, 0, 462, 225.0000),
(1971, 77, 0, 463, 220.0000),
(1972, 77, 0, 464, 190.0000),
(1973, 77, 0, 465, 300.0000),
(1974, 77, 0, 466, 125.0000),
(1975, 77, 0, 467, 350.0000),
(1976, 78, 0, 457, NULL),
(1977, 81, 0, 457, NULL),
(1978, 82, 0, 457, NULL),
(1979, 150, 0, 457, NULL),
(1980, 151, 0, 457, NULL),
(1981, 78, 0, 456, NULL),
(1982, 81, 0, 456, NULL),
(1983, 82, 0, 456, NULL),
(1984, 150, 0, 456, NULL),
(1985, 151, 0, 456, NULL),
(1986, 78, 0, 458, NULL),
(1987, 81, 0, 458, NULL),
(1988, 82, 0, 458, NULL),
(1989, 150, 0, 458, NULL),
(1990, 151, 0, 458, NULL),
(1991, 78, 0, 454, NULL),
(1992, 81, 0, 454, NULL),
(1993, 82, 0, 454, NULL),
(1994, 150, 0, 454, NULL),
(1995, 151, 0, 454, NULL),
(1996, 78, 0, 455, NULL),
(1997, 81, 0, 455, NULL),
(1998, 82, 0, 455, NULL),
(1999, 150, 0, 455, NULL),
(2000, 151, 0, 455, NULL),
(2001, 77, 0, 468, 235.0000),
(2002, 78, 0, 459, NULL),
(2003, 81, 0, 459, NULL),
(2004, 82, 0, 459, NULL),
(2005, 150, 0, 459, NULL),
(2006, 151, 0, 459, NULL),
(2007, 78, 0, 460, NULL),
(2008, 81, 0, 460, NULL),
(2009, 82, 0, 460, NULL),
(2010, 150, 0, 460, NULL),
(2011, 151, 0, 460, NULL),
(2012, 78, 0, 468, NULL),
(2013, 81, 0, 468, NULL),
(2014, 82, 0, 468, NULL),
(2015, 150, 0, 468, NULL),
(2016, 151, 0, 468, NULL),
(2017, 78, 0, 463, NULL),
(2018, 81, 0, 463, NULL),
(2019, 82, 0, 463, NULL),
(2020, 150, 0, 463, NULL),
(2021, 151, 0, 463, NULL),
(2022, 78, 0, 462, NULL),
(2023, 81, 0, 462, NULL),
(2024, 82, 0, 462, NULL),
(2025, 150, 0, 462, NULL),
(2026, 151, 0, 462, NULL),
(2027, 78, 0, 461, NULL),
(2028, 81, 0, 461, NULL),
(2029, 82, 0, 461, NULL),
(2030, 150, 0, 461, NULL),
(2031, 151, 0, 461, NULL),
(2032, 78, 0, 464, NULL),
(2033, 81, 0, 464, NULL),
(2034, 82, 0, 464, NULL),
(2035, 150, 0, 464, NULL),
(2036, 151, 0, 464, NULL),
(2037, 78, 0, 465, NULL),
(2038, 81, 0, 465, NULL),
(2039, 82, 0, 465, NULL),
(2040, 150, 0, 465, NULL),
(2041, 151, 0, 465, NULL),
(2042, 78, 0, 466, NULL),
(2043, 81, 0, 466, NULL),
(2044, 82, 0, 466, NULL),
(2045, 150, 0, 466, NULL),
(2046, 151, 0, 466, NULL),
(2047, 78, 0, 467, NULL),
(2048, 81, 0, 467, NULL),
(2049, 82, 0, 467, NULL),
(2050, 150, 0, 467, NULL),
(2051, 151, 0, 467, NULL),
(2052, 77, 0, 469, 125.0000),
(2053, 77, 0, 470, 115.0000),
(2054, 77, 0, 471, 175.0000),
(2055, 77, 0, 472, 110.0000),
(2056, 77, 0, 473, 100.0000),
(2057, 78, 0, 473, NULL),
(2058, 81, 0, 473, NULL),
(2059, 82, 0, 473, NULL),
(2060, 150, 0, 473, NULL),
(2061, 151, 0, 473, NULL),
(2062, 77, 0, 474, NULL),
(2063, 78, 0, 474, NULL),
(2064, 150, 0, 474, NULL),
(2065, 151, 0, 474, NULL),
(2066, 77, 0, 475, 220.0000),
(2067, 77, 0, 476, 120.0000),
(2068, 78, 0, 476, NULL),
(2069, 81, 0, 476, NULL),
(2070, 82, 0, 476, NULL),
(2071, 150, 0, 476, NULL),
(2072, 151, 0, 476, NULL),
(2073, 77, 0, 477, 200.0000),
(2074, 77, 0, 478, NULL),
(2075, 78, 0, 478, NULL),
(2076, 150, 0, 478, NULL),
(2077, 151, 0, 478, NULL),
(2078, 77, 0, 481, NULL),
(2079, 78, 0, 481, NULL),
(2080, 150, 0, 481, NULL),
(2081, 151, 0, 481, NULL);

-- --------------------------------------------------------

--
-- Table structure for table `sgp_catalog_product_entity_gallery`
--

CREATE TABLE `sgp_catalog_product_entity_gallery` (
  `value_id` int(11) NOT NULL COMMENT 'Value ID',
  `attribute_id` smallint(5) UNSIGNED NOT NULL DEFAULT '0' COMMENT 'Attribute ID',
  `store_id` smallint(5) UNSIGNED NOT NULL DEFAULT '0' COMMENT 'Store ID',
  `entity_id` int(10) UNSIGNED NOT NULL DEFAULT '0' COMMENT 'Entity ID',
  `position` int(11) NOT NULL DEFAULT '0' COMMENT 'Position',
  `value` varchar(255) DEFAULT NULL COMMENT 'Value'
) ENGINE=InnoDB DEFAULT CHARSET=utf8 COMMENT='Catalog Product Gallery Attribute Backend Table';

-- --------------------------------------------------------

--
-- Table structure for table `sgp_catalog_product_entity_int`
--

CREATE TABLE `sgp_catalog_product_entity_int` (
  `value_id` int(11) NOT NULL COMMENT 'Value ID',
  `attribute_id` smallint(5) UNSIGNED NOT NULL DEFAULT '0' COMMENT 'Attribute ID',
  `store_id` smallint(5) UNSIGNED NOT NULL DEFAULT '0' COMMENT 'Store ID',
  `entity_id` int(10) UNSIGNED NOT NULL DEFAULT '0' COMMENT 'Entity ID',
  `value` int(11) DEFAULT NULL COMMENT 'Value'
) ENGINE=InnoDB DEFAULT CHARSET=utf8 COMMENT='Catalog Product Integer Attribute Backend Table';

--
-- Dumping data for table `sgp_catalog_product_entity_int`
--

INSERT INTO `sgp_catalog_product_entity_int` (`value_id`, `attribute_id`, `store_id`, `entity_id`, `value`) VALUES
(2432, 97, 0, 424, 1),
(2433, 99, 0, 424, 4),
(2434, 115, 0, 424, 1),
(2435, 133, 0, 424, 2),
(2436, 137, 0, 424, 0),
(2437, 147, 0, 424, 12),
(2438, 97, 0, 425, 1),
(2439, 99, 0, 425, 4),
(2440, 115, 0, 425, 1),
(2441, 133, 0, 425, 2),
(2442, 137, 0, 425, 0),
(2443, 147, 0, 425, 12),
(2444, 93, 0, 424, NULL),
(2445, 93, 0, 425, NULL),
(2446, 97, 0, 426, 1),
(2447, 99, 0, 426, 4),
(2448, 115, 0, 426, 1),
(2449, 133, 0, 426, 2),
(2450, 137, 0, 426, 0),
(2451, 147, 0, 426, 12),
(2452, 93, 0, 426, NULL),
(2453, 97, 0, 427, 1),
(2454, 99, 0, 427, 4),
(2455, 115, 0, 427, 1),
(2456, 133, 0, 427, 2),
(2457, 137, 0, 427, 0),
(2458, 147, 0, 427, 16),
(2459, 97, 0, 428, 1),
(2460, 99, 0, 428, 4),
(2461, 115, 0, 428, 1),
(2462, 133, 0, 428, 2),
(2463, 137, 0, 428, 0),
(2464, 147, 0, 428, 12),
(2465, 93, 0, 428, NULL),
(2466, 97, 0, 429, 1),
(2467, 99, 0, 429, 4),
(2468, 115, 0, 429, 1),
(2469, 133, 0, 429, 2),
(2470, 137, 0, 429, 0),
(2471, 147, 0, 429, 12),
(2472, 97, 0, 430, 1),
(2473, 99, 0, 430, 4),
(2474, 115, 0, 430, 1),
(2475, 133, 0, 430, 2),
(2476, 137, 0, 430, 0),
(2477, 147, 0, 430, 15),
(2478, 93, 0, 430, NULL),
(2479, 97, 0, 431, 1),
(2480, 99, 0, 431, 4),
(2481, 115, 0, 431, 1),
(2482, 133, 0, 431, 2),
(2483, 137, 0, 431, 0),
(2484, 147, 0, 431, 15),
(2485, 97, 0, 432, 1),
(2486, 99, 0, 432, 4),
(2487, 115, 0, 432, 1),
(2488, 133, 0, 432, 2),
(2489, 137, 0, 432, 0),
(2490, 147, 0, 432, 18),
(2491, 97, 0, 433, 1),
(2492, 99, 0, 433, 4),
(2493, 115, 0, 433, 1),
(2494, 133, 0, 433, 2),
(2495, 137, 0, 433, 0),
(2496, 147, 0, 433, 17),
(2497, 97, 0, 434, 1),
(2498, 99, 0, 434, 4),
(2499, 115, 0, 434, 1),
(2500, 133, 0, 434, 2),
(2501, 137, 0, 434, 0),
(2502, 147, 0, 434, 10),
(2503, 97, 0, 435, 1),
(2504, 99, 0, 435, 4),
(2505, 115, 0, 435, 1),
(2506, 133, 0, 435, 2),
(2507, 137, 0, 435, 0),
(2508, 147, 0, 435, 10),
(2509, 93, 0, 435, NULL),
(2510, 97, 0, 436, 1),
(2511, 99, 0, 436, 4),
(2512, 115, 0, 436, 1),
(2513, 133, 0, 436, 2),
(2514, 137, 0, 436, 0),
(2515, 147, 0, 436, 15),
(2516, 97, 0, 437, 1),
(2517, 99, 0, 437, 4),
(2518, 115, 0, 437, 1),
(2519, 133, 0, 437, 2),
(2520, 137, 0, 437, 0),
(2521, 147, 0, 437, 17),
(2522, 97, 0, 438, 1),
(2523, 99, 0, 438, 4),
(2524, 115, 0, 438, 1),
(2525, 133, 0, 438, 2),
(2526, 137, 0, 438, 0),
(2527, 147, 0, 438, 17),
(2528, 97, 0, 439, 1),
(2529, 99, 0, 439, 4),
(2530, 115, 0, 439, 1),
(2531, 133, 0, 439, 2),
(2532, 137, 0, 439, 0),
(2533, 147, 0, 439, 16),
(2534, 93, 0, 439, NULL),
(2535, 97, 0, 440, 1),
(2536, 99, 0, 440, 4),
(2537, 115, 0, 440, 1),
(2538, 133, 0, 440, 2),
(2539, 137, 0, 440, 0),
(2540, 147, 0, 440, 15),
(2541, 97, 0, 441, 1),
(2542, 99, 0, 441, 4),
(2543, 115, 0, 441, 1),
(2544, 133, 0, 441, 2),
(2545, 137, 0, 441, 0),
(2546, 147, 0, 441, 15),
(2547, 97, 0, 442, 1),
(2548, 99, 0, 442, 4),
(2549, 115, 0, 442, 1),
(2550, 133, 0, 442, 2),
(2551, 137, 0, 442, 0),
(2552, 147, 0, 442, 15),
(2553, 97, 0, 443, 1),
(2554, 99, 0, 443, 4),
(2555, 115, 0, 443, 1),
(2556, 133, 0, 443, 2),
(2557, 137, 0, 443, 0),
(2558, 147, 0, 443, 15),
(2559, 97, 0, 444, 1),
(2560, 99, 0, 444, 4),
(2561, 115, 0, 444, 1),
(2562, 133, 0, 444, 2),
(2563, 137, 0, 444, 0),
(2564, 147, 0, 444, 15),
(2565, 93, 0, 440, NULL),
(2566, 97, 0, 445, 1),
(2567, 99, 0, 445, 4),
(2568, 115, 0, 445, 1),
(2569, 133, 0, 445, 2),
(2570, 137, 0, 445, 0),
(2571, 147, 0, 445, 15),
(2572, 97, 0, 446, 1),
(2573, 99, 0, 446, 4),
(2574, 115, 0, 446, 1),
(2575, 133, 0, 446, 2),
(2576, 137, 0, 446, 0),
(2577, 147, 0, 446, 15),
(2578, 97, 0, 447, 1),
(2579, 99, 0, 447, 4),
(2580, 115, 0, 447, 1),
(2581, 133, 0, 447, 2),
(2582, 137, 0, 447, 0),
(2583, 147, 0, 447, 15),
(2584, 97, 0, 448, 1),
(2585, 99, 0, 448, 4),
(2586, 115, 0, 448, 1),
(2587, 133, 0, 448, 2),
(2588, 137, 0, 448, 0),
(2589, 147, 0, 448, 12),
(2590, 97, 0, 449, 1),
(2591, 99, 0, 449, 4),
(2592, 115, 0, 449, 1),
(2593, 133, 0, 449, 2),
(2594, 137, 0, 449, 0),
(2595, 147, 0, 449, 14),
(2596, 93, 0, 431, NULL),
(2597, 97, 0, 450, 1),
(2598, 99, 0, 450, 4),
(2599, 115, 0, 450, 1),
(2600, 133, 0, 450, 2),
(2601, 137, 0, 450, 0),
(2602, 147, 0, 450, 12),
(2603, 97, 0, 451, 1),
(2604, 99, 0, 451, 4),
(2605, 115, 0, 451, 1),
(2606, 133, 0, 451, 2),
(2607, 137, 0, 451, 0),
(2608, 147, 0, 451, 12),
(2609, 97, 0, 452, 1),
(2610, 99, 0, 452, 4),
(2611, 115, 0, 452, 1),
(2612, 133, 0, 452, 2),
(2613, 137, 0, 452, 0),
(2614, 147, 0, 452, 12),
(2615, 97, 0, 453, 1),
(2616, 99, 0, 453, 4),
(2617, 115, 0, 453, 1),
(2618, 133, 0, 453, 2),
(2619, 137, 0, 453, 0),
(2620, 147, 0, 453, 14),
(2621, 93, 0, 453, NULL),
(2622, 97, 0, 454, 1),
(2623, 99, 0, 454, 4),
(2624, 115, 0, 454, 1),
(2625, 133, 0, 454, 2),
(2626, 137, 0, 454, 0),
(2627, 147, 0, 454, 17),
(2628, 97, 0, 455, 1),
(2629, 99, 0, 455, 4),
(2630, 115, 0, 455, 1),
(2631, 133, 0, 455, 2),
(2632, 137, 0, 455, 0),
(2633, 147, 0, 455, 11),
(2634, 97, 0, 456, 1),
(2635, 99, 0, 456, 4),
(2636, 115, 0, 456, 1),
(2637, 133, 0, 456, 2),
(2638, 137, 0, 456, 0),
(2639, 147, 0, 456, 14),
(2640, 97, 0, 457, 1),
(2641, 99, 0, 457, 4),
(2642, 115, 0, 457, 1),
(2643, 133, 0, 457, 2),
(2644, 137, 0, 457, 0),
(2645, 147, 0, 457, 19),
(2646, 97, 0, 458, 1),
(2647, 99, 0, 458, 4),
(2648, 115, 0, 458, 1),
(2649, 133, 0, 458, 2),
(2650, 137, 0, 458, 0),
(2651, 147, 0, 458, 19),
(2652, 97, 0, 459, 2),
(2653, 99, 0, 459, 4),
(2654, 115, 0, 459, 1),
(2655, 133, 0, 459, 2),
(2656, 137, 0, 459, 0),
(2657, 147, 0, 459, 17),
(2658, 97, 0, 460, 1),
(2659, 99, 0, 460, 4),
(2660, 115, 0, 460, 1),
(2661, 133, 0, 460, 2),
(2662, 137, 0, 460, 0),
(2663, 147, 0, 460, 11),
(2664, 93, 0, 436, NULL),
(2665, 93, 0, 429, NULL),
(2666, 93, 0, 427, NULL),
(2667, 93, 0, 432, NULL),
(2668, 93, 0, 433, NULL),
(2669, 93, 0, 434, NULL),
(2670, 93, 0, 437, NULL),
(2671, 93, 0, 438, NULL),
(2672, 93, 0, 441, NULL),
(2673, 93, 0, 442, NULL),
(2674, 93, 0, 443, NULL),
(2675, 93, 0, 444, NULL),
(2676, 93, 0, 445, NULL),
(2677, 93, 0, 446, NULL),
(2678, 93, 0, 447, NULL),
(2679, 93, 0, 448, NULL),
(2680, 93, 0, 449, NULL),
(2681, 93, 0, 451, NULL),
(2682, 93, 0, 450, NULL),
(2683, 93, 0, 452, NULL),
(2684, 97, 0, 461, 1),
(2685, 99, 0, 461, 4),
(2686, 115, 0, 461, 1),
(2687, 133, 0, 461, 2),
(2688, 137, 0, 461, 0),
(2689, 147, 0, 461, 15),
(2690, 97, 0, 462, 1),
(2691, 99, 0, 462, 4),
(2692, 115, 0, 462, 1),
(2693, 133, 0, 462, 2),
(2694, 137, 0, 462, 0),
(2695, 147, 0, 462, 15),
(2696, 97, 0, 463, 1),
(2697, 99, 0, 463, 4),
(2698, 115, 0, 463, 1),
(2699, 133, 0, 463, 2),
(2700, 137, 0, 463, 0),
(2701, 147, 0, 463, 15),
(2702, 97, 0, 464, 1),
(2703, 99, 0, 464, 4),
(2704, 115, 0, 464, 1),
(2705, 133, 0, 464, 2),
(2706, 137, 0, 464, 0),
(2707, 147, 0, 464, 15),
(2708, 97, 0, 465, 1),
(2709, 99, 0, 465, 4),
(2710, 115, 0, 465, 1),
(2711, 133, 0, 465, 2),
(2712, 137, 0, 465, 0),
(2713, 147, 0, 465, 15),
(2714, 97, 0, 466, 1),
(2715, 99, 0, 466, 4),
(2716, 115, 0, 466, 1),
(2717, 133, 0, 466, 2),
(2718, 137, 0, 466, 0),
(2719, 97, 0, 467, 1),
(2720, 99, 0, 467, 4),
(2721, 115, 0, 467, 1),
(2722, 133, 0, 467, 2),
(2723, 137, 0, 467, 0),
(2724, 147, 0, 467, 14),
(2725, 93, 0, 457, NULL),
(2726, 93, 0, 456, NULL),
(2727, 93, 0, 458, NULL),
(2728, 93, 0, 454, NULL),
(2729, 93, 0, 455, NULL),
(2730, 97, 0, 468, 1),
(2731, 99, 0, 468, 4),
(2732, 115, 0, 468, 1),
(2733, 133, 0, 468, 2),
(2734, 137, 0, 468, 0),
(2735, 147, 0, 468, 11),
(2736, 93, 0, 459, NULL),
(2737, 93, 0, 460, NULL),
(2738, 93, 0, 468, NULL),
(2739, 93, 0, 463, NULL),
(2740, 93, 0, 462, NULL),
(2741, 93, 0, 461, NULL),
(2742, 93, 0, 464, NULL),
(2743, 93, 0, 465, NULL),
(2744, 93, 0, 466, NULL),
(2745, 147, 0, 466, NULL),
(2746, 93, 0, 467, NULL),
(2747, 97, 0, 469, 2),
(2748, 99, 0, 469, 4),
(2749, 115, 0, 469, 1),
(2750, 133, 0, 469, 2),
(2751, 137, 0, 469, 0),
(2752, 97, 0, 470, 2),
(2753, 99, 0, 470, 4),
(2754, 115, 0, 470, 1),
(2755, 133, 0, 470, 2),
(2756, 137, 0, 470, 0),
(2757, 97, 0, 471, 2),
(2758, 99, 0, 471, 4),
(2759, 115, 0, 471, 1),
(2760, 133, 0, 471, 2),
(2761, 137, 0, 471, 0),
(2762, 97, 0, 472, 2),
(2763, 99, 0, 472, 4),
(2764, 115, 0, 472, 1),
(2765, 133, 0, 472, 2),
(2766, 137, 0, 472, 0),
(2767, 97, 0, 473, 2),
(2768, 99, 0, 473, 4),
(2769, 115, 0, 473, 1),
(2770, 133, 0, 473, 2),
(2771, 137, 0, 473, 0),
(2772, 93, 0, 473, NULL),
(2773, 147, 0, 473, NULL),
(2774, 97, 0, 474, 1),
(2775, 99, 0, 474, 4),
(2776, 115, 0, 474, 1),
(2777, 123, 0, 474, 0),
(2778, 124, 0, 474, 0),
(2779, 125, 0, 474, 0),
(2780, 126, 0, 474, 0),
(2781, 127, 0, 474, 0),
(2782, 133, 0, 474, 2),
(2783, 147, 0, 474, NULL),
(2784, 97, 0, 475, 1),
(2785, 99, 0, 475, 4),
(2786, 115, 0, 475, 1),
(2787, 133, 0, 475, 2),
(2788, 137, 0, 475, 0),
(2789, 97, 0, 476, 1),
(2790, 99, 0, 476, 4),
(2791, 115, 0, 476, 1),
(2792, 133, 0, 476, 2),
(2793, 137, 0, 476, 0),
(2794, 93, 0, 476, NULL),
(2795, 147, 0, 476, NULL),
(2796, 97, 0, 477, 1),
(2797, 99, 0, 477, 4),
(2798, 115, 0, 477, 1),
(2799, 133, 0, 477, 2),
(2800, 137, 0, 477, 0),
(2801, 97, 0, 478, 1),
(2802, 99, 0, 478, 4),
(2803, 115, 0, 478, 1),
(2804, 123, 0, 478, 0),
(2805, 124, 0, 478, 0),
(2806, 125, 0, 478, 0),
(2807, 126, 0, 478, 0),
(2808, 127, 0, 478, 0),
(2809, 133, 0, 478, 2),
(2810, 97, 0, 479, 1),
(2811, 99, 0, 479, 4),
(2812, 115, 0, 479, 1),
(2813, 123, 0, 479, 0),
(2814, 124, 0, 479, 0),
(2815, 125, 0, 479, 0),
(2816, 126, 0, 479, 0),
(2817, 127, 0, 479, 0),
(2818, 133, 0, 479, 2),
(2819, 147, 0, 478, NULL),
(2820, 97, 0, 480, 1),
(2821, 99, 0, 480, 4),
(2822, 115, 0, 480, 1),
(2823, 123, 0, 480, 0),
(2824, 124, 0, 480, 0),
(2825, 125, 0, 480, 0),
(2826, 126, 0, 480, 0),
(2827, 127, 0, 480, 0),
(2828, 133, 0, 480, 2),
(2829, 97, 0, 481, 1),
(2830, 99, 0, 481, 4),
(2831, 115, 0, 481, 1),
(2832, 123, 0, 481, 0),
(2833, 124, 0, 481, 0),
(2834, 125, 0, 481, 0),
(2835, 126, 0, 481, 0),
(2836, 127, 0, 481, 0),
(2837, 133, 0, 481, 2),
(2838, 147, 0, 481, NULL),
(2839, 97, 0, 482, 1),
(2840, 99, 0, 482, 4),
(2841, 115, 0, 482, 1),
(2842, 123, 0, 482, 0),
(2843, 124, 0, 482, 0),
(2844, 125, 0, 482, 0),
(2845, 126, 0, 482, 0),
(2846, 127, 0, 482, 0),
(2847, 133, 0, 482, 2);

-- --------------------------------------------------------

--
-- Table structure for table `sgp_catalog_product_entity_media_gallery`
--

CREATE TABLE `sgp_catalog_product_entity_media_gallery` (
  `value_id` int(10) UNSIGNED NOT NULL COMMENT 'Value ID',
  `attribute_id` smallint(5) UNSIGNED NOT NULL DEFAULT '0' COMMENT 'Attribute ID',
  `value` varchar(255) DEFAULT NULL COMMENT 'Value',
  `media_type` varchar(32) NOT NULL DEFAULT 'image' COMMENT 'Media entry type',
  `disabled` smallint(5) UNSIGNED NOT NULL DEFAULT '0' COMMENT 'Visibility status'
) ENGINE=InnoDB DEFAULT CHARSET=utf8 COMMENT='Catalog Product Media Gallery Attribute Backend Table';

--
-- Dumping data for table `sgp_catalog_product_entity_media_gallery`
--

INSERT INTO `sgp_catalog_product_entity_media_gallery` (`value_id`, `attribute_id`, `value`, `media_type`, `disabled`) VALUES
(49, 90, '/s/a/sankhpuspi-churna_1.jpg', 'image', 0),
(50, 90, '/s/a/satavari-churan.jpg', 'image', 0),
(51, 90, '/t/u/tulsipatra-churan.jpg', 'image', 0),
(60, 90, '/a/s/ashwagandha-churan.jpg', 'image', 0),
(67, 90, '/a/r/arjun-churan.jpg', 'image', 0),
(72, 90, '/b/e/beal-churan.jpg', 'image', 0),
(81, 90, '/b/r/brahmi-churan.jpg', 'image', 0),
(84, 90, '/b/h/bhringraj-churan.jpg', 'image', 0),
(86, 90, '/g/o/gokhru-churan.jpg', 'image', 0),
(87, 90, '/g/i/giloy-churan.jpg', 'image', 0),
(88, 90, '/k/u/kutaki-churn.jpg', 'image', 0),
(89, 90, '/a/m/amla-churan.jpg', 'image', 0),
(90, 90, '/n/e/neem-patra-churan_1.jpg', 'image', 0),
(91, 90, '/t/r/triphala-churan.jpg', 'image', 0),
(138, 90, '/m/a/mahayograj-guggul_1.jpg', 'image', 0),
(139, 90, '/p/a/panarnavadi-guggal_1.jpg', 'image', 0),
(140, 90, '/c/h/chyawanprash_1.jpg', 'image', 0),
(141, 90, '/c/h/chyawanprash-awaleha-special_1.jpg', 'image', 0),
(142, 90, '/b/r/brahmi-rasayan_1.jpg', 'image', 0),
(143, 90, '/h/e/herbal-tea_1.jpg', 'image', 0),
(144, 90, '/s/u/suparipak_1.jpg', 'image', 0),
(145, 90, '/c/h/chitrakharitiki_1.jpg', 'image', 0),
(146, 90, '/a/m/amalki-rasayan_1.jpg', 'image', 0),
(147, 90, '/n/i/nimbadi-churn_1.jpg', 'image', 0),
(148, 90, '/m/u/muslipak_1.jpg', 'image', 0),
(149, 90, '/p/u/pusyanug-churn_1.jpg', 'image', 0),
(152, 90, '/l/a/lavanbhaskar-churan_1.jpg', 'image', 0),
(153, 90, '/t/r/trikatu-churn_1.jpg', 'image', 0),
(154, 90, '/a/j/ajamodadi-churn_1.jpg', 'image', 0),
(155, 90, '/p/u/pudina-churn_1.jpg', 'image', 0),
(156, 90, '/v/i/vijaysar-churn_1.jpg', 'image', 0),
(157, 90, '/g/a/ganga-amrit-rasayan_1.jpg', 'image', 0),
(158, 90, '/k/a/kamdev-churn_1.jpg', 'image', 0),
(159, 90, '/t/a/talisadi-churn_1.jpg', 'image', 0),
(160, 90, '/g/a/ganga-amrit-rasayan_1_1.jpg', 'image', 0),
(161, 90, '/d/a/danta-rakshak_1.jpg', 'image', 0),
(162, 90, '/m/a/manjista-churn_1.jpg', 'image', 0),
(163, 90, '/m/e/methi-danapowder-churn_1.jpg', 'image', 0),
(164, 90, '/j/a/jamungiri-churn_1.jpg', 'image', 0),
(165, 90, '/g/u/gudmar-patra-churn_1.jpg', 'image', 0),
(166, 90, '/s/w/swadisht-rochak-churn_1.jpg', 'image', 0),
(167, 90, '/s/u/sunth-churn_1.jpg', 'image', 0),
(168, 90, '/s/h/shikakai-churn_1.jpg', 'image', 0),
(169, 90, '/h/i/hingwasdhtak-churn_1.jpg', 'image', 0),
(170, 90, '/p/a/panchsakar-churn_1.jpg', 'image', 0),
(171, 90, '/s/i/sitopladi-churn_1.jpg', 'image', 0),
(172, 90, '/a/v/avipatikar-churn_1.jpg', 'image', 0),
(173, 90, '/m/a/maha-sudarshan-churn_1.jpg', 'image', 0),
(174, 90, '/s/w/swadisht-pachak-churn_1.jpg', 'image', 0),
(175, 90, '/b/a/bavchi-churn_1.jpg', 'image', 0),
(176, 90, '/k/e/keshkalp_1.jpg', 'image', 0),
(177, 90, '/p/a/pachak-harad_1.jpg', 'image', 0),
(178, 90, '/c/h/chandraprabha-vati_1.jpg', 'image', 0),
(179, 90, '/m/a/makardhwaj-vati_1.jpg', 'image', 0),
(180, 90, '/p/r/prabharkar-vati_1.jpg', 'image', 0),
(182, 90, '/a/r/arshodhani-vati_1.jpg', 'image', 0),
(184, 90, '/s/a/sancharpak-vati_2.jpg', 'image', 0),
(185, 90, '/y/l/ylang-ylang_1.jpg', 'image', 0),
(186, 90, '/s/a/santalum-album_1.jpg', 'image', 0),
(187, 90, '/p/a/patchouli_1.jpg', 'image', 0),
(188, 90, '/p/a/palma-rose_1.jpg', 'image', 0),
(189, 90, '/o/r/orange-citrus-aurantius_1.jpg', 'image', 0),
(190, 90, '/n/e/neroli-citrus-aurantium_1.jpg', 'image', 0),
(191, 90, '/n/a/nagchampa_1.jpg', 'image', 0),
(192, 90, '/m/u/musk-ablemoschus-maschatus_1.jpg', 'image', 0),
(193, 90, '/m/o/mogra-murray-paniculata_1.jpg', 'image', 0),
(194, 90, '/m/a/mandarin-citrus-reticulata_1.jpg', 'image', 0),
(195, 90, '/l/o/lotus-nelumbo-nucifera_1.jpg', 'image', 0),
(196, 90, '/l/e/lemon-grass_1.jpg', 'image', 0),
(197, 90, '/l/e/lemon-citrus-limon_1.jpg', 'image', 0),
(198, 90, '/j/u/juniper.jpg', 'image', 0),
(199, 90, '/j/o/jojoba_1.jpg', 'image', 0),
(200, 90, '/j/a/jasminum-officinale_1.jpg', 'image', 0),
(201, 90, '/g/e/geranium_1.jpg', 'image', 0),
(204, 90, '/f/r/frankincense_1.jpg', 'image', 0),
(205, 90, '/f/a/fasali-rose_1.jpg', 'image', 0),
(206, 90, '/e/u/eucalyptus-globulus_1.jpg', 'image', 0),
(207, 90, '/c/o/commiphora-myrrah_1.jpg', 'image', 0),
(208, 90, '/c/i/cinnamon_1.jpg', 'image', 0),
(209, 90, '/c/l/clove_1.jpg', 'image', 0),
(210, 90, '/c/a/cardamon-eletarria-cardamomom_1.jpg', 'image', 0),
(211, 90, '/b/a/basil-ocimum-basiliscus_2.jpg', 'image', 0),
(212, 90, '/b/e/bergamot_1.jpg', 'image', 0),
(213, 90, '/c/l/clary-sage_2.jpg', 'image', 0),
(214, 90, '/a/m/amber_1.jpg', 'image', 0),
(232, 90, '/l/e/leucorex-tab_1.jpg', 'image', 0),
(244, 90, '/a/s/ashoka-syrup_1.jpg', 'image', 0),
(245, 90, '/b/a/basil-cough-syrup_1.jpg', 'image', 0),
(246, 90, '/l/i/livone-plus_2.jpg', 'image', 0),
(247, 90, '/e/n/energic-forte-syrup_1.jpg', 'image', 0),
(248, 90, '/n/e/neem-oli_1.jpg', 'image', 0),
(249, 90, '/d/h/dhanwantarm-tailam_1.jpg', 'image', 0),
(251, 90, '/c/h/chandanadi-taila_1.jpg', 'image', 0),
(252, 90, '/s/a/sandhavadi-tail_1.jpg', 'image', 0),
(253, 90, '/p/r/prasarini-oli_1.jpg', 'image', 0),
(254, 90, '/m/a/mahavishgarbha-taila_1.jpg', 'image', 0),
(255, 90, '/k/u/kumkumaadi-oil_1.jpg', 'image', 0),
(256, 90, '/i/r/irramdadi-tail_1.jpg', 'image', 0),
(257, 90, '/a/n/anu-oil_1.jpg', 'image', 0),
(258, 90, '/b/a/bakuchi-tail_1.jpg', 'image', 0),
(259, 90, '/e/r/erand-tail_1.jpg', 'image', 0),
(260, 90, '/m/a/mahabhrig-tail_1.jpg', 'image', 0),
(262, 90, '/m/a/mahanaryan-oil_1.jpg', 'image', 0),
(263, 90, '/b/r/brahmi-amla_copy.jpg', 'image', 0),
(267, 90, '/s/h/shad-bindu-tail_1.jpg', 'image', 0),
(273, 90, '/r/o/roopnikhar-oil.jpg', 'image', 0),
(274, 90, '/f/a/face-pack-roopnikhar_1.jpg', 'image', 0),
(275, 90, '/a/b/abhyangam-massage-oil-kaff.jpg', 'image', 0),
(276, 90, '/a/b/abhyangam-pit.jpg', 'image', 0),
(277, 90, '/h/a/haridra-khand.jpg', 'image', 0),
(278, 90, '/a/r/artho-oil.jpg', 'image', 0),
(279, 90, '/a/b/abhyangam-massage-oil.jpg', 'image', 0),
(280, 90, '/k/a/kasisadi-oil.jpg', 'image', 0),
(281, 90, '/t/r/triphala-ark.jpg', 'image', 0),
(283, 90, '/h/a/haritaki-ark.jpg', 'image', 0),
(284, 90, '/g/u/gulab-sharbat.jpg', 'image', 0),
(285, 90, '/n/e/neem-karela-jamun-rasa.jpg', 'image', 0),
(286, 90, '/a/l/aloevera-rasa.jpg', 'image', 0),
(287, 90, '/l/a/lakshadi-guggul.jpg', 'image', 0),
(288, 90, '/p/a/panch-tikt-ghrit-guggal.jpg', 'image', 0),
(289, 90, '/b/a/bael-sharbat_.jpg', 'image', 0),
(295, 90, '/t/r/trifala-rasa-1.jpg', 'image', 0),
(298, 90, '/s/h/shilajit-powder.jpg', 'image', 0),
(299, 90, '/s/a/saptvishandi-guggal.jpg', 'image', 0),
(300, 90, '/y/o/yograj-guggal.jpg', 'image', 0),
(301, 90, '/r/a/rasnadi-guggal.jpg', 'image', 0),
(302, 90, '/a/b/abha-guggulu_1.jpg', 'image', 0),
(303, 90, '/r/o/rose-water.jpg', 'image', 0),
(304, 90, '/k/a/kaishore-guggal.jpg', 'image', 0),
(305, 90, '/t/r/triyogadasanag-guggal.jpg', 'image', 0),
(306, 90, '/k/a/kanchnar-guggal.jpg', 'image', 0),
(307, 90, '/g/o/gokshuradi-guggal.jpg', 'image', 0),
(308, 90, '/t/r/triphala-guggal.jpg', 'image', 0),
(322, 90, '/a/n/anardana-churna.jpg', 'image', 0),
(323, 90, '/b/r/brahmi-sharbat.jpg', 'image', 0),
(324, 90, '/k/e/kesha-hair-oil.jpg', 'image', 0),
(325, 90, '/t/r/triphla-ghirt.jpg', 'image', 0),
(326, 90, '/b/h/bhrami-ghirt.jpg', 'image', 0),
(327, 90, '/h/a/hazma-syrup.jpg', 'image', 0),
(328, 90, '/s/i/singhnad-guggal.jpg', 'image', 0),
(329, 90, '/h/e/herbal-shampoo.jpg', 'image', 0),
(331, 90, '/a/m/amla-ras.jpg', 'image', 0),
(332, 90, '/a/b/abhyangam-vat.jpg', 'image', 0),
(333, 90, '/p/r/praval-pisti.jpg', 'image', 0),
(334, 90, '/v/a/vasa-avalaha_1.jpg', 'image', 0),
(335, 90, '/a/l/almond-oil.jpg', 'image', 0),
(336, 90, '/a/s/ashok-churna.jpg', 'image', 0),
(338, 90, '/b/a/baheda-churna.jpg', 'image', 0),
(339, 90, '/h/a/haritaki-churna-big.jpg', 'image', 0),
(340, 90, '/k/u/kutaj-churna.jpg', 'image', 0),
(341, 90, '/s/a/sarpgandha-churna.jpg', 'image', 0),
(342, 90, '/s/h/shilaji-vati_1.jpg', 'image', 0),
(343, 90, '/r/i/ritha-churna.jpg', 'image', 0),
(344, 90, '/l/a/lavender.jpg', 'image', 0),
(345, 90, '/p/i/piperment.jpg', 'image', 0),
(346, 90, '/t/e/tea-tree.jpg', 'image', 0),
(347, 90, '/v/a/vayvidang-churna.jpg', 'image', 0),
(348, 90, '/p/u/punarnvamul-churna_1.jpg', 'image', 0),
(349, 90, '/g/o/goumutra-ark_1.jpg', 'image', 0),
(352, 90, '/d/h/dhatupaushtik-churn-1.jpg', 'image', 0),
(355, 90, '/c/h/chandan-bala-lakachadi-taila-1.jpg', 'image', 0),
(356, 90, '/l/e/leucorex-tab.jpg', 'image', 0),
(357, 90, '/s/h/shuddha-guggulu-tab.jpg', 'image', 0),
(358, 90, '/a/l/aloe-vera-tab.jpg', 'image', 0),
(359, 90, '/j/a/jatamasi-tab.jpg', 'image', 0),
(360, 90, '/a/r/arjun-tab.jpg', 'image', 0),
(361, 90, '/d/a/dashmul-tab.jpg', 'image', 0),
(362, 90, '/h/a/haridra-tab.jpg', 'image', 0),
(363, 90, '/k/r/krimihar-vati.jpg', 'image', 0),
(364, 90, '/a/r/arogyavardhini-vati.jpg', 'image', 0),
(365, 90, '/a/r/arshhar.jpg', 'image', 0),
(366, 90, '/b/r/brahmivati-gotukola.jpg', 'image', 0),
(367, 90, '/c/h/chitrakadivati.jpg', 'image', 0),
(368, 90, '/a/s/asthamin.jpg', 'image', 0),
(369, 90, '/a/r/artho-tab.jpg', 'image', 0),
(370, 90, '/d/i/diabtone.jpg', 'image', 0),
(371, 90, '/c/a/calicum-tablets.jpg', 'image', 0),
(372, 90, '/k/u/kutaj-ghan-vati_1.jpg', 'image', 0),
(373, 90, '/e/n/energy-forte-tab.jpg', 'image', 0),
(374, 90, '/d/r/drishti.jpg', 'image', 0),
(375, 90, '/l/i/livone-plus2.jpg', 'image', 0),
(376, 90, '/g/a/gashar-vati.jpg', 'image', 0),
(377, 90, '/s/a/sarpal.jpg', 'image', 0),
(378, 90, '/n/a/natureslim.jpg', 'image', 0),
(379, 90, '/t/r/trikuntak.jpg', 'image', 0),
(380, 90, '/s/h/shallaki-tab.jpg', 'image', 0),
(381, 90, '/s/e/sensex-tab.jpg', 'image', 0),
(382, 90, '/r/a/rakton.jpg', 'image', 0),
(383, 90, '/t/u/tulsi-tab_1.jpg', 'image', 0),
(384, 90, '/m/a/mangistha.jpg', 'image', 0),
(385, 90, '/k/a/kapikachhu-tab_1.jpg', 'image', 0),
(386, 90, '/m/o/moringa.jpg', 'image', 0),
(387, 90, '/b/h/bhringraj-tab_1.jpg', 'image', 0),
(388, 90, '/t/a/tagar-tab.jpg', 'image', 0),
(389, 90, '/t/h/thyro-tab_1.jpg', 'image', 0),
(390, 90, '/s/h/shatavari-tab.jpg', 'image', 0),
(391, 90, '/l/a/lasuna-tab_1.jpg', 'image', 0),
(392, 90, '/a/m/amla-tab_1.jpg', 'image', 0),
(393, 90, '/k/a/karela-tab_1.jpg', 'image', 0),
(394, 90, '/a/s/ashwagandha-tab_1.jpg', 'image', 0),
(395, 90, '/n/e/neem-tab_1.jpg', 'image', 0),
(396, 90, '/b/e/beal-tab_1.jpg', 'image', 0),
(397, 90, '/t/r/trifala-tab_1.jpg', 'image', 0),
(398, 90, '/h/a/haritaki-tab_1.jpg', 'image', 0),
(399, 90, '/s/a/sanjivani-vati_1.jpg', 'image', 0),
(400, 90, '/l/a/lavangadi-vat.jpg', 'image', 0),
(401, 90, '/k/a/kanthsudharak-vati_1.jpg', 'image', 0),
(402, 90, '/r/a/raktasodhak-tab_1.jpg', 'image', 0),
(403, 90, '/s/h/shilajeet-vati.jpg', 'image', 0),
(406, 90, '/k/h/khadirdi-vati-1.jpg', 'image', 0),
(408, 90, '/a/c/acne.jpg', 'image', 0),
(409, 90, '/a/c/acidity.jpg', 'image', 0),
(410, 90, '/a/r/arthritis.jpg', 'image', 0),
(411, 90, '/a/s/asthma.jpg', 'image', 0),
(413, 90, '/a/n/anxiety.jpg', 'image', 0),
(414, 90, '/a/n/anal-fistula.jpg', 'image', 0),
(415, 90, '/a/n/anemia.jpg', 'image', 0),
(416, 90, '/a/u/autoimmune-disorders.jpg', 'image', 0),
(417, 90, '/b/e/bell-palsy.jpg', 'image', 0),
(418, 90, '/b/a/bac-pain.jpg', 'image', 0),
(421, 90, '/c/o/colon-cleanse.jpg', 'image', 0),
(425, 90, '/f/a/fatty-liver_2.jpg', 'image', 0),
(426, 90, '/g/o/gout.jpg', 'image', 0),
(427, 90, '/h/a/hair-loss.jpg', 'image', 0),
(429, 90, '/h/e/heart-problems.jpg', 'image', 0),
(430, 90, '/h/y/hypertension.jpg', 'image', 0),
(432, 90, '/i/m/impotence.jpg', 'image', 0),
(433, 90, '/i/n/insomnia.jpg', 'image', 0),
(434, 90, '/j/o/joint-pain.jpg', 'image', 0),
(435, 90, '/a/n/anti-ageing.jpg', 'image', 0),
(436, 90, '/c/h/cholesterol.jpg', 'image', 0),
(437, 90, '/d/e/detoxification-of-body.jpg', 'image', 0),
(438, 90, '/d/i/digestion.jpg', 'image', 0),
(439, 90, '/f/e/female-health.jpg', 'image', 0),
(443, 90, '/c/o/cough-cold-flu.jpg', 'image', 0),
(444, 90, '/d/e/depression.jpg', 'image', 0),
(445, 90, '/h/e/hepatitis-b_1_1.jpg', 'image', 0),
(446, 90, '/k/i/kidney-care.jpg', 'image', 0),
(447, 90, '/l/i/liver-diseases.jpg', 'image', 0),
(448, 90, '/l/o/low-bone-density.jpg', 'image', 0),
(449, 90, '/l/o/low-immunity.jpg', 'image', 0),
(450, 90, '/l/o/low-memory.jpg', 'image', 0),
(451, 90, '/m/e/menopausey.jpg', 'image', 0),
(452, 90, '/m/i/migraine.jpg', 'image', 0),
(453, 90, '/o/s/osteoarthritis.jpg', 'image', 0),
(454, 90, '/o/v/ovarian-cysts.jpg', 'image', 0),
(455, 90, '/o/b/obesity.jpg', 'image', 0),
(456, 90, '/a/l/allergy-1.jpg', 'image', 0),
(457, 90, '/c/o/constipation-1.jpg', 'image', 0),
(458, 90, '/i/b/ibs-img.jpg', 'image', 0),
(459, 90, '/p/i/piles.jpg', 'image', 0),
(460, 90, '/p/r/prostate-disorders.jpg', 'image', 0),
(461, 90, '/r/e/respiratory-problems.jpg', 'image', 0),
(462, 90, '/r/h/rheumatoid-arthritis.jpg', 'image', 0),
(463, 90, '/s/k/skin-problems.jpg', 'image', 0),
(465, 90, '/u/r/uric-acid.jpg', 'image', 0),
(466, 90, '/w/e/weight-loss.jpg', 'image', 0),
(467, 90, '/l/e/leucorrhoea.jpg', 'image', 0),
(469, 90, '/s/t/stress1_1.jpg', 'image', 0),
(470, 90, '/d/i/diabetes1.jpg', 'image', 0),
(471, 90, '/l/i/liver-diseases_1.jpg', 'image', 0),
(472, 90, '/l/s/lsc-img-new.jpg', 'image', 0),
(473, 90, '/r/o/rose-water_2.jpg', 'image', 0),
(474, 90, '/r/o/rose-water_1_1.jpg', 'image', 0),
(475, 90, '/a/m/amla-ras_2.jpg', 'image', 0),
(476, 90, '/a/m/amla-ras_1_1.jpg', 'image', 0),
(477, 90, '/a/l/aloevera-rasa_2.jpg', 'image', 0),
(478, 90, '/a/l/aloevera-rasa_1_1.jpg', 'image', 0),
(479, 90, '/g/a/ganga-amrit-rasayan_1_1_2.jpg', 'image', 0),
(480, 90, '/g/a/ganga-amrit-rasayan_1_1_1_1.jpg', 'image', 0),
(481, 90, '/c/h/chyawanprash_1_2.jpg', 'image', 0),
(482, 90, '/c/h/chyawanprash_1_1_1.jpg', 'image', 0),
(483, 90, '/b/r/brahmi-rasayan_1_2.jpg', 'image', 0),
(484, 90, '/b/r/brahmi-rasayan_1_1_1.jpg', 'image', 0),
(485, 90, '/s/w/swadisht-rochak-churn_1_2.jpg', 'image', 0),
(486, 90, '/s/w/swadisht-rochak-churn_1_1_1.jpg', 'image', 0),
(487, 90, '/s/u/sunth-churn_1_2.jpg', 'image', 0),
(488, 90, '/s/u/sunth-churn_1_1_1.jpg', 'image', 0),
(489, 90, '/s/a/sankhpuspi-churna_1_2.jpg', 'image', 0),
(490, 90, '/s/a/sankhpuspi-churna_1_1_1.jpg', 'image', 0),
(491, 90, '/s/a/satavari-churan_2.jpg', 'image', 0),
(492, 90, '/s/a/satavari-churan_1_1.jpg', 'image', 0),
(493, 90, '/s/h/shikakai-churn_1_2.jpg', 'image', 0),
(494, 90, '/s/h/shikakai-churn_1_1_1.jpg', 'image', 0),
(495, 90, '/t/u/tulsipatra-churan_2.jpg', 'image', 0),
(496, 90, '/t/u/tulsipatra-churan_1_1.jpg', 'image', 0),
(497, 90, '/h/i/hingwasdhtak-churn_1_2.jpg', 'image', 0),
(498, 90, '/h/i/hingwasdhtak-churn_1_1_1.jpg', 'image', 0),
(499, 90, '/s/i/sitopladi-churn_1_2.jpg', 'image', 0),
(500, 90, '/s/i/sitopladi-churn_1_1_1.jpg', 'image', 0),
(501, 90, '/a/s/ashwagandha-churan_2.jpg', 'image', 0),
(502, 90, '/a/s/ashwagandha-churan_1_1.jpg', 'image', 0),
(503, 90, '/a/r/arjun-churan_2.jpg', 'image', 0),
(504, 90, '/a/r/arjun-churan_1_1.jpg', 'image', 0),
(505, 90, '/b/r/brahmi-churan_2.jpg', 'image', 0),
(506, 90, '/b/r/brahmi-churan_1_1.jpg', 'image', 0),
(507, 90, '/b/h/bhringraj-churan_2_1.jpg', 'image', 0),
(508, 90, '/b/h/bhringraj-churan_3_1.jpg', 'image', 0),
(509, 90, '/h/a/haritaki-churna-big_2.jpg', 'image', 0),
(510, 90, '/h/a/haritaki-churna-big_1_1.jpg', 'image', 0),
(511, 90, '/a/m/amla-churan_2.jpg', 'image', 0),
(512, 90, '/a/m/amla-churan_1_1.jpg', 'image', 0),
(513, 90, '/l/a/lavanbhaskar-churan_1_2.jpg', 'image', 0),
(514, 90, '/l/a/lavanbhaskar-churan_1_1_1.jpg', 'image', 0),
(515, 90, '/m/a/mahayograj-guggul_1_3.jpg', 'image', 0),
(516, 90, '/m/a/mahayograj-guggul_1_1_1.jpg', 'image', 0),
(517, 90, '/m/a/mahayograj-guggul_1_2_1.jpg', 'image', 0),
(518, 90, '/g/o/gokshuradi-guggal_2.jpg', 'image', 0),
(519, 90, '/g/o/gokshuradi-guggal_1_1.jpg', 'image', 0),
(520, 90, '/t/r/triyogadasanag-guggal_2.jpg', 'image', 0),
(521, 90, '/t/r/triyogadasanag-guggal_1_1.jpg', 'image', 0),
(522, 90, '/t/r/triphala-guggal_2.jpg', 'image', 0),
(523, 90, '/t/r/triphala-guggal_1_1.jpg', 'image', 0),
(524, 90, '/k/a/kanchnar-guggal_2.jpg', 'image', 0),
(525, 90, '/k/a/kanchnar-guggal_1_1.jpg', 'image', 0),
(526, 90, '/h/e/herbal-tea_1_2.jpg', 'image', 0),
(527, 90, '/h/e/herbal-tea_1_1_1.jpg', 'image', 0),
(528, 90, '/b/r/brahmi-amla_copy_2.jpg', 'image', 0),
(529, 90, '/b/r/brahmi-amla_copy_1_1.jpg', 'image', 0),
(530, 90, '/m/a/mahabhrig-tail_1_2_1.jpg', 'image', 0),
(531, 90, '/m/a/mahabhrig-tail_1_3_1.jpg', 'image', 0),
(532, 90, '/m/a/mahanaryan-oil_1_3.jpg', 'image', 0),
(533, 90, '/m/a/mahanaryan-oil_1_1_1.jpg', 'image', 0),
(534, 90, '/m/a/mahanaryan-oil_1_2_1.jpg', 'image', 0),
(535, 90, '/a/l/almond-oil_1_1.jpg', 'image', 0),
(536, 90, '/a/l/almond-oil_2.jpg', 'image', 0),
(537, 90, '/n/e/neem-oli_1_2.jpg', 'image', 0),
(538, 90, '/n/e/neem-oli_1_1_1.jpg', 'image', 0),
(539, 90, '/a/r/artho-oil_1_1.jpg', 'image', 0),
(540, 90, '/a/r/artho-oil_4.jpg', 'image', 0),
(541, 90, '/a/r/artho-oil_2_1.jpg', 'image', 0),
(542, 90, '/a/r/artho-oil_3_1.jpg', 'image', 0),
(543, 90, '/h/e/herbal-shampoo_2.jpg', 'image', 0),
(544, 90, '/h/e/herbal-shampoo_1_1.jpg', 'image', 0),
(545, 90, '/b/a/basil-cough-syrup_1_2.jpg', 'image', 0),
(546, 90, '/b/a/basil-cough-syrup_1_1_1.jpg', 'image', 0),
(547, 90, '/d/i/diabtone_2.jpg', 'image', 0),
(548, 90, '/d/i/diabtone_1_1.jpg', 'image', 0),
(549, 90, '/r/a/raktasodhak-tab_1_2.jpg', 'image', 0),
(550, 90, '/r/a/raktasodhak-tab_1_1_1.jpg', 'image', 0),
(551, 90, '/a/r/artho-tab_2.jpg', 'image', 0),
(552, 90, '/a/r/artho-tab_1_1.jpg', 'image', 0),
(553, 90, '/b/r/brahmivati-gotukola_2.jpg', 'image', 0),
(554, 90, '/b/r/brahmivati-gotukola_1_1.jpg', 'image', 0),
(555, 90, '/c/h/chitrakadivati_2.jpg', 'image', 0),
(556, 90, '/c/h/chitrakadivati_1_1.jpg', 'image', 0),
(557, 90, '/a/r/arogyavardhini-vati_2.jpg', 'image', 0),
(558, 90, '/a/r/arogyavardhini-vati_1_1.jpg', 'image', 0),
(559, 90, '/k/a/kanthsudharak-vati_1_2.jpg', 'image', 0),
(560, 90, '/k/a/kanthsudharak-vati_1_1_1.jpg', 'image', 0),
(561, 90, '/t/r/trifala-tab_1_2.jpg', 'image', 0),
(562, 90, '/t/r/trifala-tab_1_1_1.jpg', 'image', 0),
(563, 90, '/a/s/ashwagandha-tab_1_2.jpg', 'image', 0),
(564, 90, '/a/s/ashwagandha-tab_1_1_1.jpg', 'image', 0),
(565, 90, '/n/e/neem-tab_1_2.jpg', 'image', 0),
(566, 90, '/n/e/neem-tab_1_1_1.jpg', 'image', 0),
(567, 90, '/a/r/arjun-tab_2.jpg', 'image', 0),
(568, 90, '/a/r/arjun-tab_1_1.jpg', 'image', 0),
(569, 90, '/t/a/tagar-tab_2.jpg', 'image', 0),
(570, 90, '/t/a/tagar-tab_1_1.jpg', 'image', 0),
(571, 90, '/d/a/danta-rakshak_1_2.jpg', 'image', 0),
(572, 90, '/d/a/danta-rakshak_1_1_1.jpg', 'image', 0),
(573, 90, '/p/a/pachak-harad_1_2.jpg', 'image', 0),
(574, 90, '/p/a/pachak-harad_1_1_1.jpg', 'image', 0),
(575, 90, '/c/h/chandraprabha-vati_1_2.jpg', 'image', 0),
(576, 90, '/c/h/chandraprabha-vati_1_1_1.jpg', 'image', 0),
(577, 90, '/s/h/shilaji-vati_1_2.jpg', 'image', 0),
(578, 90, '/s/h/shilaji-vati_1_1_1.jpg', 'image', 0),
(619, 90, '/p/3/p3.jpg', 'image', 0),
(620, 90, '/p/4/p4.jpg', 'image', 0),
(621, 90, '/p/1/p1.jpg', 'image', 0),
(622, 90, '/p/2/p2.jpg', 'image', 0),
(623, 90, '/p/1/p15.jpg', 'image', 0),
(624, 90, '/p/1/p16.jpg', 'image', 0),
(625, 90, '/p/2/p29.jpg', 'image', 0),
(626, 90, '/p/3/p30.jpg', 'image', 0),
(627, 90, '/p/1/p19.jpg', 'image', 0),
(628, 90, '/p/2/p20.jpg', 'image', 0),
(629, 90, '/p/2/p21.jpg', 'image', 0),
(630, 90, '/p/2/p22.jpg', 'image', 0),
(631, 90, '/p/7/p7.jpg', 'image', 0),
(632, 90, '/p/8/p8.jpg', 'image', 0),
(633, 90, '/p/2/p25.jpg', 'image', 0),
(634, 90, '/p/2/p26.jpg', 'image', 0),
(635, 90, '/p/2/p23.jpg', 'image', 0),
(636, 90, '/p/2/p24.jpg', 'image', 0),
(641, 90, '/p/3/p33.jpg', 'image', 0),
(642, 90, '/p/3/p34.jpg', 'image', 0),
(643, 90, '/p/4/p41.jpg', 'image', 0),
(644, 90, '/p/3/p36.jpg', 'image', 0),
(645, 90, '/p/3/p39.jpg', 'image', 0),
(646, 90, '/p/3/p37.jpg', 'image', 0),
(647, 90, '/p/3/p35.jpg', 'image', 0),
(648, 90, '/p/2/p27.jpg', 'image', 0),
(649, 90, '/p/2/p28.jpg', 'image', 0),
(650, 90, '/p/3/p31.jpg', 'image', 0),
(651, 90, '/p/3/p32.jpg', 'image', 0),
(654, 90, '/p/1/p13.jpg', 'image', 0),
(655, 90, '/p/1/p14.jpg', 'image', 0),
(656, 90, '/p/5/p5.jpg', 'image', 0),
(657, 90, '/p/6/p6.jpg', 'image', 0),
(658, 90, '/p/3/p38_1.jpg', 'image', 0),
(659, 90, '/s/m/small-image1.jpg', 'image', 0),
(660, 90, '/s/m/small-image2.jpg', 'image', 0),
(661, 90, '/p/8/p8_1.jpg', 'image', 0),
(662, 90, '/p/7/p7_2.jpg', 'image', 0),
(663, 90, '/p/2/p2_1.jpg', 'image', 0),
(664, 90, '/p/1/p1_1.jpg', 'image', 0),
(665, 90, '/p/1/p16_1.jpg', 'image', 0),
(666, 90, '/p/1/p15_1.jpg', 'image', 0),
(667, 90, '/p/3/p30_1.jpg', 'image', 0),
(668, 90, '/p/2/p29_1.jpg', 'image', 0),
(674, 90, '/b/a/bahera-powder.jpg', 'image', 0),
(675, 90, '/h/a/harad-powder.jpg', 'image', 0),
(676, 90, '/a/m/amla-powder.jpg', 'image', 0),
(677, 90, '/s/e/seesam-oil-lgr-1.jpg', 'image', 0),
(679, 90, '/d/h/dhaniya-loose-pack-1.jpg', 'image', 0),
(680, 90, '/h/a/haldi-loose-pack-1.jpg', 'image', 0),
(681, 90, '/m/u/mustard-oil-lgr-1_1.jpg', 'image', 0),
(682, 90, '/m/u/mustard-oil-lgr-2.jpg', 'image', 0),
(683, 90, '/p/3/p37_1.jpg', 'image', 0),
(684, 90, '/p/3/p39_1.jpg', 'image', 0),
(685, 90, '/p/2/p28_1.jpg', 'image', 0),
(686, 90, '/p/2/p27_1.jpg', 'image', 0),
(687, 90, '/p/3/p35_1.jpg', 'image', 0),
(688, 90, '/p/3/p36_1.jpg', 'image', 0),
(689, 90, '/s/e/seesam-oil-lgr-1_1.jpg', 'image', 0);

-- --------------------------------------------------------

--
-- Table structure for table `sgp_catalog_product_entity_media_gallery_value`
--

CREATE TABLE `sgp_catalog_product_entity_media_gallery_value` (
  `value_id` int(10) UNSIGNED NOT NULL DEFAULT '0' COMMENT 'Value ID',
  `store_id` smallint(5) UNSIGNED NOT NULL DEFAULT '0' COMMENT 'Store ID',
  `entity_id` int(10) UNSIGNED NOT NULL DEFAULT '0' COMMENT 'Entity ID',
  `label` varchar(255) DEFAULT NULL COMMENT 'Label',
  `position` int(10) UNSIGNED DEFAULT NULL COMMENT 'Position',
  `disabled` smallint(5) UNSIGNED NOT NULL DEFAULT '0' COMMENT 'Is Disabled',
  `record_id` int(10) UNSIGNED NOT NULL COMMENT 'Record Id'
) ENGINE=InnoDB DEFAULT CHARSET=utf8 COMMENT='Catalog Product Media Gallery Attribute Value Table';

--
-- Dumping data for table `sgp_catalog_product_entity_media_gallery_value`
--

INSERT INTO `sgp_catalog_product_entity_media_gallery_value` (`value_id`, `store_id`, `entity_id`, `label`, `position`, `disabled`, `record_id`) VALUES
(656, 0, 453, NULL, 3, 0, 1964),
(657, 0, 453, NULL, 4, 0, 1965),
(619, 0, 424, NULL, 3, 0, 1970),
(620, 0, 424, NULL, 4, 0, 1971),
(625, 0, 431, NULL, 2, 0, 1984),
(626, 0, 431, NULL, 3, 0, 1985),
(641, 0, 436, NULL, 3, 0, 1988),
(642, 0, 436, NULL, 4, 0, 1989),
(654, 0, 449, NULL, 3, 0, 1992),
(655, 0, 449, NULL, 4, 0, 1993),
(643, 0, 440, NULL, 2, 0, 2009),
(659, 0, 469, NULL, 1, 0, 2010),
(660, 0, 469, NULL, 2, 0, 2011),
(661, 0, 470, NULL, 3, 0, 2012),
(662, 0, 470, NULL, 4, 0, 2013),
(663, 0, 471, NULL, 1, 0, 2014),
(664, 0, 471, NULL, 2, 0, 2015),
(665, 0, 472, NULL, 1, 0, 2016),
(666, 0, 472, NULL, 2, 0, 2017),
(658, 0, 445, NULL, 1, 0, 2023),
(679, 0, 461, NULL, 1, 0, 2051),
(680, 0, 463, NULL, 2, 0, 2052),
(681, 0, 434, NULL, 2, 0, 2053),
(682, 0, 434, NULL, 3, 0, 2054),
(667, 0, 473, NULL, 1, 0, 2055),
(668, 0, 473, NULL, 2, 0, 2056),
(631, 0, 427, NULL, 3, 0, 2057),
(632, 0, 427, NULL, 4, 0, 2058),
(623, 0, 426, NULL, 3, 0, 2059),
(624, 0, 426, NULL, 4, 0, 2060),
(627, 0, 429, NULL, 3, 0, 2069),
(628, 0, 429, NULL, 4, 0, 2070),
(635, 0, 433, NULL, 3, 0, 2071),
(636, 0, 433, NULL, 4, 0, 2072),
(650, 0, 447, NULL, 2, 0, 2075),
(651, 0, 447, NULL, 3, 0, 2076),
(646, 0, 443, NULL, 2, 0, 2081),
(633, 0, 432, NULL, 3, 0, 2082),
(634, 0, 432, NULL, 4, 0, 2083),
(676, 0, 448, NULL, 3, 0, 2084),
(629, 0, 428, NULL, 3, 0, 2085),
(630, 0, 428, NULL, 4, 0, 2086),
(683, 0, 474, NULL, 1, 0, 2088),
(621, 0, 425, NULL, 3, 0, 2089),
(622, 0, 425, NULL, 4, 0, 2090),
(674, 0, 451, NULL, 1, 0, 2091),
(675, 0, 450, NULL, 1, 0, 2092),
(645, 0, 442, NULL, 2, 0, 2095),
(648, 0, 446, NULL, 2, 0, 2096),
(649, 0, 446, NULL, 3, 0, 2097),
(685, 0, 479, NULL, 1, 0, 2098),
(686, 0, 479, NULL, 2, 0, 2099),
(684, 0, 478, NULL, 1, 0, 2100),
(647, 0, 444, NULL, 2, 0, 2101),
(687, 0, 480, NULL, 1, 0, 2102),
(644, 0, 441, NULL, 2, 0, 2103),
(688, 0, 481, NULL, 1, 0, 2105),
(677, 0, 435, NULL, 3, 0, 2106),
(689, 0, 482, NULL, 1, 0, 2107);

-- --------------------------------------------------------

--
-- Table structure for table `sgp_catalog_product_entity_media_gallery_value_to_entity`
--

CREATE TABLE `sgp_catalog_product_entity_media_gallery_value_to_entity` (
  `value_id` int(10) UNSIGNED NOT NULL COMMENT 'Value media Entry ID',
  `entity_id` int(10) UNSIGNED NOT NULL COMMENT 'Product entity ID'
) ENGINE=InnoDB DEFAULT CHARSET=utf8 COMMENT='Link Media value to Product entity table';

--
-- Dumping data for table `sgp_catalog_product_entity_media_gallery_value_to_entity`
--

INSERT INTO `sgp_catalog_product_entity_media_gallery_value_to_entity` (`value_id`, `entity_id`) VALUES
(619, 424),
(620, 424),
(621, 425),
(622, 425),
(623, 426),
(624, 426),
(631, 427),
(632, 427),
(629, 428),
(630, 428),
(627, 429),
(628, 429),
(625, 431),
(626, 431),
(633, 432),
(634, 432),
(635, 433),
(636, 433),
(681, 434),
(682, 434),
(677, 435),
(641, 436),
(642, 436),
(643, 440),
(644, 441),
(645, 442),
(646, 443),
(647, 444),
(658, 445),
(648, 446),
(649, 446),
(650, 447),
(651, 447),
(676, 448),
(654, 449),
(655, 449),
(675, 450),
(674, 451),
(656, 453),
(657, 453),
(679, 461),
(680, 463),
(659, 469),
(660, 469),
(661, 470),
(662, 470),
(663, 471),
(664, 471),
(665, 472),
(666, 472),
(667, 473),
(668, 473),
(683, 474),
(684, 478),
(685, 479),
(686, 479),
(687, 480),
(688, 481),
(689, 482);

-- --------------------------------------------------------

--
-- Table structure for table `sgp_catalog_product_entity_media_gallery_value_video`
--

CREATE TABLE `sgp_catalog_product_entity_media_gallery_value_video` (
  `value_id` int(10) UNSIGNED NOT NULL COMMENT 'Media Entity ID',
  `store_id` smallint(5) UNSIGNED NOT NULL DEFAULT '0' COMMENT 'Store ID',
  `provider` varchar(32) DEFAULT NULL COMMENT 'Video provider ID',
  `url` text COMMENT 'Video URL',
  `title` varchar(255) DEFAULT NULL COMMENT 'Title',
  `description` text COMMENT 'Page Meta Description',
  `metadata` text COMMENT 'Video meta data'
) ENGINE=InnoDB DEFAULT CHARSET=utf8 COMMENT='Catalog Product Video Table';

-- --------------------------------------------------------

--
-- Table structure for table `sgp_catalog_product_entity_text`
--

CREATE TABLE `sgp_catalog_product_entity_text` (
  `value_id` int(11) NOT NULL COMMENT 'Value ID',
  `attribute_id` smallint(5) UNSIGNED NOT NULL DEFAULT '0' COMMENT 'Attribute ID',
  `store_id` smallint(5) UNSIGNED NOT NULL DEFAULT '0' COMMENT 'Store ID',
  `entity_id` int(10) UNSIGNED NOT NULL DEFAULT '0' COMMENT 'Entity ID',
  `value` text COMMENT 'Value'
) ENGINE=InnoDB DEFAULT CHARSET=utf8 COMMENT='Catalog Product Text Attribute Backend Table';

--
-- Dumping data for table `sgp_catalog_product_entity_text`
--

INSERT INTO `sgp_catalog_product_entity_text` (`value_id`, `attribute_id`, `store_id`, `entity_id`, `value`) VALUES
(2761, 75, 0, 424, '<p>Turmeric powder has been is obtained by pulverizing sun-dried turmeric grow in Uttarakhand hills.</p>\r\n<p>Turmeric cultivated in the highlands of Uttarakhand has high Curcumin content and encourages healthy cholesterol levels, acts as antioxidant and boosts stress tolerance.</p>\r\n<p>Our turmeric powder has been prepared using turmeric sourced from villages in Nainidanda region of Pauri Garhwal district in Corbett landscape and Ramganga river catchment in Uttarakhand. It has been grown under natural conditions by members of our women Self-Help Groups (SHGs)and processed and marketed by our women&rsquo;s Cooperatives.</p>'),
(2762, 76, 0, 424, '<style xml=\"space\"><!--\r\n.turmeric-powder-bg{\r\n    background: #f8be02;\r\n    padding: 10px;\r\n    color: #000;\r\n    font-size: 15px;\r\n    text-align:justify;\r\n--></style>\r\n<p class=\"turmeric-powder-bg\">Our Turmeric Powder, (sourced from turmeric grown in villages near Nainidanda, Pauri in Corbett landscape and Ramganga river catchment) encourages healthy cholesterol levels and boosts stress tolerance.</p>'),
(2763, 85, 0, 424, 'Turmeric Powder (Haldi Powder) '),
(2764, 146, 0, 424, NULL),
(2765, 75, 0, 425, '<p>Yellow chilli powder has been obtained from a unique variety of chilli cultivated in the villages in Nainidanda region of Pauri Garhwal district in Corbett landscape and Ramganga river catchment in Uttarakhand.</p>\r\n<p>Locally know as Lakhori or Dhara chilli, it is highly pungent and gives a rich flavour. It is a good source of Vitamin C with anti-bacterial, analgesic and anti-diabetic properties.</p>\r\n<p>It has been grown under natural conditions by members of our women Self-Help Groups (SHGs). Chillies are plucked manually, sun-dried and pulverized in a hygienic manner.</p>'),
(2766, 76, 0, 425, '<style xml=\"space\"><!--\r\n.yellow-chilli-bg{\r\n    background: #fdcf00;\r\n    padding: 10px;\r\n    color: #000;\r\n    font-size: 15px;\r\n    text-align:justify;\r\n--></style>\r\n<p class=\"yellow-chilli-bg\">Our Yellow Chilli Powder (sourced from yellow chilli grown in villages near Nainidanda, Pauri in Corbett landscape and Ramganga river catchment) is a good source of Vitamin C with anti-bacterial, analgesic and anti-diabetic properties.</p>'),
(2767, 85, 0, 425, 'Yellow Chili Powder '),
(2768, 146, 0, 425, NULL),
(2769, 103, 0, 424, NULL),
(2770, 144, 0, 424, NULL),
(2771, 145, 0, 424, NULL),
(2772, 103, 0, 425, NULL),
(2773, 144, 0, 425, NULL),
(2774, 145, 0, 425, NULL),
(2775, 75, 0, 426, '<p>Our Coriander powder has been obtained from naturally grown Coriander seeds sourced from village near Nainidanda, Pauri in Corbett landscape and Ramganga river catchment in Uttarakhand. It has been obtained after sun-drying and hygienically pulverizing quality Coriander seeds.</p>\r\n<p>Coriander is a source of Calcium, Iron and protein and in considered to stimulate the appetite and aid in digestion.</p>\r\n<p>Coriander has been cultivated by members of our women Self-Help Groups (SHGs). It has been processed and marketed by our women&rsquo;s Cooperatives.</p>'),
(2776, 76, 0, 426, '<style xml=\"space\"><!--\r\n.chilli-bg{\r\n    background: #cec874;\r\n    padding: 10px;\r\n    color: #000;\r\n    font-size: 15px;\r\n    text-align:justify;\r\n--></style>\r\n<p class=\"chilli-bg\">Our Coriander Powder (seeds sourced from the villages near Nainidanda, Pauri in Corbett landscape and Ramganga river catchment) is a source of Calcium, Iron and protein amongst various other vital nutrients.</p>'),
(2777, 85, 0, 426, 'Coriander Powder'),
(2778, 146, 0, 426, NULL),
(2779, 103, 0, 426, NULL),
(2780, 144, 0, 426, NULL),
(2781, 145, 0, 426, NULL),
(2782, 75, 0, 427, '<p>Red chillies are widely grown in Uttarakhand under natural conditions between altitudes ranging from 800 m to 1500 m. Chilli powder in this pack is obtained from ripe chillies that are sun dried and hygienically pulverized.</p>\r\n<p>Our red chilli powder is pungent and is considered rich in Potassium.</p>\r\n<p>It has been sourced from villages in the Nayar river catchment of Pauri Garhwal district Uttarakhand. It has been grown by members of our women Self-Help Groups (SHGs) and collected from SHGs by our women&rsquo;s Cooperatives and subsequently processed and marketed.</p>'),
(2783, 76, 0, 427, '<style xml=\"space\"><!--\r\n.chilli-bg{\r\n    background: #ee3c38;\r\n    padding: 10px;\r\n    color: #000;\r\n    font-size: 15px;\r\n    text-align:justify;\r\n--></style>\r\n<p class=\"chilli-bg\">Our Red Chilli Powder (sourced from village in the Nayar river catchment Pauri) is considered to be rich in Potassium. Red Chilli has proven to be a rich source of Vitamin C that supports the immune system.</p>'),
(2784, 85, 0, 427, 'Red Chilli Powder'),
(2785, 146, 0, 427, NULL),
(2786, 75, 0, 428, '<p>Jakhya (also known as wild mustard) is the seed of Cleome viscose, a traditional herb of the mid-Himalayas. Jakhya is dark brown in colour and is traditionally used for tempering culinary dishes in the Himalayan region.</p>\r\n<p>It crackles on being heated in oil, has a distinct smell and adds flavour to various recipes, leaving an exotic feel on the taste buds. Jakhia is widely used in Uttarakhand in preparing various cuisines, particularly for preparing vegetables, pulses and curries.</p>\r\n<p>It is considered beneficial for treating liver and respiratory ailments.</p>\r\n<p>Our Jakhya has been sourced from Nayarriver catchment of Pauri Garhwal district Uttarakhand. It has been grown under natural conditions by members of our women Self-Help Groups (SHGs) and; processed and marketed by our women&rsquo;s cooperatives</p>'),
(2787, 76, 0, 428, '<style xml=\"space\"><!--\r\n.jakhya-bg{\r\n    background: #9b7e5e;\r\n    padding: 10px;\r\n    color: #000;\r\n    font-size: 15px;\r\n    text-align:justify;\r\n--></style>\r\n<p class=\"jakhya-bg\">Our Jakhya (sourced from villages in the Nayar river catchment, Pauri) is traditionally used for adding flavour to various recipes, leaving an exotic feel on the taste buds. The seeds are also known for treating liver and respiratory ailments.</p>'),
(2788, 85, 0, 428, 'Jakhya'),
(2789, 146, 0, 428, NULL),
(2790, 103, 0, 428, NULL),
(2791, 144, 0, 428, NULL),
(2792, 145, 0, 428, NULL),
(2793, 75, 0, 429, '<p>Methi dana or Fenugreek seeds have a strong aroma and flavour. It is used as a condiment for flavouring cuisines.</p>\r\n<p>Methi dana is considered rich in various vitamins and minerals while it is also considered beneficial for reducing cholesterol, prompting weight loss and controlling blood sugar levels.</p>\r\n<p>Our methi dana has been sourced from villages around the hills of Ranikhet in the Almoradistrict of Uttarakhand. It has been grown under natural conditions by members of our women Self-Help Groups (SHGs).</p>'),
(2794, 76, 0, 429, '<style xml=\"space\"><!--\r\n.methi-bg{\r\n    background: #cda44c;\r\n    padding: 10px;\r\n    color: #000;\r\n    font-size: 15px;\r\n    text-align:justify;\r\n--></style>\r\n<p class=\"methi-bg\">Our Fenugreek seeds (sourced from villages around the hills of Ranikhet) has been traditionally used for reducing cholesterol, prompting weight loss and controlling blood sugar levels.</p>'),
(2795, 85, 0, 429, 'Methi Dana'),
(2796, 146, 0, 429, NULL),
(2797, 75, 0, 430, '<p>Yellow Chilli Powder is obtained from an indigenous varieties of chilli crop, locally called Lakhorior Dhara chilli since it is first grown in a village of Uttarakhand called lakhora. The chillies are plucked manually, sundried and then pulverized appropriately to keep itsanti-bacterial, analgesic and anti-diabetic properties intact. What distinguished it from other varieties of chillies is the different type of wrinkles it gets on drying.</p>\r\n<p><strong>Origin:</strong> HAVE PURE yellow chilli powder comes from lakhori chillies traditionally grown in the hill villages of Nainidanda of Corbet Tiger Reserve (CTR) landscape and Ramganga catchment area of Uttarakhand.</p>\r\n<p><strong>Cultivation and processing:</strong> Women members of SHGs cultivate lakhori chilli crop in natural/ organic condition in the Kitchen Garden. After cultivation it is sun dried and pulverized in the most hygienic manner. SHGs and their cooperative, formed in Nainidanda area, process and procure it for enhancing income of women members</p>'),
(2798, 76, 0, 430, '<p>Yellow Chilli Powder is obtained from an indigenous varieties of chilli crop, locally called Lakhorior Dhara chilli since it is first grown in a village of Uttarakhand called lakhora. The chillies are plucked manually, sun dried and then pulverized appropriately to keep its anti-bacterial, analgesic and anti-diabetic properties intact. What distinguished it from other varieties of chillies is the different type of wrinkles it gets on drying.</p>'),
(2799, 85, 0, 430, 'Yellow Chilli Whole'),
(2800, 146, 0, 430, '<p>HAVE PURE yellow chilli powder is extremely pungent and traditionally used to prepare pickles, chilli flakes, curries and dal for tempering. It is used for preparation of vegetarian and non-vegetarian food. Yellow chilies are extensively used in recipes of stuffed chilly and in preparation of dips, sauces and is a flavor enhancing ingredient. It is good for controlling excess fat and preventing heart diseases.</p>'),
(2801, 103, 0, 430, NULL),
(2802, 144, 0, 430, NULL),
(2803, 145, 0, 430, NULL),
(2804, 75, 0, 431, '<p>Red chillies are widely grown in Uttarakhand under natural conditions between altitudes ranging from 800 m to 1500 m. We bring to you the best quality red chillies that are pungent and also rich in Potassium.</p>\r\n<p>Red chillies have been sourced from villages in the Nayar river catchment of Pauri Garhwal district Uttarakhand. They have been grown by members of our women Self-Help Groups (SHGs) and marketed by ourwomen&rsquo;s Cooperatives.</p>'),
(2805, 76, 0, 431, '<style xml=\"space\"><!--\r\n.chilli-bg{\r\n    background: #ee3c38;\r\n    padding: 10px;\r\n    color: #000;\r\n    font-size: 15px;\r\n    text-align:justify;\r\n--></style>\r\n<p class=\"chilli-bg\">Our Red chillies have been cultivated under natural conditions in Nayar river catchment of Pauri Garhwal in Uttarakhand. We bring to you the best chillies which are pungent and rich in Potassium.</p>'),
(2806, 85, 0, 431, 'Red Chilli whole'),
(2807, 146, 0, 431, NULL),
(2808, 75, 0, 432, '<p>Faran or Jambu is an alpine herb that grows between 2500 m to 3000 m altitude in the Himalayas. Its inflorescence and leaves are used as seasoning agents. Faran is widely used as a condiment. Dried leaves of this herb are tempered in oil or ghee to flavour vegetables, curries, soups and meat.</p>\r\n<p>Faran aids in digestion and controlling cholesterol.</p>\r\n<p>Our Faran has been sourced from villages in the Dhauli Ganga valley of the Nanda Devi Biosphere Reserve in Uttarakhand. It is being processed and marketed by our women&rsquo;s cooperatives.</p>'),
(2809, 76, 0, 432, '<style xml=\"space\"><!--\r\n.faran-bg{\r\n    background: #c3db83;\r\n    padding: 10px;\r\n    color: #000;\r\n    font-size: 15px;\r\n    text-align:justify;\r\n}\r\n--></style>\r\n<p class=\"faran-bg\">Our Faran (sourced from Malari village in the Dhauli Ganga valley of the Nanda Devi Biosphere Reserve) is an alpine herb that aids in digestion and cholesterol reduction. Its inflorescence and leaves are popularly used as seasoning agents.</p>'),
(2810, 85, 0, 432, 'Faran'),
(2811, 146, 0, 432, '<!--p>Faran/ Jambu is an herb which has a taste in between onion and chives; it is the most commonly used herb to enhance flavor and seasoning. Dried leaves are tempered in oil/ ghee to flavor vegetables, curries, soups, pickles, meat etc. Traditionally, Jambu is used to cure various medical illnesses such as flues, coughs, stomach pain etc.</p>\r\n<p><strong>How to use:</strong> Take a pinch of Jamboo, and crush it by your palms, put a small quantity of cooking oil in the pan and heat it to normal level. Then put the crushed Faran in fry pan and fry it till it becomes light brown and then put it in dal or curry.</p-->'),
(2812, 75, 0, 433, '<p>Perilla, locally known as Bhangjeera, is a traditional herb cultivated in the mid- Himalayas. Perilla seeds are used for tempering as they significantly enhance the flavour of cuisines. They are also used to prepare spicy chutney while roasted Perilla seeds may also be consumed.</p>\r\n<p>Perilla is considered a rich source of Omega-3 and Omega-6 fatty acids with anti-oxidant and anti-inflammatory properties.</p>\r\n<p>Our Perilla seeds have been sourced from hill villages near Kapkot and Bageshwar towns in Sarayu valley of Bageshwar district of Uttarakhand. It has been grown under natural conditions by members of our women Self-Help Groups (SHGs) and the seeds are extracted manually and sundried. It is collected from the SHGs by our women&rsquo;s Cooperatives and subsequently processed and marketed.</p>'),
(2813, 76, 0, 433, '<style xml=\"space\"><!--\r\n.perilla-bg{\r\n    background:#fdbf84;\r\n    padding: 10px;\r\n    color: #000;\r\n    font-size: 15px;\r\n    text-align:justify;\r\n}\r\n--></style>\r\n<p class=\"perilla-bg\">Our Perilla (sourced from villages near Kapkot and Bageshwar, located in Sarayu valley) is a herb grown in mid-Himalayas. Perilla seeds are considered rich in Omega-3 and Omega-6 fatty acids with anti-oxidant and anti-inflammatory properties.</p>'),
(2814, 85, 0, 433, 'Perilla'),
(2815, 146, 0, 433, NULL),
(2816, 75, 0, 434, '<p>Mustard is a traditional crop grown and collected by the farmers in the hills of Himalayan region.&nbsp;HavePure mustard oil is extracted through cold press method to keep its properties intact.</p>\r\n<p><strong>Origin:</strong>&nbsp;HavePure mustard oil is sourced from hill villages of Gairsain region, situated in the midst of Garhwal and Kumaon Himalayas.</p>\r\n<p><strong>Cultivation and processing:</strong> Mustard crop is traditionally cultivated in hill villages of Gairsain of Chamoli district of the State of Uttarakhand. The crop is particularly cultivated in organically to extract the edible oil.&nbsp;HavePure mustard oil is extracted by SHGs Cooperative, formed in Gairsain area by using cold press method wherein nutrient retention is remain high due to low heat generation.</p>'),
(2817, 76, 0, 434, '<style xml=\"space\"><!--\r\n.mrt-bg{\r\n    background: #f9b701;\r\n    padding: 10px;\r\n    color: #000;\r\n    font-size: 15px;\r\n    text-align:justify;\r\n--></style>\r\n<p class=\"mrt-bg\">Our Mustard Oil (mustard sourced from villages around the hills of Ranikhet) is extracted by a traditional cold-press method wherein the nutrient retention is high due to low heat generation.</p>'),
(2818, 85, 0, 434, 'Mustard Oil'),
(2819, 146, 0, 434, '<p>Mustard oil is used for frying various culinary dishes and is used as one of the main vegetable oil. Cold pressed mustard oil is a good source of monounsaturated fatty acids which promotes heart health. It has various medicinal properties to cure cracked heels and brittle nails, it improves blood circulation, cure skin diseases, cough and cold etc. Mustard oil speed up the metabolism, stimulates and aids digestion, inhibits cancer cell growth etc.</p>'),
(2820, 75, 0, 435, '<p>Our Sesame oil has been prepared using naturally grown sesame sourced from villages around the hills of Ranikhet in the Almora district of Uttarakhand.</p>\r\n<p>It has been extracted using the ancient cold-press method that helps in high nutrient retention due to low heat generation during the oil-extraction process.</p>\r\n<p>Sesame has been cultivated by members of our women Self-Help Groups (SHGs) and processed and marketed by our women&rsquo;s Cooperatives.</p>'),
(2821, 76, 0, 435, '<style xml=\"space\"><!--\r\n.ses-bg{\r\n    background: #d6cbb9;\r\n    padding: 10px;\r\n    color: #000;\r\n    font-size: 15px;\r\n    text-align:justify;\r\n--></style>\r\n<p class=\"ses-bg\">Our pure Sesame Oil (sesame sourced from villages around the hills of Ranikhet) is extracted using an ancient cold-press method keeping the nutrient retention high due to low heat generation. It is considered to be rich in Omega-6 fatty acids, antioxidants and has natural anti-inflammatory properties.</p>'),
(2822, 85, 0, 435, 'Sesame oil'),
(2823, 146, 0, 435, NULL),
(2824, 103, 0, 435, NULL),
(2825, 144, 0, 435, NULL),
(2826, 145, 0, 435, NULL),
(2827, 75, 0, 436, '<p>Walnut or Akhrotis one of the temperate nut fruits grown in the hills of Uttarakhand State. Walnut production is limited in the state however it is grown for commercial purpose.</p>\r\n<p>HavePure walnut comes from Champawat district of Uttarakhand. The area is known for cultivation of quality walnut.</p>\r\n<p>Walnut is a traditional crop in Champawat. It is grown naturally by the members of SHGs without using chemical inputs. It is collected, cleaned, graded and sundried and then procured by their cooperative.</p>'),
(2828, 76, 0, 436, '<style xml=\"space\"><!--\r\n.wal-bg {\r\n    background: #92644a;\r\n    padding: 10px;\r\n    color: #000;\r\n    font-size: 15px;\r\n    text-align: justify;\r\n}\r\n--></style>\r\n<p class=\"wal-bg\">Walnut is a rich source of dietary fibers, proteins, Omega-3 fatty acids, antioxidants, dietary fibre and Alpha Linolenic Acid (ALA). It helps in reducing risk of cardiovascular diseases and controlling blood pressure.</p>'),
(2829, 85, 0, 436, 'Walnut'),
(2830, 146, 0, 436, '<p>Walnut can be taken in different form viz. assnack or with salads, pastas, and breakfast cereals and with baked items. The best way is to soak the walnut in water, to rinse the tannin, before eating.</p>\r\n<p>Soaked walnut gives soft and more buttery taste. Walnut is good for brain health and prevent heart disease and cancer. Raw walnuts are good source of anti-oxidants; omega 3 fatty acids etc. Walnuts consumption help in maintaining cholesterol level, blood pressure, decrease inflammation, promote healthy gut and reduce the risk of cancer etc.</p>'),
(2831, 75, 0, 437, '<p>HavePure Nettle tea is made from stinging leaves of nettle grown naturally in the hills of Uttarakhand. Nettle is a perennial shrub found growing in temperate and sub-tropical region of Himalayan state of Uttarakhand. It is blended with green tea and dry ginger. Nettle has traditionally been used to treat pain, sore muscles, and useful in relieving arthritis pain.</p>\r\n<p><strong>Origin:</strong> Nettle leaves and ginger are harvested in the hill villages of Ranikhet area and green tea comes from Gairsain area. All the ingredients, in this pack, are being grown in natural and organic condition.</p>\r\n<p>Ranikhet is a famous hill station, known for its serenity, located in Kumaon region while Gairsain is situated at the eastern edge of vast Dudhatoli range, in the middle of Himalayan State of Uttarakhand.</p>\r\n<p><strong>Processing:</strong> All ingredientsi.e. nettle, ginger and green teaaredried in shade by women Self Help Groups. After proper drying it is mixed and packed in the most hygienic manner.</p>'),
(2832, 76, 0, 437, '<style xml=\"space\"><!--\r\n.faran-bg {\r\n    background: #c3db83;\r\n    padding: 10px;\r\n    color: #000;\r\n    font-size: 15px;\r\n    text-align: justify;\r\n}\r\n--></style>\r\n<p class=\"faran-bg\">Our Nettle Tea (prepared with stinging nettle leaves and flavoured with ginger, sourced from the villages around Ranikhet) is helpful in controlling blood pressure, blood sugar, heart stroke, swelling and joint pain. It is rich in Calcium, Magnesium and Iron. Ingredients: Nettle Leaves, Green Tea leaves and Bay Leaves.</p>'),
(2833, 85, 0, 437, 'Nettle Tea'),
(2834, 146, 0, 437, '<p><b>Usage:</b>It is used as tea and is effective in reducing swellings and joint pains. Tea prepared by infusing dried Nettle leaves is a caffeine-free alternative to tea and helps alleviate arthritic problem. Nettle tea is best suited to aid blood pressure, blood sugar, heart strokes, cancer and exhibits anti-inflammatory properties. Besides this, nettle tea is beneficial for facial acne, scars and imparts detoxifying, slimming and pain-relieving properties to the body</p>'),
(2835, 75, 0, 438, '<p>HAVE PURE Chamomile tea is a blend of chamomile, small cardamom and ginger. Every ingredient added, has its Nutraceutical properties. This blend of tea is suitable for every season and imparts soothing effect to consumer&rsquo;s body besides their well-known health benefits. Chamomile tea is beneficial for treating diabetes, cold, helps in sleep and mind relaxation, lowering blood sugar etc.</p>\r\n<p>HAVE PURE Chamomile tea is made of the Chamomile grown in the villages of Ranikhet area-a famous hills station, known for its serenity. It is located in Kumaon region of Himalayan State of Uttarakhand.</p>\r\n<p>For making HAVE PURE Chamomile tea; flower are plucked manually and dried under shed. Ginger powder is mixed with this tea. The entire processing is handled by women SHGs of Ranikhet area properly in clean and hygienic manner.</p>'),
(2836, 76, 0, 438, '<style xml=\"space\"><!--\r\n.faran-bg {\r\n    background: #c3db83;\r\n    padding: 10px;\r\n    color: #000;\r\n    font-size: 15px;\r\n    text-align: justify;\r\n}\r\n--></style>\r\n<p class=\"faran-bg\">HAVE PURE Chamomile tea is a blend of chamomile, small cardamom and ginger. Every ingredient added, has its Nutraceutical properties. This blend of tea is suitable for every season and imparts soothing effect to consumer&rsquo;s body besides their well-known health benefits. Chamomile tea is beneficial for treating diabetes, cold, helps in sleep and mind relaxation, lowering blood sugar etc.</p>'),
(2837, 85, 0, 438, 'Chamomile Tea'),
(2838, 146, 0, 438, '<p><b>Usage: </b>Chamomile tea may relieve an upset stomach, menstrual cramps, irritable bowel syndrome, indigestion, and abdominal gas. It is believed that it can be used as sleep-inducer; hence the best time to drink chamomile tea is about 30 minute before sleep.</p>\r\n<p><b>Recipe: </b>For making delicious Chamomile tea, at home, follow this simple method:</p>\r\n<ul>\r\n<li><b>Ingredients: (serving 1 person) </b></li>\r\n</ul>\r\n<p>1 table spoon HAVE PURE Chamomile tea, 1 full cup of water, 1 tea spoon sugar or honey.</p>\r\n<ul>\r\n<li><b>Preparation: </b></li>\r\n</ul>\r\n<ol>\r\n<li>Add 1 table spoon chamomile tea in full boiled water and continue boiling for 2-3 minute until its extracts properly extracted</li>\r\n<li>Do not simmer it; take the pan from heat and then</li>\r\n<li>Pour the mixture through a tea strainer.</li>\r\n</ol>\r\n<p>You can add 1 tea spoon sugar or honey as per liking.</p>'),
(2839, 75, 0, 439, '<p>HAVE PURE Citrus tea is blend of citrus (Malta fruit), bay leaf and green tea. Bay leaf imparts flavour as well as Nutraceutical properties to this tea. This tea contains plenty of anti-oxidants, rich in vitamin C and contains dietary fibres which regulate various functions of the body.</p>\r\n<p>Malta and green tea is being grown in the villages of Gairsain area, a picturesque landscape, emerging as a tourist place in Garhwal region. Gairsain is centrally located and connects both the divisions-Garhwal and Kumaon of the Himalayan state of Uttarakhand.</p>\r\n<p>Bay leaves, Malta peel and green tea is shed dried properly to mix it with Malta pulp. The processing is handled by the women SHGs of Gairsain area in a clean and hygienic manner.</p>'),
(2840, 76, 0, 439, '<style xml=\"space\"><!--\r\n.faran-bg {\r\n    background: #c3db83;\r\n    padding: 10px;\r\n    color: #000;\r\n    font-size: 15px;\r\n    text-align: justify;\r\n}\r\n--></style>\r\n<p class=\"faran-bg\">HAVE PURE Citrus tea is blend of citrus (Malta fruit), bay leaf and green tea. Bay leaf imparts flavour as well as Nutraceutical properties to this tea. This tea contains plenty of anti-oxidants, rich in vitamin C and contains dietary fibres which regulate various functions of the body.&nbsp;</p>'),
(2841, 85, 0, 439, 'Citrus Tea'),
(2842, 146, 0, 439, '<p><b>Usage:</b>It is used as tea. HAVE PURE Citrus tea is caffeine free alternative tea. It is used to regulate body sugar level and help produce red blood cells.</p>\r\n<p><b>Recipe: </b>For making delicious citrus tea, at home follow this simple method:</p>\r\n<ul>\r\n<li><b>Ingredients: (serving 1 person) </b></li>\r\n</ul>\r\n<p>1 table spoon HAVE PURE Citrus tea, 1 full cup of water, 1 tea spoon sugar or honey.</p>\r\n<ul>\r\n<li><b>Preparation: </b></li>\r\n</ul>\r\n<ol>\r\n<li>Boil the water until it gives steam.</li>\r\n<li>Add 1 tablespoon HAVE PURE citrus tea and</li>\r\n<li>Simmer it (on low flame) for 3-4 minute until the extract is properly extracted.&nbsp;</li>\r\n<li>Pour the mixture through a tea strainer.</li>\r\n<li>You can add 1 tea spoon sugar or honey as per liking.</li>\r\n</ol>'),
(2843, 103, 0, 439, NULL),
(2844, 144, 0, 439, NULL),
(2845, 145, 0, 439, NULL),
(2846, 75, 0, 440, '<p>Red rice is a unique variety of rice that is cultivated at altitudes between 1500 m to 2500 m in Uttarakhand. Our red rice has been grown under natural conditions.After harvest it is sun-driedand minimally processed to ensure more nutrient and vitamin contents.</p>\r\n<p>Red rice derives its red colour from antioxidants called anthocyanins that are considered beneficial in fighting free radicals in the body. Red rice has a high nutritional value and is a good source of vitamin B. It is also beneficial in controlling cholesterol and diabetes.</p>\r\n<p>Apart from being an integral part of the staple diet in Uttarakhand, it is also found to be good for south Indian preparations like dosa, idli, appam, puttu etc.</p>\r\n<p>Our red rice has been sourced from hill villages in Sarayu valley of Bageshwar district of Uttarakhand. It has been cultivated by members of our women Self-Help Groups (SHGs)and collected from the SHGs by our women&rsquo;s Cooperatives.</p>'),
(2847, 76, 0, 440, '<style xml=\"space\"><!--\r\n.rdr-bg{\r\n    background: #a77343;\r\n    padding: 10px;\r\n    color: #000;\r\n    font-size: 15px;\r\n    text-align:justify;\r\n--></style>\r\n<p class=\"rdr-bg\">Red rice is a unique variety of rice that is cultivated at altitudes between 1500 m to 2500 m in Uttarakhand. Our red rice has been grown under natural conditions in hill villages in Sarayu valley of Bageshwar district of Uttarakhand. <br />Red rice has a high nutritional value, is rich in antioxidants and is a good source of vitamin B. It is also beneficial in controlling cholesterol and diabetes.</p>'),
(2848, 85, 0, 440, 'Red rice'),
(2849, 146, 0, 440, '<p>.</p>'),
(2850, 75, 0, 441, '<p>Jhangora or Barnyard millet is a traditionally cultivated in the highlands of Uttarakhand under rain-fed conditions. It is traditionally cooked as plain rice and also in diverse local recipes such as porridge, pudding and khichadi.</p>\r\n<p>Barnyard Milletis a good source of highly digestible proteins and dietary fibre. It is gluten-free and has lower calorie density as compared to other cereals.</p>\r\n<p>Our Barnyard millet has been sourced from villages in the Nayar river catchment of Pauri Garhwal district Uttarakhand. It has been grown under natural conditions by members of our women Self-Help Groups (SHGs) and collected from SHGs by our Cooperatives and subsequently processed and marketed.</p>'),
(2851, 76, 0, 441, '<style xml=\"space\"><!--\r\n.jhg-bg{\r\n    background: #e6b28a;\r\n    padding: 10px;\r\n    color: #000;\r\n    font-size: 15px;\r\n    text-align:justify;\r\n--></style>\r\n<p class=\"jhg-bg\">Barnyard Milletis a good source of highly digestible proteins and dietary fibre. It is gluten-free and has lower calorie density as compared to other cereals. Our Barnyard millet flour has been obtained from naturally grown Barnyard millet sourced from villages in the Nayar river catchment of Pauri Garhwal district Uttarakhand.</p>'),
(2852, 85, 0, 441, 'Jhangora Rice'),
(2853, 146, 0, 441, NULL),
(2854, 75, 0, 442, '<p>Barley is a traditional foodgrain cultivated under natural conditions by farmers in Uttarakhand. Barley flour in this pack has been specially ground in traditional water mills (gharats) in the villages which makes it more nutritious and richer in dietary fibre.</p>\r\n<p>Barley flour is rich in vitamins and micronutrients and; has anti-oxidant properties. It is believed to improve digestion, aid in weight loss and boost immunity.</p>\r\n<p>Our Barley flour has been sourced from villages around the hills of Ranikhet in the Almora district of Uttarakhand. It has been grown under natural conditions by members of our women Self-Help Groups (SHGs)and ground locally in traditional water mills. It has been packed and marketed by our women&rsquo;s Cooperatives.</p>'),
(2855, 76, 0, 442, '<style xml=\"space\"><!--\r\n.md-bg{\r\n    background: #d6b099;\r\n    padding: 10px;\r\n    color: #000;\r\n    font-size: 15px;\r\n    text-align:justify;\r\n--></style>\r\n<p class=\"md-bg\">Barleyis rich in vitamins and micronutrients and has anti-oxidant properties. Our Barley Flour (sourced from villages around the hills of Ranikhet in Uttarakhand)has been ground in traditional water mills making it more nutritious and richer in dietary fibre.</p>'),
(2856, 85, 0, 442, 'Barley Flour (Jau ka Atta)'),
(2857, 146, 0, 442, NULL),
(2858, 75, 0, 443, '<p>Finger millet (locally known as Mandua) is a variety of millet cultivated traditionally in villages in Uttarakhand under rain-fed conditions. Chappatis made for finger millet flour form the staple diet of communities in Uttarakhand. It is also good for preparing cakes, pancakes, cookies etc.</p>\r\n<p>Finger Millet is a gluten-free cereal rich in protein, vitamins, minerals and dietary fibre.</p>\r\n<p>Our Finger millet has been sourced from villages in the Nayar river catchment of Pauri Garhwal district Uttarakhand. It has been grown under natural conditions by members of our women Self-Help Groups (SHGs)and collected from SHGs by our Cooperatives and subsequently processed and marketed.</p>'),
(2859, 76, 0, 443, '<style xml=\"space\"><!--\r\n.md-bg{\r\n    background: #d6b099;\r\n    padding: 10px;\r\n    color: #000;\r\n    font-size: 15px;\r\n    text-align:justify;\r\n--></style>\r\n<p class=\"md-bg\">Finger Milletis a gluten-free cereal rich in protein, vitamins, minerals and dietary fibre. Our Finger Millet Flourhas been sourced from finger millet grown in hill villages in the Nayar river catchment of Pauri district of Uttarakhand.</p>'),
(2860, 85, 0, 443, 'Manduwa Flour'),
(2861, 146, 0, 443, NULL),
(2862, 75, 0, 444, '<p>Horse gram or Gahat is a traditional pulse/ lentil crop grown in rain fed areas in the hills of Uttarakhand. It is one of the most popular varieties of pulses being grown and consumed in various forms in the hills especially in winter.</p>\r\n<p>Have PURE Gahat is sourced from hill villages situated in and around Bhagirathi river (a tributary to holy river Ganges) landscape of district Tehri Garhwal, Uttarakhand.</p>\r\n<p>Have PURE Gahat is cultivated and processed (dried and packed) by the members of women SHGs and their cooperative formed in district Tehri Garhwal. The cultivation takes place in rain fed areas mostly and the lentil is grown in natural/ organic condition.</p>'),
(2863, 76, 0, 444, '<style xml=\"space\"><!--\r\n.ghr-bg{\r\n    background: #745038;\r\n    padding: 10px;\r\n    color: #000;\r\n    font-size: 15px;\r\n    text-align:justify;\r\n--></style>\r\n<p class=\"ghr-bg\">Horse gram or Gahat is a traditional pulse/ lentil crop grown in rain fed areas in the hills of Uttarakhand. It is one of the most popular varieties of pulses being grown and consumed in various forms in the hills especially in winter.</p>'),
(2864, 85, 0, 444, 'Gahat'),
(2865, 146, 0, 444, NULL),
(2866, 103, 0, 440, NULL),
(2867, 144, 0, 440, NULL),
(2868, 145, 0, 440, NULL),
(2869, 75, 0, 445, '<p>Locally known as &ldquo;Kaala Bhatt&rdquo;, this is a traditional soyabean variety of Uttarakhand. It is cultivated under natural conditions in Uttarakhand at altitudes ranging between 1000 m to 1800 m.</p>\r\n<p>It forms an integral part of the staple diet of the local communities owing to its nutrition value and high protein and fibre content. It is considered useful in controlling diabetes and blood pressure and strengthening bones.</p>\r\n<p>Our black soyabean has been sourced from villages around the hills of Ranikhet in the Almora district of Uttarakhand. It has been grown under natural conditions by members of our women Self-Help Groups (SHGs)and; processed and marketed by our women&rsquo;s Cooperatives.</p>'),
(2870, 76, 0, 445, '<style xml=\"space\"><!--\r\n.blk-sbg-bg{\r\n    background: #9b7e5e;\r\n    padding: 10px;\r\n    color: #000;\r\n    font-size: 15px;\r\n    text-align:justify;\r\n--></style>\r\n<p class=\"blk-sbg-bg\">Locally known as &ldquo;Kaala Bhatt&rdquo;, this is a traditional soyabean variety of Uttarakhand. It is cultivated under natural conditions in Uttarakhand at altitudes ranging between 1000 m to 1800 m.<br />It forms an integral part of the staple diet of the local communities owing to its nutrition value and high protein and fibre content.</p>'),
(2871, 85, 0, 445, 'Black Soyabean (Kala Bhatt)'),
(2872, 146, 0, 445, NULL),
(2873, 75, 0, 446, '<p>Locally known as &ldquo;Bhatt&rdquo; this pulse has been traditionally grown under &ldquo;Barahanaja&rdquo; system (12 crops being grown together). It is cultivated under natural conditions in Uttarakhand at altitudes ranging between 1000 m to 1800 m.</p>\r\n<p>A rich source of Lecithin, soyabean is considered helpful in ailments of gallbladder, liver and kidneys. It is rich in Phosphorus and in Omega-3 fatty acid.</p>\r\n<p>Our soyabean has been sourced from farms in Bhagarathi river landscape in Tehri Garhwal district of Uttarakhand. It has been grown under natural conditions by members of our women Self-Help Groups (SHGs) and; processed and marketed by our women&rsquo;s Cooperatives.</p>'),
(2874, 76, 0, 446, '<style xml=\"space\"><!--\r\n.syb-bg{\r\n    background: #f9bb58;\r\n    padding: 10px;\r\n    color: #000;\r\n    font-size: 15px;\r\n    text-align:justify;\r\n--></style>\r\n<p class=\"syb-bg\">Locally known as &ldquo;Bhatt&rdquo; this pulse has been traditionally grown under &ldquo;Barahanaja&rdquo; system (12 crops being grown together). It is cultivated under natural conditions in Uttarakhand at altitudes ranging between 1000 m to 1800 m</p>'),
(2875, 85, 0, 446, 'Soyabean'),
(2876, 146, 0, 446, NULL),
(2877, 75, 0, 447, '<p>This variety of kidney beans (rajma) is one of the most sought-after one of Uttarakhand. It derives its name from the town of Munsyari (2200 m).</p>\r\n<p>Munsiari kidney beans have a unique off-white colour and beans are larger in size as compared to other varieties. These are known for delicious taste, high fiber and protein content.</p>\r\n<p>Our kidney beans have been cultivated under natural conditions in Johar valley of Pithoragarh district of Uttarakhand. It has been collected from farmers by our women&rsquo;s Cooperatives.</p>'),
(2878, 76, 0, 447, '<style xml=\"space\"><!--\r\n.rmj-bg{\r\n    background: #e6b992;\r\n    padding: 10px;\r\n    color: #000;\r\n    font-size: 15px;\r\n    text-align:justify;\r\n--></style>\r\n<p class=\"rmj-bg\">This variety of kidney beans (rajma) is one of the most sought-after one of Uttarakhand. It derives its name from the town of Munsyari (2200 m).<br /> Munsiari kidney beans have a unique off-white colour and beans are larger in size as compared to other varieties. These are known for delicious taste, high fiber and protein content.</p>'),
(2879, 85, 0, 447, 'Rajama-Munsiyari'),
(2880, 146, 0, 447, NULL),
(2881, 75, 0, 448, '<p>This powder has been prepared from high quality Amla. They are cleaned, sun-dried and ground in most hygienic manner.</p>\r\n<p>Amla is known for its high vitamin C, Iron and Calcium contents and; is helpful in boosting immunity, controlling diabetes and reducing bad cholesterol.</p>\r\n<p>Our Amla has been sourced from villages in Nainidanda region of Pauri Garhwal district in Corbett landscape and Ramganga river catchment in Uttarakhand. It has been harvested by members of our women Self-Help Groups (SHGs) and; processed and marketed by our women&rsquo;s Cooperatives</p>'),
(2882, 76, 0, 448, '<style xml=\"space\"><!--\r\n.aml-bg {\r\n    background: #ffcf72;\r\n    padding: 10px;\r\n    color: #000;\r\n    font-size: 15px;\r\n    text-align: justify;\r\n}\r\n--></style>\r\n<p class=\"aml-bg\">Our Amla (sourced from Amla grown in village near Nainidanda, Pauri in corbett landscape &amp; Ramganga river catchment) is known for its high vitamin C, Iron &amp; Calcium contents helpful in boosting immunity, controlling diabetes &amp; reducing bad cholesterol.</p>'),
(2883, 85, 0, 448, 'Amla Powder '),
(2884, 146, 0, 448, NULL),
(2885, 75, 0, 449, '<p>Our multiflora honey has been sourced from villages near Lansdowne in Pauri Garhwal district of Uttarakhand. It has been collected from bee reared in traditional hives and bee boxes that feed on flora in local forests and crops. It is rich in vitamins, nutrients and antioxidants.</p>\r\n<p>It has been extracted by members of our women Self-Help Groups (SHGs) and marketed by our women&rsquo;s Cooperative.</p>'),
(2886, 76, 0, 449, '<style xml=\"space\"><!--\r\n.hny-bg {\r\n    background: #f69715;\r\n    padding: 10px;\r\n    color: #000;\r\n    font-size: 15px;\r\n    text-align: justify;\r\n}\r\n--></style>\r\n<p class=\"hny-bg\">Our Himalayan Honey (sourced from villages near Lansdowne in Uttarakhand) is rich in nutrients and antioxidants. Collected straight from the hive with a harmonious composition of Himalayan flora, suitable for all sweetening purposes.</p>'),
(2887, 85, 0, 449, 'Honey'),
(2888, 146, 0, 449, NULL),
(2889, 103, 0, 431, NULL),
(2890, 144, 0, 431, NULL),
(2891, 145, 0, 431, NULL),
(2892, 75, 0, 450, '<p>Harad or Terminalia chebulahas a wide use in Ayurveda.</p>\r\n<p>Harad powder is believed to be rich in antioxidants, effective for intestinal health, constipation and weight loss as well as considered helpful in controlling hair loss. Use of Harad powder (mixed with water) in appropriate quantities is considered beneficial in boosting the immune system.</p>\r\n<p>Triphala, an Ayurvedic preparation made from Amla, Baheda and Harad, is a milk laxative and believed to improve digestion, build immunity and useful for treating eye diseases.</p>\r\n<p>Our Harad has been sourced from villages in Nainidanda region of Pauri Garhwal district in Corbett landscape and Ramganga river catchment in Uttarakhand. It has been harvested by members of our women Self-Help Groups (SHGs) and processed and marketed by our women&rsquo;s Cooperatives.</p>'),
(2893, 76, 0, 450, '<style xml=\"space\"><!--\r\n.faran-bg {\r\n    background: #c3db83;\r\n    padding: 10px;\r\n    color: #000;\r\n    font-size: 15px;\r\n    text-align: justify;\r\n}\r\n--></style>\r\n<p class=\"faran-bg\">Our Harad powder (sourced from villages near Nainidanda, Pauri in Corbett landscape and Ramganga river catchment) is believed to be rich in antioxidants and helps in improving digestion. Triphala, an Ayurvedic preparation made from Amla, Bahera and Harad, is a mild laxative and believed to improve digestion, build immunity and useful for treating eye diseases.</p>'),
(2894, 85, 0, 450, 'Harda Powder '),
(2895, 75, 0, 451, '<p>Baheda (Terminalia bellerica) powder is believed to be useful in protecting liver, treatment of respiratory tract infections, cough and sore throat. This pack contains dried powder of Baheda fruits harvested, sun-dried and pulverized in a hygienic manner.</p>\r\n<p>Triphala, an Ayurvedic preparation made from Amla, Baheda and Harad, is a milk laxative and believed to improve digestion, build immunity and useful for treating eye diseases.</p>\r\n<p>Our Baheda has been sourced from villages in Nainidanda region of Pauri Garhwal district in Corbett landscape and Ramganga river catchment in Uttarakhand. It has been harvested by members of our women Self-Help Groups (SHGs) and processed and marketed by our women&rsquo;s Cooperatives.</p>'),
(2896, 76, 0, 451, '<style xml=\"space\"><!--\r\n.faran-bg {\r\n    background: #c3db83;\r\n    padding: 10px;\r\n    color: #000;\r\n    font-size: 15px;\r\n    text-align: justify;\r\n}\r\n--></style>\r\n<p class=\"faran-bg\">Our Bahera powder (sourced from villages near Nainidanda, Pauri in Corbett landscape and Ramganga river catchment) is believed to be useful in protecting liver, treatment of respiratory tract infections, cough, and sore throat. Triphala, an Ayurvedic preparation made from Amla, Bahera and Harad, is a mild laxative and believed to improve digestion, build immunity and useful for treating eye diseases.</p>'),
(2897, 85, 0, 451, 'Baheda Powder'),
(2898, 75, 0, 452, '<p>Ginger powder is also known as Sonth, is obtained from ginger root. It is a fine off-white or slightly brownish powder that has a strong aroma and a pungent flavour.Dry ginger powder is widely used to add flavor and aroma.</p>\r\n<p>Ginger finds mention in Ayurveda. It has anti-inflammatory and anti-bacterialproperties, it helps improving digestion and is widely used as a home-remedy for treatment of common cold.</p>\r\n<p>Ginger been cultivated under natural conditions by members of our Self-Help Groups (SHGs). It has been sun-dried and pulverized in most hygienic manner and marketed by our women&rsquo;s Cooperatives.</p>'),
(2899, 76, 0, 452, '<style xml=\"space\"><!--\r\n.faran-bg {\r\n    background: #c3db83;\r\n    padding: 10px;\r\n    color: #000;\r\n    font-size: 15px;\r\n    text-align: justify;\r\n}\r\n--></style>\r\n<p class=\"faran-bg\">Our Ginger Powder (sourced from villages near Nainidanda, Pauri in Corbett landscape and Ramganga river catchment) has powerful immunity boosting properties that make it deeply healing and nourishing.</p>'),
(2900, 85, 0, 452, 'Ginger Powder'),
(2901, 75, 0, 453, '<p>Our cow&rsquo;s Ghee has been prepared from the milk of mountain cows. These cows are reared in highlands and fed mostly on naturally grown grasses and organic crop residues.</p>\r\n<p>This ghee is considered rich in fat-soluble vitamins and Omega-3. It is useful for weight loss and keeps body warm in winter.</p>\r\n<p>This has been sourced from villages near Lansdowne in Uttarakhand Himalayas. Members of our women Self-Help Groups (SHGs) and their cooperative prepare the ghee in most hygienic manner. It is packed and marketed our women&rsquo;s cooperative.</p>'),
(2902, 76, 0, 453, '<style xml=\"space\"><!--\r\n.gh-bg{\r\n    background: #ffde7d;\r\n    padding: 10px;\r\n    color: #000;\r\n    font-size: 15px;\r\n    text-align:justify;\r\n--></style>\r\n<p class=\"gh-bg\">Our Ghee (sourced from villages near Lansdowne in Uttarakhand Himalayas) is produced by natural grass-fed cows and is considered to be rich in fat-soluble vitamins and Omega-3.</p>'),
(2903, 85, 0, 453, 'Ghee'),
(2904, 103, 0, 453, NULL),
(2905, 144, 0, 453, NULL),
(2906, 145, 0, 453, NULL),
(2907, 146, 0, 453, NULL),
(2908, 75, 0, 454, '<p>Seabuckthorn tea</p>'),
(2909, 76, 0, 454, '<style xml=\"space\"><!--\r\n.faran-bg {\r\n    background: #c3db83;\r\n    padding: 10px;\r\n    color: #000;\r\n    font-size: 15px;\r\n    text-align: justify;\r\n}\r\n--></style>\r\n<p class=\"faran-bg\">Seabuckthorn tea</p>'),
(2910, 85, 0, 454, 'Seabuckthorn Tea'),
(2911, 85, 0, 455, 'Rhododendron Squash'),
(2912, 75, 0, 456, '<p>Walnut Salsa</p>'),
(2913, 76, 0, 456, '<style xml=\"space\"><!--\r\n.faran-bg {\r\n    background: #c3db83;\r\n    padding: 10px;\r\n    color: #000;\r\n    font-size: 15px;\r\n    text-align: justify;\r\n}\r\n--></style>\r\n<p class=\"faran-bg\">Walnut Salsa</p>'),
(2914, 85, 0, 456, 'Walnut Salsa'),
(2915, 75, 0, 457, '<p>Apple flakes</p>'),
(2916, 76, 0, 457, '<style xml=\"space\"><!--\r\n.faran-bg {\r\n    background: #c3db83;\r\n    padding: 10px;\r\n    color: #000;\r\n    font-size: 15px;\r\n    text-align: justify;\r\n}\r\n--></style>\r\n<p class=\"faran-bg\">Apple flakes</p>'),
(2917, 85, 0, 457, 'Apple flakes'),
(2918, 75, 0, 458, '<p>Pumpkin flakes</p>'),
(2919, 76, 0, 458, '<style xml=\"space\"><!--\r\n.faran-bg {\r\n    background: #c3db83;\r\n    padding: 10px;\r\n    color: #000;\r\n    font-size: 15px;\r\n    text-align: justify;\r\n}\r\n--></style>\r\n<p class=\"faran-bg\">Pumpkin flakes</p>'),
(2920, 85, 0, 458, 'Pumpkin Flakes'),
(2921, 75, 0, 459, '<p>Rihodendron Tea</p>'),
(2922, 76, 0, 459, '<p>Rihodendron Tea</p>'),
(2923, 85, 0, 459, 'Rihodendron Tea'),
(2924, 75, 0, 460, '<p>Malta Squash</p>'),
(2925, 76, 0, 460, '<style xml=\"space\"><!--\r\n.faran-bg {\r\n    background: #c3db83;\r\n    padding: 10px;\r\n    color: #000;\r\n    font-size: 15px;\r\n    text-align: justify;\r\n}\r\n--></style>\r\n<p class=\"faran-bg\">Malta Squash</p>'),
(2926, 85, 0, 460, 'Malta Squash'),
(2927, 103, 0, 436, NULL),
(2928, 144, 0, 436, NULL),
(2929, 145, 0, 436, NULL),
(2930, 103, 0, 429, NULL),
(2931, 144, 0, 429, NULL),
(2932, 145, 0, 429, NULL),
(2933, 103, 0, 427, NULL),
(2934, 144, 0, 427, NULL),
(2935, 145, 0, 427, NULL),
(2936, 103, 0, 432, NULL),
(2937, 144, 0, 432, NULL),
(2938, 145, 0, 432, NULL),
(2939, 103, 0, 433, NULL),
(2940, 144, 0, 433, NULL),
(2941, 145, 0, 433, NULL),
(2942, 103, 0, 434, NULL),
(2943, 144, 0, 434, NULL),
(2944, 145, 0, 434, NULL),
(2945, 103, 0, 437, NULL),
(2946, 144, 0, 437, NULL),
(2947, 145, 0, 437, NULL),
(2948, 103, 0, 438, NULL),
(2949, 144, 0, 438, NULL),
(2950, 145, 0, 438, NULL),
(2951, 103, 0, 441, NULL),
(2952, 144, 0, 441, NULL),
(2953, 145, 0, 441, NULL),
(2954, 103, 0, 442, NULL),
(2955, 144, 0, 442, NULL),
(2956, 145, 0, 442, NULL),
(2957, 103, 0, 443, NULL),
(2958, 144, 0, 443, NULL),
(2959, 145, 0, 443, NULL),
(2960, 103, 0, 444, NULL),
(2961, 144, 0, 444, NULL),
(2962, 145, 0, 444, NULL),
(2963, 103, 0, 445, NULL),
(2964, 144, 0, 445, NULL),
(2965, 145, 0, 445, NULL),
(2966, 103, 0, 446, NULL),
(2967, 144, 0, 446, NULL),
(2968, 145, 0, 446, NULL),
(2969, 103, 0, 447, NULL),
(2970, 144, 0, 447, NULL),
(2971, 145, 0, 447, NULL),
(2972, 103, 0, 448, NULL),
(2973, 144, 0, 448, NULL),
(2974, 145, 0, 448, NULL),
(2975, 103, 0, 449, NULL),
(2976, 144, 0, 449, NULL),
(2977, 145, 0, 449, NULL),
(2978, 103, 0, 451, NULL),
(2979, 144, 0, 451, NULL),
(2980, 145, 0, 451, NULL),
(2981, 146, 0, 451, NULL),
(2982, 103, 0, 450, NULL),
(2983, 144, 0, 450, NULL),
(2984, 145, 0, 450, NULL),
(2985, 146, 0, 450, NULL),
(2986, 103, 0, 452, NULL),
(2987, 144, 0, 452, NULL),
(2988, 145, 0, 452, NULL),
(2989, 146, 0, 452, NULL),
(2990, 75, 0, 461, '<p>Our Coriander Powder (seeds sourced from the villages near Nainidanda, Pauri in Corbett landscape and Ramganga river catchment) is a source of Calcium, Iron and protein amongst various other vital nutrients.</p>'),
(2991, 76, 0, 461, '<p>Our Coriander Powder (seeds sourced from the villages near Nainidanda, Pauri in Corbett landscape and Ramganga river catchment) is a source of Calcium, Iron and protein amongst various other vital nutrients.</p>'),
(2992, 85, 0, 461, 'Coriander Powder'),
(2993, 75, 0, 462, '<p>Our Red Chilli Powder (sourced from village in the Nayar river catchment Pauri) is considered to be rich in Potassium. Red Chilli has proven to be a rich source of Vitamin C that supports the immune system.</p>'),
(2994, 76, 0, 462, '<p>Our Red Chilli Powder (sourced from village in the Nayar river catchment Pauri) is considered to be rich in Potassium.</p>'),
(2995, 85, 0, 462, 'Red chilli powder'),
(2996, 75, 0, 463, '<p>Turmeric powder has been is obtained by pulverizing sun-dried turmeric grow in Uttarakhand hills.</p>\r\n<p>Turmeric cultivated in the highlands of Uttarakhand has high Curcumin content and encourages healthy cholesterol levels, acts as antioxidant and boosts stress tolerance.</p>\r\n<p>Our turmeric powder has been prepared using turmeric sourced from villages in Nainidanda region of Pauri Garhwal district in Corbett landscape and Ramganga river catchment in Uttarakhand. It has been grown under natural conditions by members of our women Self-Help Groups (SHGs)and processed and marketed by our women&rsquo;s Cooperatives.</p>'),
(2997, 76, 0, 463, '<style xml=\"space\"><!--\r\n.turmeric-powder-bg{\r\n    background: #f8be02;\r\n    padding: 10px;\r\n    color: #000;\r\n    font-size: 15px;\r\n    text-align:justify;\r\n--></style>\r\n<p class=\"turmeric-powder-bg\">Our Turmeric Powder, (sourced from turmeric grown in villages near Nainidanda, Pauri in Corbett landscape and Ramganga river catchment) encourages healthy cholesterol levels and boosts stress tolerance.</p>'),
(2998, 85, 0, 463, 'Haldi powder'),
(2999, 75, 0, 464, '<p>Our Jakhya (sourced from villages in the Nayar river catchment, Pauri) is traditionally used for adding flavour to various recipes, leaving an exotic feel on the taste buds. The seeds are also known for treating liver and respiratory ailments.</p>'),
(3000, 76, 0, 464, '<p>Our Jakhya (sourced from villages in the Nayar river catchment, Pauri) is traditionally used for adding flavour to various recipes, leaving an exotic feel on the taste buds.</p>'),
(3001, 85, 0, 464, 'Jakhya (Wild Mustard)'),
(3002, 75, 0, 465, '<p>Our Perilla (sourced from villages near Kapkot and Bageshwar, located along the Sarayu valley) is a herb grown in the mid-Himalayas. Perilla seeds are considered rich in Omega-3 and Omega-6 fatty acids with anti-oxidant and anti-inflammatory properties.</p>'),
(3003, 76, 0, 465, '<p>Our Perilla (sourced from villages near Kapkot and Bageshwar, located along the Sarayu valley) is a herb grown in the mid-Himalayas.</p>'),
(3004, 85, 0, 465, 'Bhang Jeera (Perilla)'),
(3005, 75, 0, 466, '<p>Bhang Seeds (Hemp Seeds)</p>'),
(3006, 76, 0, 466, '<p>Bhang Seeds (Hemp Seeds)</p>'),
(3007, 85, 0, 466, 'Bhang Seeds (Hemp Seeds)'),
(3008, 75, 0, 467, '<p>Our Walnut Spread blends the goodness of walnut and honey, both sourced from Kurnaon Himalayan landscapes. Walnut is hch in minerals, fats and protein; and honey is full of antioxidants in addition to nutrients. Hence, our naturally sweet and tasty spread encourages nutrient intake espacially by children.</p>');
INSERT INTO `sgp_catalog_product_entity_text` (`value_id`, `attribute_id`, `store_id`, `entity_id`, `value`) VALUES
(3009, 76, 0, 467, '<style xml=\"space\"><!--\r\n.faran-bg {\r\n    background: #c3db83;\r\n    padding: 10px;\r\n    color: #000;\r\n    font-size: 15px;\r\n    text-align: justify;\r\n}\r\n--></style>\r\n<p class=\"faran-bg\">Our Walnut Spread blends the goodness of walnut and honey, both sourced from Kurnaon Himalayan landscapes. Walnut is hch in minerals, fats and protein and honey</p>'),
(3010, 85, 0, 467, 'Walnut Spread'),
(3011, 103, 0, 457, NULL),
(3012, 144, 0, 457, NULL),
(3013, 145, 0, 457, NULL),
(3014, 146, 0, 457, NULL),
(3015, 103, 0, 456, NULL),
(3016, 144, 0, 456, NULL),
(3017, 145, 0, 456, NULL),
(3018, 146, 0, 456, NULL),
(3019, 103, 0, 458, NULL),
(3020, 144, 0, 458, NULL),
(3021, 145, 0, 458, NULL),
(3022, 146, 0, 458, NULL),
(3023, 103, 0, 454, NULL),
(3024, 144, 0, 454, NULL),
(3025, 145, 0, 454, NULL),
(3026, 146, 0, 454, NULL),
(3027, 75, 0, 455, '<p>Rhododendron Squash</p>'),
(3028, 76, 0, 455, '<style xml=\"space\"><!--\r\n.faran-bg {\r\n    background: #c3db83;\r\n    padding: 10px;\r\n    color: #000;\r\n    font-size: 15px;\r\n    text-align: justify;\r\n}\r\n--></style>\r\n<p class=\"faran-bg\">Rhododendron Squash</p>'),
(3029, 103, 0, 455, NULL),
(3030, 144, 0, 455, NULL),
(3031, 145, 0, 455, NULL),
(3032, 146, 0, 455, NULL),
(3033, 75, 0, 468, '<p>Amla Squash</p>'),
(3034, 76, 0, 468, '<style xml=\"space\"><!--\r\n.faran-bg {\r\n    background: #c3db83;\r\n    padding: 10px;\r\n    color: #000;\r\n    font-size: 15px;\r\n    text-align: justify;\r\n}\r\n--></style>\r\n<p class=\"faran-bg\">Amla Squash</p>'),
(3035, 85, 0, 468, 'Amla Squash'),
(3036, 144, 0, 468, '<p>Amla Squash</p>'),
(3037, 103, 0, 459, NULL),
(3038, 144, 0, 459, NULL),
(3039, 145, 0, 459, NULL),
(3040, 146, 0, 459, NULL),
(3041, 103, 0, 460, NULL),
(3042, 144, 0, 460, NULL),
(3043, 145, 0, 460, NULL),
(3044, 146, 0, 460, NULL),
(3045, 103, 0, 468, NULL),
(3046, 145, 0, 468, NULL),
(3047, 146, 0, 468, NULL),
(3048, 103, 0, 463, NULL),
(3049, 144, 0, 463, NULL),
(3050, 145, 0, 463, NULL),
(3051, 146, 0, 463, NULL),
(3052, 103, 0, 462, NULL),
(3053, 144, 0, 462, NULL),
(3054, 145, 0, 462, NULL),
(3055, 146, 0, 462, NULL),
(3056, 103, 0, 461, NULL),
(3057, 144, 0, 461, NULL),
(3058, 145, 0, 461, NULL),
(3059, 146, 0, 461, NULL),
(3060, 103, 0, 464, NULL),
(3061, 144, 0, 464, NULL),
(3062, 145, 0, 464, NULL),
(3063, 146, 0, 464, NULL),
(3064, 103, 0, 465, NULL),
(3065, 144, 0, 465, NULL),
(3066, 145, 0, 465, NULL),
(3067, 146, 0, 465, NULL),
(3068, 103, 0, 466, NULL),
(3069, 144, 0, 466, NULL),
(3070, 145, 0, 466, NULL),
(3071, 146, 0, 466, NULL),
(3072, 103, 0, 467, NULL),
(3073, 144, 0, 467, NULL),
(3074, 145, 0, 467, NULL),
(3075, 146, 0, 467, NULL),
(3076, 75, 0, 469, '<p>Turmeric powder has been is obtained by pulverizing sun-dried turmeric grow in Uttarakhand hills.</p>\r\n<p>Turmeric cultivated in the highlands of Uttarakhand has high Curcumin content and encourages healthy cholesterol levels, acts as antioxidant and boosts stress tolerance.</p>\r\n<p>Our turmeric powder has been prepared using turmeric sourced from villages in Nainidanda region of Pauri Garhwal district in Corbett landscape and Ramganga river catchment in Uttarakhand. It has been grown under natural conditions by members of our women Self-Help Groups (SHGs)and processed and marketed by our women&rsquo;s Cooperatives.</p>'),
(3077, 76, 0, 469, '<style xml=\"space\"><!--\r\n.turmeric-powder-bg{\r\n    background: #f8be02;\r\n    padding: 10px;\r\n    color: #000;\r\n    font-size: 15px;\r\n    text-align:justify;\r\n--></style>\r\n<p class=\"turmeric-powder-bg\">Our Turmeric Powder, (sourced from turmeric grown in villages near Nainidanda, Pauri in Corbett landscape and Ramganga river catchment) encourages healthy cholesterol levels and boosts stress tolerance.</p>'),
(3078, 85, 0, 469, 'Turmeric Powder (Haldi Powder) - 500 GM'),
(3079, 75, 0, 470, '<p>Red chillies are widely grown in Uttarakhand under natural conditions between altitudes ranging from 800 m to 1500 m. Chilli powder in this pack is obtained from ripe chillies that are sun dried and hygienically pulverized.</p>\r\n<p>Our red chilli powder is pungent and is considered rich in Potassium.</p>\r\n<p>It has been sourced from villages in the Nayar river catchment of Pauri Garhwal district Uttarakhand. It has been grown by members of our women Self-Help Groups (SHGs) and collected from SHGs by our women&rsquo;s Cooperatives and subsequently processed and marketed.</p>'),
(3080, 76, 0, 470, '<style xml=\"space\"><!--\r\n.chilli-bg{\r\n    background: #ee3c38;\r\n    padding: 10px;\r\n    color: #000;\r\n    font-size: 15px;\r\n    text-align:justify;\r\n--></style>\r\n<p class=\"chilli-bg\">Our Red Chilli Powder (sourced from village in the Nayar river catchment Pauri) is considered to be rich in Potassium. Red Chilli has proven to be a rich source of Vitamin C that supports the immune system.</p>'),
(3081, 85, 0, 470, 'Red Chilli Powder - 500 GM'),
(3082, 75, 0, 471, '<p>Turmeric powder has been is obtained by pulverizing sun-dried turmeric grow in Uttarakhand hills.</p>\r\n<p>Turmeric cultivated in the highlands of Uttarakhand has high Curcumin content and encourages healthy cholesterol levels, acts as antioxidant and boosts stress tolerance.</p>\r\n<p>Our turmeric powder has been prepared using turmeric sourced from villages in Nainidanda region of Pauri Garhwal district in Corbett landscape and Ramganga river catchment in Uttarakhand. It has been grown under natural conditions by members of our women Self-Help Groups (SHGs)and processed and marketed by our women&rsquo;s Cooperatives.</p>'),
(3083, 76, 0, 471, '<style xml=\"space\"><!--\r\n.yellow-chilli-bg{\r\n    background: #fdcf00;\r\n    padding: 10px;\r\n    color: #000;\r\n    font-size: 15px;\r\n    text-align:justify;\r\n--></style>\r\n<p class=\"yellow-chilli-bg\">Our Yellow Chilli Powder (sourced from yellow chilli grown in villages near Nainidanda, Pauri in Corbett landscape and Ramganga river catchment) is a good source of Vitamin C with anti-bacterial, analgesic and anti-diabetic properties.</p>'),
(3084, 85, 0, 471, 'Yellow Chili Powder - 100 GM'),
(3085, 75, 0, 472, '<p>Our Coriander powder has been obtained from naturally grown Coriander seeds sourced from village near Nainidanda, Pauri in Corbett landscape and Ramganga river catchment in Uttarakhand. It has been obtained after sun-drying and hygienically pulverizing quality Coriander seeds.</p>\r\n<p>Coriander is a source of Calcium, Iron and protein and in considered to stimulate the appetite and aid in digestion.</p>\r\n<p>Coriander has been cultivated by members of our women Self-Help Groups (SHGs). It has been processed and marketed by our women&rsquo;s Cooperatives.</p>'),
(3086, 76, 0, 472, '<style xml=\"space\"><!--\r\n.chilli-bg{\r\n    background: #cec874;\r\n    padding: 10px;\r\n    color: #000;\r\n    font-size: 15px;\r\n    text-align:justify;\r\n--></style>\r\n<p class=\"chilli-bg\">Our Coriander Powder (seeds sourced from the villages near Nainidanda, Pauri in Corbett landscape and Ramganga river catchment) is a source of Calcium, Iron and protein amongst various other vital nutrients</p>'),
(3087, 85, 0, 472, 'Coriander Powder - 500 GM'),
(3088, 75, 0, 473, '<p>Red chillies are widely grown in Uttarakhand under natural conditions between altitudes ranging from 800 m to 1500 m. We bring to you the best quality red chillies that are pungent and also rich in Potassium.</p>\r\n<p>Red chillies have been sourced from villages in the Nayar river catchment of Pauri Garhwal district Uttarakhand. They have been grown by members of our women Self-Help Groups (SHGs) and marketed by ourwomen&rsquo;s Cooperatives.</p>'),
(3089, 76, 0, 473, '<style xml=\"space\"><!--\r\n.chilli-bg{\r\n    background: #ee3c38;\r\n    padding: 10px;\r\n    color: #000;\r\n    font-size: 15px;\r\n    text-align:justify;\r\n--></style>\r\n<p class=\"chilli-bg\">Our Red chillies have been Cultivated under natural conditions in Nayar river catchment of Pauri Garhwal in Uttarakhand. We bring to you the best chillies which are pungent and rich in Potassium.</p>'),
(3090, 85, 0, 473, 'Red Chilli Whole - 500 GM'),
(3091, 103, 0, 473, NULL),
(3092, 144, 0, 473, NULL),
(3093, 145, 0, 473, NULL),
(3094, 146, 0, 473, NULL),
(3095, 85, 0, 474, 'Manduwa Flour (Finger millet flour) - 500 GM'),
(3096, 75, 0, 474, '<p>Finger millet (locally known as Mandua) is a variety of millet cultivated traditionally in villages in Uttarakhand under rain-fed conditions. Chappatis made for finger millet flour form the staple diet of communities in Uttarakhand. It is also good for preparing cakes, pancakes, cookies etc.</p>\r\n<p>Finger Millet is a gluten-free cereal rich in protein, vitamins, minerals and dietary fibre.</p>\r\n<p>Our Finger millet has been sourced from villages in the Nayar river catchment of Pauri Garhwal district Uttarakhand. It has been grown under natural conditions by members of our women Self-Help Groups (SHGs)and collected from SHGs by our Cooperatives and subsequently processed and marketed.</p>'),
(3097, 76, 0, 474, '<style xml=\"space\"><!--\r\n.md-bg{\r\n    background: #d6b099;\r\n    padding: 10px;\r\n    color: #000;\r\n    font-size: 15px;\r\n    text-align:justify;\r\n--></style>\r\n<p class=\"md-bg\">Finger Milletis a gluten-free cereal rich in protein, vitamins, minerals and dietary fibre. Our Finger Millet Flourhas been sourced from finger millet grown in hill villages in the Nayar river catchment of Pauri district of Uttarakhand.</p>'),
(3098, 103, 0, 474, NULL),
(3099, 144, 0, 474, NULL),
(3100, 145, 0, 474, NULL),
(3101, 146, 0, 474, NULL),
(3102, 85, 0, 475, 'Jakhya - 250 GM'),
(3103, 85, 0, 476, 'Perilla (Bhang Jeera)-100GM'),
(3104, 75, 0, 476, NULL),
(3105, 76, 0, 476, NULL),
(3106, 103, 0, 476, NULL),
(3107, 144, 0, 476, NULL),
(3108, 145, 0, 476, NULL),
(3109, 146, 0, 476, NULL),
(3110, 85, 0, 477, 'Perilla (Bhang Jeera)-250GM'),
(3111, 75, 0, 478, '<p>Barley is a traditional food grain cultivated under natural conditions by farmers in Uttarakhand. Barley flour in this pack has been specially ground in traditional water mills (gharats) in the villages which makes it more nutritious and richer in dietary fibre.</p>\r\n<p>Barley flour is rich in vitamins and micro nutrients and has anti-oxidant properties. It is believed to improve digestion, aid in weight loss and boost immunity.</p>\r\n<p>Our Barley flour has been sourced from villages situated in the Ramganga Catchment around the hills of Ranikhet in the Almora district of Uttarakhand. The river originating in the southern slopes of Dudhatoli Hills of Gairsain subdivision (Diwali Khal) is endowed with beautiful landscapes and is the lifeline of world-famous Corbett National Park. As it flows through untouched mountain corridors, it brings with itself an abundance of pure aquatic and loam properties. Barley, grown by our women SHG members in their fields in this rich valley, imbibes the purity of Ramganga waters, which manifests in its taste and properties.</p>\r\n<p>It has been grown under natural conditions by members of our women Self-Help Groups (SHGs) and ground locally in traditional water mills, called Gharat. It has been packed and marketed by our women&rsquo;s Cooperatives.</p>'),
(3112, 76, 0, 478, '<style xml=\"space\"><!--\r\n.md-bg{\r\n    background: #d6b099;\r\n    padding: 10px;\r\n    color: #000;\r\n    font-size: 15px;\r\n    text-align:justify;\r\n--></style>\r\n<div class=\"md-bg\">\r\n<p>Barley is rich in vitamins and micronutrients and has anti-oxidant properties. Our Barley Flour (sourced from villages around the hills of Ranikhet in Uttarakhand)has been ground in traditional water mills making it more nutritious and richer in dietary fibre.</p>\r\n</div>'),
(3113, 85, 0, 478, 'Barley Flour - 750 GM'),
(3114, 75, 0, 479, '<div class=\"row\">\r\n<div class=\"col-sm-9 text-justify\">\r\n<p>Our Soyabeanhas been cultivated in terraced fields under natural, rain-fed conditions at altitudes ranging between 1000 m to 1800 m in Uttarakhand.</p>\r\n<p>A rich source of Lecithin, Soyabean is considered helpful in ailments of gall bladder, liver and kidneys. It is rich in Phosphorus and in Omega-3 fatty acid.</p>\r\n<p>Our Soyabean has been sourced from hill villages in Bhagirathi valley in Tehri Garhwal district of Uttarakhand. River Bhagirathi is the main stream of the holy river Ganga. After rising from Gangotri glacier near Gaumukh, it passes through this valley endowing the hill farms located along its course with mineral rich soil and water that enriches our Soyabean crops. After flowing through this valley, Bhagirathi confluences with Alakhanda river at Devprayag to form the much revered and holy Ganga river.</p>\r\n<p>After harvest by our women Self-Help Groups (SHGs) members, Soyabean is processed and marketed by our women&rsquo;s Cooperatives.</p>\r\n</div>\r\n<div class=\"col-sm-3\"><img class=\"img-responsive img-thumbnail pull-right\" title=\"soyabean\" src=\"https://havepure.in/admin_a46xlg/cms/wysiwyg/directive/___directive/e3ttZWRpYSB1cmw9Ind5c2l3eWcvamljYS9zb3lhYmVlbi5qcGcifX0,/key/e15fe09a4a1cc6ba7836fbcd2d8c7d1d52ed39fcc2cca7d128d56ebb19b16e97/\" /></div>\r\n</div>'),
(3115, 76, 0, 479, '<style xml=\"space\"><!--\r\n.syb-bg{\r\n    background: #f9bb58;\r\n    padding: 10px;\r\n    color: #000;\r\n    font-size: 15px;\r\n    text-align:justify;\r\n--></style>\r\n<div class=\"syb-bg\">\r\n<p>Locally known as &ldquo;Bhatt&rdquo; this pulse has been traditionally grown under &ldquo;Barahanaja&rdquo; system (12 crops being grown together). It is cultivated under natural conditions in Uttarakhand at altitudes ranging between 1000 m to 1800 m</p>\r\n</div>'),
(3116, 85, 0, 479, 'Soyabean - 750 GM'),
(3117, 103, 0, 478, NULL),
(3118, 144, 0, 478, NULL),
(3119, 145, 0, 478, NULL),
(3120, 146, 0, 478, NULL),
(3121, 75, 0, 480, '<p>Horse gram or Gahat is a traditional pulse/ lentil crop grown in rain fed areas in the hills of Uttarakhand. It is one of the most popular varieties of pulses being grown and consumed in various forms in the hills especially in winter.</p>\r\n<p>Have PURE Gahat is sourced from hill villages situated in and around Bhagirathi river (a tributary to holy river Ganges) landscape of district Tehri Garhwal, Uttarakhand.</p>\r\n<p>Have PURE Gahat is cultivated and processed (dried and packed) by the members of women SHGs and their cooperative formed in district Tehri Garhwal. The cultivation takes place in rain fed areas mostly and the lentil is grown in natural/ organic condition.</p>'),
(3122, 76, 0, 480, '<style xml=\"space\"><!--\r\n.ghr-bg{\r\n    background: #745038;\r\n    padding: 10px;\r\n    color: #000;\r\n    font-size: 15px;\r\n    text-align:justify;\r\n--></style>\r\n<div class=\"ghr-bg\">\r\n<p>Horse gram or Gahat is a traditional pulse/ lentil crop grown in rain fed areas in the hills of Uttarakhand. It is one of the most popular varieties of pulses being grown and consumed in various forms in the hills especially in winter.</p>\r\n</div>'),
(3123, 85, 0, 480, 'Gahat - 750 GM'),
(3124, 75, 0, 481, '<p>Jhangora or Barnyard millet is cultivated in the highlands of Uttarakhand under rain-fed conditions. It is traditionally cooked as plain rice and also in diverse local recipes such as porridge, pudding and khichadi.</p>\r\n<p>Barnyard Milletis a good source of highly digestible proteins and dietary fiber. It is gluten-free and has lower calorie density as compared to other cereals.</p>\r\n<p>It has been sourced from villages in the Nayar river catchment of Pauri Garhwal district Uttarakhand. Nayar, called Narad Ganga, according to ancient historical Hindu texts, rises in the dense forests and high meadows of Dudhatoli mountain range and rambles through scenic settings, providing clean and mineral rich water to villages situated along its course, imparting unique pungent flavor to our red Chilli.</p>\r\n<p>It has been grown by members of our women Self-Help Groups (SHGs) and collected from SHGs by our women&rsquo;s Cooperatives and subsequently processed and marketed.</p>'),
(3125, 76, 0, 481, '<style xml=\"space\"><!--\r\n.jhg-bg{\r\n    background: #e6b28a;\r\n    padding: 10px;\r\n    color: #000;\r\n    font-size: 15px;\r\n    text-align:justify;\r\n--></style>\r\n<div class=\"jhg-bg\">\r\n<p>Barnyard Milletis a good source of highly digestible proteins and dietary fibre. It is gluten-free and has lower calorie density as compared to other cereals. Our Barnyard millet has been sourced from villages in the Nayar river catchment of Pauri Garhwal district Uttarakhand.</p>\r\n</div>'),
(3126, 85, 0, 481, 'Jhangora Rice (Barnyad Millet) - 750 GM'),
(3127, 103, 0, 481, NULL),
(3128, 144, 0, 481, NULL),
(3129, 145, 0, 481, NULL),
(3130, 146, 0, 481, NULL),
(3131, 75, 0, 482, '<p>Sesame is considered to be the oldest oilseed crop known to humanity. Our Sesame oil, also known as Til oil, has been extracted from Sesame cultivated in villages situated in the Ramganga Catchment around the hills of Ranikhet in the Almora district of Uttarakhand. The river originating in the southern slopes of Dudhatoli Hills of Gairsain subdivision (Diwali Khal) is endowed with beautiful landscapes and is the lifeline of world-famous Corbett National Park. As it flows through untouched mountain corridors, it brings with itself an abundance of pure aquatic and loam properties. Sesame, grown by our women SHG members in their fields in this rich valley, imbibes the purity of Ramganga waters, which manifests in its taste and properties.</p>\r\n<p>Our Sesame oil has been extracted using the ancient cold-press method that helps in high nutrient retention due to low heat generation during the oil-extraction process.</p>\r\n<p>Historical records trace Sesame oil to Indus Valley civilization. It is believed that it was one of the first crops processed for oil during Indus Valley civilization and was probably exported to Mesopotamia around 2500 BC.</p>\r\n<p>Sesame oil has an earthy, nutty flavour and is ideal for deep frying. Its nutty taste complements the spices used in Indian cuisine, apart from use in cooking it is much preferred for preparing pickles.</p>\r\n<p>Lignan compounds present in Sesame oil are useful antioxidants while this oil is also believed to have anti-fungal and anti-inflammatory properties. It is rich in Omega -6 fatty acids any is believed to help in controlling cholesterol levels. Due to high Vitamin E content it is also considered beneficial for the skin.</p>'),
(3132, 76, 0, 482, '<style xml=\"space\"><!--\r\n.ses-bg{\r\n    background: #d6cbb9;\r\n    padding: 10px;\r\n    color: #000;\r\n    font-size: 15px;\r\n    text-align:justify;\r\n--></style>\r\n<p class=\"ses-bg\">Our pure Sesame Oil (sesame sourced from villages around the hills of Ranikhet) is extracted using an ancient cold-press method keeping the nutrient retention high due to low heat generation. It is considered to be rich in Omega-6 fatty acids, antioxidants and has natural anti-inflammatory properties.</p>'),
(3133, 85, 0, 482, 'Sesame Oil (Cold Pressed) - 500 GM');

-- --------------------------------------------------------

--
-- Table structure for table `sgp_catalog_product_entity_tier_price`
--

CREATE TABLE `sgp_catalog_product_entity_tier_price` (
  `value_id` int(11) NOT NULL COMMENT 'Value ID',
  `entity_id` int(10) UNSIGNED NOT NULL DEFAULT '0' COMMENT 'Entity ID',
  `all_groups` smallint(5) UNSIGNED NOT NULL DEFAULT '1' COMMENT 'Is Applicable To All Customer Groups',
  `customer_group_id` smallint(5) UNSIGNED NOT NULL DEFAULT '0' COMMENT 'Customer Group ID',
  `qty` decimal(12,4) NOT NULL DEFAULT '1.0000' COMMENT 'QTY',
  `value` decimal(12,4) NOT NULL DEFAULT '0.0000' COMMENT 'Value',
  `website_id` smallint(5) UNSIGNED NOT NULL COMMENT 'Website ID'
) ENGINE=InnoDB DEFAULT CHARSET=utf8 COMMENT='Catalog Product Tier Price Attribute Backend Table';

-- --------------------------------------------------------

--
-- Table structure for table `sgp_catalog_product_entity_varchar`
--

CREATE TABLE `sgp_catalog_product_entity_varchar` (
  `value_id` int(11) NOT NULL COMMENT 'Value ID',
  `attribute_id` smallint(5) UNSIGNED NOT NULL DEFAULT '0' COMMENT 'Attribute ID',
  `store_id` smallint(5) UNSIGNED NOT NULL DEFAULT '0' COMMENT 'Store ID',
  `entity_id` int(10) UNSIGNED NOT NULL DEFAULT '0' COMMENT 'Entity ID',
  `value` varchar(255) DEFAULT NULL COMMENT 'Value'
) ENGINE=InnoDB DEFAULT CHARSET=utf8 COMMENT='Catalog Product Varchar Attribute Backend Table';

--
-- Dumping data for table `sgp_catalog_product_entity_varchar`
--

INSERT INTO `sgp_catalog_product_entity_varchar` (`value_id`, `attribute_id`, `store_id`, `entity_id`, `value`) VALUES
(13559, 73, 0, 424, 'Turmeric Powder (Haldi Powder) - 100 GM'),
(13560, 84, 0, 424, 'Turmeric Powder (Haldi Powder) '),
(13561, 86, 0, 424, 'Turmeric Powder (Haldi Powder)  The product:Haldi Powder or turmeric powder is obtained by pulverizing sundried turmeric in the hills of Uttarakhand. It is one of the main spices and has several health benefits.\r\nOrigin: HAVE PURE turmeric powder is a tra'),
(13562, 87, 0, 424, '/p/3/p3.jpg'),
(13563, 88, 0, 424, '/p/3/p3.jpg'),
(13564, 89, 0, 424, '/p/3/p3.jpg'),
(13565, 106, 0, 424, 'container2'),
(13566, 119, 0, 424, 'turmeric-powder'),
(13567, 132, 0, 424, '/p/3/p3.jpg'),
(13568, 134, 0, 424, '2'),
(13569, 142, 0, 424, '1'),
(13570, 143, 0, 424, '/p/3/p3.jpg'),
(13576, 73, 0, 425, 'Yellow Chilli Powder  - 250 g'),
(13577, 84, 0, 425, 'Yellow Chili Powder '),
(13578, 86, 0, 425, 'Yellow Chili Powder  The Product: Yellow Chilli Powder is obtained from an indigenous varieties of chilli crop, locally called Lakhorior Dhara chilli since it is first grown in a village of Uttarakhand called lakhora. The chillies are plucked manually, su'),
(13579, 87, 0, 425, '/p/1/p1.jpg'),
(13580, 88, 0, 425, '/p/1/p1.jpg'),
(13581, 89, 0, 425, '/p/1/p1.jpg'),
(13582, 106, 0, 425, 'container2'),
(13583, 119, 0, 425, 'yellow-chili-powder'),
(13584, 132, 0, 425, '/p/1/p1.jpg'),
(13585, 134, 0, 425, '2'),
(13586, 142, 0, 425, '1'),
(13587, 143, 0, 425, '/p/1/p1.jpg'),
(13593, 100, 0, 424, NULL),
(13594, 104, 0, 424, NULL),
(13595, 114, 0, 424, NULL),
(13596, 116, 0, 424, NULL),
(13602, 100, 0, 425, NULL),
(13603, 104, 0, 425, NULL),
(13604, 114, 0, 425, NULL),
(13605, 116, 0, 425, NULL),
(13611, 73, 0, 426, 'Coriander Powder - 100 g'),
(13612, 84, 0, 426, 'Coriander Powder'),
(13613, 86, 0, 426, 'Coriander Powder Origin: HAVE PURE coriander powder comes from traditionallygrown coriander seeds in the hill villages of Nainidanda of Corbet Tiger Reserve (CTR) landscape and Ramganga catchment area of Uttarakhand.\r\nCultivation and processing:Women memb'),
(13614, 87, 0, 426, '/p/1/p15.jpg'),
(13615, 88, 0, 426, '/p/1/p15.jpg'),
(13616, 89, 0, 426, '/p/1/p15.jpg'),
(13617, 106, 0, 426, 'container2'),
(13618, 119, 0, 426, 'coriander-powder'),
(13619, 132, 0, 426, '/p/1/p15.jpg'),
(13620, 134, 0, 426, '2'),
(13621, 142, 0, 426, '1'),
(13622, 143, 0, 426, '/p/1/p15.jpg'),
(13628, 100, 0, 426, NULL),
(13629, 104, 0, 426, NULL),
(13630, 114, 0, 426, NULL),
(13631, 116, 0, 426, NULL),
(13647, 73, 0, 427, 'Red Chilli Powder - 100 g'),
(13648, 84, 0, 427, 'Red Chilli Powder'),
(13649, 86, 0, 427, 'Red Chilli Powder The product:Lal Mirch or Chilli, after sun dried, cursed and pulverized to obtain Red Chilli Powder. It is one of the spices and spice blend to add pungency and flavor in culinary dishes.  \r\nOrigin: HAVE PURE Red ChilliPowder comes from '),
(13650, 87, 0, 427, '/p/7/p7.jpg'),
(13651, 88, 0, 427, '/p/7/p7.jpg'),
(13652, 89, 0, 427, '/p/7/p7.jpg'),
(13653, 106, 0, 427, 'container2'),
(13654, 119, 0, 427, 'red-chilli-powder'),
(13655, 132, 0, 427, '/p/7/p7.jpg'),
(13656, 134, 0, 427, '2'),
(13657, 142, 0, 427, '1'),
(13658, 143, 0, 427, '/p/7/p7.jpg'),
(13664, 73, 0, 428, 'Jakhya - 100 GM'),
(13665, 84, 0, 428, 'Jakhya'),
(13666, 86, 0, 428, 'Jakhya The product:Jakhya, also known as wild mustard, is a traditional herb grown and collected in Himalayan region in natural conditions. It is a spice used primarily for tempering the culinary dishes in the hills of Uttarakhand.\r\nOrigin: HAVE PURE Jakh'),
(13667, 87, 0, 428, '/p/2/p21.jpg'),
(13668, 88, 0, 428, '/p/2/p21.jpg'),
(13669, 89, 0, 428, '/p/2/p21.jpg'),
(13670, 106, 0, 428, 'container2'),
(13671, 119, 0, 428, 'jakhya'),
(13672, 132, 0, 428, '/p/2/p21.jpg'),
(13673, 134, 0, 428, '2'),
(13674, 142, 0, 428, '1'),
(13675, 143, 0, 428, '/p/2/p21.jpg'),
(13681, 100, 0, 428, NULL),
(13682, 104, 0, 428, NULL),
(13683, 114, 0, 428, NULL),
(13684, 116, 0, 428, NULL),
(13695, 73, 0, 429, 'Fenugreek Seeds - 100 g'),
(13696, 84, 0, 429, 'Methi Dana'),
(13697, 86, 0, 429, 'Methi Dana The product:Methi orFenugreek is an herb cultivated traditionally in the hills of Uttarakhand. It bears white flowers and hardy, yellowish brown and angular seeds. \r\nOrigin: HAVE PURE Methi Dana comes from the hill villages of Ranikhet area; a '),
(13698, 87, 0, 429, '/p/1/p19.jpg'),
(13699, 88, 0, 429, '/p/1/p19.jpg'),
(13700, 89, 0, 429, '/p/1/p19.jpg'),
(13701, 106, 0, 429, 'container2'),
(13702, 119, 0, 429, 'methi-dana'),
(13703, 132, 0, 429, '/p/1/p19.jpg'),
(13704, 134, 0, 429, '2'),
(13705, 142, 0, 429, '1'),
(13706, 143, 0, 429, '/p/1/p19.jpg'),
(13712, 73, 0, 430, 'Yellow Chilli Whole - 1 KG'),
(13713, 84, 0, 430, 'Yellow Chilli Whole'),
(13714, 86, 0, 430, 'Yellow Chilli Powder The Product: Yellow Chilli Powder is obtained from an indigenous varieties of chilli crop, locally called Lakhorior Dhara chilli since it is first grown in a village of Uttarakhand called lakhora. The chillies are plucked manually, su'),
(13715, 87, 0, 430, 'no_selection'),
(13716, 88, 0, 430, 'no_selection'),
(13717, 89, 0, 430, 'no_selection'),
(13718, 106, 0, 430, 'container2'),
(13719, 119, 0, 430, 'yellow-chilli-whole'),
(13720, 132, 0, 430, 'no_selection'),
(13721, 134, 0, 430, '2'),
(13722, 142, 0, 430, '1'),
(13723, 143, 0, 430, 'no_selection'),
(13729, 100, 0, 430, NULL),
(13730, 104, 0, 430, NULL),
(13731, 114, 0, 430, NULL),
(13732, 116, 0, 430, NULL),
(13748, 73, 0, 431, 'Red Chilli whole - 1 KG'),
(13749, 84, 0, 431, 'Red Chilli whole'),
(13750, 86, 0, 431, 'Red Chilli whole The product:Lal Mirch or Chilli, after sun dried, cursed and pulverized to obtain Red Chilli Powder. It is one of the spices and spice blend to add pungency and flavor in culinary dishes.  \r\nOrigin: HAVE PURE Red ChilliPowder comes from t'),
(13751, 87, 0, 431, '/p/2/p29.jpg'),
(13752, 88, 0, 431, '/p/2/p29.jpg'),
(13753, 89, 0, 431, '/p/2/p29.jpg'),
(13754, 106, 0, 431, 'container2'),
(13755, 119, 0, 431, 'red-chilli-whole'),
(13756, 132, 0, 431, '/p/2/p29.jpg'),
(13757, 134, 0, 431, '2'),
(13758, 142, 0, 431, '1'),
(13759, 143, 0, 431, '/p/2/p29.jpg'),
(13765, 73, 0, 432, 'Faran- 30 GM'),
(13766, 84, 0, 432, 'Faran'),
(13767, 86, 0, 432, 'Faran Product: Faran or Jambu is a perennial alpine herb with rosy flowers; it is grown in an altitude of 2500-3000 meter in Himalayan region. The leaves of Faran are commonly used as seasoning agents. Faran or Jambu is used as a common condiment to add f'),
(13768, 87, 0, 432, '/p/2/p25.jpg'),
(13769, 88, 0, 432, '/p/2/p25.jpg'),
(13770, 89, 0, 432, '/p/2/p25.jpg'),
(13771, 106, 0, 432, 'container2'),
(13772, 119, 0, 432, 'faran'),
(13773, 132, 0, 432, '/p/2/p25.jpg'),
(13774, 134, 0, 432, '2'),
(13775, 142, 0, 432, '1'),
(13776, 143, 0, 432, '/p/2/p25.jpg'),
(13782, 73, 0, 433, 'Perilla- 75 GM'),
(13783, 84, 0, 433, 'Perilla'),
(13784, 86, 0, 433, 'Perilla The Product: Perilla, locally known as Bhangjeera in the hills of Uttarakhand, is a native spices crop grown in Himalayan region. The people of Garhwal and Kumaon Himalayas use the leaves and seeds for ages to spice up their dishes. Organically gr'),
(13785, 87, 0, 433, '/p/2/p23.jpg'),
(13786, 88, 0, 433, '/p/2/p23.jpg'),
(13787, 89, 0, 433, '/p/2/p23.jpg'),
(13788, 106, 0, 433, 'container2'),
(13789, 119, 0, 433, 'perilla'),
(13790, 132, 0, 433, '/p/2/p23.jpg'),
(13791, 134, 0, 433, '2'),
(13792, 142, 0, 433, '1'),
(13793, 143, 0, 433, '/p/2/p23.jpg'),
(13799, 73, 0, 434, 'Mustard Oil- 1 L'),
(13800, 84, 0, 434, 'Mustard Oil'),
(13801, 86, 0, 434, 'Mustard Oil The Product:Mustard is a traditional crop grown and collected by the farmers in the hills of Himalayan region. HAVE PURE mustard oil is extracted through cold press method to keep its properties intact.\r\nOrigin: HAVE PURE mustard oil is source'),
(13802, 87, 0, 434, '/m/u/mustard-oil-lgr-1_1.jpg'),
(13803, 88, 0, 434, '/m/u/mustard-oil-lgr-1_1.jpg'),
(13804, 89, 0, 434, '/m/u/mustard-oil-lgr-1_1.jpg'),
(13805, 106, 0, 434, 'container2'),
(13806, 119, 0, 434, 'mustard-oil'),
(13807, 132, 0, 434, '/m/u/mustard-oil-lgr-1_1.jpg'),
(13808, 134, 0, 434, '2'),
(13809, 142, 0, 434, '1'),
(13810, 143, 0, 434, '/m/u/mustard-oil-lgr-1_1.jpg'),
(13816, 73, 0, 435, 'Sesame Oil (Cold Pressed) - 500 ML'),
(13817, 84, 0, 435, 'Sesame oil'),
(13818, 86, 0, 435, 'Sesame oil The Product:HAVE PURE sesame oil is extracted from sun dried and manually processed sesame seeds by using cold press method to keep its nutritional and medicinal properties intact.\r\nOrigin: HAVE PURE Sesame oil is sourced from the hill villages'),
(13819, 87, 0, 435, '/s/e/seesam-oil-lgr-1.jpg'),
(13820, 88, 0, 435, '/s/e/seesam-oil-lgr-1.jpg'),
(13821, 89, 0, 435, '/s/e/seesam-oil-lgr-1.jpg'),
(13822, 106, 0, 435, 'container2'),
(13823, 119, 0, 435, 'sesame-oil'),
(13824, 132, 0, 435, '/s/e/seesam-oil-lgr-1.jpg'),
(13825, 134, 0, 435, '2'),
(13826, 142, 0, 435, '1'),
(13827, 143, 0, 435, '/s/e/seesam-oil-lgr-1.jpg'),
(13833, 100, 0, 435, NULL),
(13834, 104, 0, 435, NULL),
(13835, 114, 0, 435, NULL),
(13836, 116, 0, 435, NULL),
(13852, 73, 0, 436, 'Walnut - 1 KG'),
(13853, 84, 0, 436, 'Walnut'),
(13854, 86, 0, 436, 'Walnut The product: Walnut or Akhrotis one of the temperate nut fruits grown in the hills of Uttarakhand State. Walnut production is limited in the state however it is grown for commercial purpose.\r\nOrigin: HAVE PURE walnut comes from Champawat district o'),
(13855, 87, 0, 436, '/p/3/p33.jpg'),
(13856, 88, 0, 436, '/p/3/p33.jpg'),
(13857, 89, 0, 436, '/p/3/p33.jpg'),
(13858, 106, 0, 436, 'container2'),
(13859, 119, 0, 436, 'walnut'),
(13860, 132, 0, 436, '/p/3/p33.jpg'),
(13861, 134, 0, 436, '2'),
(13862, 142, 0, 436, '1'),
(13863, 143, 0, 436, '/p/3/p33.jpg'),
(13869, 73, 0, 437, 'Nettle Tea - 50 GM'),
(13870, 84, 0, 437, 'Nettle Tea'),
(13871, 86, 0, 437, 'Nettle Tea The product: HAVE PURE Nettle tea is made from stinging leaves of nettle grown naturally in the hills of Uttarakhand. Nettle is a perennial shrub found growing in temperate and sub-tropical region of Himalayan state of Uttarakhand. It is blende'),
(13872, 106, 0, 437, 'container2'),
(13873, 119, 0, 437, 'nettle-tea'),
(13874, 134, 0, 437, '2'),
(13875, 142, 0, 437, '1'),
(13876, 73, 0, 438, 'Chamomile Tea - 50 GM'),
(13877, 84, 0, 438, 'Chamomile Tea'),
(13878, 86, 0, 438, 'Chamomile Tea The product: HAVE PURE Chamomile tea is a blend of chamomile, small cardamom and ginger. Every ingredient added, has its Nutraceutical properties. This blend of tea is suitable for every season and imparts soothing effect to consumer’s body '),
(13879, 106, 0, 438, 'container2'),
(13880, 119, 0, 438, 'chamomile-tea'),
(13881, 134, 0, 438, '2'),
(13882, 142, 0, 438, '1'),
(13883, 73, 0, 439, 'Citrus Tea - 150 GM'),
(13884, 84, 0, 439, 'Citrus Tea'),
(13885, 86, 0, 439, 'Citrus Tea The product: HAVE PURE Citrus tea is blend of citrus (Malta fruit), bay leaf and green tea. Bay leaf imparts flavour as well as Nutraceutical properties to this tea. This tea contains plenty of anti-oxidants, rich in vitamin C and contains diet'),
(13886, 106, 0, 439, 'container2'),
(13887, 119, 0, 439, 'citrus-tea'),
(13888, 134, 0, 439, '2'),
(13889, 142, 0, 439, '1'),
(13890, 100, 0, 439, NULL),
(13891, 104, 0, 439, NULL),
(13892, 114, 0, 439, NULL),
(13893, 116, 0, 439, NULL),
(13894, 73, 0, 440, 'Red Rice - 500 GM'),
(13895, 84, 0, 440, 'Red rice'),
(13896, 86, 0, 440, 'Red rice The product: Red rice/ Lal Chawal is one of the most important crops grown traditionally in certain parts of Uttarakhand State. It is a unique variety of rice and holds significance for the local communities in terms of food and nutritional secur'),
(13897, 106, 0, 440, 'container2'),
(13898, 119, 0, 440, 'red-rice'),
(13899, 134, 0, 440, '2'),
(13900, 142, 0, 440, '1'),
(13901, 73, 0, 441, 'Jhangora Rice (Barnyard Milletis) - 750 GM'),
(13902, 84, 0, 441, 'Jhangora Rice'),
(13903, 86, 0, 441, 'Jhangora Rice The product:Barnyard millet or Jhangora is a traditional crop grown in the high lands of Uttarakhand in the rain fed condition. Have PURE Jhangora rice is one of superfood; easy to digest due to its gluten free,highly nutritious and non-acid'),
(13904, 87, 0, 441, '/p/3/p36.jpg'),
(13905, 88, 0, 441, '/p/3/p36.jpg'),
(13906, 89, 0, 441, '/p/3/p36.jpg'),
(13907, 106, 0, 441, 'container2'),
(13908, 119, 0, 441, 'jhangora-rice'),
(13909, 132, 0, 441, '/p/3/p36.jpg'),
(13910, 134, 0, 441, '2'),
(13911, 142, 0, 441, '1'),
(13912, 143, 0, 441, '/p/3/p36.jpg'),
(13918, 73, 0, 442, 'Barley Flour (Jau ka Atta) - 750 GM'),
(13919, 84, 0, 442, 'Barley Flour (Jau ka Atta)'),
(13920, 86, 0, 442, 'Barley Flour (Jau ka Atta) The product:Barley/ Jaw is a traditional crop cultivated and harvested in the high lands of Uttarakhand by the marginal farmers. The crop is grown in rain fed condition and without application of harmful inputs.\r\nOrigin: HAVE PU'),
(13921, 87, 0, 442, '/p/3/p39.jpg'),
(13922, 88, 0, 442, '/p/3/p39.jpg'),
(13923, 89, 0, 442, '/p/3/p39.jpg'),
(13924, 106, 0, 442, 'container2'),
(13925, 119, 0, 442, 'barley-flour'),
(13926, 132, 0, 442, '/p/3/p39.jpg'),
(13927, 134, 0, 442, '2'),
(13928, 142, 0, 442, '1'),
(13929, 143, 0, 442, '/p/3/p39.jpg'),
(13935, 73, 0, 443, 'Manduwa Flour (Finger millet flour) - 750 GM'),
(13936, 84, 0, 443, 'Manduwa Flour'),
(13937, 86, 0, 443, 'Manduwa Flour The product:Finger millet is a traditional crop grown in the high lands of Uttarakhand in rain fed condition. HAVE PURE finger millet flour is made of organically grown finger millets. It is a rich food and is gluten free,highly nutritious a'),
(13938, 87, 0, 443, '/p/3/p37.jpg'),
(13939, 88, 0, 443, '/p/3/p37.jpg'),
(13940, 89, 0, 443, '/p/3/p37.jpg'),
(13941, 106, 0, 443, 'container2'),
(13942, 119, 0, 443, 'manduwa-flour'),
(13943, 132, 0, 443, '/p/3/p37.jpg'),
(13944, 134, 0, 443, '2'),
(13945, 142, 0, 443, '1'),
(13946, 143, 0, 443, '/p/3/p37.jpg'),
(13952, 73, 0, 444, 'Gahat - 750 GM'),
(13953, 84, 0, 444, 'Gahat'),
(13954, 86, 0, 444, 'Gahat The product:Horse gram or Gahat is a traditional pulse/ lentil crop grown in rain fed areas in the hills of Uttarakhand. It is one of the most popular varieties of pulses being grown and consumed in various forms in the hills especially in winter.\r\n'),
(13955, 87, 0, 444, '/p/3/p35.jpg'),
(13956, 88, 0, 444, '/p/3/p35.jpg'),
(13957, 89, 0, 444, '/p/3/p35.jpg'),
(13958, 106, 0, 444, 'container2'),
(13959, 119, 0, 444, 'gahat'),
(13960, 132, 0, 444, '/p/3/p35.jpg'),
(13961, 134, 0, 444, '2'),
(13962, 142, 0, 444, '1'),
(13963, 143, 0, 444, '/p/3/p35.jpg'),
(13969, 87, 0, 440, '/p/4/p41.jpg'),
(13970, 88, 0, 440, '/p/4/p41.jpg'),
(13971, 89, 0, 440, '/p/4/p41.jpg'),
(13972, 100, 0, 440, NULL),
(13973, 104, 0, 440, NULL),
(13974, 114, 0, 440, NULL),
(13975, 116, 0, 440, NULL),
(13976, 132, 0, 440, '/p/4/p41.jpg'),
(13977, 143, 0, 440, '/p/4/p41.jpg'),
(13983, 73, 0, 445, 'Black Soyabean (Kala Bhatt) - 500 GM'),
(13984, 84, 0, 445, 'Black Soyabean (Kala Bhatt)'),
(13985, 86, 0, 445, 'Black Soyabean (Kala Bhatt) The product:Black Soyabean is a traditional legume grown in the Himalayan region under rain fed condition. It is the chief leguminous crop which gives food and nutrition security to marginal farmers in almost all region of Hima'),
(13986, 87, 0, 445, '/p/3/p38_1.jpg'),
(13987, 88, 0, 445, '/p/3/p38_1.jpg'),
(13988, 89, 0, 445, '/p/3/p38_1.jpg'),
(13989, 106, 0, 445, 'container2'),
(13990, 119, 0, 445, 'black-soyabean'),
(13991, 132, 0, 445, '/p/3/p38_1.jpg'),
(13992, 134, 0, 445, '2'),
(13993, 142, 0, 445, '1'),
(13994, 143, 0, 445, '/p/3/p38_1.jpg'),
(14000, 73, 0, 446, 'Soyabean - 750 GM'),
(14001, 84, 0, 446, 'Soyabean'),
(14002, 86, 0, 446, 'Soyabean The product:Soyabean is a traditional legume grown in rain fed condition in the hills of Uttarakhand widely as a cash crop. Earlier Soyabean was one of the barter commodities which was exchanged with household grocery item.\r\nOrigin: HAVE PURE Soy'),
(14003, 87, 0, 446, '/p/2/p27.jpg'),
(14004, 88, 0, 446, '/p/2/p27.jpg'),
(14005, 89, 0, 446, '/p/2/p27.jpg'),
(14006, 106, 0, 446, 'container2'),
(14007, 119, 0, 446, 'soyabean'),
(14008, 132, 0, 446, '/p/2/p27.jpg'),
(14009, 134, 0, 446, '2'),
(14010, 142, 0, 446, '1'),
(14011, 143, 0, 446, '/p/2/p27.jpg'),
(14017, 73, 0, 447, 'Rajama-Munsiyari - 500 GM'),
(14018, 84, 0, 447, 'Rajama-Munsiyari'),
(14019, 86, 0, 447, 'Rajama-Munsiyari The product: Varieties of Rajama are grown traditionally in Himalayan state of Uttarakhand. Rajama is one of the cash crops for a number of marginal farmers; it is one of the main pulses grown and consumed generally in almost all parts of'),
(14020, 87, 0, 447, '/p/3/p31.jpg'),
(14021, 88, 0, 447, '/p/3/p31.jpg'),
(14022, 89, 0, 447, '/p/3/p31.jpg'),
(14023, 106, 0, 447, 'container2'),
(14024, 119, 0, 447, 'rajama-munsiyari'),
(14025, 132, 0, 447, '/p/3/p31.jpg'),
(14026, 134, 0, 447, '2'),
(14027, 142, 0, 447, '1'),
(14028, 143, 0, 447, '/p/3/p31.jpg'),
(14034, 73, 0, 448, 'Amla Powder  - 100 GM'),
(14035, 84, 0, 448, 'Amla Powder '),
(14036, 86, 0, 448, 'Amla Powder  The product:Amla or Indian Gooseberry is a special strain of Amla which yields small fruits in the Himalayan region. It is well adaptive to cold temperature and known for its winter hardiness.  \r\nOrigin: Amla is a traditional wild fruit colle'),
(14037, 87, 0, 448, '/a/m/amla-powder.jpg'),
(14038, 88, 0, 448, '/a/m/amla-powder.jpg'),
(14039, 89, 0, 448, '/a/m/amla-powder.jpg'),
(14040, 106, 0, 448, 'container2'),
(14041, 119, 0, 448, 'amla-powder'),
(14042, 132, 0, 448, '/a/m/amla-powder.jpg'),
(14043, 134, 0, 448, '2'),
(14044, 142, 0, 448, '1'),
(14045, 143, 0, 448, '/a/m/amla-powder.jpg'),
(14051, 73, 0, 449, 'Himalayan honey - 350 GM'),
(14052, 84, 0, 449, 'Honey'),
(14053, 86, 0, 449, 'Honey The product: Himalayan Honey is produced by ApisCerena honeybee indigenous to high lands of Himalayan States. It is harvested and collected by hill farmers in organic manner. HAVE PURE honey is multi-flora honey and thus has several health benefits '),
(14054, 87, 0, 449, '/p/1/p13.jpg'),
(14055, 88, 0, 449, '/p/1/p13.jpg'),
(14056, 89, 0, 449, '/p/1/p13.jpg'),
(14057, 106, 0, 449, 'container2'),
(14058, 119, 0, 449, 'honey'),
(14059, 132, 0, 449, '/p/1/p13.jpg'),
(14060, 134, 0, 449, '2'),
(14061, 142, 0, 449, '1'),
(14062, 143, 0, 449, '/p/1/p13.jpg'),
(14068, 100, 0, 431, NULL),
(14069, 104, 0, 431, NULL),
(14070, 114, 0, 431, NULL),
(14071, 116, 0, 431, NULL),
(14077, 73, 0, 450, 'Harad Powder - 100 GM'),
(14078, 84, 0, 450, 'Harda Powder '),
(14079, 86, 0, 450, 'Harda Powder  Harda Powder'),
(14080, 106, 0, 450, 'container2'),
(14081, 119, 0, 450, 'harda-powder'),
(14082, 134, 0, 450, '2'),
(14083, 142, 0, 450, '1'),
(14084, 73, 0, 451, 'Bahera Powder - 100 GM'),
(14085, 84, 0, 451, 'Baheda Powder'),
(14086, 86, 0, 451, 'Baheda Powder Baheda Powder'),
(14087, 106, 0, 451, 'container2'),
(14088, 119, 0, 451, 'baheda-powder'),
(14089, 134, 0, 451, '2'),
(14090, 142, 0, 451, '1'),
(14091, 73, 0, 452, 'Ginger Powder - 100 GM'),
(14092, 84, 0, 452, 'Ginger Powder'),
(14093, 86, 0, 452, 'Ginger Powder Ginger Powder'),
(14094, 106, 0, 452, 'container2'),
(14095, 119, 0, 452, 'ginger-powder'),
(14096, 134, 0, 452, '2'),
(14097, 142, 0, 452, '1'),
(14098, 73, 0, 453, 'Ghee - 250 GM'),
(14099, 84, 0, 453, 'Ghee'),
(14100, 86, 0, 453, 'Ghee Ghee'),
(14101, 106, 0, 453, 'container2'),
(14102, 119, 0, 453, 'ghee'),
(14103, 134, 0, 453, '2'),
(14104, 142, 0, 453, '1'),
(14105, 87, 0, 453, '/p/5/p5.jpg'),
(14106, 88, 0, 453, '/p/5/p5.jpg'),
(14107, 89, 0, 453, '/p/5/p5.jpg'),
(14108, 100, 0, 453, NULL),
(14109, 104, 0, 453, NULL),
(14110, 114, 0, 453, NULL),
(14111, 116, 0, 453, NULL),
(14112, 132, 0, 453, '/p/5/p5.jpg'),
(14113, 143, 0, 453, '/p/5/p5.jpg'),
(14119, 73, 0, 454, 'Seabuckthorn Tea - 50 GM'),
(14120, 84, 0, 454, 'Seabuckthorn Tea'),
(14121, 86, 0, 454, 'Seabuckthorn Tea Seabuckthorn tea'),
(14122, 106, 0, 454, 'container2'),
(14123, 119, 0, 454, 'seabuckthorn-tea'),
(14124, 134, 0, 454, '2'),
(14125, 142, 0, 454, '1'),
(14126, 73, 0, 455, 'Rhododendron Squash - 1 L'),
(14127, 84, 0, 455, 'Rhododendron Squash'),
(14128, 86, 0, 455, 'Rhododendron Squash'),
(14129, 106, 0, 455, 'container2'),
(14130, 119, 0, 455, 'rhododendron-squash'),
(14131, 134, 0, 455, '2'),
(14132, 142, 0, 455, '1'),
(14133, 73, 0, 456, 'Walnut Salsa - 310 GM'),
(14134, 84, 0, 456, 'Walnut Salsa'),
(14135, 86, 0, 456, 'Walnut Salsa Walnut Salsa'),
(14136, 106, 0, 456, 'container2'),
(14137, 119, 0, 456, 'walnut-salsa'),
(14138, 134, 0, 456, '2'),
(14139, 142, 0, 456, '1'),
(14140, 73, 0, 457, 'Apple flakes - 200 GM'),
(14141, 84, 0, 457, 'Apple flakes'),
(14142, 86, 0, 457, 'Apple flakes Apple flakes'),
(14143, 106, 0, 457, 'container2'),
(14144, 119, 0, 457, 'apple-flakes'),
(14145, 134, 0, 457, '2'),
(14146, 142, 0, 457, '1'),
(14147, 73, 0, 458, 'Pumpkin Flakes - 200 GM'),
(14148, 84, 0, 458, 'Pumpkin Flakes'),
(14149, 86, 0, 458, 'Pumpkin Flakes Pumpkin flakes'),
(14150, 106, 0, 458, 'container2'),
(14151, 119, 0, 458, 'pumpkin-flakes'),
(14152, 134, 0, 458, '2'),
(14153, 142, 0, 458, '1'),
(14154, 73, 0, 459, 'Rihodendron Tea'),
(14155, 84, 0, 459, 'Rihodendron Tea'),
(14156, 86, 0, 459, 'Rihodendron TeaRihodendron Tea'),
(14157, 106, 0, 459, 'container2'),
(14158, 119, 0, 459, 'rihodendron-ea'),
(14159, 134, 0, 459, '2'),
(14160, 142, 0, 459, '1'),
(14161, 73, 0, 460, 'Malta Squash - 1 L'),
(14162, 84, 0, 460, 'Malta Squash'),
(14163, 86, 0, 460, 'Malta Squash Malta Squash'),
(14164, 106, 0, 460, 'container2'),
(14165, 119, 0, 460, 'malta-squash'),
(14166, 134, 0, 460, '2'),
(14167, 142, 0, 460, '1'),
(14173, 100, 0, 436, NULL),
(14174, 104, 0, 436, NULL),
(14175, 114, 0, 436, NULL),
(14176, 116, 0, 436, NULL),
(14207, 100, 0, 429, NULL),
(14208, 104, 0, 429, NULL),
(14209, 114, 0, 429, NULL),
(14210, 116, 0, 429, NULL),
(14271, 100, 0, 427, NULL),
(14272, 104, 0, 427, NULL),
(14273, 114, 0, 427, NULL),
(14274, 116, 0, 427, NULL),
(14280, 100, 0, 432, NULL),
(14281, 104, 0, 432, NULL),
(14282, 114, 0, 432, NULL),
(14283, 116, 0, 432, NULL),
(14289, 100, 0, 433, NULL),
(14290, 104, 0, 433, NULL),
(14291, 114, 0, 433, NULL),
(14292, 116, 0, 433, NULL),
(14298, 100, 0, 434, NULL),
(14299, 104, 0, 434, NULL),
(14300, 114, 0, 434, NULL),
(14301, 116, 0, 434, NULL),
(14325, 100, 0, 437, NULL),
(14326, 104, 0, 437, NULL),
(14327, 114, 0, 437, NULL),
(14328, 116, 0, 437, NULL),
(14334, 100, 0, 438, NULL),
(14335, 104, 0, 438, NULL),
(14336, 114, 0, 438, NULL),
(14337, 116, 0, 438, NULL),
(14345, 100, 0, 441, NULL),
(14346, 104, 0, 441, NULL),
(14347, 114, 0, 441, NULL),
(14348, 116, 0, 441, NULL),
(14354, 100, 0, 442, NULL),
(14355, 104, 0, 442, NULL),
(14356, 114, 0, 442, NULL),
(14357, 116, 0, 442, NULL),
(14363, 100, 0, 443, NULL),
(14364, 104, 0, 443, NULL),
(14365, 114, 0, 443, NULL),
(14366, 116, 0, 443, NULL),
(14372, 100, 0, 444, NULL),
(14373, 104, 0, 444, NULL),
(14374, 114, 0, 444, NULL),
(14375, 116, 0, 444, NULL),
(14381, 100, 0, 445, NULL),
(14382, 104, 0, 445, NULL),
(14383, 114, 0, 445, NULL),
(14384, 116, 0, 445, NULL),
(14390, 100, 0, 446, NULL),
(14391, 104, 0, 446, NULL),
(14392, 114, 0, 446, NULL),
(14393, 116, 0, 446, NULL),
(14399, 100, 0, 447, NULL),
(14400, 104, 0, 447, NULL),
(14401, 114, 0, 447, NULL),
(14402, 116, 0, 447, NULL),
(14408, 100, 0, 448, NULL),
(14409, 104, 0, 448, NULL),
(14410, 114, 0, 448, NULL),
(14411, 116, 0, 448, NULL),
(14417, 100, 0, 449, NULL),
(14418, 104, 0, 449, NULL),
(14419, 114, 0, 449, NULL),
(14420, 116, 0, 449, NULL),
(14421, 100, 0, 451, NULL),
(14422, 104, 0, 451, NULL),
(14423, 114, 0, 451, NULL),
(14424, 116, 0, 451, NULL),
(14425, 100, 0, 450, NULL),
(14426, 104, 0, 450, NULL),
(14427, 114, 0, 450, NULL),
(14428, 116, 0, 450, NULL),
(14429, 100, 0, 452, NULL),
(14430, 104, 0, 452, NULL),
(14431, 114, 0, 452, NULL),
(14432, 116, 0, 452, NULL),
(14433, 73, 0, 461, 'Coriander Powder - 1 KG'),
(14434, 84, 0, 461, 'Coriander Powder'),
(14435, 86, 0, 461, 'Coriander Powder Our Coriander Powder (seeds sourced from the villages near Nainidanda, Pauri in Corbett landscape and Ramganga river catchment) is a source of Calcium, Iron and protein amongst various other vital nutrients.'),
(14436, 106, 0, 461, 'container2'),
(14437, 119, 0, 461, 'coriander-powder-bulk'),
(14438, 134, 0, 461, '2'),
(14439, 142, 0, 461, '1'),
(14440, 73, 0, 462, 'Red chilli powder - 1 KG'),
(14441, 84, 0, 462, 'Red chilli powder'),
(14442, 86, 0, 462, 'Red chilli powder Our Red Chilli Powder (sourced from village in the Nayar river catchment Pauri) is considered to be rich in Potassium. Red Chilli has proven to be a rich source of Vitamin C that supports the immune system.'),
(14443, 106, 0, 462, 'container2'),
(14444, 119, 0, 462, 'red-chilli-powder-bulk'),
(14445, 134, 0, 462, '2'),
(14446, 142, 0, 462, '1'),
(14447, 73, 0, 463, 'Haldi powder - 1 KG'),
(14448, 84, 0, 463, 'Haldi powder'),
(14449, 86, 0, 463, 'Haldi powder Our Turmeric Powder, (sourced from turmeric grown in villages near Nainidanda, Pauri in Corbett landscape and Ramganga river catchment) encourages healthy cholesterol levels and boosts stress tolerance.'),
(14450, 106, 0, 463, 'container2'),
(14451, 119, 0, 463, 'haldi-powder'),
(14452, 134, 0, 463, '2'),
(14453, 142, 0, 463, '1'),
(14454, 73, 0, 464, 'Jakhya (Wild Mustard) - 1 KG'),
(14455, 84, 0, 464, 'Jakhya (Wild Mustard)'),
(14456, 86, 0, 464, 'Jakhya (Wild Mustard) Our Jakhya (sourced from villages in the Nayar river catchment, Pauri) is traditionally used for adding flavour to various recipes, leaving an exotic feel on the taste buds. The seeds are also known for treating liver and respiratory'),
(14457, 106, 0, 464, 'container2'),
(14458, 119, 0, 464, 'jakhya-wild-mustard'),
(14459, 134, 0, 464, '2'),
(14460, 142, 0, 464, '1'),
(14461, 73, 0, 465, 'Bhang Jeera (Perilla) - 1 KG'),
(14462, 84, 0, 465, 'Bhang Jeera (Perilla)'),
(14463, 86, 0, 465, 'Bhang Jeera (Perilla) Our Perilla (sourced from villages near Kapkot and Bageshwar, located along the Sarayu valley) is a herb grown in the mid-Himalayas. Perilla seeds are considered rich in Omega-3 and Omega-6 fatty acids with anti-oxidant and anti-infl'),
(14464, 106, 0, 465, 'container2'),
(14465, 119, 0, 465, 'bhang-jeera-perilla'),
(14466, 134, 0, 465, '2'),
(14467, 142, 0, 465, '1'),
(14468, 73, 0, 466, 'Bhang Seeds (Hemp Seeds) - 1 KG'),
(14469, 84, 0, 466, 'Bhang Seeds (Hemp Seeds)'),
(14470, 86, 0, 466, 'Bhang Seeds (Hemp Seeds)  Bhang Seeds (Hemp Seeds)'),
(14471, 106, 0, 466, 'container2'),
(14472, 119, 0, 466, 'bhang-seeds'),
(14473, 134, 0, 466, '2'),
(14474, 142, 0, 466, '1'),
(14475, 73, 0, 467, 'Walnut Spread - 370 GM'),
(14476, 84, 0, 467, 'Walnut Spread'),
(14477, 86, 0, 467, 'Walnut Spread Walnut Spread'),
(14478, 106, 0, 467, 'container2'),
(14479, 119, 0, 467, 'walnut-spread'),
(14480, 134, 0, 467, '2'),
(14481, 142, 0, 467, '1'),
(14482, 100, 0, 457, NULL),
(14483, 104, 0, 457, NULL),
(14484, 114, 0, 457, NULL),
(14485, 116, 0, 457, NULL),
(14486, 100, 0, 456, NULL),
(14487, 104, 0, 456, NULL),
(14488, 114, 0, 456, NULL),
(14489, 116, 0, 456, NULL),
(14490, 100, 0, 458, NULL),
(14491, 104, 0, 458, NULL),
(14492, 114, 0, 458, NULL),
(14493, 116, 0, 458, NULL),
(14509, 100, 0, 454, NULL),
(14510, 104, 0, 454, NULL),
(14511, 114, 0, 454, NULL),
(14512, 116, 0, 454, NULL),
(14513, 100, 0, 455, NULL),
(14514, 104, 0, 455, NULL),
(14515, 114, 0, 455, NULL),
(14516, 116, 0, 455, NULL),
(14517, 73, 0, 468, 'Amla Squash - 1 L'),
(14518, 84, 0, 468, 'Amla Squash'),
(14519, 86, 0, 468, 'Amla Squash Amla Squash'),
(14520, 106, 0, 468, 'container2'),
(14521, 119, 0, 468, 'amla-squash'),
(14522, 134, 0, 468, '2'),
(14523, 142, 0, 468, '1'),
(14524, 100, 0, 459, NULL),
(14525, 104, 0, 459, NULL),
(14526, 114, 0, 459, NULL),
(14527, 116, 0, 459, NULL),
(14528, 100, 0, 460, NULL),
(14529, 104, 0, 460, NULL),
(14530, 114, 0, 460, NULL),
(14531, 116, 0, 460, NULL),
(14532, 100, 0, 468, NULL),
(14533, 104, 0, 468, NULL),
(14534, 114, 0, 468, NULL),
(14535, 116, 0, 468, NULL),
(14636, 100, 0, 463, NULL),
(14637, 104, 0, 463, NULL),
(14638, 114, 0, 463, NULL),
(14639, 116, 0, 463, NULL),
(14640, 100, 0, 462, NULL),
(14641, 104, 0, 462, NULL),
(14642, 114, 0, 462, NULL),
(14643, 116, 0, 462, NULL),
(14644, 100, 0, 461, NULL),
(14645, 104, 0, 461, NULL),
(14646, 114, 0, 461, NULL),
(14647, 116, 0, 461, NULL),
(14683, 100, 0, 464, NULL),
(14684, 104, 0, 464, NULL),
(14685, 114, 0, 464, NULL),
(14686, 116, 0, 464, NULL),
(14687, 100, 0, 465, NULL),
(14688, 104, 0, 465, NULL),
(14689, 114, 0, 465, NULL),
(14690, 116, 0, 465, NULL),
(14691, 100, 0, 466, NULL),
(14692, 104, 0, 466, NULL),
(14693, 114, 0, 466, NULL),
(14694, 116, 0, 466, NULL),
(14695, 100, 0, 467, NULL),
(14696, 104, 0, 467, NULL),
(14697, 114, 0, 467, NULL),
(14698, 116, 0, 467, NULL),
(15169, 73, 0, 469, 'Turmeric Powder (Haldi Powder) - 500 GM'),
(15170, 84, 0, 469, 'Turmeric Powder (Haldi Powder) - 500 GM'),
(15171, 86, 0, 469, 'Turmeric Powder (Haldi Powder) - 500 GM Turmeric powder has been is obtained by pulverizing sun-dried turmeric grow in Uttarakhand hills.\r\nTurmeric cultivated in the highlands of Uttarakhand has high Curcumin content and encourages healthy cholesterol lev'),
(15172, 87, 0, 469, '/s/m/small-image1.jpg'),
(15173, 88, 0, 469, '/s/m/small-image1.jpg'),
(15174, 89, 0, 469, '/s/m/small-image1.jpg'),
(15175, 106, 0, 469, 'container2'),
(15176, 119, 0, 469, 'turmeric-powder-haldi-powder-500-gm'),
(15177, 132, 0, 469, '/s/m/small-image1.jpg'),
(15178, 134, 0, 469, '2'),
(15179, 142, 0, 469, '1'),
(15180, 143, 0, 469, '/s/m/small-image1.jpg'),
(15186, 73, 0, 470, 'Red Chilli Powder - 500 GM'),
(15187, 84, 0, 470, 'Red Chilli Powder - 500 GM'),
(15188, 86, 0, 470, 'Red Chilli Powder - 500 GM Red chillies are widely grown in Uttarakhand under natural conditions between altitudes ranging from 800 m to 1500 m. Chilli powder in this pack is obtained from ripe chillies that are sun dried and hygienically pulverized.\r\nOur'),
(15189, 87, 0, 470, '/p/8/p8_1.jpg'),
(15190, 88, 0, 470, '/p/8/p8_1.jpg'),
(15191, 89, 0, 470, '/p/8/p8_1.jpg'),
(15192, 106, 0, 470, 'container2'),
(15193, 119, 0, 470, 'red-chilli-powder500gm'),
(15194, 132, 0, 470, '/p/8/p8_1.jpg'),
(15195, 134, 0, 470, '2'),
(15196, 142, 0, 470, '1'),
(15197, 143, 0, 470, '/p/8/p8_1.jpg'),
(15203, 73, 0, 471, 'Yellow Chili Powder - 100 GM'),
(15204, 84, 0, 471, 'Yellow Chili Powder - 100 GM'),
(15205, 86, 0, 471, 'Yellow Chili Powder - 100 GM Turmeric powder has been is obtained by pulverizing sun-dried turmeric grow in Uttarakhand hills.\r\nTurmeric cultivated in the highlands of Uttarakhand has high Curcumin content and encourages healthy cholesterol levels, acts a'),
(15206, 87, 0, 471, '/p/2/p2_1.jpg'),
(15207, 88, 0, 471, '/p/2/p2_1.jpg'),
(15208, 89, 0, 471, '/p/2/p2_1.jpg'),
(15209, 106, 0, 471, 'container2'),
(15210, 119, 0, 471, 'yellow-chili-powder-500gm'),
(15211, 132, 0, 471, '/p/2/p2_1.jpg'),
(15212, 134, 0, 471, '2'),
(15213, 142, 0, 471, '1'),
(15214, 143, 0, 471, '/p/2/p2_1.jpg'),
(15220, 73, 0, 472, 'Coriander Powder - 500 GM'),
(15221, 84, 0, 472, 'Coriander Powder - 500 GM'),
(15222, 86, 0, 472, 'Coriander Powder - 500 GM Our Coriander powder has been obtained from naturally grown Coriander seeds sourced from village near Nainidanda, Pauri in Corbett landscape and Ramganga river catchment in Uttarakhand. It has been obtained after sun-drying and h'),
(15223, 87, 0, 472, '/p/1/p16_1.jpg'),
(15224, 88, 0, 472, '/p/1/p16_1.jpg'),
(15225, 89, 0, 472, '/p/1/p16_1.jpg'),
(15226, 106, 0, 472, 'container2'),
(15227, 119, 0, 472, 'coriander-powder-500gm'),
(15228, 132, 0, 472, '/p/1/p16_1.jpg'),
(15229, 134, 0, 472, '2'),
(15230, 142, 0, 472, '1'),
(15231, 143, 0, 472, '/p/1/p16_1.jpg'),
(15237, 73, 0, 473, 'Red Chilli Whole - 500 gm'),
(15238, 84, 0, 473, 'Red Chilli Whole - 500 GM'),
(15239, 86, 0, 473, 'Red Chilli Whole - 500 GM Red chillies are widely grown in Uttarakhand under natural conditions between altitudes ranging from 800 m to 1500 m. We bring to you the best quality red chillies that are pungent and also rich in Potassium.\r\nRed chillies have b'),
(15240, 106, 0, 473, 'container2'),
(15241, 119, 0, 473, 'red-chilli-whole-500-gm'),
(15242, 134, 0, 473, '2'),
(15243, 142, 0, 473, '1'),
(15244, 87, 0, 473, '/p/3/p30_1.jpg'),
(15245, 88, 0, 473, '/p/3/p30_1.jpg'),
(15246, 89, 0, 473, '/p/3/p30_1.jpg'),
(15247, 100, 0, 473, NULL),
(15248, 104, 0, 473, NULL),
(15249, 114, 0, 473, NULL),
(15250, 116, 0, 473, NULL),
(15251, 132, 0, 473, '/p/3/p30_1.jpg'),
(15252, 143, 0, 473, '/p/3/p30_1.jpg'),
(15298, 87, 0, 463, '/h/a/haldi-loose-pack-1.jpg'),
(15299, 88, 0, 463, '/h/a/haldi-loose-pack-1.jpg'),
(15300, 89, 0, 463, '/h/a/haldi-loose-pack-1.jpg'),
(15301, 132, 0, 463, '/h/a/haldi-loose-pack-1.jpg'),
(15302, 143, 0, 463, '/h/a/haldi-loose-pack-1.jpg'),
(15303, 87, 0, 451, '/b/a/bahera-powder.jpg'),
(15304, 88, 0, 451, '/b/a/bahera-powder.jpg'),
(15305, 89, 0, 451, '/b/a/bahera-powder.jpg'),
(15306, 132, 0, 451, '/b/a/bahera-powder.jpg'),
(15307, 143, 0, 451, '/b/a/bahera-powder.jpg'),
(15313, 87, 0, 450, '/h/a/harad-powder.jpg'),
(15314, 88, 0, 450, '/h/a/harad-powder.jpg'),
(15315, 89, 0, 450, '/h/a/harad-powder.jpg'),
(15316, 132, 0, 450, '/h/a/harad-powder.jpg'),
(15317, 143, 0, 450, '/h/a/harad-powder.jpg'),
(15338, 87, 0, 461, '/d/h/dhaniya-loose-pack-1.jpg'),
(15339, 88, 0, 461, '/d/h/dhaniya-loose-pack-1.jpg'),
(15340, 89, 0, 461, '/d/h/dhaniya-loose-pack-1.jpg'),
(15341, 132, 0, 461, '/d/h/dhaniya-loose-pack-1.jpg'),
(15342, 143, 0, 461, '/d/h/dhaniya-loose-pack-1.jpg'),
(15343, 73, 0, 474, 'Manduwa Flour (Finger millet flour) - 750 GM'),
(15344, 84, 0, 474, 'Manduwa Flour (Finger millet flour) - 500 GM'),
(15345, 86, 0, 474, 'Manduwa Flour (Finger millet flour) - 500 GM '),
(15346, 87, 0, 474, '/p/3/p37_1.jpg'),
(15347, 88, 0, 474, '/p/3/p37_1.jpg'),
(15348, 89, 0, 474, '/p/3/p37_1.jpg'),
(15349, 106, 0, 474, 'container2'),
(15350, 119, 0, 474, 'manduwa-flour-finger-millet-flour-500-gm'),
(15351, 134, 0, 474, '2'),
(15352, 142, 0, 474, '0'),
(15353, 143, 0, 474, '/p/3/p37_1.jpg'),
(15358, 100, 0, 474, NULL),
(15359, 104, 0, 474, NULL),
(15360, 114, 0, 474, NULL),
(15361, 116, 0, 474, NULL),
(15390, 73, 0, 475, 'Jakhya - 250 GM'),
(15391, 84, 0, 475, 'Jakhya - 250 GM'),
(15392, 86, 0, 475, 'Jakhya - 250 GM '),
(15393, 106, 0, 475, 'container2'),
(15394, 119, 0, 475, 'jakhya-250-gm'),
(15395, 134, 0, 475, '2'),
(15396, 142, 0, 475, '1'),
(15401, 73, 0, 476, 'Perilla (Bhang Jeera)-75GM'),
(15402, 84, 0, 476, 'Perilla (Bhang Jeera)-100GM'),
(15403, 86, 0, 476, 'Perilla (Bhang Jeera)-100GM '),
(15404, 106, 0, 476, 'container2'),
(15405, 119, 0, 476, 'perilla-bhang-jeera-100gm'),
(15406, 134, 0, 476, '2'),
(15407, 142, 0, 476, '1'),
(15408, 100, 0, 476, NULL),
(15409, 104, 0, 476, NULL),
(15410, 114, 0, 476, NULL),
(15411, 116, 0, 476, NULL),
(15412, 73, 0, 477, 'Perilla (Bhang Jeera)-250GM'),
(15413, 84, 0, 477, 'Perilla (Bhang Jeera)-250GM'),
(15414, 86, 0, 477, 'Perilla (Bhang Jeera)-250GM '),
(15415, 106, 0, 477, 'container2'),
(15416, 119, 0, 477, 'perilla-bhang-jeera-250gm'),
(15417, 134, 0, 477, '2'),
(15418, 142, 0, 477, '1'),
(15438, 73, 0, 478, 'Barley Flour - 750 GM'),
(15439, 84, 0, 478, 'Barley Flour - 750 GM'),
(15440, 86, 0, 478, 'Barley Flour - 750 GM Barley is a traditional food grain cultivated under natural conditions by farmers in Uttarakhand. Barley flour in this pack has been specially ground in traditional water mills (gharats) in the villages which makes it more nutritious'),
(15441, 87, 0, 478, '/p/3/p39_1.jpg'),
(15442, 88, 0, 478, '/p/3/p39_1.jpg'),
(15443, 89, 0, 478, '/p/3/p39_1.jpg'),
(15444, 106, 0, 478, 'container2'),
(15445, 119, 0, 478, 'barley-flour-750-gm'),
(15446, 134, 0, 478, '2'),
(15447, 142, 0, 478, '1'),
(15448, 143, 0, 478, '/p/3/p39_1.jpg'),
(15468, 73, 0, 479, 'Soyabean - 750 GM'),
(15469, 84, 0, 479, 'Soyabean - 750 GM'),
(15470, 86, 0, 479, 'Soyabean - 750 GM \r\n\r\nOur Soyabeanhas been cultivated in terraced fields under natural, rain-fed conditions at altitudes ranging between 1000 m to 1800 m in Uttarakhand.\r\nA rich source of Lecithin, Soyabean is considered helpful in ailments of gall bladde'),
(15471, 87, 0, 479, '/p/2/p28_1.jpg'),
(15472, 88, 0, 479, '/p/2/p28_1.jpg'),
(15473, 89, 0, 479, '/p/2/p28_1.jpg'),
(15474, 106, 0, 479, 'container2'),
(15475, 119, 0, 479, 'soyabean-750-gm'),
(15476, 134, 0, 479, '2'),
(15477, 142, 0, 479, '1'),
(15478, 143, 0, 479, '/p/2/p28_1.jpg'),
(15483, 100, 0, 478, NULL),
(15484, 104, 0, 478, NULL),
(15485, 114, 0, 478, NULL),
(15486, 116, 0, 478, NULL),
(15496, 73, 0, 480, 'Gahat - 750 GM'),
(15497, 84, 0, 480, 'Gahat - 750 GM'),
(15498, 86, 0, 480, 'Gahat - 750 GM Horse gram or Gahat is a traditional pulse/ lentil crop grown in rain fed areas in the hills of Uttarakhand. It is one of the most popular varieties of pulses being grown and consumed in various forms in the hills especially in winter.\r\nHav'),
(15499, 87, 0, 480, '/p/3/p35_1.jpg'),
(15500, 88, 0, 480, '/p/3/p35_1.jpg'),
(15501, 89, 0, 480, '/p/3/p35_1.jpg'),
(15502, 106, 0, 480, 'container2'),
(15503, 119, 0, 480, 'gahat-750-gm'),
(15504, 134, 0, 480, '2'),
(15505, 142, 0, 480, '1'),
(15506, 143, 0, 480, '/p/3/p35_1.jpg'),
(15516, 73, 0, 481, 'Jhangora Rice (Barnyad Millet) - 750 GM'),
(15517, 84, 0, 481, 'Jhangora Rice (Barnyad Millet) - 750 GM'),
(15518, 86, 0, 481, 'Jhangora Rice (Barnyad Millet) - 750 GM Jhangora or Barnyard millet is cultivated in the highlands of Uttarakhand under rain-fed conditions. It is traditionally cooked as plain rice and also in diverse local recipes such as porridge, pudding and khichadi.'),
(15519, 87, 0, 481, '/p/3/p36_1.jpg'),
(15520, 88, 0, 481, '/p/3/p36_1.jpg'),
(15521, 89, 0, 481, '/p/3/p36_1.jpg'),
(15522, 106, 0, 481, 'container2'),
(15523, 119, 0, 481, 'jhangora-rice-750-gm'),
(15524, 134, 0, 481, '2'),
(15525, 142, 0, 481, '1'),
(15526, 143, 0, 481, '/p/3/p36_1.jpg'),
(15531, 100, 0, 481, NULL),
(15532, 104, 0, 481, NULL),
(15533, 114, 0, 481, NULL),
(15534, 116, 0, 481, NULL),
(15544, 73, 0, 482, 'Sesame Oil (Cold Pressed) - 500 GM'),
(15545, 84, 0, 482, 'Sesame Oil (Cold Pressed) - 500 GM'),
(15546, 86, 0, 482, 'Sesame Oil (Cold Pressed) - 500 GM Sesame is considered to be the oldest oilseed crop known to humanity. Our Sesame oil, also known as Til oil, has been extracted from Sesame cultivated in villages situated in the Ramganga Catchment around the hills of Ra'),
(15547, 87, 0, 482, '/s/e/seesam-oil-lgr-1_1.jpg'),
(15548, 88, 0, 482, '/s/e/seesam-oil-lgr-1_1.jpg'),
(15549, 89, 0, 482, '/s/e/seesam-oil-lgr-1_1.jpg'),
(15550, 106, 0, 482, 'container2'),
(15551, 119, 0, 482, 'sesame-oil-500-gm'),
(15552, 134, 0, 482, '2'),
(15553, 142, 0, 482, '1'),
(15554, 143, 0, 482, '/s/e/seesam-oil-lgr-1_1.jpg');

-- --------------------------------------------------------

--
-- Table structure for table `sgp_catalog_product_index_eav`
--

CREATE TABLE `sgp_catalog_product_index_eav` (
  `entity_id` int(10) UNSIGNED NOT NULL COMMENT 'Entity ID',
  `attribute_id` smallint(5) UNSIGNED NOT NULL COMMENT 'Attribute ID',
  `store_id` smallint(5) UNSIGNED NOT NULL COMMENT 'Store ID',
  `value` int(10) UNSIGNED NOT NULL COMMENT 'Value',
  `source_id` int(10) UNSIGNED NOT NULL DEFAULT '0' COMMENT 'Original entity Id for attribute value'
) ENGINE=InnoDB DEFAULT CHARSET=utf8 COMMENT='Catalog Product EAV Index Table';

--
-- Dumping data for table `sgp_catalog_product_index_eav`
--

INSERT INTO `sgp_catalog_product_index_eav` (`entity_id`, `attribute_id`, `store_id`, `value`, `source_id`) VALUES
(313, 93, 1, 6, 314),
(313, 93, 1, 7, 315),
(313, 93, 1, 8, 316),
(1, 147, 1, 16, 362),
(1, 147, 1, 17, 361),
(1, 147, 1, 18, 360),
(3, 147, 1, 4, 390),
(3, 147, 1, 5, 391),
(4, 147, 1, 4, 4),
(4, 147, 1, 4, 318),
(4, 147, 1, 5, 319),
(8, 147, 1, 5, 388),
(8, 147, 1, 10, 389),
(15, 147, 1, 16, 364),
(15, 147, 1, 17, 363),
(20, 147, 1, 10, 320),
(20, 147, 1, 11, 321),
(21, 147, 1, 16, 366),
(21, 147, 1, 17, 365),
(23, 147, 1, 10, 323),
(23, 147, 1, 11, 322),
(24, 147, 1, 16, 368),
(24, 147, 1, 17, 367),
(25, 147, 1, 16, 370),
(25, 147, 1, 17, 369),
(31, 147, 1, 13, 324),
(31, 147, 1, 14, 325),
(34, 147, 1, 13, 327),
(34, 147, 1, 15, 326),
(40, 147, 1, 13, 329),
(40, 147, 1, 15, 328),
(41, 147, 1, 16, 371),
(41, 147, 1, 19, 372),
(42, 147, 1, 22, 392),
(42, 147, 1, 23, 393),
(46, 147, 1, 24, 394),
(46, 147, 1, 25, 395),
(68, 147, 1, 5, 373),
(68, 147, 1, 20, 374),
(70, 147, 1, 5, 375),
(70, 147, 1, 20, 376),
(71, 147, 1, 24, 396),
(71, 147, 1, 26, 397),
(72, 147, 1, 4, 377),
(72, 147, 1, 5, 378),
(72, 147, 1, 20, 379),
(87, 147, 1, 24, 398),
(87, 147, 1, 25, 399),
(89, 147, 1, 16, 401),
(89, 147, 1, 17, 400),
(94, 147, 1, 16, 403),
(94, 147, 1, 17, 402),
(107, 147, 1, 4, 380),
(107, 147, 1, 5, 381),
(120, 147, 1, 4, 383),
(120, 147, 1, 21, 382),
(121, 147, 1, 4, 385),
(121, 147, 1, 5, 386),
(121, 147, 1, 20, 387),
(121, 147, 1, 21, 384),
(124, 147, 1, 14, 330),
(124, 147, 1, 16, 331),
(126, 147, 1, 12, 332),
(126, 147, 1, 14, 333),
(129, 147, 1, 12, 334),
(129, 147, 1, 14, 335),
(130, 147, 1, 14, 337),
(130, 147, 1, 16, 336),
(131, 147, 1, 12, 338),
(131, 147, 1, 14, 339),
(132, 147, 1, 12, 340),
(132, 147, 1, 14, 341),
(133, 147, 1, 14, 343),
(133, 147, 1, 16, 342),
(141, 147, 1, 12, 345),
(141, 147, 1, 17, 344),
(145, 147, 1, 14, 347),
(145, 147, 1, 16, 346),
(154, 147, 1, 14, 349),
(154, 147, 1, 16, 348),
(167, 147, 1, 17, 405),
(167, 147, 1, 27, 404),
(176, 147, 1, 12, 350),
(176, 147, 1, 14, 351),
(180, 147, 1, 12, 352),
(180, 147, 1, 14, 353),
(182, 147, 1, 24, 407),
(182, 147, 1, 25, 406),
(184, 147, 1, 22, 408),
(184, 147, 1, 28, 409),
(186, 147, 1, 24, 410),
(186, 147, 1, 25, 411),
(188, 147, 1, 14, 355),
(188, 147, 1, 16, 354),
(196, 147, 1, 14, 357),
(196, 147, 1, 16, 356),
(207, 147, 1, 14, 359),
(207, 147, 1, 16, 358),
(218, 147, 1, 24, 413),
(218, 147, 1, 25, 412),
(232, 147, 1, 22, 415),
(232, 147, 1, 28, 414),
(237, 147, 1, 16, 416),
(237, 147, 1, 17, 417),
(238, 147, 1, 14, 419),
(238, 147, 1, 16, 418),
(239, 147, 1, 16, 421),
(239, 147, 1, 17, 420),
(242, 147, 1, 16, 422),
(242, 147, 1, 17, 423),
(313, 147, 1, 4, 313),
(313, 147, 1, 4, 314),
(313, 147, 1, 4, 315),
(313, 147, 1, 4, 316),
(424, 147, 1, 12, 424),
(425, 147, 1, 12, 425),
(426, 147, 1, 12, 426),
(427, 147, 1, 16, 427),
(428, 147, 1, 12, 428),
(429, 147, 1, 12, 429),
(430, 147, 1, 15, 430),
(431, 147, 1, 15, 431),
(432, 147, 1, 18, 432),
(433, 147, 1, 17, 433),
(434, 147, 1, 10, 434),
(435, 147, 1, 10, 435),
(436, 147, 1, 15, 436),
(437, 147, 1, 17, 437),
(438, 147, 1, 17, 438),
(439, 147, 1, 16, 439),
(440, 147, 1, 15, 440),
(441, 147, 1, 15, 441),
(442, 147, 1, 15, 442),
(443, 147, 1, 15, 443),
(444, 147, 1, 15, 444),
(445, 147, 1, 15, 445),
(446, 147, 1, 15, 446),
(447, 147, 1, 15, 447),
(448, 147, 1, 12, 448),
(449, 147, 1, 14, 449),
(450, 147, 1, 12, 450),
(451, 147, 1, 12, 451),
(452, 147, 1, 12, 452),
(453, 147, 1, 14, 453),
(454, 147, 1, 17, 454),
(455, 147, 1, 11, 455),
(456, 147, 1, 14, 456),
(457, 147, 1, 19, 457),
(458, 147, 1, 19, 458),
(460, 147, 1, 11, 460),
(461, 147, 1, 15, 461),
(462, 147, 1, 15, 462),
(463, 147, 1, 15, 463),
(464, 147, 1, 15, 464),
(465, 147, 1, 15, 465),
(467, 147, 1, 14, 467),
(468, 147, 1, 11, 468),
(474, 147, 1, 12, 425),
(474, 147, 1, 12, 428),
(474, 147, 1, 12, 448),
(474, 147, 1, 12, 450),
(474, 147, 1, 12, 451),
(474, 147, 1, 15, 443),
(474, 147, 1, 18, 432),
(478, 147, 1, 12, 425),
(478, 147, 1, 12, 428),
(478, 147, 1, 12, 448),
(478, 147, 1, 12, 450),
(478, 147, 1, 12, 451),
(478, 147, 1, 15, 442),
(478, 147, 1, 18, 432),
(479, 147, 1, 12, 425),
(479, 147, 1, 12, 428),
(479, 147, 1, 12, 448),
(479, 147, 1, 12, 450),
(479, 147, 1, 12, 451),
(479, 147, 1, 15, 446),
(479, 147, 1, 18, 432),
(480, 147, 1, 12, 425),
(480, 147, 1, 12, 428),
(480, 147, 1, 12, 448),
(480, 147, 1, 12, 450),
(480, 147, 1, 12, 451),
(480, 147, 1, 15, 444),
(480, 147, 1, 18, 432),
(481, 147, 1, 12, 425),
(481, 147, 1, 12, 428),
(481, 147, 1, 12, 448),
(481, 147, 1, 12, 450),
(481, 147, 1, 12, 451),
(481, 147, 1, 15, 441),
(481, 147, 1, 18, 432),
(482, 147, 1, 10, 435),
(482, 147, 1, 12, 425),
(482, 147, 1, 12, 428),
(482, 147, 1, 12, 448),
(482, 147, 1, 12, 450),
(482, 147, 1, 12, 451),
(482, 147, 1, 18, 432);

-- --------------------------------------------------------

--
-- Table structure for table `sgp_catalog_product_index_eav_decimal`
--

CREATE TABLE `sgp_catalog_product_index_eav_decimal` (
  `entity_id` int(10) UNSIGNED NOT NULL COMMENT 'Entity ID',
  `attribute_id` smallint(5) UNSIGNED NOT NULL COMMENT 'Attribute ID',
  `store_id` smallint(5) UNSIGNED NOT NULL COMMENT 'Store ID',
  `value` decimal(12,4) NOT NULL COMMENT 'Value',
  `source_id` int(10) UNSIGNED NOT NULL DEFAULT '0' COMMENT 'Original entity Id for attribute value'
) ENGINE=InnoDB DEFAULT CHARSET=utf8 COMMENT='Catalog Product EAV Decimal Index Table';

--
-- Dumping data for table `sgp_catalog_product_index_eav_decimal`
--

INSERT INTO `sgp_catalog_product_index_eav_decimal` (`entity_id`, `attribute_id`, `store_id`, `value`, `source_id`) VALUES
(1, 150, 1, 6.0000, 361),
(1, 150, 1, 9.0000, 362),
(1, 150, 1, 12.0000, 1),
(4, 150, 1, 1.5000, 318),
(4, 150, 1, 2.8000, 319),
(27, 150, 1, 50.0000, 27),
(1, 151, 1, 6.0000, 361),
(1, 151, 1, 9.0000, 362),
(1, 151, 1, 10.0000, 1),
(4, 151, 1, 1.4000, 318),
(4, 151, 1, 2.7000, 319),
(27, 151, 1, 58.0000, 27);

-- --------------------------------------------------------

--
-- Table structure for table `sgp_catalog_product_index_eav_decimal_idx`
--

CREATE TABLE `sgp_catalog_product_index_eav_decimal_idx` (
  `entity_id` int(10) UNSIGNED NOT NULL COMMENT 'Entity ID',
  `attribute_id` smallint(5) UNSIGNED NOT NULL COMMENT 'Attribute ID',
  `store_id` smallint(5) UNSIGNED NOT NULL COMMENT 'Store ID',
  `value` decimal(12,4) NOT NULL COMMENT 'Value',
  `source_id` int(10) UNSIGNED NOT NULL DEFAULT '0' COMMENT 'Original entity Id for attribute value'
) ENGINE=InnoDB DEFAULT CHARSET=utf8 COMMENT='Catalog Product EAV Decimal Indexer Index Table';

-- --------------------------------------------------------

--
-- Table structure for table `sgp_catalog_product_index_eav_decimal_tmp`
--

CREATE TABLE `sgp_catalog_product_index_eav_decimal_tmp` (
  `entity_id` int(10) UNSIGNED NOT NULL COMMENT 'Entity ID',
  `attribute_id` smallint(5) UNSIGNED NOT NULL COMMENT 'Attribute ID',
  `store_id` smallint(5) UNSIGNED NOT NULL COMMENT 'Store ID',
  `value` decimal(12,4) NOT NULL COMMENT 'Value',
  `source_id` int(10) UNSIGNED NOT NULL DEFAULT '0' COMMENT 'Original entity Id for attribute value'
) ENGINE=MEMORY DEFAULT CHARSET=utf8 COMMENT='Catalog Product EAV Decimal Indexer Temp Table';

-- --------------------------------------------------------

--
-- Table structure for table `sgp_catalog_product_index_eav_idx`
--

CREATE TABLE `sgp_catalog_product_index_eav_idx` (
  `entity_id` int(10) UNSIGNED NOT NULL COMMENT 'Entity ID',
  `attribute_id` smallint(5) UNSIGNED NOT NULL COMMENT 'Attribute ID',
  `store_id` smallint(5) UNSIGNED NOT NULL COMMENT 'Store ID',
  `value` int(10) UNSIGNED NOT NULL COMMENT 'Value',
  `source_id` int(10) UNSIGNED NOT NULL DEFAULT '0' COMMENT 'Original entity Id for attribute value'
) ENGINE=InnoDB DEFAULT CHARSET=utf8 COMMENT='Catalog Product EAV Indexer Index Table';

-- --------------------------------------------------------

--
-- Table structure for table `sgp_catalog_product_index_eav_tmp`
--

CREATE TABLE `sgp_catalog_product_index_eav_tmp` (
  `entity_id` int(10) UNSIGNED NOT NULL COMMENT 'Entity ID',
  `attribute_id` smallint(5) UNSIGNED NOT NULL COMMENT 'Attribute ID',
  `store_id` smallint(5) UNSIGNED NOT NULL COMMENT 'Store ID',
  `value` int(10) UNSIGNED NOT NULL COMMENT 'Value',
  `source_id` int(10) UNSIGNED NOT NULL DEFAULT '0' COMMENT 'Original entity Id for attribute value'
) ENGINE=MEMORY DEFAULT CHARSET=utf8 COMMENT='Catalog Product EAV Indexer Temp Table';

-- --------------------------------------------------------

--
-- Table structure for table `sgp_catalog_product_index_price`
--

CREATE TABLE `sgp_catalog_product_index_price` (
  `entity_id` int(10) UNSIGNED NOT NULL COMMENT 'Entity ID',
  `customer_group_id` smallint(5) UNSIGNED NOT NULL COMMENT 'Customer Group ID',
  `website_id` smallint(5) UNSIGNED NOT NULL COMMENT 'Website ID',
  `tax_class_id` smallint(5) UNSIGNED DEFAULT '0' COMMENT 'Tax Class ID',
  `price` decimal(12,4) DEFAULT NULL COMMENT 'Price',
  `final_price` decimal(12,4) DEFAULT NULL COMMENT 'Final Price',
  `min_price` decimal(12,4) DEFAULT NULL COMMENT 'Min Price',
  `max_price` decimal(12,4) DEFAULT NULL COMMENT 'Max Price',
  `tier_price` decimal(12,4) DEFAULT NULL COMMENT 'Tier Price'
) ENGINE=InnoDB DEFAULT CHARSET=utf8 COMMENT='Catalog Product Price Index Table';

--
-- Dumping data for table `sgp_catalog_product_index_price`
--

INSERT INTO `sgp_catalog_product_index_price` (`entity_id`, `customer_group_id`, `website_id`, `tax_class_id`, `price`, `final_price`, `min_price`, `max_price`, `tier_price`) VALUES
(424, 0, 1, 2, 60.0000, 60.0000, 60.0000, 60.0000, NULL),
(424, 1, 1, 2, 60.0000, 60.0000, 60.0000, 60.0000, NULL),
(424, 2, 1, 2, 60.0000, 60.0000, 60.0000, 60.0000, NULL),
(424, 3, 1, 2, 60.0000, 60.0000, 60.0000, 60.0000, NULL),
(425, 0, 1, 2, 200.0000, 200.0000, 200.0000, 200.0000, NULL),
(425, 1, 1, 2, 200.0000, 200.0000, 200.0000, 200.0000, NULL),
(425, 2, 1, 2, 200.0000, 200.0000, 200.0000, 200.0000, NULL),
(425, 3, 1, 2, 200.0000, 200.0000, 200.0000, 200.0000, NULL),
(426, 0, 1, 2, 55.0000, 55.0000, 55.0000, 55.0000, NULL),
(426, 1, 1, 2, 55.0000, 55.0000, 55.0000, 55.0000, NULL),
(426, 2, 1, 2, 55.0000, 55.0000, 55.0000, 55.0000, NULL),
(426, 3, 1, 2, 55.0000, 55.0000, 55.0000, 55.0000, NULL),
(427, 0, 1, 2, 50.0000, 50.0000, 50.0000, 50.0000, NULL),
(427, 1, 1, 2, 50.0000, 50.0000, 50.0000, 50.0000, NULL),
(427, 2, 1, 2, 50.0000, 50.0000, 50.0000, 50.0000, NULL),
(427, 3, 1, 2, 50.0000, 50.0000, 50.0000, 50.0000, NULL),
(428, 0, 1, 2, 150.0000, 150.0000, 150.0000, 150.0000, NULL),
(428, 1, 1, 2, 150.0000, 150.0000, 150.0000, 150.0000, NULL),
(428, 2, 1, 2, 150.0000, 150.0000, 150.0000, 150.0000, NULL),
(428, 3, 1, 2, 150.0000, 150.0000, 150.0000, 150.0000, NULL),
(429, 0, 1, 2, 50.0000, 50.0000, 50.0000, 50.0000, NULL),
(429, 1, 1, 2, 50.0000, 50.0000, 50.0000, 50.0000, NULL),
(429, 2, 1, 2, 50.0000, 50.0000, 50.0000, 50.0000, NULL),
(429, 3, 1, 2, 50.0000, 50.0000, 50.0000, 50.0000, NULL),
(430, 0, 1, 2, 335.0000, 335.0000, 335.0000, 335.0000, NULL),
(430, 1, 1, 2, 335.0000, 335.0000, 335.0000, 335.0000, NULL),
(430, 2, 1, 2, 335.0000, 335.0000, 335.0000, 335.0000, NULL),
(430, 3, 1, 2, 335.0000, 335.0000, 335.0000, 335.0000, NULL),
(431, 0, 1, 2, 200.0000, 200.0000, 200.0000, 200.0000, NULL),
(431, 1, 1, 2, 200.0000, 200.0000, 200.0000, 200.0000, NULL),
(431, 2, 1, 2, 200.0000, 200.0000, 200.0000, 200.0000, NULL),
(431, 3, 1, 2, 200.0000, 200.0000, 200.0000, 200.0000, NULL),
(432, 0, 1, 2, 120.0000, 120.0000, 120.0000, 120.0000, NULL),
(432, 1, 1, 2, 120.0000, 120.0000, 120.0000, 120.0000, NULL),
(432, 2, 1, 2, 120.0000, 120.0000, 120.0000, 120.0000, NULL),
(432, 3, 1, 2, 120.0000, 120.0000, 120.0000, 120.0000, NULL),
(433, 0, 1, 2, 50.0000, 50.0000, 50.0000, 50.0000, NULL),
(433, 1, 1, 2, 50.0000, 50.0000, 50.0000, 50.0000, NULL),
(433, 2, 1, 2, 50.0000, 50.0000, 50.0000, 50.0000, NULL),
(433, 3, 1, 2, 50.0000, 50.0000, 50.0000, 50.0000, NULL),
(434, 0, 1, 2, 350.0000, 350.0000, 350.0000, 350.0000, NULL),
(434, 1, 1, 2, 350.0000, 350.0000, 350.0000, 350.0000, NULL),
(434, 2, 1, 2, 350.0000, 350.0000, 350.0000, 350.0000, NULL),
(434, 3, 1, 2, 350.0000, 350.0000, 350.0000, 350.0000, NULL),
(435, 0, 1, 2, 300.0000, 300.0000, 300.0000, 300.0000, NULL),
(435, 1, 1, 2, 300.0000, 300.0000, 300.0000, 300.0000, NULL),
(435, 2, 1, 2, 300.0000, 300.0000, 300.0000, 300.0000, NULL),
(435, 3, 1, 2, 300.0000, 300.0000, 300.0000, 300.0000, NULL),
(436, 0, 1, 2, 510.0000, 510.0000, 510.0000, 510.0000, NULL),
(436, 1, 1, 2, 510.0000, 510.0000, 510.0000, 510.0000, NULL),
(436, 2, 1, 2, 510.0000, 510.0000, 510.0000, 510.0000, NULL),
(436, 3, 1, 2, 510.0000, 510.0000, 510.0000, 510.0000, NULL),
(437, 0, 1, 2, 100.0000, 100.0000, 100.0000, 100.0000, NULL),
(437, 1, 1, 2, 100.0000, 100.0000, 100.0000, 100.0000, NULL),
(437, 2, 1, 2, 100.0000, 100.0000, 100.0000, 100.0000, NULL),
(437, 3, 1, 2, 100.0000, 100.0000, 100.0000, 100.0000, NULL),
(438, 0, 1, 2, 150.0000, 150.0000, 150.0000, 150.0000, NULL),
(438, 1, 1, 2, 150.0000, 150.0000, 150.0000, 150.0000, NULL),
(438, 2, 1, 2, 150.0000, 150.0000, 150.0000, 150.0000, NULL),
(438, 3, 1, 2, 150.0000, 150.0000, 150.0000, 150.0000, NULL),
(439, 0, 1, 2, 110.0000, 110.0000, 110.0000, 110.0000, NULL),
(439, 1, 1, 2, 110.0000, 110.0000, 110.0000, 110.0000, NULL),
(439, 2, 1, 2, 110.0000, 110.0000, 110.0000, 110.0000, NULL),
(439, 3, 1, 2, 110.0000, 110.0000, 110.0000, 110.0000, NULL),
(440, 0, 1, 2, 65.0000, 65.0000, 65.0000, 65.0000, NULL),
(440, 1, 1, 2, 65.0000, 65.0000, 65.0000, 65.0000, NULL),
(440, 2, 1, 2, 65.0000, 65.0000, 65.0000, 65.0000, NULL),
(440, 3, 1, 2, 65.0000, 65.0000, 65.0000, 65.0000, NULL),
(441, 0, 1, 2, 110.0000, 110.0000, 110.0000, 110.0000, NULL),
(441, 1, 1, 2, 110.0000, 110.0000, 110.0000, 110.0000, NULL),
(441, 2, 1, 2, 110.0000, 110.0000, 110.0000, 110.0000, NULL),
(441, 3, 1, 2, 110.0000, 110.0000, 110.0000, 110.0000, NULL),
(442, 0, 1, 2, 115.0000, 115.0000, 115.0000, 115.0000, NULL),
(442, 1, 1, 2, 115.0000, 115.0000, 115.0000, 115.0000, NULL),
(442, 2, 1, 2, 115.0000, 115.0000, 115.0000, 115.0000, NULL),
(442, 3, 1, 2, 115.0000, 115.0000, 115.0000, 115.0000, NULL),
(443, 0, 1, 2, 90.0000, 90.0000, 90.0000, 90.0000, NULL),
(443, 1, 1, 2, 90.0000, 90.0000, 90.0000, 90.0000, NULL),
(443, 2, 1, 2, 90.0000, 90.0000, 90.0000, 90.0000, NULL),
(443, 3, 1, 2, 90.0000, 90.0000, 90.0000, 90.0000, NULL),
(444, 0, 1, 2, 160.0000, 160.0000, 160.0000, 160.0000, NULL),
(444, 1, 1, 2, 160.0000, 160.0000, 160.0000, 160.0000, NULL),
(444, 2, 1, 2, 160.0000, 160.0000, 160.0000, 160.0000, NULL),
(444, 3, 1, 2, 160.0000, 160.0000, 160.0000, 160.0000, NULL),
(445, 0, 1, 2, 70.0000, 70.0000, 70.0000, 70.0000, NULL),
(445, 1, 1, 2, 70.0000, 70.0000, 70.0000, 70.0000, NULL),
(445, 2, 1, 2, 70.0000, 70.0000, 70.0000, 70.0000, NULL),
(445, 3, 1, 2, 70.0000, 70.0000, 70.0000, 70.0000, NULL),
(446, 0, 1, 2, 85.0000, 85.0000, 85.0000, 85.0000, NULL),
(446, 1, 1, 2, 85.0000, 85.0000, 85.0000, 85.0000, NULL),
(446, 2, 1, 2, 85.0000, 85.0000, 85.0000, 85.0000, NULL),
(446, 3, 1, 2, 85.0000, 85.0000, 85.0000, 85.0000, NULL),
(447, 0, 1, 2, 130.0000, 110.5000, 110.5000, 110.5000, NULL),
(447, 1, 1, 2, 130.0000, 110.5000, 110.5000, 110.5000, NULL),
(447, 2, 1, 2, 130.0000, 110.5000, 110.5000, 110.5000, NULL),
(447, 3, 1, 2, 130.0000, 110.5000, 110.5000, 110.5000, NULL),
(448, 0, 1, 2, 150.0000, 150.0000, 150.0000, 150.0000, NULL),
(448, 1, 1, 2, 150.0000, 150.0000, 150.0000, 150.0000, NULL),
(448, 2, 1, 2, 150.0000, 150.0000, 150.0000, 150.0000, NULL),
(448, 3, 1, 2, 150.0000, 150.0000, 150.0000, 150.0000, NULL),
(449, 0, 1, 2, 350.0000, 350.0000, 350.0000, 350.0000, NULL),
(449, 1, 1, 2, 350.0000, 350.0000, 350.0000, 350.0000, NULL),
(449, 2, 1, 2, 350.0000, 350.0000, 350.0000, 350.0000, NULL),
(449, 3, 1, 2, 350.0000, 350.0000, 350.0000, 350.0000, NULL),
(450, 0, 1, 2, 150.0000, 150.0000, 150.0000, 150.0000, NULL),
(450, 1, 1, 2, 150.0000, 150.0000, 150.0000, 150.0000, NULL),
(450, 2, 1, 2, 150.0000, 150.0000, 150.0000, 150.0000, NULL),
(450, 3, 1, 2, 150.0000, 150.0000, 150.0000, 150.0000, NULL),
(451, 0, 1, 2, 150.0000, 150.0000, 150.0000, 150.0000, NULL),
(451, 1, 1, 2, 150.0000, 150.0000, 150.0000, 150.0000, NULL),
(451, 2, 1, 2, 150.0000, 150.0000, 150.0000, 150.0000, NULL),
(451, 3, 1, 2, 150.0000, 150.0000, 150.0000, 150.0000, NULL),
(452, 0, 1, 2, 120.0000, 120.0000, 120.0000, 120.0000, NULL),
(452, 1, 1, 2, 120.0000, 120.0000, 120.0000, 120.0000, NULL),
(452, 2, 1, 2, 120.0000, 120.0000, 120.0000, 120.0000, NULL),
(452, 3, 1, 2, 120.0000, 120.0000, 120.0000, 120.0000, NULL),
(453, 0, 1, 2, 350.0000, 350.0000, 350.0000, 350.0000, NULL),
(453, 1, 1, 2, 350.0000, 350.0000, 350.0000, 350.0000, NULL),
(453, 2, 1, 2, 350.0000, 350.0000, 350.0000, 350.0000, NULL),
(453, 3, 1, 2, 350.0000, 350.0000, 350.0000, 350.0000, NULL),
(454, 0, 1, 2, 100.0000, 100.0000, 100.0000, 100.0000, NULL),
(454, 1, 1, 2, 100.0000, 100.0000, 100.0000, 100.0000, NULL),
(454, 2, 1, 2, 100.0000, 100.0000, 100.0000, 100.0000, NULL),
(454, 3, 1, 2, 100.0000, 100.0000, 100.0000, 100.0000, NULL),
(455, 0, 1, 2, 250.0000, 250.0000, 250.0000, 250.0000, NULL),
(455, 1, 1, 2, 250.0000, 250.0000, 250.0000, 250.0000, NULL),
(455, 2, 1, 2, 250.0000, 250.0000, 250.0000, 250.0000, NULL),
(455, 3, 1, 2, 250.0000, 250.0000, 250.0000, 250.0000, NULL),
(456, 0, 1, 2, 200.0000, 200.0000, 200.0000, 200.0000, NULL),
(456, 1, 1, 2, 200.0000, 200.0000, 200.0000, 200.0000, NULL),
(456, 2, 1, 2, 200.0000, 200.0000, 200.0000, 200.0000, NULL),
(456, 3, 1, 2, 200.0000, 200.0000, 200.0000, 200.0000, NULL),
(457, 0, 1, 2, 150.0000, 150.0000, 150.0000, 150.0000, NULL),
(457, 1, 1, 2, 150.0000, 150.0000, 150.0000, 150.0000, NULL),
(457, 2, 1, 2, 150.0000, 150.0000, 150.0000, 150.0000, NULL),
(457, 3, 1, 2, 150.0000, 150.0000, 150.0000, 150.0000, NULL),
(458, 0, 1, 2, 110.0000, 110.0000, 110.0000, 110.0000, NULL),
(458, 1, 1, 2, 110.0000, 110.0000, 110.0000, 110.0000, NULL),
(458, 2, 1, 2, 110.0000, 110.0000, 110.0000, 110.0000, NULL),
(458, 3, 1, 2, 110.0000, 110.0000, 110.0000, 110.0000, NULL),
(460, 0, 1, 2, 220.0000, 220.0000, 220.0000, 220.0000, NULL),
(460, 1, 1, 2, 220.0000, 220.0000, 220.0000, 220.0000, NULL),
(460, 2, 1, 2, 220.0000, 220.0000, 220.0000, 220.0000, NULL),
(460, 3, 1, 2, 220.0000, 220.0000, 220.0000, 220.0000, NULL),
(461, 0, 1, 2, 210.0000, 210.0000, 210.0000, 210.0000, NULL),
(461, 1, 1, 2, 210.0000, 210.0000, 210.0000, 210.0000, NULL),
(461, 2, 1, 2, 210.0000, 210.0000, 210.0000, 210.0000, NULL),
(461, 3, 1, 2, 210.0000, 210.0000, 210.0000, 210.0000, NULL),
(462, 0, 1, 2, 225.0000, 225.0000, 225.0000, 225.0000, NULL),
(462, 1, 1, 2, 225.0000, 225.0000, 225.0000, 225.0000, NULL),
(462, 2, 1, 2, 225.0000, 225.0000, 225.0000, 225.0000, NULL),
(462, 3, 1, 2, 225.0000, 225.0000, 225.0000, 225.0000, NULL),
(463, 0, 1, 2, 220.0000, 220.0000, 220.0000, 220.0000, NULL),
(463, 1, 1, 2, 220.0000, 220.0000, 220.0000, 220.0000, NULL),
(463, 2, 1, 2, 220.0000, 220.0000, 220.0000, 220.0000, NULL),
(463, 3, 1, 2, 220.0000, 220.0000, 220.0000, 220.0000, NULL),
(464, 0, 1, 2, 190.0000, 190.0000, 190.0000, 190.0000, NULL),
(464, 1, 1, 2, 190.0000, 190.0000, 190.0000, 190.0000, NULL),
(464, 2, 1, 2, 190.0000, 190.0000, 190.0000, 190.0000, NULL),
(464, 3, 1, 2, 190.0000, 190.0000, 190.0000, 190.0000, NULL),
(465, 0, 1, 2, 300.0000, 300.0000, 300.0000, 300.0000, NULL),
(465, 1, 1, 2, 300.0000, 300.0000, 300.0000, 300.0000, NULL),
(465, 2, 1, 2, 300.0000, 300.0000, 300.0000, 300.0000, NULL),
(465, 3, 1, 2, 300.0000, 300.0000, 300.0000, 300.0000, NULL),
(466, 0, 1, 2, 125.0000, 125.0000, 125.0000, 125.0000, NULL),
(466, 1, 1, 2, 125.0000, 125.0000, 125.0000, 125.0000, NULL),
(466, 2, 1, 2, 125.0000, 125.0000, 125.0000, 125.0000, NULL),
(466, 3, 1, 2, 125.0000, 125.0000, 125.0000, 125.0000, NULL),
(467, 0, 1, 2, 350.0000, 350.0000, 350.0000, 350.0000, NULL),
(467, 1, 1, 2, 350.0000, 350.0000, 350.0000, 350.0000, NULL),
(467, 2, 1, 2, 350.0000, 350.0000, 350.0000, 350.0000, NULL),
(467, 3, 1, 2, 350.0000, 350.0000, 350.0000, 350.0000, NULL),
(468, 0, 1, 2, 235.0000, 235.0000, 235.0000, 235.0000, NULL),
(468, 1, 1, 2, 235.0000, 235.0000, 235.0000, 235.0000, NULL),
(468, 2, 1, 2, 235.0000, 235.0000, 235.0000, 235.0000, NULL),
(468, 3, 1, 2, 235.0000, 235.0000, 235.0000, 235.0000, NULL),
(474, 0, 1, 0, 0.0000, 0.0000, 210.0000, 310.0000, NULL),
(474, 1, 1, 0, 0.0000, 0.0000, 210.0000, 310.0000, NULL),
(474, 2, 1, 0, 0.0000, 0.0000, 210.0000, 310.0000, NULL),
(474, 3, 1, 0, 0.0000, 0.0000, 210.0000, 310.0000, NULL),
(475, 0, 1, 2, 220.0000, 220.0000, 220.0000, 220.0000, NULL),
(475, 1, 1, 2, 220.0000, 220.0000, 220.0000, 220.0000, NULL),
(475, 2, 1, 2, 220.0000, 220.0000, 220.0000, 220.0000, NULL),
(475, 3, 1, 2, 220.0000, 220.0000, 220.0000, 220.0000, NULL),
(476, 0, 1, 2, 120.0000, 120.0000, 120.0000, 120.0000, NULL),
(476, 1, 1, 2, 120.0000, 120.0000, 120.0000, 120.0000, NULL),
(476, 2, 1, 2, 120.0000, 120.0000, 120.0000, 120.0000, NULL),
(476, 3, 1, 2, 120.0000, 120.0000, 120.0000, 120.0000, NULL),
(477, 0, 1, 2, 200.0000, 200.0000, 200.0000, 200.0000, NULL),
(477, 1, 1, 2, 200.0000, 200.0000, 200.0000, 200.0000, NULL),
(477, 2, 1, 2, 200.0000, 200.0000, 200.0000, 200.0000, NULL),
(477, 3, 1, 2, 200.0000, 200.0000, 200.0000, 200.0000, NULL),
(478, 0, 1, 0, 0.0000, 0.0000, 235.0000, 335.0000, NULL),
(478, 1, 1, 0, 0.0000, 0.0000, 235.0000, 335.0000, NULL),
(478, 2, 1, 0, 0.0000, 0.0000, 235.0000, 335.0000, NULL),
(478, 3, 1, 0, 0.0000, 0.0000, 235.0000, 335.0000, NULL),
(479, 0, 1, 0, 0.0000, 0.0000, 205.0000, 305.0000, NULL),
(479, 1, 1, 0, 0.0000, 0.0000, 205.0000, 305.0000, NULL),
(479, 2, 1, 0, 0.0000, 0.0000, 205.0000, 305.0000, NULL),
(479, 3, 1, 0, 0.0000, 0.0000, 205.0000, 305.0000, NULL),
(480, 0, 1, 0, 0.0000, 0.0000, 280.0000, 380.0000, NULL),
(480, 1, 1, 0, 0.0000, 0.0000, 280.0000, 380.0000, NULL),
(480, 2, 1, 0, 0.0000, 0.0000, 280.0000, 380.0000, NULL),
(480, 3, 1, 0, 0.0000, 0.0000, 280.0000, 380.0000, NULL),
(481, 0, 1, 0, 0.0000, 0.0000, 230.0000, 330.0000, NULL),
(481, 1, 1, 0, 0.0000, 0.0000, 230.0000, 330.0000, NULL),
(481, 2, 1, 0, 0.0000, 0.0000, 230.0000, 330.0000, NULL),
(481, 3, 1, 0, 0.0000, 0.0000, 230.0000, 330.0000, NULL),
(482, 0, 1, 0, 0.0000, 0.0000, 420.0000, 520.0000, NULL),
(482, 1, 1, 0, 0.0000, 0.0000, 420.0000, 520.0000, NULL),
(482, 2, 1, 0, 0.0000, 0.0000, 420.0000, 520.0000, NULL),
(482, 3, 1, 0, 0.0000, 0.0000, 420.0000, 520.0000, NULL);

-- --------------------------------------------------------

--
-- Table structure for table `sgp_catalog_product_index_price_bundle_idx`
--

CREATE TABLE `sgp_catalog_product_index_price_bundle_idx` (
  `entity_id` int(10) UNSIGNED NOT NULL COMMENT 'Entity Id',
  `customer_group_id` smallint(5) UNSIGNED NOT NULL COMMENT 'Customer Group Id',
  `website_id` smallint(5) UNSIGNED NOT NULL COMMENT 'Website Id',
  `tax_class_id` smallint(5) UNSIGNED DEFAULT '0' COMMENT 'Tax Class Id',
  `price_type` smallint(5) UNSIGNED NOT NULL COMMENT 'Price Type',
  `special_price` decimal(12,4) DEFAULT NULL COMMENT 'Special Price',
  `tier_percent` decimal(12,4) DEFAULT NULL COMMENT 'Tier Percent',
  `orig_price` decimal(12,4) DEFAULT NULL COMMENT 'Orig Price',
  `price` decimal(12,4) DEFAULT NULL COMMENT 'Price',
  `min_price` decimal(12,4) DEFAULT NULL COMMENT 'Min Price',
  `max_price` decimal(12,4) DEFAULT NULL COMMENT 'Max Price',
  `tier_price` decimal(12,4) DEFAULT NULL COMMENT 'Tier Price',
  `base_tier` decimal(12,4) DEFAULT NULL COMMENT 'Base Tier'
) ENGINE=InnoDB DEFAULT CHARSET=utf8 COMMENT='Catalog Product Index Price Bundle Idx';

-- --------------------------------------------------------

--
-- Table structure for table `sgp_catalog_product_index_price_bundle_opt_idx`
--

CREATE TABLE `sgp_catalog_product_index_price_bundle_opt_idx` (
  `entity_id` int(10) UNSIGNED NOT NULL COMMENT 'Entity Id',
  `customer_group_id` smallint(5) UNSIGNED NOT NULL COMMENT 'Customer Group Id',
  `website_id` smallint(5) UNSIGNED NOT NULL COMMENT 'Website Id',
  `option_id` int(10) UNSIGNED NOT NULL DEFAULT '0' COMMENT 'Option Id',
  `min_price` decimal(12,4) DEFAULT NULL COMMENT 'Min Price',
  `alt_price` decimal(12,4) DEFAULT NULL COMMENT 'Alt Price',
  `max_price` decimal(12,4) DEFAULT NULL COMMENT 'Max Price',
  `tier_price` decimal(12,4) DEFAULT NULL COMMENT 'Tier Price',
  `alt_tier_price` decimal(12,4) DEFAULT NULL COMMENT 'Alt Tier Price'
) ENGINE=InnoDB DEFAULT CHARSET=utf8 COMMENT='Catalog Product Index Price Bundle Opt Idx';

-- --------------------------------------------------------

--
-- Table structure for table `sgp_catalog_product_index_price_bundle_opt_tmp`
--

CREATE TABLE `sgp_catalog_product_index_price_bundle_opt_tmp` (
  `entity_id` int(10) UNSIGNED NOT NULL COMMENT 'Entity Id',
  `customer_group_id` smallint(5) UNSIGNED NOT NULL COMMENT 'Customer Group Id',
  `website_id` smallint(5) UNSIGNED NOT NULL COMMENT 'Website Id',
  `option_id` int(10) UNSIGNED NOT NULL DEFAULT '0' COMMENT 'Option Id',
  `min_price` decimal(12,4) DEFAULT NULL COMMENT 'Min Price',
  `alt_price` decimal(12,4) DEFAULT NULL COMMENT 'Alt Price',
  `max_price` decimal(12,4) DEFAULT NULL COMMENT 'Max Price',
  `tier_price` decimal(12,4) DEFAULT NULL COMMENT 'Tier Price',
  `alt_tier_price` decimal(12,4) DEFAULT NULL COMMENT 'Alt Tier Price'
) ENGINE=MEMORY DEFAULT CHARSET=utf8 COMMENT='Catalog Product Index Price Bundle Opt Tmp';

-- --------------------------------------------------------

--
-- Table structure for table `sgp_catalog_product_index_price_bundle_sel_idx`
--

CREATE TABLE `sgp_catalog_product_index_price_bundle_sel_idx` (
  `entity_id` int(10) UNSIGNED NOT NULL COMMENT 'Entity Id',
  `customer_group_id` smallint(5) UNSIGNED NOT NULL COMMENT 'Customer Group Id',
  `website_id` smallint(5) UNSIGNED NOT NULL COMMENT 'Website Id',
  `option_id` int(10) UNSIGNED NOT NULL DEFAULT '0' COMMENT 'Option Id',
  `selection_id` int(10) UNSIGNED NOT NULL DEFAULT '0' COMMENT 'Selection Id',
  `group_type` smallint(5) UNSIGNED DEFAULT '0' COMMENT 'Group Type',
  `is_required` smallint(5) UNSIGNED DEFAULT '0' COMMENT 'Is Required',
  `price` decimal(12,4) DEFAULT NULL COMMENT 'Price',
  `tier_price` decimal(12,4) DEFAULT NULL COMMENT 'Tier Price'
) ENGINE=InnoDB DEFAULT CHARSET=utf8 COMMENT='Catalog Product Index Price Bundle Sel Idx';

-- --------------------------------------------------------

--
-- Table structure for table `sgp_catalog_product_index_price_bundle_sel_tmp`
--

CREATE TABLE `sgp_catalog_product_index_price_bundle_sel_tmp` (
  `entity_id` int(10) UNSIGNED NOT NULL COMMENT 'Entity Id',
  `customer_group_id` smallint(5) UNSIGNED NOT NULL COMMENT 'Customer Group Id',
  `website_id` smallint(5) UNSIGNED NOT NULL COMMENT 'Website Id',
  `option_id` int(10) UNSIGNED NOT NULL DEFAULT '0' COMMENT 'Option Id',
  `selection_id` int(10) UNSIGNED NOT NULL DEFAULT '0' COMMENT 'Selection Id',
  `group_type` smallint(5) UNSIGNED DEFAULT '0' COMMENT 'Group Type',
  `is_required` smallint(5) UNSIGNED DEFAULT '0' COMMENT 'Is Required',
  `price` decimal(12,4) DEFAULT NULL COMMENT 'Price',
  `tier_price` decimal(12,4) DEFAULT NULL COMMENT 'Tier Price'
) ENGINE=MEMORY DEFAULT CHARSET=utf8 COMMENT='Catalog Product Index Price Bundle Sel Tmp';

-- --------------------------------------------------------

--
-- Table structure for table `sgp_catalog_product_index_price_bundle_tmp`
--

CREATE TABLE `sgp_catalog_product_index_price_bundle_tmp` (
  `entity_id` int(10) UNSIGNED NOT NULL COMMENT 'Entity Id',
  `customer_group_id` smallint(5) UNSIGNED NOT NULL COMMENT 'Customer Group Id',
  `website_id` smallint(5) UNSIGNED NOT NULL COMMENT 'Website Id',
  `tax_class_id` smallint(5) UNSIGNED DEFAULT '0' COMMENT 'Tax Class Id',
  `price_type` smallint(5) UNSIGNED NOT NULL COMMENT 'Price Type',
  `special_price` decimal(12,4) DEFAULT NULL COMMENT 'Special Price',
  `tier_percent` decimal(12,4) DEFAULT NULL COMMENT 'Tier Percent',
  `orig_price` decimal(12,4) DEFAULT NULL COMMENT 'Orig Price',
  `price` decimal(12,4) DEFAULT NULL COMMENT 'Price',
  `min_price` decimal(12,4) DEFAULT NULL COMMENT 'Min Price',
  `max_price` decimal(12,4) DEFAULT NULL COMMENT 'Max Price',
  `tier_price` decimal(12,4) DEFAULT NULL COMMENT 'Tier Price',
  `base_tier` decimal(12,4) DEFAULT NULL COMMENT 'Base Tier'
) ENGINE=MEMORY DEFAULT CHARSET=utf8 COMMENT='Catalog Product Index Price Bundle Tmp';

-- --------------------------------------------------------

--
-- Table structure for table `sgp_catalog_product_index_price_cfg_opt_agr_idx`
--

CREATE TABLE `sgp_catalog_product_index_price_cfg_opt_agr_idx` (
  `parent_id` int(10) UNSIGNED NOT NULL COMMENT 'Parent ID',
  `child_id` int(10) UNSIGNED NOT NULL COMMENT 'Child ID',
  `customer_group_id` smallint(5) UNSIGNED NOT NULL COMMENT 'Customer Group ID',
  `website_id` smallint(5) UNSIGNED NOT NULL COMMENT 'Website ID',
  `price` decimal(12,4) DEFAULT NULL COMMENT 'Price',
  `tier_price` decimal(12,4) DEFAULT NULL COMMENT 'Tier Price'
) ENGINE=InnoDB DEFAULT CHARSET=utf8 COMMENT='Catalog Product Price Indexer Config Option Aggregate Index Table';

-- --------------------------------------------------------

--
-- Table structure for table `sgp_catalog_product_index_price_cfg_opt_agr_tmp`
--

CREATE TABLE `sgp_catalog_product_index_price_cfg_opt_agr_tmp` (
  `parent_id` int(10) UNSIGNED NOT NULL COMMENT 'Parent ID',
  `child_id` int(10) UNSIGNED NOT NULL COMMENT 'Child ID',
  `customer_group_id` smallint(5) UNSIGNED NOT NULL COMMENT 'Customer Group ID',
  `website_id` smallint(5) UNSIGNED NOT NULL COMMENT 'Website ID',
  `price` decimal(12,4) DEFAULT NULL COMMENT 'Price',
  `tier_price` decimal(12,4) DEFAULT NULL COMMENT 'Tier Price'
) ENGINE=MEMORY DEFAULT CHARSET=utf8 COMMENT='Catalog Product Price Indexer Config Option Aggregate Temp Table';

-- --------------------------------------------------------

--
-- Table structure for table `sgp_catalog_product_index_price_cfg_opt_idx`
--

CREATE TABLE `sgp_catalog_product_index_price_cfg_opt_idx` (
  `entity_id` int(10) UNSIGNED NOT NULL COMMENT 'Entity ID',
  `customer_group_id` smallint(5) UNSIGNED NOT NULL COMMENT 'Customer Group ID',
  `website_id` smallint(5) UNSIGNED NOT NULL COMMENT 'Website ID',
  `min_price` decimal(12,4) DEFAULT NULL COMMENT 'Min Price',
  `max_price` decimal(12,4) DEFAULT NULL COMMENT 'Max Price',
  `tier_price` decimal(12,4) DEFAULT NULL COMMENT 'Tier Price'
) ENGINE=InnoDB DEFAULT CHARSET=utf8 COMMENT='Catalog Product Price Indexer Config Option Index Table';

-- --------------------------------------------------------

--
-- Table structure for table `sgp_catalog_product_index_price_cfg_opt_tmp`
--

CREATE TABLE `sgp_catalog_product_index_price_cfg_opt_tmp` (
  `entity_id` int(10) UNSIGNED NOT NULL COMMENT 'Entity ID',
  `customer_group_id` smallint(5) UNSIGNED NOT NULL COMMENT 'Customer Group ID',
  `website_id` smallint(5) UNSIGNED NOT NULL COMMENT 'Website ID',
  `min_price` decimal(12,4) DEFAULT NULL COMMENT 'Min Price',
  `max_price` decimal(12,4) DEFAULT NULL COMMENT 'Max Price',
  `tier_price` decimal(12,4) DEFAULT NULL COMMENT 'Tier Price'
) ENGINE=MEMORY DEFAULT CHARSET=utf8 COMMENT='Catalog Product Price Indexer Config Option Temp Table';

-- --------------------------------------------------------

--
-- Table structure for table `sgp_catalog_product_index_price_downlod_idx`
--

CREATE TABLE `sgp_catalog_product_index_price_downlod_idx` (
  `entity_id` int(10) UNSIGNED NOT NULL COMMENT 'Entity ID',
  `customer_group_id` smallint(5) UNSIGNED NOT NULL COMMENT 'Customer Group ID',
  `website_id` smallint(5) UNSIGNED NOT NULL COMMENT 'Website ID',
  `min_price` decimal(12,4) NOT NULL DEFAULT '0.0000' COMMENT 'Minimum price',
  `max_price` decimal(12,4) NOT NULL DEFAULT '0.0000' COMMENT 'Maximum price'
) ENGINE=InnoDB DEFAULT CHARSET=utf8 COMMENT='Indexer Table for price of downloadable products';

-- --------------------------------------------------------

--
-- Table structure for table `sgp_catalog_product_index_price_downlod_tmp`
--

CREATE TABLE `sgp_catalog_product_index_price_downlod_tmp` (
  `entity_id` int(10) UNSIGNED NOT NULL COMMENT 'Entity ID',
  `customer_group_id` smallint(5) UNSIGNED NOT NULL COMMENT 'Customer Group ID',
  `website_id` smallint(5) UNSIGNED NOT NULL COMMENT 'Website ID',
  `min_price` decimal(12,4) NOT NULL DEFAULT '0.0000' COMMENT 'Minimum price',
  `max_price` decimal(12,4) NOT NULL DEFAULT '0.0000' COMMENT 'Maximum price'
) ENGINE=MEMORY DEFAULT CHARSET=utf8 COMMENT='Temporary Indexer Table for price of downloadable products';

-- --------------------------------------------------------

--
-- Table structure for table `sgp_catalog_product_index_price_final_idx`
--

CREATE TABLE `sgp_catalog_product_index_price_final_idx` (
  `entity_id` int(10) UNSIGNED NOT NULL COMMENT 'Entity ID',
  `customer_group_id` smallint(5) UNSIGNED NOT NULL COMMENT 'Customer Group ID',
  `website_id` smallint(5) UNSIGNED NOT NULL COMMENT 'Website ID',
  `tax_class_id` smallint(5) UNSIGNED DEFAULT '0' COMMENT 'Tax Class ID',
  `orig_price` decimal(12,4) DEFAULT NULL COMMENT 'Original Price',
  `price` decimal(12,4) DEFAULT NULL COMMENT 'Price',
  `min_price` decimal(12,4) DEFAULT NULL COMMENT 'Min Price',
  `max_price` decimal(12,4) DEFAULT NULL COMMENT 'Max Price',
  `tier_price` decimal(12,4) DEFAULT NULL COMMENT 'Tier Price',
  `base_tier` decimal(12,4) DEFAULT NULL COMMENT 'Base Tier'
) ENGINE=InnoDB DEFAULT CHARSET=utf8 COMMENT='Catalog Product Price Indexer Final Index Table';

-- --------------------------------------------------------

--
-- Table structure for table `sgp_catalog_product_index_price_final_tmp`
--

CREATE TABLE `sgp_catalog_product_index_price_final_tmp` (
  `entity_id` int(10) UNSIGNED NOT NULL COMMENT 'Entity ID',
  `customer_group_id` smallint(5) UNSIGNED NOT NULL COMMENT 'Customer Group ID',
  `website_id` smallint(5) UNSIGNED NOT NULL COMMENT 'Website ID',
  `tax_class_id` smallint(5) UNSIGNED DEFAULT '0' COMMENT 'Tax Class ID',
  `orig_price` decimal(12,4) DEFAULT NULL COMMENT 'Original Price',
  `price` decimal(12,4) DEFAULT NULL COMMENT 'Price',
  `min_price` decimal(12,4) DEFAULT NULL COMMENT 'Min Price',
  `max_price` decimal(12,4) DEFAULT NULL COMMENT 'Max Price',
  `tier_price` decimal(12,4) DEFAULT NULL COMMENT 'Tier Price',
  `base_tier` decimal(12,4) DEFAULT NULL COMMENT 'Base Tier'
) ENGINE=MEMORY DEFAULT CHARSET=utf8 COMMENT='Catalog Product Price Indexer Final Temp Table';

-- --------------------------------------------------------

--
-- Table structure for table `sgp_catalog_product_index_price_idx`
--

CREATE TABLE `sgp_catalog_product_index_price_idx` (
  `entity_id` int(10) UNSIGNED NOT NULL COMMENT 'Entity ID',
  `customer_group_id` smallint(5) UNSIGNED NOT NULL COMMENT 'Customer Group ID',
  `website_id` smallint(5) UNSIGNED NOT NULL COMMENT 'Website ID',
  `tax_class_id` smallint(5) UNSIGNED DEFAULT '0' COMMENT 'Tax Class ID',
  `price` decimal(12,4) DEFAULT NULL COMMENT 'Price',
  `final_price` decimal(12,4) DEFAULT NULL COMMENT 'Final Price',
  `min_price` decimal(12,4) DEFAULT NULL COMMENT 'Min Price',
  `max_price` decimal(12,4) DEFAULT NULL COMMENT 'Max Price',
  `tier_price` decimal(12,4) DEFAULT NULL COMMENT 'Tier Price'
) ENGINE=InnoDB DEFAULT CHARSET=utf8 COMMENT='Catalog Product Price Indexer Index Table';

--
-- Dumping data for table `sgp_catalog_product_index_price_idx`
--

INSERT INTO `sgp_catalog_product_index_price_idx` (`entity_id`, `customer_group_id`, `website_id`, `tax_class_id`, `price`, `final_price`, `min_price`, `max_price`, `tier_price`) VALUES
(1, 0, 1, 2, 570.0000, 570.0000, 570.0000, 570.0000, NULL),
(1, 1, 1, 2, 570.0000, 570.0000, 570.0000, 570.0000, NULL),
(1, 2, 1, 2, 570.0000, 570.0000, 570.0000, 570.0000, NULL),
(1, 3, 1, 2, 570.0000, 570.0000, 570.0000, 570.0000, NULL),
(2, 0, 1, 2, 170.0000, 170.0000, 170.0000, 170.0000, NULL),
(2, 1, 1, 2, 170.0000, 170.0000, 170.0000, 170.0000, NULL),
(2, 2, 1, 2, 170.0000, 170.0000, 170.0000, 170.0000, NULL),
(2, 3, 1, 2, 170.0000, 170.0000, 170.0000, 170.0000, NULL),
(3, 0, 1, 2, 70.0000, 70.0000, 70.0000, 70.0000, NULL),
(3, 1, 1, 2, 70.0000, 70.0000, 70.0000, 70.0000, NULL),
(3, 2, 1, 2, 70.0000, 70.0000, 70.0000, 70.0000, NULL),
(3, 3, 1, 2, 70.0000, 70.0000, 70.0000, 70.0000, NULL),
(4, 0, 1, 2, 40.0000, 40.0000, 40.0000, 40.0000, NULL),
(4, 1, 1, 2, 40.0000, 40.0000, 40.0000, 40.0000, NULL),
(4, 2, 1, 2, 40.0000, 40.0000, 40.0000, 40.0000, NULL),
(4, 3, 1, 2, 40.0000, 40.0000, 40.0000, 40.0000, NULL),
(5, 0, 1, 2, 150.0000, 150.0000, 150.0000, 150.0000, NULL),
(5, 1, 1, 2, 150.0000, 150.0000, 150.0000, 150.0000, NULL),
(5, 2, 1, 2, 150.0000, 150.0000, 150.0000, 150.0000, NULL),
(5, 3, 1, 2, 150.0000, 150.0000, 150.0000, 150.0000, NULL),
(6, 0, 1, 2, 190.0000, 190.0000, 190.0000, 190.0000, NULL),
(6, 1, 1, 2, 190.0000, 190.0000, 190.0000, 190.0000, NULL),
(6, 2, 1, 2, 190.0000, 190.0000, 190.0000, 190.0000, NULL),
(6, 3, 1, 2, 190.0000, 190.0000, 190.0000, 190.0000, NULL),
(7, 0, 1, 2, 190.0000, 190.0000, 190.0000, 190.0000, NULL),
(7, 1, 1, 2, 190.0000, 190.0000, 190.0000, 190.0000, NULL),
(7, 2, 1, 2, 190.0000, 190.0000, 190.0000, 190.0000, NULL),
(7, 3, 1, 2, 190.0000, 190.0000, 190.0000, 190.0000, NULL),
(8, 0, 1, 2, 130.0000, 130.0000, 130.0000, 130.0000, NULL),
(8, 1, 1, 2, 130.0000, 130.0000, 130.0000, 130.0000, NULL),
(8, 2, 1, 2, 130.0000, 130.0000, 130.0000, 130.0000, NULL),
(8, 3, 1, 2, 130.0000, 130.0000, 130.0000, 130.0000, NULL),
(9, 0, 1, 2, 380.0000, 380.0000, 380.0000, 380.0000, NULL),
(9, 1, 1, 2, 380.0000, 380.0000, 380.0000, 380.0000, NULL),
(9, 2, 1, 2, 380.0000, 380.0000, 380.0000, 380.0000, NULL),
(9, 3, 1, 2, 380.0000, 380.0000, 380.0000, 380.0000, NULL),
(10, 0, 1, 2, 120.0000, 120.0000, 120.0000, 120.0000, NULL),
(10, 1, 1, 2, 120.0000, 120.0000, 120.0000, 120.0000, NULL),
(10, 2, 1, 2, 120.0000, 120.0000, 120.0000, 120.0000, NULL),
(10, 3, 1, 2, 120.0000, 120.0000, 120.0000, 120.0000, NULL),
(11, 0, 1, 2, 100.0000, 100.0000, 100.0000, 100.0000, NULL),
(11, 1, 1, 2, 100.0000, 100.0000, 100.0000, 100.0000, NULL),
(11, 2, 1, 2, 100.0000, 100.0000, 100.0000, 100.0000, NULL),
(11, 3, 1, 2, 100.0000, 100.0000, 100.0000, 100.0000, NULL),
(12, 0, 1, 2, 170.0000, 170.0000, 170.0000, 170.0000, NULL),
(12, 1, 1, 2, 170.0000, 170.0000, 170.0000, 170.0000, NULL),
(12, 2, 1, 2, 170.0000, 170.0000, 170.0000, 170.0000, NULL),
(12, 3, 1, 2, 170.0000, 170.0000, 170.0000, 170.0000, NULL),
(13, 0, 1, 2, 120.0000, 120.0000, 120.0000, 120.0000, NULL),
(13, 1, 1, 2, 120.0000, 120.0000, 120.0000, 120.0000, NULL),
(13, 2, 1, 2, 120.0000, 120.0000, 120.0000, 120.0000, NULL),
(13, 3, 1, 2, 120.0000, 120.0000, 120.0000, 120.0000, NULL),
(14, 0, 1, 2, 90.0000, 90.0000, 90.0000, 90.0000, NULL),
(14, 1, 1, 2, 90.0000, 90.0000, 90.0000, 90.0000, NULL),
(14, 2, 1, 2, 90.0000, 90.0000, 90.0000, 90.0000, NULL),
(14, 3, 1, 2, 90.0000, 90.0000, 90.0000, 90.0000, NULL),
(15, 0, 1, 2, 330.0000, 330.0000, 330.0000, 330.0000, NULL),
(15, 1, 1, 2, 330.0000, 330.0000, 330.0000, 330.0000, NULL),
(15, 2, 1, 2, 330.0000, 330.0000, 330.0000, 330.0000, NULL),
(15, 3, 1, 2, 330.0000, 330.0000, 330.0000, 330.0000, NULL),
(16, 0, 1, 2, 120.0000, 120.0000, 120.0000, 120.0000, NULL),
(16, 1, 1, 2, 120.0000, 120.0000, 120.0000, 120.0000, NULL),
(16, 2, 1, 2, 120.0000, 120.0000, 120.0000, 120.0000, NULL),
(16, 3, 1, 2, 120.0000, 120.0000, 120.0000, 120.0000, NULL),
(17, 0, 1, 2, 135.0000, 135.0000, 135.0000, 135.0000, NULL),
(17, 1, 1, 2, 135.0000, 135.0000, 135.0000, 135.0000, NULL),
(17, 2, 1, 2, 135.0000, 135.0000, 135.0000, 135.0000, NULL),
(17, 3, 1, 2, 135.0000, 135.0000, 135.0000, 135.0000, NULL),
(18, 0, 1, 2, 170.0000, 170.0000, 170.0000, 170.0000, NULL),
(18, 1, 1, 2, 170.0000, 170.0000, 170.0000, 170.0000, NULL),
(18, 2, 1, 2, 170.0000, 170.0000, 170.0000, 170.0000, NULL),
(18, 3, 1, 2, 170.0000, 170.0000, 170.0000, 170.0000, NULL),
(19, 0, 1, 2, 135.0000, 135.0000, 135.0000, 135.0000, NULL),
(19, 1, 1, 2, 135.0000, 135.0000, 135.0000, 135.0000, NULL),
(19, 2, 1, 2, 135.0000, 135.0000, 135.0000, 135.0000, NULL),
(19, 3, 1, 2, 135.0000, 135.0000, 135.0000, 135.0000, NULL),
(20, 0, 1, 2, 130.0000, 130.0000, 130.0000, 130.0000, NULL),
(20, 1, 1, 2, 130.0000, 130.0000, 130.0000, 130.0000, NULL),
(20, 2, 1, 2, 130.0000, 130.0000, 130.0000, 130.0000, NULL),
(20, 3, 1, 2, 130.0000, 130.0000, 130.0000, 130.0000, NULL),
(21, 0, 1, 2, 170.0000, 170.0000, 170.0000, 170.0000, NULL),
(21, 1, 1, 2, 170.0000, 170.0000, 170.0000, 170.0000, NULL),
(21, 2, 1, 2, 170.0000, 170.0000, 170.0000, 170.0000, NULL),
(21, 3, 1, 2, 170.0000, 170.0000, 170.0000, 170.0000, NULL),
(22, 0, 1, 2, 135.0000, 135.0000, 135.0000, 135.0000, NULL),
(22, 1, 1, 2, 135.0000, 135.0000, 135.0000, 135.0000, NULL),
(22, 2, 1, 2, 135.0000, 135.0000, 135.0000, 135.0000, NULL),
(22, 3, 1, 2, 135.0000, 135.0000, 135.0000, 135.0000, NULL),
(23, 0, 1, 2, 220.0000, 220.0000, 220.0000, 220.0000, NULL),
(23, 1, 1, 2, 220.0000, 220.0000, 220.0000, 220.0000, NULL),
(23, 2, 1, 2, 220.0000, 220.0000, 220.0000, 220.0000, NULL),
(23, 3, 1, 2, 220.0000, 220.0000, 220.0000, 220.0000, NULL),
(24, 0, 1, 2, 325.0000, 325.0000, 325.0000, 325.0000, NULL),
(24, 1, 1, 2, 325.0000, 325.0000, 325.0000, 325.0000, NULL),
(24, 2, 1, 2, 325.0000, 325.0000, 325.0000, 325.0000, NULL),
(24, 3, 1, 2, 325.0000, 325.0000, 325.0000, 325.0000, NULL),
(25, 0, 1, 2, 370.0000, 370.0000, 370.0000, 370.0000, NULL),
(25, 1, 1, 2, 370.0000, 370.0000, 370.0000, 370.0000, NULL),
(25, 2, 1, 2, 370.0000, 370.0000, 370.0000, 370.0000, NULL),
(25, 3, 1, 2, 370.0000, 370.0000, 370.0000, 370.0000, NULL),
(27, 0, 1, 2, 150.0000, 150.0000, 150.0000, 150.0000, NULL),
(27, 1, 1, 2, 150.0000, 150.0000, 150.0000, 150.0000, NULL),
(27, 2, 1, 2, 150.0000, 150.0000, 150.0000, 150.0000, NULL),
(27, 3, 1, 2, 150.0000, 150.0000, 150.0000, 150.0000, NULL),
(29, 0, 1, 2, 170.0000, 170.0000, 170.0000, 170.0000, NULL),
(29, 1, 1, 2, 170.0000, 170.0000, 170.0000, 170.0000, NULL),
(29, 2, 1, 2, 170.0000, 170.0000, 170.0000, 170.0000, NULL),
(29, 3, 1, 2, 170.0000, 170.0000, 170.0000, 170.0000, NULL),
(31, 0, 1, 2, 700.0000, 700.0000, 700.0000, 700.0000, NULL),
(31, 1, 1, 2, 700.0000, 700.0000, 700.0000, 700.0000, NULL),
(31, 2, 1, 2, 700.0000, 700.0000, 700.0000, 700.0000, NULL),
(31, 3, 1, 2, 700.0000, 700.0000, 700.0000, 700.0000, NULL),
(32, 0, 1, 2, 170.0000, 170.0000, 170.0000, 170.0000, NULL),
(32, 1, 1, 2, 170.0000, 170.0000, 170.0000, 170.0000, NULL),
(32, 2, 1, 2, 170.0000, 170.0000, 170.0000, 170.0000, NULL),
(32, 3, 1, 2, 170.0000, 170.0000, 170.0000, 170.0000, NULL),
(33, 0, 1, 2, 410.0000, 410.0000, 410.0000, 410.0000, NULL),
(33, 1, 1, 2, 410.0000, 410.0000, 410.0000, 410.0000, NULL),
(33, 2, 1, 2, 410.0000, 410.0000, 410.0000, 410.0000, NULL),
(33, 3, 1, 2, 410.0000, 410.0000, 410.0000, 410.0000, NULL),
(34, 0, 1, 2, 240.0000, 240.0000, 240.0000, 240.0000, NULL),
(34, 1, 1, 2, 240.0000, 240.0000, 240.0000, 240.0000, NULL),
(34, 2, 1, 2, 240.0000, 240.0000, 240.0000, 240.0000, NULL),
(34, 3, 1, 2, 240.0000, 240.0000, 240.0000, 240.0000, NULL),
(35, 0, 1, 2, 135.0000, 135.0000, 135.0000, 135.0000, NULL),
(35, 1, 1, 2, 135.0000, 135.0000, 135.0000, 135.0000, NULL),
(35, 2, 1, 2, 135.0000, 135.0000, 135.0000, 135.0000, NULL),
(35, 3, 1, 2, 135.0000, 135.0000, 135.0000, 135.0000, NULL),
(36, 0, 1, 2, 170.0000, 170.0000, 170.0000, 170.0000, NULL),
(36, 1, 1, 2, 170.0000, 170.0000, 170.0000, 170.0000, NULL),
(36, 2, 1, 2, 170.0000, 170.0000, 170.0000, 170.0000, NULL),
(36, 3, 1, 2, 170.0000, 170.0000, 170.0000, 170.0000, NULL),
(37, 0, 1, 2, 180.0000, 180.0000, 180.0000, 180.0000, NULL),
(37, 1, 1, 2, 180.0000, 180.0000, 180.0000, 180.0000, NULL),
(37, 2, 1, 2, 180.0000, 180.0000, 180.0000, 180.0000, NULL),
(37, 3, 1, 2, 180.0000, 180.0000, 180.0000, 180.0000, NULL),
(38, 0, 1, 2, 170.0000, 170.0000, 170.0000, 170.0000, NULL),
(38, 1, 1, 2, 170.0000, 170.0000, 170.0000, 170.0000, NULL),
(38, 2, 1, 2, 170.0000, 170.0000, 170.0000, 170.0000, NULL),
(38, 3, 1, 2, 170.0000, 170.0000, 170.0000, 170.0000, NULL),
(39, 0, 1, 2, 170.0000, 170.0000, 170.0000, 170.0000, NULL),
(39, 1, 1, 2, 170.0000, 170.0000, 170.0000, 170.0000, NULL),
(39, 2, 1, 2, 170.0000, 170.0000, 170.0000, 170.0000, NULL),
(39, 3, 1, 2, 170.0000, 170.0000, 170.0000, 170.0000, NULL),
(40, 0, 1, 2, 480.0000, 480.0000, 480.0000, 480.0000, NULL),
(40, 1, 1, 2, 480.0000, 480.0000, 480.0000, 480.0000, NULL),
(40, 2, 1, 2, 480.0000, 480.0000, 480.0000, 480.0000, NULL),
(40, 3, 1, 2, 480.0000, 480.0000, 480.0000, 480.0000, NULL),
(41, 0, 1, 2, 130.0000, 130.0000, 130.0000, 130.0000, NULL),
(41, 1, 1, 2, 130.0000, 130.0000, 130.0000, 130.0000, NULL),
(41, 2, 1, 2, 130.0000, 130.0000, 130.0000, 130.0000, NULL),
(41, 3, 1, 2, 130.0000, 130.0000, 130.0000, 130.0000, NULL),
(42, 0, 1, 2, 240.0000, 240.0000, 240.0000, 240.0000, NULL),
(42, 1, 1, 2, 240.0000, 240.0000, 240.0000, 240.0000, NULL),
(42, 2, 1, 2, 240.0000, 240.0000, 240.0000, 240.0000, NULL),
(42, 3, 1, 2, 240.0000, 240.0000, 240.0000, 240.0000, NULL),
(43, 0, 1, 2, 200.0000, 200.0000, 200.0000, 200.0000, NULL),
(43, 1, 1, 2, 200.0000, 200.0000, 200.0000, 200.0000, NULL),
(43, 2, 1, 2, 200.0000, 200.0000, 200.0000, 200.0000, NULL),
(43, 3, 1, 2, 200.0000, 200.0000, 200.0000, 200.0000, NULL),
(44, 0, 1, 2, 2950.0000, 2950.0000, 2950.0000, 2950.0000, NULL),
(44, 1, 1, 2, 2950.0000, 2950.0000, 2950.0000, 2950.0000, NULL),
(44, 2, 1, 2, 2950.0000, 2950.0000, 2950.0000, 2950.0000, NULL),
(44, 3, 1, 2, 2950.0000, 2950.0000, 2950.0000, 2950.0000, NULL),
(45, 0, 1, 2, 90.0000, 90.0000, 90.0000, 90.0000, NULL),
(45, 1, 1, 2, 90.0000, 90.0000, 90.0000, 90.0000, NULL),
(45, 2, 1, 2, 90.0000, 90.0000, 90.0000, 90.0000, NULL),
(45, 3, 1, 2, 90.0000, 90.0000, 90.0000, 90.0000, NULL),
(46, 0, 1, 2, 190.0000, 190.0000, 190.0000, 190.0000, NULL),
(46, 1, 1, 2, 190.0000, 190.0000, 190.0000, 190.0000, NULL),
(46, 2, 1, 2, 190.0000, 190.0000, 190.0000, 190.0000, NULL),
(46, 3, 1, 2, 190.0000, 190.0000, 190.0000, 190.0000, NULL),
(47, 0, 1, 2, 165.0000, 165.0000, 165.0000, 165.0000, NULL),
(47, 1, 1, 2, 165.0000, 165.0000, 165.0000, 165.0000, NULL),
(47, 2, 1, 2, 165.0000, 165.0000, 165.0000, 165.0000, NULL),
(47, 3, 1, 2, 165.0000, 165.0000, 165.0000, 165.0000, NULL),
(48, 0, 1, 2, 220.0000, 220.0000, 220.0000, 220.0000, NULL),
(48, 1, 1, 2, 220.0000, 220.0000, 220.0000, 220.0000, NULL),
(48, 2, 1, 2, 220.0000, 220.0000, 220.0000, 220.0000, NULL),
(48, 3, 1, 2, 220.0000, 220.0000, 220.0000, 220.0000, NULL),
(49, 0, 1, 2, 550.0000, 550.0000, 550.0000, 550.0000, NULL),
(49, 1, 1, 2, 550.0000, 550.0000, 550.0000, 550.0000, NULL),
(49, 2, 1, 2, 550.0000, 550.0000, 550.0000, 550.0000, NULL),
(49, 3, 1, 2, 550.0000, 550.0000, 550.0000, 550.0000, NULL),
(50, 0, 1, 2, 220.0000, 220.0000, 220.0000, 220.0000, NULL),
(50, 1, 1, 2, 220.0000, 220.0000, 220.0000, 220.0000, NULL),
(50, 2, 1, 2, 220.0000, 220.0000, 220.0000, 220.0000, NULL),
(50, 3, 1, 2, 220.0000, 220.0000, 220.0000, 220.0000, NULL),
(51, 0, 1, 2, 220.0000, 220.0000, 220.0000, 220.0000, NULL),
(51, 1, 1, 2, 220.0000, 220.0000, 220.0000, 220.0000, NULL),
(51, 2, 1, 2, 220.0000, 220.0000, 220.0000, 220.0000, NULL),
(51, 3, 1, 2, 220.0000, 220.0000, 220.0000, 220.0000, NULL),
(52, 0, 1, 2, 600.0000, 600.0000, 600.0000, 600.0000, NULL),
(52, 1, 1, 2, 600.0000, 600.0000, 600.0000, 600.0000, NULL),
(52, 2, 1, 2, 600.0000, 600.0000, 600.0000, 600.0000, NULL),
(52, 3, 1, 2, 600.0000, 600.0000, 600.0000, 600.0000, NULL),
(53, 0, 1, 2, 220.0000, 220.0000, 220.0000, 220.0000, NULL),
(53, 1, 1, 2, 220.0000, 220.0000, 220.0000, 220.0000, NULL),
(53, 2, 1, 2, 220.0000, 220.0000, 220.0000, 220.0000, NULL),
(53, 3, 1, 2, 220.0000, 220.0000, 220.0000, 220.0000, NULL),
(54, 0, 1, 2, 60.0000, 60.0000, 60.0000, 60.0000, NULL),
(54, 1, 1, 2, 60.0000, 60.0000, 60.0000, 60.0000, NULL),
(54, 2, 1, 2, 60.0000, 60.0000, 60.0000, 60.0000, NULL),
(54, 3, 1, 2, 60.0000, 60.0000, 60.0000, 60.0000, NULL),
(55, 0, 1, 2, 100.0000, 100.0000, 100.0000, 100.0000, NULL),
(55, 1, 1, 2, 100.0000, 100.0000, 100.0000, 100.0000, NULL),
(55, 2, 1, 2, 100.0000, 100.0000, 100.0000, 100.0000, NULL),
(55, 3, 1, 2, 100.0000, 100.0000, 100.0000, 100.0000, NULL),
(56, 0, 1, 2, 140.0000, 140.0000, 140.0000, 140.0000, NULL),
(56, 1, 1, 2, 140.0000, 140.0000, 140.0000, 140.0000, NULL),
(56, 2, 1, 2, 140.0000, 140.0000, 140.0000, 140.0000, NULL),
(56, 3, 1, 2, 140.0000, 140.0000, 140.0000, 140.0000, NULL),
(57, 0, 1, 2, 110.0000, 110.0000, 110.0000, 110.0000, NULL),
(57, 1, 1, 2, 110.0000, 110.0000, 110.0000, 110.0000, NULL),
(57, 2, 1, 2, 110.0000, 110.0000, 110.0000, 110.0000, NULL),
(57, 3, 1, 2, 110.0000, 110.0000, 110.0000, 110.0000, NULL),
(58, 0, 1, 2, 170.0000, 170.0000, 170.0000, 170.0000, NULL),
(58, 1, 1, 2, 170.0000, 170.0000, 170.0000, 170.0000, NULL),
(58, 2, 1, 2, 170.0000, 170.0000, 170.0000, 170.0000, NULL),
(58, 3, 1, 2, 170.0000, 170.0000, 170.0000, 170.0000, NULL),
(59, 0, 1, 2, 100.0000, 100.0000, 100.0000, 100.0000, NULL),
(59, 1, 1, 2, 100.0000, 100.0000, 100.0000, 100.0000, NULL),
(59, 2, 1, 2, 100.0000, 100.0000, 100.0000, 100.0000, NULL),
(59, 3, 1, 2, 100.0000, 100.0000, 100.0000, 100.0000, NULL),
(60, 0, 1, 2, 220.0000, 220.0000, 220.0000, 220.0000, NULL),
(60, 1, 1, 2, 220.0000, 220.0000, 220.0000, 220.0000, NULL),
(60, 2, 1, 2, 220.0000, 220.0000, 220.0000, 220.0000, NULL),
(60, 3, 1, 2, 220.0000, 220.0000, 220.0000, 220.0000, NULL),
(61, 0, 1, 2, 150.0000, 150.0000, 150.0000, 150.0000, NULL),
(61, 1, 1, 2, 150.0000, 150.0000, 150.0000, 150.0000, NULL),
(61, 2, 1, 2, 150.0000, 150.0000, 150.0000, 150.0000, NULL),
(61, 3, 1, 2, 150.0000, 150.0000, 150.0000, 150.0000, NULL),
(62, 0, 1, 2, 135.0000, 135.0000, 135.0000, 135.0000, NULL),
(62, 1, 1, 2, 135.0000, 135.0000, 135.0000, 135.0000, NULL),
(62, 2, 1, 2, 135.0000, 135.0000, 135.0000, 135.0000, NULL),
(62, 3, 1, 2, 135.0000, 135.0000, 135.0000, 135.0000, NULL),
(63, 0, 1, 2, 180.0000, 180.0000, 180.0000, 180.0000, NULL),
(63, 1, 1, 2, 180.0000, 180.0000, 180.0000, 180.0000, NULL),
(63, 2, 1, 2, 180.0000, 180.0000, 180.0000, 180.0000, NULL),
(63, 3, 1, 2, 180.0000, 180.0000, 180.0000, 180.0000, NULL),
(64, 0, 1, 2, 70.0000, 70.0000, 70.0000, 70.0000, NULL),
(64, 1, 1, 2, 70.0000, 70.0000, 70.0000, 70.0000, NULL),
(64, 2, 1, 2, 70.0000, 70.0000, 70.0000, 70.0000, NULL),
(64, 3, 1, 2, 70.0000, 70.0000, 70.0000, 70.0000, NULL),
(65, 0, 1, 2, 710.0000, 710.0000, 710.0000, 710.0000, NULL),
(65, 1, 1, 2, 710.0000, 710.0000, 710.0000, 710.0000, NULL),
(65, 2, 1, 2, 710.0000, 710.0000, 710.0000, 710.0000, NULL),
(65, 3, 1, 2, 710.0000, 710.0000, 710.0000, 710.0000, NULL),
(66, 0, 1, 2, 110.0000, 110.0000, 110.0000, 110.0000, NULL),
(66, 1, 1, 2, 110.0000, 110.0000, 110.0000, 110.0000, NULL),
(66, 2, 1, 2, 110.0000, 110.0000, 110.0000, 110.0000, NULL),
(66, 3, 1, 2, 110.0000, 110.0000, 110.0000, 110.0000, NULL),
(67, 0, 1, 2, 110.0000, 110.0000, 110.0000, 110.0000, NULL),
(67, 1, 1, 2, 110.0000, 110.0000, 110.0000, 110.0000, NULL),
(67, 2, 1, 2, 110.0000, 110.0000, 110.0000, 110.0000, NULL),
(67, 3, 1, 2, 110.0000, 110.0000, 110.0000, 110.0000, NULL),
(68, 0, 1, 2, 250.0000, 250.0000, 250.0000, 250.0000, NULL),
(68, 1, 1, 2, 250.0000, 250.0000, 250.0000, 250.0000, NULL),
(68, 2, 1, 2, 250.0000, 250.0000, 250.0000, 250.0000, NULL),
(68, 3, 1, 2, 250.0000, 250.0000, 250.0000, 250.0000, NULL),
(69, 0, 1, 2, 250.0000, 250.0000, 250.0000, 250.0000, NULL),
(69, 1, 1, 2, 250.0000, 250.0000, 250.0000, 250.0000, NULL),
(69, 2, 1, 2, 250.0000, 250.0000, 250.0000, 250.0000, NULL),
(69, 3, 1, 2, 250.0000, 250.0000, 250.0000, 250.0000, NULL),
(70, 0, 1, 2, 270.0000, 270.0000, 270.0000, 270.0000, NULL),
(70, 1, 1, 2, 270.0000, 270.0000, 270.0000, 270.0000, NULL),
(70, 2, 1, 2, 270.0000, 270.0000, 270.0000, 270.0000, NULL),
(70, 3, 1, 2, 270.0000, 270.0000, 270.0000, 270.0000, NULL),
(71, 0, 1, 2, 320.0000, 320.0000, 320.0000, 320.0000, NULL),
(71, 1, 1, 2, 320.0000, 320.0000, 320.0000, 320.0000, NULL),
(71, 2, 1, 2, 320.0000, 320.0000, 320.0000, 320.0000, NULL),
(71, 3, 1, 2, 320.0000, 320.0000, 320.0000, 320.0000, NULL),
(72, 0, 1, 2, 440.0000, 440.0000, 440.0000, 440.0000, NULL),
(72, 1, 1, 2, 440.0000, 440.0000, 440.0000, 440.0000, NULL),
(72, 2, 1, 2, 440.0000, 440.0000, 440.0000, 440.0000, NULL),
(72, 3, 1, 2, 440.0000, 440.0000, 440.0000, 440.0000, NULL),
(73, 0, 1, 2, 280.0000, 280.0000, 280.0000, 280.0000, NULL),
(73, 1, 1, 2, 280.0000, 280.0000, 280.0000, 280.0000, NULL),
(73, 2, 1, 2, 280.0000, 280.0000, 280.0000, 280.0000, NULL),
(73, 3, 1, 2, 280.0000, 280.0000, 280.0000, 280.0000, NULL),
(74, 0, 1, 2, 225.0000, 225.0000, 225.0000, 225.0000, NULL),
(74, 1, 1, 2, 225.0000, 225.0000, 225.0000, 225.0000, NULL),
(74, 2, 1, 2, 225.0000, 225.0000, 225.0000, 225.0000, NULL),
(74, 3, 1, 2, 225.0000, 225.0000, 225.0000, 225.0000, NULL),
(75, 0, 1, 2, 160.0000, 160.0000, 160.0000, 160.0000, NULL),
(75, 1, 1, 2, 160.0000, 160.0000, 160.0000, 160.0000, NULL),
(75, 2, 1, 2, 160.0000, 160.0000, 160.0000, 160.0000, NULL),
(75, 3, 1, 2, 160.0000, 160.0000, 160.0000, 160.0000, NULL),
(76, 0, 1, 2, 150.0000, 150.0000, 150.0000, 150.0000, NULL),
(76, 1, 1, 2, 150.0000, 150.0000, 150.0000, 150.0000, NULL),
(76, 2, 1, 2, 150.0000, 150.0000, 150.0000, 150.0000, NULL),
(76, 3, 1, 2, 150.0000, 150.0000, 150.0000, 150.0000, NULL),
(77, 0, 1, 2, 130.0000, 130.0000, 130.0000, 130.0000, NULL),
(77, 1, 1, 2, 130.0000, 130.0000, 130.0000, 130.0000, NULL),
(77, 2, 1, 2, 130.0000, 130.0000, 130.0000, 130.0000, NULL),
(77, 3, 1, 2, 130.0000, 130.0000, 130.0000, 130.0000, NULL),
(78, 0, 1, 2, 150.0000, 150.0000, 150.0000, 150.0000, NULL),
(78, 1, 1, 2, 150.0000, 150.0000, 150.0000, 150.0000, NULL),
(78, 2, 1, 2, 150.0000, 150.0000, 150.0000, 150.0000, NULL),
(78, 3, 1, 2, 150.0000, 150.0000, 150.0000, 150.0000, NULL),
(79, 0, 1, 2, 70.0000, 70.0000, 70.0000, 70.0000, NULL),
(79, 1, 1, 2, 70.0000, 70.0000, 70.0000, 70.0000, NULL),
(79, 2, 1, 2, 70.0000, 70.0000, 70.0000, 70.0000, NULL),
(79, 3, 1, 2, 70.0000, 70.0000, 70.0000, 70.0000, NULL),
(80, 0, 1, 2, 150.0000, 150.0000, 150.0000, 150.0000, NULL),
(80, 1, 1, 2, 150.0000, 150.0000, 150.0000, 150.0000, NULL),
(80, 2, 1, 2, 150.0000, 150.0000, 150.0000, 150.0000, NULL),
(80, 3, 1, 2, 150.0000, 150.0000, 150.0000, 150.0000, NULL),
(81, 0, 1, 2, 50.0000, 50.0000, 50.0000, 50.0000, NULL),
(81, 1, 1, 2, 50.0000, 50.0000, 50.0000, 50.0000, NULL),
(81, 2, 1, 2, 50.0000, 50.0000, 50.0000, 50.0000, NULL),
(81, 3, 1, 2, 50.0000, 50.0000, 50.0000, 50.0000, NULL),
(82, 0, 1, 2, 40.0000, 40.0000, 40.0000, 40.0000, NULL),
(82, 1, 1, 2, 40.0000, 40.0000, 40.0000, 40.0000, NULL),
(82, 2, 1, 2, 40.0000, 40.0000, 40.0000, 40.0000, NULL),
(82, 3, 1, 2, 40.0000, 40.0000, 40.0000, 40.0000, NULL),
(83, 0, 1, 2, 260.0000, 260.0000, 260.0000, 260.0000, NULL),
(83, 1, 1, 2, 260.0000, 260.0000, 260.0000, 260.0000, NULL),
(83, 2, 1, 2, 260.0000, 260.0000, 260.0000, 260.0000, NULL),
(83, 3, 1, 2, 260.0000, 260.0000, 260.0000, 260.0000, NULL),
(84, 0, 1, 2, 40.0000, 40.0000, 40.0000, 40.0000, NULL),
(84, 1, 1, 2, 40.0000, 40.0000, 40.0000, 40.0000, NULL),
(84, 2, 1, 2, 40.0000, 40.0000, 40.0000, 40.0000, NULL),
(84, 3, 1, 2, 40.0000, 40.0000, 40.0000, 40.0000, NULL),
(85, 0, 1, 2, 70.0000, 70.0000, 70.0000, 70.0000, NULL),
(85, 1, 1, 2, 70.0000, 70.0000, 70.0000, 70.0000, NULL),
(85, 2, 1, 2, 70.0000, 70.0000, 70.0000, 70.0000, NULL),
(85, 3, 1, 2, 70.0000, 70.0000, 70.0000, 70.0000, NULL),
(86, 0, 1, 2, 135.0000, 135.0000, 135.0000, 135.0000, NULL),
(86, 1, 1, 2, 135.0000, 135.0000, 135.0000, 135.0000, NULL),
(86, 2, 1, 2, 135.0000, 135.0000, 135.0000, 135.0000, NULL),
(86, 3, 1, 2, 135.0000, 135.0000, 135.0000, 135.0000, NULL),
(87, 0, 1, 2, 280.0000, 280.0000, 280.0000, 280.0000, NULL),
(87, 1, 1, 2, 280.0000, 280.0000, 280.0000, 280.0000, NULL),
(87, 2, 1, 2, 280.0000, 280.0000, 280.0000, 280.0000, NULL),
(87, 3, 1, 2, 280.0000, 280.0000, 280.0000, 280.0000, NULL),
(88, 0, 1, 2, 40.0000, 40.0000, 40.0000, 40.0000, NULL),
(88, 1, 1, 2, 40.0000, 40.0000, 40.0000, 40.0000, NULL),
(88, 2, 1, 2, 40.0000, 40.0000, 40.0000, 40.0000, NULL),
(88, 3, 1, 2, 40.0000, 40.0000, 40.0000, 40.0000, NULL),
(89, 0, 1, 2, 210.0000, 210.0000, 210.0000, 210.0000, NULL),
(89, 1, 1, 2, 210.0000, 210.0000, 210.0000, 210.0000, NULL),
(89, 2, 1, 2, 210.0000, 210.0000, 210.0000, 210.0000, NULL),
(89, 3, 1, 2, 210.0000, 210.0000, 210.0000, 210.0000, NULL),
(90, 0, 1, 2, 40.0000, 40.0000, 40.0000, 40.0000, NULL),
(90, 1, 1, 2, 40.0000, 40.0000, 40.0000, 40.0000, NULL),
(90, 2, 1, 2, 40.0000, 40.0000, 40.0000, 40.0000, NULL),
(90, 3, 1, 2, 40.0000, 40.0000, 40.0000, 40.0000, NULL),
(91, 0, 1, 2, 50.0000, 50.0000, 50.0000, 50.0000, NULL),
(91, 1, 1, 2, 50.0000, 50.0000, 50.0000, 50.0000, NULL),
(91, 2, 1, 2, 50.0000, 50.0000, 50.0000, 50.0000, NULL),
(91, 3, 1, 2, 50.0000, 50.0000, 50.0000, 50.0000, NULL),
(92, 0, 1, 2, 60.0000, 60.0000, 60.0000, 60.0000, NULL),
(92, 1, 1, 2, 60.0000, 60.0000, 60.0000, 60.0000, NULL),
(92, 2, 1, 2, 60.0000, 60.0000, 60.0000, 60.0000, NULL),
(92, 3, 1, 2, 60.0000, 60.0000, 60.0000, 60.0000, NULL),
(93, 0, 1, 2, 60.0000, 60.0000, 60.0000, 60.0000, NULL),
(93, 1, 1, 2, 60.0000, 60.0000, 60.0000, 60.0000, NULL),
(93, 2, 1, 2, 60.0000, 60.0000, 60.0000, 60.0000, NULL),
(93, 3, 1, 2, 60.0000, 60.0000, 60.0000, 60.0000, NULL),
(94, 0, 1, 2, 480.0000, 480.0000, 480.0000, 480.0000, NULL),
(94, 1, 1, 2, 480.0000, 480.0000, 480.0000, 480.0000, NULL),
(94, 2, 1, 2, 480.0000, 480.0000, 480.0000, 480.0000, NULL),
(94, 3, 1, 2, 480.0000, 480.0000, 480.0000, 480.0000, NULL),
(95, 0, 1, 2, 80.0000, 80.0000, 80.0000, 80.0000, NULL),
(95, 1, 1, 2, 80.0000, 80.0000, 80.0000, 80.0000, NULL),
(95, 2, 1, 2, 80.0000, 80.0000, 80.0000, 80.0000, NULL),
(95, 3, 1, 2, 80.0000, 80.0000, 80.0000, 80.0000, NULL),
(96, 0, 1, 2, 50.0000, 50.0000, 50.0000, 50.0000, NULL),
(96, 1, 1, 2, 50.0000, 50.0000, 50.0000, 50.0000, NULL),
(96, 2, 1, 2, 50.0000, 50.0000, 50.0000, 50.0000, NULL),
(96, 3, 1, 2, 50.0000, 50.0000, 50.0000, 50.0000, NULL),
(97, 0, 1, 2, 150.0000, 150.0000, 150.0000, 150.0000, NULL),
(97, 1, 1, 2, 150.0000, 150.0000, 150.0000, 150.0000, NULL),
(97, 2, 1, 2, 150.0000, 150.0000, 150.0000, 150.0000, NULL),
(97, 3, 1, 2, 150.0000, 150.0000, 150.0000, 150.0000, NULL),
(98, 0, 1, 2, 60.0000, 60.0000, 60.0000, 60.0000, NULL),
(98, 1, 1, 2, 60.0000, 60.0000, 60.0000, 60.0000, NULL),
(98, 2, 1, 2, 60.0000, 60.0000, 60.0000, 60.0000, NULL),
(98, 3, 1, 2, 60.0000, 60.0000, 60.0000, 60.0000, NULL),
(99, 0, 1, 2, 60.0000, 60.0000, 60.0000, 60.0000, NULL),
(99, 1, 1, 2, 60.0000, 60.0000, 60.0000, 60.0000, NULL),
(99, 2, 1, 2, 60.0000, 60.0000, 60.0000, 60.0000, NULL),
(99, 3, 1, 2, 60.0000, 60.0000, 60.0000, 60.0000, NULL),
(100, 0, 1, 2, 50.0000, 50.0000, 50.0000, 50.0000, NULL),
(100, 1, 1, 2, 50.0000, 50.0000, 50.0000, 50.0000, NULL),
(100, 2, 1, 2, 50.0000, 50.0000, 50.0000, 50.0000, NULL),
(100, 3, 1, 2, 50.0000, 50.0000, 50.0000, 50.0000, NULL),
(101, 0, 1, 2, 60.0000, 60.0000, 60.0000, 60.0000, NULL),
(101, 1, 1, 2, 60.0000, 60.0000, 60.0000, 60.0000, NULL),
(101, 2, 1, 2, 60.0000, 60.0000, 60.0000, 60.0000, NULL),
(101, 3, 1, 2, 60.0000, 60.0000, 60.0000, 60.0000, NULL),
(102, 0, 1, 2, 65.0000, 65.0000, 65.0000, 65.0000, NULL),
(102, 1, 1, 2, 65.0000, 65.0000, 65.0000, 65.0000, NULL),
(102, 2, 1, 2, 65.0000, 65.0000, 65.0000, 65.0000, NULL),
(102, 3, 1, 2, 65.0000, 65.0000, 65.0000, 65.0000, NULL),
(103, 0, 1, 2, 150.0000, 150.0000, 150.0000, 150.0000, NULL),
(103, 1, 1, 2, 150.0000, 150.0000, 150.0000, 150.0000, NULL),
(103, 2, 1, 2, 150.0000, 150.0000, 150.0000, 150.0000, NULL),
(103, 3, 1, 2, 150.0000, 150.0000, 150.0000, 150.0000, NULL),
(104, 0, 1, 2, 90.0000, 90.0000, 90.0000, 90.0000, NULL),
(104, 1, 1, 2, 90.0000, 90.0000, 90.0000, 90.0000, NULL),
(104, 2, 1, 2, 90.0000, 90.0000, 90.0000, 90.0000, NULL),
(104, 3, 1, 2, 90.0000, 90.0000, 90.0000, 90.0000, NULL),
(105, 0, 1, 2, 220.0000, 220.0000, 220.0000, 220.0000, NULL),
(105, 1, 1, 2, 220.0000, 220.0000, 220.0000, 220.0000, NULL),
(105, 2, 1, 2, 220.0000, 220.0000, 220.0000, 220.0000, NULL),
(105, 3, 1, 2, 220.0000, 220.0000, 220.0000, 220.0000, NULL),
(106, 0, 1, 2, 150.0000, 150.0000, 150.0000, 150.0000, NULL),
(106, 1, 1, 2, 150.0000, 150.0000, 150.0000, 150.0000, NULL),
(106, 2, 1, 2, 150.0000, 150.0000, 150.0000, 150.0000, NULL),
(106, 3, 1, 2, 150.0000, 150.0000, 150.0000, 150.0000, NULL),
(107, 0, 1, 2, 760.0000, 760.0000, 760.0000, 760.0000, NULL),
(107, 1, 1, 2, 760.0000, 760.0000, 760.0000, 760.0000, NULL),
(107, 2, 1, 2, 760.0000, 760.0000, 760.0000, 760.0000, NULL),
(107, 3, 1, 2, 760.0000, 760.0000, 760.0000, 760.0000, NULL),
(108, 0, 1, 2, 120.0000, 120.0000, 120.0000, 120.0000, NULL),
(108, 1, 1, 2, 120.0000, 120.0000, 120.0000, 120.0000, NULL),
(108, 2, 1, 2, 120.0000, 120.0000, 120.0000, 120.0000, NULL),
(108, 3, 1, 2, 120.0000, 120.0000, 120.0000, 120.0000, NULL),
(109, 0, 1, 2, 80.0000, 80.0000, 80.0000, 80.0000, NULL),
(109, 1, 1, 2, 80.0000, 80.0000, 80.0000, 80.0000, NULL),
(109, 2, 1, 2, 80.0000, 80.0000, 80.0000, 80.0000, NULL),
(109, 3, 1, 2, 80.0000, 80.0000, 80.0000, 80.0000, NULL),
(110, 0, 1, 2, 80.0000, 80.0000, 80.0000, 80.0000, NULL),
(110, 1, 1, 2, 80.0000, 80.0000, 80.0000, 80.0000, NULL),
(110, 2, 1, 2, 80.0000, 80.0000, 80.0000, 80.0000, NULL),
(110, 3, 1, 2, 80.0000, 80.0000, 80.0000, 80.0000, NULL),
(111, 0, 1, 2, 140.0000, 140.0000, 140.0000, 140.0000, NULL),
(111, 1, 1, 2, 140.0000, 140.0000, 140.0000, 140.0000, NULL),
(111, 2, 1, 2, 140.0000, 140.0000, 140.0000, 140.0000, NULL),
(111, 3, 1, 2, 140.0000, 140.0000, 140.0000, 140.0000, NULL),
(112, 0, 1, 2, 130.0000, 130.0000, 130.0000, 130.0000, NULL),
(112, 1, 1, 2, 130.0000, 130.0000, 130.0000, 130.0000, NULL),
(112, 2, 1, 2, 130.0000, 130.0000, 130.0000, 130.0000, NULL),
(112, 3, 1, 2, 130.0000, 130.0000, 130.0000, 130.0000, NULL),
(113, 0, 1, 2, 110.0000, 110.0000, 110.0000, 110.0000, NULL),
(113, 1, 1, 2, 110.0000, 110.0000, 110.0000, 110.0000, NULL),
(113, 2, 1, 2, 110.0000, 110.0000, 110.0000, 110.0000, NULL),
(113, 3, 1, 2, 110.0000, 110.0000, 110.0000, 110.0000, NULL),
(114, 0, 1, 2, 75.0000, 75.0000, 75.0000, 75.0000, NULL),
(114, 1, 1, 2, 75.0000, 75.0000, 75.0000, 75.0000, NULL),
(114, 2, 1, 2, 75.0000, 75.0000, 75.0000, 75.0000, NULL),
(114, 3, 1, 2, 75.0000, 75.0000, 75.0000, 75.0000, NULL),
(115, 0, 1, 2, 75.0000, 75.0000, 75.0000, 75.0000, NULL),
(115, 1, 1, 2, 75.0000, 75.0000, 75.0000, 75.0000, NULL),
(115, 2, 1, 2, 75.0000, 75.0000, 75.0000, 75.0000, NULL),
(115, 3, 1, 2, 75.0000, 75.0000, 75.0000, 75.0000, NULL),
(116, 0, 1, 2, 70.0000, 70.0000, 70.0000, 70.0000, NULL),
(116, 1, 1, 2, 70.0000, 70.0000, 70.0000, 70.0000, NULL),
(116, 2, 1, 2, 70.0000, 70.0000, 70.0000, 70.0000, NULL),
(116, 3, 1, 2, 70.0000, 70.0000, 70.0000, 70.0000, NULL),
(117, 0, 1, 2, 80.0000, 80.0000, 80.0000, 80.0000, NULL),
(117, 1, 1, 2, 80.0000, 80.0000, 80.0000, 80.0000, NULL),
(117, 2, 1, 2, 80.0000, 80.0000, 80.0000, 80.0000, NULL),
(117, 3, 1, 2, 80.0000, 80.0000, 80.0000, 80.0000, NULL),
(118, 0, 1, 2, 140.0000, 140.0000, 140.0000, 140.0000, NULL),
(118, 1, 1, 2, 140.0000, 140.0000, 140.0000, 140.0000, NULL),
(118, 2, 1, 2, 140.0000, 140.0000, 140.0000, 140.0000, NULL),
(118, 3, 1, 2, 140.0000, 140.0000, 140.0000, 140.0000, NULL),
(119, 0, 1, 2, 140.0000, 140.0000, 140.0000, 140.0000, NULL),
(119, 1, 1, 2, 140.0000, 140.0000, 140.0000, 140.0000, NULL),
(119, 2, 1, 2, 140.0000, 140.0000, 140.0000, 140.0000, NULL),
(119, 3, 1, 2, 140.0000, 140.0000, 140.0000, 140.0000, NULL),
(120, 0, 1, 2, 90.0000, 90.0000, 90.0000, 90.0000, NULL),
(120, 1, 1, 2, 90.0000, 90.0000, 90.0000, 90.0000, NULL),
(120, 2, 1, 2, 90.0000, 90.0000, 90.0000, 90.0000, NULL),
(120, 3, 1, 2, 90.0000, 90.0000, 90.0000, 90.0000, NULL),
(121, 0, 1, 2, 560.0000, 560.0000, 560.0000, 560.0000, NULL),
(121, 1, 1, 2, 560.0000, 560.0000, 560.0000, 560.0000, NULL),
(121, 2, 1, 2, 560.0000, 560.0000, 560.0000, 560.0000, NULL),
(121, 3, 1, 2, 560.0000, 560.0000, 560.0000, 560.0000, NULL),
(122, 0, 1, 2, 70.0000, 70.0000, 70.0000, 70.0000, NULL),
(122, 1, 1, 2, 70.0000, 70.0000, 70.0000, 70.0000, NULL),
(122, 2, 1, 2, 70.0000, 70.0000, 70.0000, 70.0000, NULL),
(122, 3, 1, 2, 70.0000, 70.0000, 70.0000, 70.0000, NULL),
(123, 0, 1, 2, 110.0000, 110.0000, 110.0000, 110.0000, NULL),
(123, 1, 1, 2, 110.0000, 110.0000, 110.0000, 110.0000, NULL),
(123, 2, 1, 2, 110.0000, 110.0000, 110.0000, 110.0000, NULL),
(123, 3, 1, 2, 110.0000, 110.0000, 110.0000, 110.0000, NULL),
(124, 0, 1, 2, 70.0000, 70.0000, 70.0000, 70.0000, NULL),
(124, 1, 1, 2, 70.0000, 70.0000, 70.0000, 70.0000, NULL),
(124, 2, 1, 2, 70.0000, 70.0000, 70.0000, 70.0000, NULL),
(124, 3, 1, 2, 70.0000, 70.0000, 70.0000, 70.0000, NULL),
(125, 0, 1, 2, 100.0000, 100.0000, 100.0000, 100.0000, NULL),
(125, 1, 1, 2, 100.0000, 100.0000, 100.0000, 100.0000, NULL),
(125, 2, 1, 2, 100.0000, 100.0000, 100.0000, 100.0000, NULL),
(125, 3, 1, 2, 100.0000, 100.0000, 100.0000, 100.0000, NULL),
(126, 0, 1, 2, 95.0000, 95.0000, 95.0000, 95.0000, NULL),
(126, 1, 1, 2, 95.0000, 95.0000, 95.0000, 95.0000, NULL),
(126, 2, 1, 2, 95.0000, 95.0000, 95.0000, 95.0000, NULL),
(126, 3, 1, 2, 95.0000, 95.0000, 95.0000, 95.0000, NULL),
(127, 0, 1, 2, 60.0000, 60.0000, 60.0000, 60.0000, NULL),
(127, 1, 1, 2, 60.0000, 60.0000, 60.0000, 60.0000, NULL),
(127, 2, 1, 2, 60.0000, 60.0000, 60.0000, 60.0000, NULL),
(127, 3, 1, 2, 60.0000, 60.0000, 60.0000, 60.0000, NULL),
(128, 0, 1, 2, 100.0000, 100.0000, 100.0000, 100.0000, NULL),
(128, 1, 1, 2, 100.0000, 100.0000, 100.0000, 100.0000, NULL),
(128, 2, 1, 2, 100.0000, 100.0000, 100.0000, 100.0000, NULL),
(128, 3, 1, 2, 100.0000, 100.0000, 100.0000, 100.0000, NULL),
(129, 0, 1, 2, 50.0000, 50.0000, 50.0000, 50.0000, NULL),
(129, 1, 1, 2, 50.0000, 50.0000, 50.0000, 50.0000, NULL),
(129, 2, 1, 2, 50.0000, 50.0000, 50.0000, 50.0000, NULL),
(129, 3, 1, 2, 50.0000, 50.0000, 50.0000, 50.0000, NULL),
(130, 0, 1, 2, 90.0000, 90.0000, 90.0000, 90.0000, NULL),
(130, 1, 1, 2, 90.0000, 90.0000, 90.0000, 90.0000, NULL),
(130, 2, 1, 2, 90.0000, 90.0000, 90.0000, 90.0000, NULL),
(130, 3, 1, 2, 90.0000, 90.0000, 90.0000, 90.0000, NULL),
(131, 0, 1, 2, 40.0000, 40.0000, 40.0000, 40.0000, NULL),
(131, 1, 1, 2, 40.0000, 40.0000, 40.0000, 40.0000, NULL),
(131, 2, 1, 2, 40.0000, 40.0000, 40.0000, 40.0000, NULL),
(131, 3, 1, 2, 40.0000, 40.0000, 40.0000, 40.0000, NULL),
(132, 0, 1, 2, 60.0000, 60.0000, 60.0000, 60.0000, NULL),
(132, 1, 1, 2, 60.0000, 60.0000, 60.0000, 60.0000, NULL),
(132, 2, 1, 2, 60.0000, 60.0000, 60.0000, 60.0000, NULL),
(132, 3, 1, 2, 60.0000, 60.0000, 60.0000, 60.0000, NULL),
(133, 0, 1, 2, 240.0000, 240.0000, 240.0000, 240.0000, NULL),
(133, 1, 1, 2, 240.0000, 240.0000, 240.0000, 240.0000, NULL),
(133, 2, 1, 2, 240.0000, 240.0000, 240.0000, 240.0000, NULL),
(133, 3, 1, 2, 240.0000, 240.0000, 240.0000, 240.0000, NULL),
(134, 0, 1, 2, 0.0000, 0.0000, 0.0000, 0.0000, NULL),
(134, 1, 1, 2, 0.0000, 0.0000, 0.0000, 0.0000, NULL),
(134, 2, 1, 2, 0.0000, 0.0000, 0.0000, 0.0000, NULL),
(134, 3, 1, 2, 0.0000, 0.0000, 0.0000, 0.0000, NULL),
(135, 0, 1, 2, 0.0000, 0.0000, 0.0000, 0.0000, NULL),
(135, 1, 1, 2, 0.0000, 0.0000, 0.0000, 0.0000, NULL),
(135, 2, 1, 2, 0.0000, 0.0000, 0.0000, 0.0000, NULL),
(135, 3, 1, 2, 0.0000, 0.0000, 0.0000, 0.0000, NULL),
(136, 0, 1, 2, 0.0000, 0.0000, 0.0000, 0.0000, NULL),
(136, 1, 1, 2, 0.0000, 0.0000, 0.0000, 0.0000, NULL),
(136, 2, 1, 2, 0.0000, 0.0000, 0.0000, 0.0000, NULL),
(136, 3, 1, 2, 0.0000, 0.0000, 0.0000, 0.0000, NULL),
(137, 0, 1, 2, 0.0000, 0.0000, 0.0000, 0.0000, NULL),
(137, 1, 1, 2, 0.0000, 0.0000, 0.0000, 0.0000, NULL),
(137, 2, 1, 2, 0.0000, 0.0000, 0.0000, 0.0000, NULL),
(137, 3, 1, 2, 0.0000, 0.0000, 0.0000, 0.0000, NULL),
(138, 0, 1, 2, 0.0000, 0.0000, 0.0000, 0.0000, NULL),
(138, 1, 1, 2, 0.0000, 0.0000, 0.0000, 0.0000, NULL),
(138, 2, 1, 2, 0.0000, 0.0000, 0.0000, 0.0000, NULL),
(138, 3, 1, 2, 0.0000, 0.0000, 0.0000, 0.0000, NULL),
(139, 0, 1, 2, 0.0000, 0.0000, 0.0000, 0.0000, NULL),
(139, 1, 1, 2, 0.0000, 0.0000, 0.0000, 0.0000, NULL),
(139, 2, 1, 2, 0.0000, 0.0000, 0.0000, 0.0000, NULL),
(139, 3, 1, 2, 0.0000, 0.0000, 0.0000, 0.0000, NULL),
(140, 0, 1, 2, 0.0000, 0.0000, 0.0000, 0.0000, NULL),
(140, 1, 1, 2, 0.0000, 0.0000, 0.0000, 0.0000, NULL),
(140, 2, 1, 2, 0.0000, 0.0000, 0.0000, 0.0000, NULL),
(140, 3, 1, 2, 0.0000, 0.0000, 0.0000, 0.0000, NULL),
(141, 0, 1, 2, 120.0000, 120.0000, 120.0000, 120.0000, NULL),
(141, 1, 1, 2, 120.0000, 120.0000, 120.0000, 120.0000, NULL),
(141, 2, 1, 2, 120.0000, 120.0000, 120.0000, 120.0000, NULL),
(141, 3, 1, 2, 120.0000, 120.0000, 120.0000, 120.0000, NULL),
(142, 0, 1, 2, 0.0000, 0.0000, 0.0000, 0.0000, NULL),
(142, 1, 1, 2, 0.0000, 0.0000, 0.0000, 0.0000, NULL),
(142, 2, 1, 2, 0.0000, 0.0000, 0.0000, 0.0000, NULL),
(142, 3, 1, 2, 0.0000, 0.0000, 0.0000, 0.0000, NULL),
(143, 0, 1, 2, 60.0000, 60.0000, 60.0000, 60.0000, NULL),
(143, 1, 1, 2, 60.0000, 60.0000, 60.0000, 60.0000, NULL),
(143, 2, 1, 2, 60.0000, 60.0000, 60.0000, 60.0000, NULL),
(143, 3, 1, 2, 60.0000, 60.0000, 60.0000, 60.0000, NULL),
(144, 0, 1, 2, 0.0000, 0.0000, 0.0000, 0.0000, NULL),
(144, 1, 1, 2, 0.0000, 0.0000, 0.0000, 0.0000, NULL),
(144, 2, 1, 2, 0.0000, 0.0000, 0.0000, 0.0000, NULL),
(144, 3, 1, 2, 0.0000, 0.0000, 0.0000, 0.0000, NULL),
(145, 0, 1, 2, 120.0000, 120.0000, 120.0000, 120.0000, NULL),
(145, 1, 1, 2, 120.0000, 120.0000, 120.0000, 120.0000, NULL),
(145, 2, 1, 2, 120.0000, 120.0000, 120.0000, 120.0000, NULL),
(145, 3, 1, 2, 120.0000, 120.0000, 120.0000, 120.0000, NULL),
(146, 0, 1, 2, 0.0000, 0.0000, 0.0000, 0.0000, NULL),
(146, 1, 1, 2, 0.0000, 0.0000, 0.0000, 0.0000, NULL),
(146, 2, 1, 2, 0.0000, 0.0000, 0.0000, 0.0000, NULL),
(146, 3, 1, 2, 0.0000, 0.0000, 0.0000, 0.0000, NULL),
(147, 0, 1, 2, 110.0000, 110.0000, 110.0000, 110.0000, NULL),
(147, 1, 1, 2, 110.0000, 110.0000, 110.0000, 110.0000, NULL),
(147, 2, 1, 2, 110.0000, 110.0000, 110.0000, 110.0000, NULL),
(147, 3, 1, 2, 110.0000, 110.0000, 110.0000, 110.0000, NULL),
(148, 0, 1, 2, 0.0000, 0.0000, 0.0000, 0.0000, NULL),
(148, 1, 1, 2, 0.0000, 0.0000, 0.0000, 0.0000, NULL),
(148, 2, 1, 2, 0.0000, 0.0000, 0.0000, 0.0000, NULL),
(148, 3, 1, 2, 0.0000, 0.0000, 0.0000, 0.0000, NULL),
(149, 0, 1, 2, 90.0000, 90.0000, 90.0000, 90.0000, NULL),
(149, 1, 1, 2, 90.0000, 90.0000, 90.0000, 90.0000, NULL),
(149, 2, 1, 2, 90.0000, 90.0000, 90.0000, 90.0000, NULL),
(149, 3, 1, 2, 90.0000, 90.0000, 90.0000, 90.0000, NULL),
(150, 0, 1, 2, 0.0000, 0.0000, 0.0000, 0.0000, NULL),
(150, 1, 1, 2, 0.0000, 0.0000, 0.0000, 0.0000, NULL),
(150, 2, 1, 2, 0.0000, 0.0000, 0.0000, 0.0000, NULL),
(150, 3, 1, 2, 0.0000, 0.0000, 0.0000, 0.0000, NULL),
(151, 0, 1, 2, 0.0000, 0.0000, 0.0000, 0.0000, NULL),
(151, 1, 1, 2, 0.0000, 0.0000, 0.0000, 0.0000, NULL),
(151, 2, 1, 2, 0.0000, 0.0000, 0.0000, 0.0000, NULL),
(151, 3, 1, 2, 0.0000, 0.0000, 0.0000, 0.0000, NULL),
(152, 0, 1, 2, 0.0000, 0.0000, 0.0000, 0.0000, NULL),
(152, 1, 1, 2, 0.0000, 0.0000, 0.0000, 0.0000, NULL),
(152, 2, 1, 2, 0.0000, 0.0000, 0.0000, 0.0000, NULL),
(152, 3, 1, 2, 0.0000, 0.0000, 0.0000, 0.0000, NULL),
(153, 0, 1, 2, 150.0000, 150.0000, 150.0000, 150.0000, NULL),
(153, 1, 1, 2, 150.0000, 150.0000, 150.0000, 150.0000, NULL),
(153, 2, 1, 2, 150.0000, 150.0000, 150.0000, 150.0000, NULL),
(153, 3, 1, 2, 150.0000, 150.0000, 150.0000, 150.0000, NULL),
(154, 0, 1, 2, 45.0000, 45.0000, 45.0000, 45.0000, NULL),
(154, 1, 1, 2, 45.0000, 45.0000, 45.0000, 45.0000, NULL),
(154, 2, 1, 2, 45.0000, 45.0000, 45.0000, 45.0000, NULL),
(154, 3, 1, 2, 45.0000, 45.0000, 45.0000, 45.0000, NULL),
(155, 0, 1, 2, 0.0000, 0.0000, 0.0000, 0.0000, NULL),
(155, 1, 1, 2, 0.0000, 0.0000, 0.0000, 0.0000, NULL),
(155, 2, 1, 2, 0.0000, 0.0000, 0.0000, 0.0000, NULL),
(155, 3, 1, 2, 0.0000, 0.0000, 0.0000, 0.0000, NULL),
(156, 0, 1, 2, 45.0000, 45.0000, 45.0000, 45.0000, NULL),
(156, 1, 1, 2, 45.0000, 45.0000, 45.0000, 45.0000, NULL),
(156, 2, 1, 2, 45.0000, 45.0000, 45.0000, 45.0000, NULL),
(156, 3, 1, 2, 45.0000, 45.0000, 45.0000, 45.0000, NULL),
(157, 0, 1, 2, 0.0000, 0.0000, 0.0000, 0.0000, NULL),
(157, 1, 1, 2, 0.0000, 0.0000, 0.0000, 0.0000, NULL),
(157, 2, 1, 2, 0.0000, 0.0000, 0.0000, 0.0000, NULL),
(157, 3, 1, 2, 0.0000, 0.0000, 0.0000, 0.0000, NULL),
(158, 0, 1, 2, 0.0000, 0.0000, 0.0000, 0.0000, NULL),
(158, 1, 1, 2, 0.0000, 0.0000, 0.0000, 0.0000, NULL),
(158, 2, 1, 2, 0.0000, 0.0000, 0.0000, 0.0000, NULL),
(158, 3, 1, 2, 0.0000, 0.0000, 0.0000, 0.0000, NULL),
(159, 0, 1, 2, 0.0000, 0.0000, 0.0000, 0.0000, NULL),
(159, 1, 1, 2, 0.0000, 0.0000, 0.0000, 0.0000, NULL),
(159, 2, 1, 2, 0.0000, 0.0000, 0.0000, 0.0000, NULL),
(159, 3, 1, 2, 0.0000, 0.0000, 0.0000, 0.0000, NULL),
(160, 0, 1, 2, 50.0000, 50.0000, 50.0000, 50.0000, NULL),
(160, 1, 1, 2, 50.0000, 50.0000, 50.0000, 50.0000, NULL),
(160, 2, 1, 2, 50.0000, 50.0000, 50.0000, 50.0000, NULL),
(160, 3, 1, 2, 50.0000, 50.0000, 50.0000, 50.0000, NULL),
(161, 0, 1, 2, 0.0000, 0.0000, 0.0000, 0.0000, NULL),
(161, 1, 1, 2, 0.0000, 0.0000, 0.0000, 0.0000, NULL),
(161, 2, 1, 2, 0.0000, 0.0000, 0.0000, 0.0000, NULL),
(161, 3, 1, 2, 0.0000, 0.0000, 0.0000, 0.0000, NULL),
(162, 0, 1, 2, 0.0000, 0.0000, 0.0000, 0.0000, NULL),
(162, 1, 1, 2, 0.0000, 0.0000, 0.0000, 0.0000, NULL),
(162, 2, 1, 2, 0.0000, 0.0000, 0.0000, 0.0000, NULL),
(162, 3, 1, 2, 0.0000, 0.0000, 0.0000, 0.0000, NULL),
(163, 0, 1, 2, 80.0000, 80.0000, 80.0000, 80.0000, NULL),
(163, 1, 1, 2, 80.0000, 80.0000, 80.0000, 80.0000, NULL),
(163, 2, 1, 2, 80.0000, 80.0000, 80.0000, 80.0000, NULL),
(163, 3, 1, 2, 80.0000, 80.0000, 80.0000, 80.0000, NULL),
(164, 0, 1, 2, 0.0000, 0.0000, 0.0000, 0.0000, NULL),
(164, 1, 1, 2, 0.0000, 0.0000, 0.0000, 0.0000, NULL),
(164, 2, 1, 2, 0.0000, 0.0000, 0.0000, 0.0000, NULL),
(164, 3, 1, 2, 0.0000, 0.0000, 0.0000, 0.0000, NULL),
(165, 0, 1, 2, 60.0000, 60.0000, 60.0000, 60.0000, NULL),
(165, 1, 1, 2, 60.0000, 60.0000, 60.0000, 60.0000, NULL),
(165, 2, 1, 2, 60.0000, 60.0000, 60.0000, 60.0000, NULL),
(165, 3, 1, 2, 60.0000, 60.0000, 60.0000, 60.0000, NULL),
(166, 0, 1, 2, 0.0000, 0.0000, 0.0000, 0.0000, NULL),
(166, 1, 1, 2, 0.0000, 0.0000, 0.0000, 0.0000, NULL),
(166, 2, 1, 2, 0.0000, 0.0000, 0.0000, 0.0000, NULL),
(166, 3, 1, 2, 0.0000, 0.0000, 0.0000, 0.0000, NULL),
(167, 0, 1, 2, 60.0000, 60.0000, 60.0000, 60.0000, NULL),
(167, 1, 1, 2, 60.0000, 60.0000, 60.0000, 60.0000, NULL),
(167, 2, 1, 2, 60.0000, 60.0000, 60.0000, 60.0000, NULL),
(167, 3, 1, 2, 60.0000, 60.0000, 60.0000, 60.0000, NULL),
(168, 0, 1, 2, 140.0000, 140.0000, 140.0000, 140.0000, NULL),
(168, 1, 1, 2, 140.0000, 140.0000, 140.0000, 140.0000, NULL),
(168, 2, 1, 2, 140.0000, 140.0000, 140.0000, 140.0000, NULL),
(168, 3, 1, 2, 140.0000, 140.0000, 140.0000, 140.0000, NULL),
(169, 0, 1, 2, 0.0000, 0.0000, 0.0000, 0.0000, NULL),
(169, 1, 1, 2, 0.0000, 0.0000, 0.0000, 0.0000, NULL),
(169, 2, 1, 2, 0.0000, 0.0000, 0.0000, 0.0000, NULL),
(169, 3, 1, 2, 0.0000, 0.0000, 0.0000, 0.0000, NULL),
(170, 0, 1, 2, 100.0000, 100.0000, 100.0000, 100.0000, NULL),
(170, 1, 1, 2, 100.0000, 100.0000, 100.0000, 100.0000, NULL),
(170, 2, 1, 2, 100.0000, 100.0000, 100.0000, 100.0000, NULL),
(170, 3, 1, 2, 100.0000, 100.0000, 100.0000, 100.0000, NULL),
(171, 0, 1, 2, 0.0000, 0.0000, 0.0000, 0.0000, NULL),
(171, 1, 1, 2, 0.0000, 0.0000, 0.0000, 0.0000, NULL),
(171, 2, 1, 2, 0.0000, 0.0000, 0.0000, 0.0000, NULL),
(171, 3, 1, 2, 0.0000, 0.0000, 0.0000, 0.0000, NULL),
(172, 0, 1, 2, 0.0000, 0.0000, 0.0000, 0.0000, NULL),
(172, 1, 1, 2, 0.0000, 0.0000, 0.0000, 0.0000, NULL),
(172, 2, 1, 2, 0.0000, 0.0000, 0.0000, 0.0000, NULL),
(172, 3, 1, 2, 0.0000, 0.0000, 0.0000, 0.0000, NULL),
(173, 0, 1, 2, 340.0000, 340.0000, 340.0000, 340.0000, NULL),
(173, 1, 1, 2, 340.0000, 340.0000, 340.0000, 340.0000, NULL),
(173, 2, 1, 2, 340.0000, 340.0000, 340.0000, 340.0000, NULL),
(173, 3, 1, 2, 340.0000, 340.0000, 340.0000, 340.0000, NULL),
(174, 0, 1, 2, 0.0000, 0.0000, 0.0000, 0.0000, NULL),
(174, 1, 1, 2, 0.0000, 0.0000, 0.0000, 0.0000, NULL),
(174, 2, 1, 2, 0.0000, 0.0000, 0.0000, 0.0000, NULL),
(174, 3, 1, 2, 0.0000, 0.0000, 0.0000, 0.0000, NULL),
(175, 0, 1, 2, 165.0000, 165.0000, 165.0000, 165.0000, NULL),
(175, 1, 1, 2, 165.0000, 165.0000, 165.0000, 165.0000, NULL),
(175, 2, 1, 2, 165.0000, 165.0000, 165.0000, 165.0000, NULL),
(175, 3, 1, 2, 165.0000, 165.0000, 165.0000, 165.0000, NULL),
(176, 0, 1, 2, 140.0000, 140.0000, 140.0000, 140.0000, NULL),
(176, 1, 1, 2, 140.0000, 140.0000, 140.0000, 140.0000, NULL),
(176, 2, 1, 2, 140.0000, 140.0000, 140.0000, 140.0000, NULL),
(176, 3, 1, 2, 140.0000, 140.0000, 140.0000, 140.0000, NULL),
(177, 0, 1, 2, 0.0000, 0.0000, 0.0000, 0.0000, NULL),
(177, 1, 1, 2, 0.0000, 0.0000, 0.0000, 0.0000, NULL),
(177, 2, 1, 2, 0.0000, 0.0000, 0.0000, 0.0000, NULL),
(177, 3, 1, 2, 0.0000, 0.0000, 0.0000, 0.0000, NULL),
(178, 0, 1, 2, 60.0000, 60.0000, 60.0000, 60.0000, NULL),
(178, 1, 1, 2, 60.0000, 60.0000, 60.0000, 60.0000, NULL),
(178, 2, 1, 2, 60.0000, 60.0000, 60.0000, 60.0000, NULL),
(178, 3, 1, 2, 60.0000, 60.0000, 60.0000, 60.0000, NULL),
(179, 0, 1, 2, 165.0000, 165.0000, 165.0000, 165.0000, NULL),
(179, 1, 1, 2, 165.0000, 165.0000, 165.0000, 165.0000, NULL),
(179, 2, 1, 2, 165.0000, 165.0000, 165.0000, 165.0000, NULL),
(179, 3, 1, 2, 165.0000, 165.0000, 165.0000, 165.0000, NULL),
(180, 0, 1, 2, 70.0000, 70.0000, 70.0000, 70.0000, NULL),
(180, 1, 1, 2, 70.0000, 70.0000, 70.0000, 70.0000, NULL),
(180, 2, 1, 2, 70.0000, 70.0000, 70.0000, 70.0000, NULL),
(180, 3, 1, 2, 70.0000, 70.0000, 70.0000, 70.0000, NULL),
(181, 0, 1, 2, 0.0000, 0.0000, 0.0000, 0.0000, NULL),
(181, 1, 1, 2, 0.0000, 0.0000, 0.0000, 0.0000, NULL),
(181, 2, 1, 2, 0.0000, 0.0000, 0.0000, 0.0000, NULL),
(181, 3, 1, 2, 0.0000, 0.0000, 0.0000, 0.0000, NULL),
(182, 0, 1, 2, 120.0000, 120.0000, 120.0000, 120.0000, NULL),
(182, 1, 1, 2, 120.0000, 120.0000, 120.0000, 120.0000, NULL),
(182, 2, 1, 2, 120.0000, 120.0000, 120.0000, 120.0000, NULL),
(182, 3, 1, 2, 120.0000, 120.0000, 120.0000, 120.0000, NULL),
(183, 0, 1, 2, 60.0000, 60.0000, 60.0000, 60.0000, NULL),
(183, 1, 1, 2, 60.0000, 60.0000, 60.0000, 60.0000, NULL),
(183, 2, 1, 2, 60.0000, 60.0000, 60.0000, 60.0000, NULL),
(183, 3, 1, 2, 60.0000, 60.0000, 60.0000, 60.0000, NULL),
(184, 0, 1, 2, 250.0000, 250.0000, 250.0000, 250.0000, NULL),
(184, 1, 1, 2, 250.0000, 250.0000, 250.0000, 250.0000, NULL),
(184, 2, 1, 2, 250.0000, 250.0000, 250.0000, 250.0000, NULL),
(184, 3, 1, 2, 250.0000, 250.0000, 250.0000, 250.0000, NULL),
(185, 0, 1, 2, 40.0000, 40.0000, 40.0000, 40.0000, NULL),
(185, 1, 1, 2, 40.0000, 40.0000, 40.0000, 40.0000, NULL),
(185, 2, 1, 2, 40.0000, 40.0000, 40.0000, 40.0000, NULL),
(185, 3, 1, 2, 40.0000, 40.0000, 40.0000, 40.0000, NULL),
(186, 0, 1, 2, 100.0000, 100.0000, 100.0000, 100.0000, NULL),
(186, 1, 1, 2, 100.0000, 100.0000, 100.0000, 100.0000, NULL),
(186, 2, 1, 2, 100.0000, 100.0000, 100.0000, 100.0000, NULL),
(186, 3, 1, 2, 100.0000, 100.0000, 100.0000, 100.0000, NULL),
(187, 0, 1, 2, 70.0000, 70.0000, 70.0000, 70.0000, NULL),
(187, 1, 1, 2, 70.0000, 70.0000, 70.0000, 70.0000, NULL),
(187, 2, 1, 2, 70.0000, 70.0000, 70.0000, 70.0000, NULL),
(187, 3, 1, 2, 70.0000, 70.0000, 70.0000, 70.0000, NULL),
(188, 0, 1, 2, 40.0000, 40.0000, 40.0000, 40.0000, NULL),
(188, 1, 1, 2, 40.0000, 40.0000, 40.0000, 40.0000, NULL),
(188, 2, 1, 2, 40.0000, 40.0000, 40.0000, 40.0000, NULL),
(188, 3, 1, 2, 40.0000, 40.0000, 40.0000, 40.0000, NULL),
(189, 0, 1, 2, 160.0000, 160.0000, 160.0000, 160.0000, NULL),
(189, 1, 1, 2, 160.0000, 160.0000, 160.0000, 160.0000, NULL),
(189, 2, 1, 2, 160.0000, 160.0000, 160.0000, 160.0000, NULL),
(189, 3, 1, 2, 160.0000, 160.0000, 160.0000, 160.0000, NULL),
(190, 0, 1, 2, 60.0000, 60.0000, 60.0000, 60.0000, NULL),
(190, 1, 1, 2, 60.0000, 60.0000, 60.0000, 60.0000, NULL),
(190, 2, 1, 2, 60.0000, 60.0000, 60.0000, 60.0000, NULL),
(190, 3, 1, 2, 60.0000, 60.0000, 60.0000, 60.0000, NULL),
(191, 0, 1, 2, 380.0000, 380.0000, 380.0000, 380.0000, NULL),
(191, 1, 1, 2, 380.0000, 380.0000, 380.0000, 380.0000, NULL),
(191, 2, 1, 2, 380.0000, 380.0000, 380.0000, 380.0000, NULL),
(191, 3, 1, 2, 380.0000, 380.0000, 380.0000, 380.0000, NULL),
(192, 0, 1, 2, 60.0000, 60.0000, 60.0000, 60.0000, NULL),
(192, 1, 1, 2, 60.0000, 60.0000, 60.0000, 60.0000, NULL),
(192, 2, 1, 2, 60.0000, 60.0000, 60.0000, 60.0000, NULL),
(192, 3, 1, 2, 60.0000, 60.0000, 60.0000, 60.0000, NULL),
(193, 0, 1, 2, 140.0000, 140.0000, 140.0000, 140.0000, NULL),
(193, 1, 1, 2, 140.0000, 140.0000, 140.0000, 140.0000, NULL),
(193, 2, 1, 2, 140.0000, 140.0000, 140.0000, 140.0000, NULL),
(193, 3, 1, 2, 140.0000, 140.0000, 140.0000, 140.0000, NULL),
(194, 0, 1, 2, 70.0000, 70.0000, 70.0000, 70.0000, NULL),
(194, 1, 1, 2, 70.0000, 70.0000, 70.0000, 70.0000, NULL),
(194, 2, 1, 2, 70.0000, 70.0000, 70.0000, 70.0000, NULL),
(194, 3, 1, 2, 70.0000, 70.0000, 70.0000, 70.0000, NULL),
(195, 0, 1, 2, 70.0000, 70.0000, 70.0000, 70.0000, NULL),
(195, 1, 1, 2, 70.0000, 70.0000, 70.0000, 70.0000, NULL),
(195, 2, 1, 2, 70.0000, 70.0000, 70.0000, 70.0000, NULL),
(195, 3, 1, 2, 70.0000, 70.0000, 70.0000, 70.0000, NULL),
(196, 0, 1, 2, 50.0000, 50.0000, 50.0000, 50.0000, NULL),
(196, 1, 1, 2, 50.0000, 50.0000, 50.0000, 50.0000, NULL),
(196, 2, 1, 2, 50.0000, 50.0000, 50.0000, 50.0000, NULL),
(196, 3, 1, 2, 50.0000, 50.0000, 50.0000, 50.0000, NULL),
(197, 0, 1, 2, 170.0000, 170.0000, 170.0000, 170.0000, NULL),
(197, 1, 1, 2, 170.0000, 170.0000, 170.0000, 170.0000, NULL),
(197, 2, 1, 2, 170.0000, 170.0000, 170.0000, 170.0000, NULL),
(197, 3, 1, 2, 170.0000, 170.0000, 170.0000, 170.0000, NULL),
(198, 0, 1, 2, 55.0000, 55.0000, 55.0000, 55.0000, NULL),
(198, 1, 1, 2, 55.0000, 55.0000, 55.0000, 55.0000, NULL),
(198, 2, 1, 2, 55.0000, 55.0000, 55.0000, 55.0000, NULL),
(198, 3, 1, 2, 55.0000, 55.0000, 55.0000, 55.0000, NULL),
(199, 0, 1, 2, 130.0000, 130.0000, 130.0000, 130.0000, NULL),
(199, 1, 1, 2, 130.0000, 130.0000, 130.0000, 130.0000, NULL),
(199, 2, 1, 2, 130.0000, 130.0000, 130.0000, 130.0000, NULL),
(199, 3, 1, 2, 130.0000, 130.0000, 130.0000, 130.0000, NULL),
(200, 0, 1, 2, 85.0000, 85.0000, 85.0000, 85.0000, NULL),
(200, 1, 1, 2, 85.0000, 85.0000, 85.0000, 85.0000, NULL),
(200, 2, 1, 2, 85.0000, 85.0000, 85.0000, 85.0000, NULL),
(200, 3, 1, 2, 85.0000, 85.0000, 85.0000, 85.0000, NULL),
(201, 0, 1, 2, 40.0000, 40.0000, 40.0000, 40.0000, NULL),
(201, 1, 1, 2, 40.0000, 40.0000, 40.0000, 40.0000, NULL),
(201, 2, 1, 2, 40.0000, 40.0000, 40.0000, 40.0000, NULL),
(201, 3, 1, 2, 40.0000, 40.0000, 40.0000, 40.0000, NULL),
(202, 0, 1, 2, 170.0000, 170.0000, 170.0000, 170.0000, NULL),
(202, 1, 1, 2, 170.0000, 170.0000, 170.0000, 170.0000, NULL),
(202, 2, 1, 2, 170.0000, 170.0000, 170.0000, 170.0000, NULL),
(202, 3, 1, 2, 170.0000, 170.0000, 170.0000, 170.0000, NULL),
(203, 0, 1, 2, 100.0000, 100.0000, 100.0000, 100.0000, NULL),
(203, 1, 1, 2, 100.0000, 100.0000, 100.0000, 100.0000, NULL),
(203, 2, 1, 2, 100.0000, 100.0000, 100.0000, 100.0000, NULL),
(203, 3, 1, 2, 100.0000, 100.0000, 100.0000, 100.0000, NULL),
(204, 0, 1, 2, 40.0000, 40.0000, 40.0000, 40.0000, NULL),
(204, 1, 1, 2, 40.0000, 40.0000, 40.0000, 40.0000, NULL),
(204, 2, 1, 2, 40.0000, 40.0000, 40.0000, 40.0000, NULL),
(204, 3, 1, 2, 40.0000, 40.0000, 40.0000, 40.0000, NULL),
(205, 0, 1, 2, 90.0000, 90.0000, 90.0000, 90.0000, NULL),
(205, 1, 1, 2, 90.0000, 90.0000, 90.0000, 90.0000, NULL),
(205, 2, 1, 2, 90.0000, 90.0000, 90.0000, 90.0000, NULL),
(205, 3, 1, 2, 90.0000, 90.0000, 90.0000, 90.0000, NULL),
(206, 0, 1, 2, 40.0000, 40.0000, 40.0000, 40.0000, NULL),
(206, 1, 1, 2, 40.0000, 40.0000, 40.0000, 40.0000, NULL),
(206, 2, 1, 2, 40.0000, 40.0000, 40.0000, 40.0000, NULL),
(206, 3, 1, 2, 40.0000, 40.0000, 40.0000, 40.0000, NULL),
(207, 0, 1, 2, 60.0000, 60.0000, 60.0000, 60.0000, NULL),
(207, 1, 1, 2, 60.0000, 60.0000, 60.0000, 60.0000, NULL),
(207, 2, 1, 2, 60.0000, 60.0000, 60.0000, 60.0000, NULL),
(207, 3, 1, 2, 60.0000, 60.0000, 60.0000, 60.0000, NULL),
(208, 0, 1, 2, 260.0000, 260.0000, 260.0000, 260.0000, NULL),
(208, 1, 1, 2, 260.0000, 260.0000, 260.0000, 260.0000, NULL),
(208, 2, 1, 2, 260.0000, 260.0000, 260.0000, 260.0000, NULL),
(208, 3, 1, 2, 260.0000, 260.0000, 260.0000, 260.0000, NULL),
(209, 0, 1, 2, 300.0000, 300.0000, 300.0000, 300.0000, NULL),
(209, 1, 1, 2, 300.0000, 300.0000, 300.0000, 300.0000, NULL),
(209, 2, 1, 2, 300.0000, 300.0000, 300.0000, 300.0000, NULL),
(209, 3, 1, 2, 300.0000, 300.0000, 300.0000, 300.0000, NULL),
(210, 0, 1, 2, 85.0000, 85.0000, 85.0000, 85.0000, NULL),
(210, 1, 1, 2, 85.0000, 85.0000, 85.0000, 85.0000, NULL),
(210, 2, 1, 2, 85.0000, 85.0000, 85.0000, 85.0000, NULL),
(210, 3, 1, 2, 85.0000, 85.0000, 85.0000, 85.0000, NULL),
(211, 0, 1, 2, 240.0000, 240.0000, 240.0000, 240.0000, NULL),
(211, 1, 1, 2, 240.0000, 240.0000, 240.0000, 240.0000, NULL),
(211, 2, 1, 2, 240.0000, 240.0000, 240.0000, 240.0000, NULL),
(211, 3, 1, 2, 240.0000, 240.0000, 240.0000, 240.0000, NULL),
(212, 0, 1, 2, 110.0000, 110.0000, 110.0000, 110.0000, NULL),
(212, 1, 1, 2, 110.0000, 110.0000, 110.0000, 110.0000, NULL),
(212, 2, 1, 2, 110.0000, 110.0000, 110.0000, 110.0000, NULL),
(212, 3, 1, 2, 110.0000, 110.0000, 110.0000, 110.0000, NULL),
(213, 0, 1, 2, 165.0000, 165.0000, 165.0000, 165.0000, NULL),
(213, 1, 1, 2, 165.0000, 165.0000, 165.0000, 165.0000, NULL),
(213, 2, 1, 2, 165.0000, 165.0000, 165.0000, 165.0000, NULL),
(213, 3, 1, 2, 165.0000, 165.0000, 165.0000, 165.0000, NULL),
(214, 0, 1, 2, 60.0000, 60.0000, 60.0000, 60.0000, NULL),
(214, 1, 1, 2, 60.0000, 60.0000, 60.0000, 60.0000, NULL),
(214, 2, 1, 2, 60.0000, 60.0000, 60.0000, 60.0000, NULL),
(214, 3, 1, 2, 60.0000, 60.0000, 60.0000, 60.0000, NULL),
(215, 0, 1, 2, 100.0000, 100.0000, 100.0000, 100.0000, NULL),
(215, 1, 1, 2, 100.0000, 100.0000, 100.0000, 100.0000, NULL),
(215, 2, 1, 2, 100.0000, 100.0000, 100.0000, 100.0000, NULL),
(215, 3, 1, 2, 100.0000, 100.0000, 100.0000, 100.0000, NULL),
(216, 0, 1, 2, 210.0000, 210.0000, 210.0000, 210.0000, NULL),
(216, 1, 1, 2, 210.0000, 210.0000, 210.0000, 210.0000, NULL),
(216, 2, 1, 2, 210.0000, 210.0000, 210.0000, 210.0000, NULL),
(216, 3, 1, 2, 210.0000, 210.0000, 210.0000, 210.0000, NULL),
(217, 0, 1, 2, 55.0000, 55.0000, 55.0000, 55.0000, NULL),
(217, 1, 1, 2, 55.0000, 55.0000, 55.0000, 55.0000, NULL),
(217, 2, 1, 2, 55.0000, 55.0000, 55.0000, 55.0000, NULL),
(217, 3, 1, 2, 55.0000, 55.0000, 55.0000, 55.0000, NULL),
(218, 0, 1, 2, 150.0000, 150.0000, 150.0000, 150.0000, NULL),
(218, 1, 1, 2, 150.0000, 150.0000, 150.0000, 150.0000, NULL),
(218, 2, 1, 2, 150.0000, 150.0000, 150.0000, 150.0000, NULL),
(218, 3, 1, 2, 150.0000, 150.0000, 150.0000, 150.0000, NULL),
(219, 0, 1, 2, 290.0000, 290.0000, 290.0000, 290.0000, NULL),
(219, 1, 1, 2, 290.0000, 290.0000, 290.0000, 290.0000, NULL),
(219, 2, 1, 2, 290.0000, 290.0000, 290.0000, 290.0000, NULL),
(219, 3, 1, 2, 290.0000, 290.0000, 290.0000, 290.0000, NULL),
(220, 0, 1, 2, 100.0000, 100.0000, 100.0000, 100.0000, NULL),
(220, 1, 1, 2, 100.0000, 100.0000, 100.0000, 100.0000, NULL),
(220, 2, 1, 2, 100.0000, 100.0000, 100.0000, 100.0000, NULL),
(220, 3, 1, 2, 100.0000, 100.0000, 100.0000, 100.0000, NULL),
(221, 0, 1, 2, 60.0000, 60.0000, 60.0000, 60.0000, NULL),
(221, 1, 1, 2, 60.0000, 60.0000, 60.0000, 60.0000, NULL);
INSERT INTO `sgp_catalog_product_index_price_idx` (`entity_id`, `customer_group_id`, `website_id`, `tax_class_id`, `price`, `final_price`, `min_price`, `max_price`, `tier_price`) VALUES
(221, 2, 1, 2, 60.0000, 60.0000, 60.0000, 60.0000, NULL),
(221, 3, 1, 2, 60.0000, 60.0000, 60.0000, 60.0000, NULL),
(222, 0, 1, 2, 60.0000, 60.0000, 60.0000, 60.0000, NULL),
(222, 1, 1, 2, 60.0000, 60.0000, 60.0000, 60.0000, NULL),
(222, 2, 1, 2, 60.0000, 60.0000, 60.0000, 60.0000, NULL),
(222, 3, 1, 2, 60.0000, 60.0000, 60.0000, 60.0000, NULL),
(223, 0, 1, 2, 360.0000, 360.0000, 360.0000, 360.0000, NULL),
(223, 1, 1, 2, 360.0000, 360.0000, 360.0000, 360.0000, NULL),
(223, 2, 1, 2, 360.0000, 360.0000, 360.0000, 360.0000, NULL),
(223, 3, 1, 2, 360.0000, 360.0000, 360.0000, 360.0000, NULL),
(224, 0, 1, 2, 90.0000, 90.0000, 90.0000, 90.0000, NULL),
(224, 1, 1, 2, 90.0000, 90.0000, 90.0000, 90.0000, NULL),
(224, 2, 1, 2, 90.0000, 90.0000, 90.0000, 90.0000, NULL),
(224, 3, 1, 2, 90.0000, 90.0000, 90.0000, 90.0000, NULL),
(225, 0, 1, 2, 85.0000, 85.0000, 85.0000, 85.0000, NULL),
(225, 1, 1, 2, 85.0000, 85.0000, 85.0000, 85.0000, NULL),
(225, 2, 1, 2, 85.0000, 85.0000, 85.0000, 85.0000, NULL),
(225, 3, 1, 2, 85.0000, 85.0000, 85.0000, 85.0000, NULL),
(226, 0, 1, 2, 250.0000, 250.0000, 250.0000, 250.0000, NULL),
(226, 1, 1, 2, 250.0000, 250.0000, 250.0000, 250.0000, NULL),
(226, 2, 1, 2, 250.0000, 250.0000, 250.0000, 250.0000, NULL),
(226, 3, 1, 2, 250.0000, 250.0000, 250.0000, 250.0000, NULL),
(227, 0, 1, 2, 280.0000, 280.0000, 280.0000, 280.0000, NULL),
(227, 1, 1, 2, 280.0000, 280.0000, 280.0000, 280.0000, NULL),
(227, 2, 1, 2, 280.0000, 280.0000, 280.0000, 280.0000, NULL),
(227, 3, 1, 2, 280.0000, 280.0000, 280.0000, 280.0000, NULL),
(228, 0, 1, 2, 150.0000, 150.0000, 150.0000, 150.0000, NULL),
(228, 1, 1, 2, 150.0000, 150.0000, 150.0000, 150.0000, NULL),
(228, 2, 1, 2, 150.0000, 150.0000, 150.0000, 150.0000, NULL),
(228, 3, 1, 2, 150.0000, 150.0000, 150.0000, 150.0000, NULL),
(229, 0, 1, 2, 130.0000, 130.0000, 130.0000, 130.0000, NULL),
(229, 1, 1, 2, 130.0000, 130.0000, 130.0000, 130.0000, NULL),
(229, 2, 1, 2, 130.0000, 130.0000, 130.0000, 130.0000, NULL),
(229, 3, 1, 2, 130.0000, 130.0000, 130.0000, 130.0000, NULL),
(230, 0, 1, 2, 170.0000, 170.0000, 170.0000, 170.0000, NULL),
(230, 1, 1, 2, 170.0000, 170.0000, 170.0000, 170.0000, NULL),
(230, 2, 1, 2, 170.0000, 170.0000, 170.0000, 170.0000, NULL),
(230, 3, 1, 2, 170.0000, 170.0000, 170.0000, 170.0000, NULL),
(231, 0, 1, 2, 260.0000, 260.0000, 260.0000, 260.0000, NULL),
(231, 1, 1, 2, 260.0000, 260.0000, 260.0000, 260.0000, NULL),
(231, 2, 1, 2, 260.0000, 260.0000, 260.0000, 260.0000, NULL),
(231, 3, 1, 2, 260.0000, 260.0000, 260.0000, 260.0000, NULL),
(232, 0, 1, 2, 240.0000, 240.0000, 240.0000, 240.0000, NULL),
(232, 1, 1, 2, 240.0000, 240.0000, 240.0000, 240.0000, NULL),
(232, 2, 1, 2, 240.0000, 240.0000, 240.0000, 240.0000, NULL),
(232, 3, 1, 2, 240.0000, 240.0000, 240.0000, 240.0000, NULL),
(233, 0, 1, 2, 260.0000, 260.0000, 260.0000, 260.0000, NULL),
(233, 1, 1, 2, 260.0000, 260.0000, 260.0000, 260.0000, NULL),
(233, 2, 1, 2, 260.0000, 260.0000, 260.0000, 260.0000, NULL),
(233, 3, 1, 2, 260.0000, 260.0000, 260.0000, 260.0000, NULL),
(234, 0, 1, 2, 165.0000, 165.0000, 165.0000, 165.0000, NULL),
(234, 1, 1, 2, 165.0000, 165.0000, 165.0000, 165.0000, NULL),
(234, 2, 1, 2, 165.0000, 165.0000, 165.0000, 165.0000, NULL),
(234, 3, 1, 2, 165.0000, 165.0000, 165.0000, 165.0000, NULL),
(235, 0, 1, 2, 260.0000, 260.0000, 260.0000, 260.0000, NULL),
(235, 1, 1, 2, 260.0000, 260.0000, 260.0000, 260.0000, NULL),
(235, 2, 1, 2, 260.0000, 260.0000, 260.0000, 260.0000, NULL),
(235, 3, 1, 2, 260.0000, 260.0000, 260.0000, 260.0000, NULL),
(236, 0, 1, 2, 120.0000, 120.0000, 120.0000, 120.0000, NULL),
(236, 1, 1, 2, 120.0000, 120.0000, 120.0000, 120.0000, NULL),
(236, 2, 1, 2, 120.0000, 120.0000, 120.0000, 120.0000, NULL),
(236, 3, 1, 2, 120.0000, 120.0000, 120.0000, 120.0000, NULL),
(237, 0, 1, 2, 85.0000, 85.0000, 85.0000, 85.0000, NULL),
(237, 1, 1, 2, 85.0000, 85.0000, 85.0000, 85.0000, NULL),
(237, 2, 1, 2, 85.0000, 85.0000, 85.0000, 85.0000, NULL),
(237, 3, 1, 2, 85.0000, 85.0000, 85.0000, 85.0000, NULL),
(238, 0, 1, 2, 140.0000, 140.0000, 140.0000, 140.0000, NULL),
(238, 1, 1, 2, 140.0000, 140.0000, 140.0000, 140.0000, NULL),
(238, 2, 1, 2, 140.0000, 140.0000, 140.0000, 140.0000, NULL),
(238, 3, 1, 2, 140.0000, 140.0000, 140.0000, 140.0000, NULL),
(239, 0, 1, 2, 400.0000, 400.0000, 400.0000, 400.0000, NULL),
(239, 1, 1, 2, 400.0000, 400.0000, 400.0000, 400.0000, NULL),
(239, 2, 1, 2, 400.0000, 400.0000, 400.0000, 400.0000, NULL),
(239, 3, 1, 2, 400.0000, 400.0000, 400.0000, 400.0000, NULL),
(240, 0, 1, 2, 100.0000, 100.0000, 100.0000, 100.0000, NULL),
(240, 1, 1, 2, 100.0000, 100.0000, 100.0000, 100.0000, NULL),
(240, 2, 1, 2, 100.0000, 100.0000, 100.0000, 100.0000, NULL),
(240, 3, 1, 2, 100.0000, 100.0000, 100.0000, 100.0000, NULL),
(241, 0, 1, 2, 100.0000, 100.0000, 100.0000, 100.0000, NULL),
(241, 1, 1, 2, 100.0000, 100.0000, 100.0000, 100.0000, NULL),
(241, 2, 1, 2, 100.0000, 100.0000, 100.0000, 100.0000, NULL),
(241, 3, 1, 2, 100.0000, 100.0000, 100.0000, 100.0000, NULL),
(242, 0, 1, 2, 440.0000, 440.0000, 440.0000, 440.0000, NULL),
(242, 1, 1, 2, 440.0000, 440.0000, 440.0000, 440.0000, NULL),
(242, 2, 1, 2, 440.0000, 440.0000, 440.0000, 440.0000, NULL),
(242, 3, 1, 2, 440.0000, 440.0000, 440.0000, 440.0000, NULL),
(243, 0, 1, 2, 110.0000, 110.0000, 110.0000, 110.0000, NULL),
(243, 1, 1, 2, 110.0000, 110.0000, 110.0000, 110.0000, NULL),
(243, 2, 1, 2, 110.0000, 110.0000, 110.0000, 110.0000, NULL),
(243, 3, 1, 2, 110.0000, 110.0000, 110.0000, 110.0000, NULL),
(244, 0, 1, 2, 80.0000, 80.0000, 80.0000, 80.0000, NULL),
(244, 1, 1, 2, 80.0000, 80.0000, 80.0000, 80.0000, NULL),
(244, 2, 1, 2, 80.0000, 80.0000, 80.0000, 80.0000, NULL),
(244, 3, 1, 2, 80.0000, 80.0000, 80.0000, 80.0000, NULL),
(245, 0, 1, 2, 110.0000, 110.0000, 110.0000, 110.0000, NULL),
(245, 1, 1, 2, 110.0000, 110.0000, 110.0000, 110.0000, NULL),
(245, 2, 1, 2, 110.0000, 110.0000, 110.0000, 110.0000, NULL),
(245, 3, 1, 2, 110.0000, 110.0000, 110.0000, 110.0000, NULL),
(246, 0, 1, 2, 3000.0000, 3000.0000, 3000.0000, 3000.0000, NULL),
(246, 1, 1, 2, 3000.0000, 3000.0000, 3000.0000, 3000.0000, NULL),
(246, 2, 1, 2, 3000.0000, 3000.0000, 3000.0000, 3000.0000, NULL),
(246, 3, 1, 2, 3000.0000, 3000.0000, 3000.0000, 3000.0000, NULL),
(247, 0, 1, 2, 70.0000, 70.0000, 70.0000, 70.0000, NULL),
(247, 1, 1, 2, 70.0000, 70.0000, 70.0000, 70.0000, NULL),
(247, 2, 1, 2, 70.0000, 70.0000, 70.0000, 70.0000, NULL),
(247, 3, 1, 2, 70.0000, 70.0000, 70.0000, 70.0000, NULL),
(248, 0, 1, 2, 110.0000, 110.0000, 110.0000, 110.0000, NULL),
(248, 1, 1, 2, 110.0000, 110.0000, 110.0000, 110.0000, NULL),
(248, 2, 1, 2, 110.0000, 110.0000, 110.0000, 110.0000, NULL),
(248, 3, 1, 2, 110.0000, 110.0000, 110.0000, 110.0000, NULL),
(249, 0, 1, 2, 130.0000, 130.0000, 130.0000, 130.0000, NULL),
(249, 1, 1, 2, 130.0000, 130.0000, 130.0000, 130.0000, NULL),
(249, 2, 1, 2, 130.0000, 130.0000, 130.0000, 130.0000, NULL),
(249, 3, 1, 2, 130.0000, 130.0000, 130.0000, 130.0000, NULL);

-- --------------------------------------------------------

--
