-- Table structure for table `sgp_customer_group`
--

CREATE TABLE `sgp_customer_group` (
  `customer_group_id` smallint(5) UNSIGNED NOT NULL COMMENT 'Customer Group Id',
  `customer_group_code` varchar(32) NOT NULL COMMENT 'Customer Group Code',
  `tax_class_id` int(10) UNSIGNED NOT NULL DEFAULT '0' COMMENT 'Tax Class Id'
) ENGINE=InnoDB DEFAULT CHARSET=utf8 COMMENT='Customer Group';

--
-- Dumping data for table `sgp_customer_group`
--

INSERT INTO `sgp_customer_group` (`customer_group_id`, `customer_group_code`, `tax_class_id`) VALUES
(0, 'NOT LOGGED IN', 3),
(1, 'General', 3),
(2, 'Wholesale', 3),
(3, 'Retailer', 3);

-- --------------------------------------------------------

--
-- Table structure for table `sgp_customer_log`
--

CREATE TABLE `sgp_customer_log` (
  `log_id` int(11) NOT NULL COMMENT 'Log ID',
  `customer_id` int(11) NOT NULL COMMENT 'Customer ID',
  `last_login_at` timestamp NULL DEFAULT NULL COMMENT 'Last Login Time',
  `last_logout_at` timestamp NULL DEFAULT NULL COMMENT 'Last Logout Time'
) ENGINE=InnoDB DEFAULT CHARSET=utf8 COMMENT='Customer Log Table';

--
-- Dumping data for table `sgp_customer_log`
--

INSERT INTO `sgp_customer_log` (`log_id`, `customer_id`, `last_login_at`, `last_logout_at`) VALUES
(1, 1, '2019-02-25 09:10:58', NULL),
(2, 2, '2019-02-13 23:28:35', NULL),
(3, 3, '2019-02-15 09:24:55', NULL),
(4, 4, '2019-02-15 15:29:09', NULL),
(5, 5, '2019-02-15 22:36:50', NULL),
(6, 6, '2019-02-16 11:03:04', NULL),
(7, 7, '2019-02-18 07:44:37', NULL),
(9, 8, '2019-02-20 05:42:42', NULL),
(10, 9, '2019-02-21 01:13:51', NULL),
(12, 11, '2019-02-21 10:30:30', NULL),
(13, 12, '2019-02-21 13:43:46', NULL),
(14, 13, '2019-02-21 16:16:37', NULL),
(15, 14, '2019-02-23 05:10:41', NULL),
(17, 15, '2019-02-24 04:37:47', NULL),
(18, 16, '2019-02-24 07:51:46', NULL),
(19, 17, '2019-02-24 08:12:26', NULL),
(20, 18, '2019-02-25 04:19:56', NULL),
(21, 19, '2019-02-25 23:26:59', NULL),
(22, 20, '2019-02-27 22:07:29', NULL),
(23, 21, '2019-02-27 22:17:08', NULL),
(24, 22, '2019-02-28 16:15:16', NULL),
(25, 23, '2019-03-03 07:06:37', NULL),
(26, 24, '2019-03-06 12:37:02', NULL),
(27, 25, '2019-03-05 16:56:19', NULL),
(28, 26, '2019-03-23 15:42:32', NULL),
(29, 27, '2019-03-09 11:56:43', NULL),
(30, 28, '2019-11-20 15:24:37', NULL),
(31, 29, '2019-03-14 18:42:29', NULL),
(32, 30, '2019-03-10 04:15:51', NULL),
(34, 31, '2019-03-10 15:27:52', NULL),
(35, 32, '2020-01-25 11:52:41', NULL),
(36, 33, '2019-03-11 10:06:53', NULL),
(37, 34, '2019-03-12 21:22:38', NULL),
(38, 35, '2019-03-14 14:32:56', NULL),
(39, 36, '2019-03-16 15:34:05', NULL),
(40, 37, '2019-03-16 16:41:36', NULL),
(41, 38, '2019-03-16 20:59:02', NULL),
(42, 39, '2019-03-17 01:10:02', NULL),
(43, 40, '2019-03-17 01:10:50', NULL),
(44, 41, '2019-03-17 09:52:14', NULL),
(45, 42, '2019-03-17 22:26:21', NULL),
(46, 43, '2019-03-19 04:42:49', NULL),
(47, 44, '2019-03-20 03:57:05', NULL),
(48, 45, '2019-04-05 14:02:18', NULL),
(49, 46, '2019-03-22 05:34:33', NULL),
(52, 47, '2019-03-24 14:26:44', '2019-03-24 14:35:25'),
(54, 48, '2019-03-25 04:46:01', NULL),
(55, 49, '2019-03-27 08:07:42', NULL),
(56, 50, '2019-03-28 01:45:06', NULL),
(57, 51, '2019-03-28 13:37:42', NULL),
(58, 52, '2019-06-08 07:46:47', '2019-03-31 06:14:02'),
(61, 53, '2019-03-31 08:22:25', NULL),
(62, 54, '2019-05-11 12:23:44', NULL),
(63, 55, '2019-03-31 11:11:00', NULL),
(64, 56, '2019-09-09 13:00:28', NULL),
(67, 57, '2019-04-01 12:55:21', NULL),
(69, 58, '2019-04-02 15:59:13', NULL),
(72, 59, '2019-04-04 19:18:09', NULL),
(75, 60, '2019-04-05 17:45:59', NULL),
(76, 61, '2019-04-07 01:34:22', NULL),
(77, 62, '2019-04-09 00:31:28', NULL),
(78, 63, '2019-04-09 08:49:09', NULL),
(79, 64, '2019-04-09 11:57:05', NULL),
(80, 65, '2019-04-09 12:59:23', NULL),
(81, 66, '2019-04-10 12:33:42', NULL),
(82, 67, '2019-04-11 16:03:46', NULL),
(83, 68, '2019-04-12 00:42:49', NULL),
(84, 69, '2019-04-12 06:07:18', NULL),
(85, 70, '2019-04-12 17:42:48', NULL),
(86, 71, '2019-04-14 01:30:41', NULL),
(87, 72, '2019-04-15 16:31:19', NULL),
(88, 73, '2019-04-16 04:10:59', NULL),
(89, 74, '2019-04-17 18:53:54', NULL),
(90, 75, '2019-04-17 21:13:30', NULL),
(91, 76, '2019-04-17 23:25:26', NULL),
(92, 77, '2019-04-18 13:34:48', NULL),
(93, 78, '2019-04-19 03:14:27', NULL),
(94, 79, '2019-04-19 04:14:09', NULL),
(95, 80, '2019-04-19 10:42:27', NULL),
(96, 81, '2019-04-19 13:37:25', NULL),
(97, 82, '2019-04-20 06:41:27', NULL),
(98, 83, '2019-04-20 09:00:58', NULL),
(99, 84, '2019-04-20 13:54:27', NULL),
(100, 85, '2019-04-21 07:12:10', NULL),
(101, 86, '2019-04-21 07:56:20', NULL),
(102, 87, '2019-04-22 05:51:09', NULL),
(103, 88, '2019-05-07 11:32:20', NULL),
(104, 89, '2019-04-23 02:20:48', NULL),
(106, 90, '2019-04-23 06:28:08', NULL),
(107, 91, '2019-04-23 06:37:45', NULL),
(108, 92, '2019-04-23 07:19:59', NULL),
(109, 93, '2019-04-23 10:32:39', NULL),
(110, 94, '2019-04-23 12:35:17', NULL),
(111, 95, '2019-04-23 15:00:21', NULL),
(112, 96, '2019-04-23 16:35:09', NULL),
(113, 97, '2019-04-23 17:34:47', NULL),
(114, 98, '2019-04-23 19:13:49', NULL),
(115, 99, '2019-04-23 20:46:16', NULL),
(116, 100, '2019-04-23 22:15:22', NULL),
(117, 101, '2019-04-23 23:46:59', NULL),
(118, 102, '2019-04-24 01:20:27', NULL),
(119, 103, '2019-04-24 02:07:40', NULL),
(120, 104, '2019-04-24 03:00:44', NULL),
(121, 105, '2019-04-24 04:46:55', NULL),
(122, 106, '2019-04-24 06:45:09', NULL),
(123, 107, '2019-04-24 08:38:13', NULL),
(124, 108, '2019-04-24 10:24:41', NULL),
(125, 109, '2019-04-24 12:27:36', NULL),
(126, 110, '2019-04-24 14:48:50', NULL),
(127, 111, '2019-04-24 17:10:15', NULL),
(128, 112, '2019-04-24 18:59:32', NULL),
(129, 113, '2019-04-24 20:33:17', NULL),
(130, 114, '2019-04-24 22:01:46', NULL),
(131, 115, '2019-04-24 23:35:13', NULL),
(132, 116, '2019-04-25 01:14:29', NULL),
(133, 117, '2019-04-25 02:04:59', NULL),
(134, 118, '2019-04-25 02:57:03', NULL),
(135, 119, '2019-07-06 12:59:52', NULL),
(136, 120, '2019-04-25 04:41:59', NULL),
(137, 121, '2019-04-25 06:47:01', NULL),
(138, 122, '2019-04-25 08:42:39', NULL),
(139, 123, '2019-04-25 08:57:24', NULL),
(140, 124, '2019-04-25 10:29:18', NULL),
(141, 125, '2019-04-25 12:19:24', NULL),
(142, 126, '2019-04-25 14:34:38', NULL),
(143, 127, '2019-04-25 17:07:25', NULL),
(144, 128, '2019-04-25 18:18:57', NULL),
(145, 129, '2019-04-25 18:51:23', NULL),
(146, 130, '2019-04-25 20:24:38', NULL),
(147, 131, '2019-04-25 21:53:50', NULL),
(148, 132, '2019-04-25 23:25:10', NULL),
(149, 133, '2019-04-26 00:57:19', NULL),
(150, 134, '2019-04-26 01:03:01', NULL),
(151, 135, '2019-04-26 02:32:45', NULL),
(152, 136, '2019-04-26 04:08:45', NULL),
(153, 137, '2019-04-26 05:57:01', NULL),
(154, 138, '2019-04-26 07:46:33', NULL),
(155, 139, '2019-04-26 09:33:20', NULL),
(156, 140, '2019-04-26 11:22:55', NULL),
(157, 141, '2019-04-26 13:32:15', NULL),
(158, 142, '2019-04-26 15:58:43', NULL),
(159, 143, '2019-04-26 17:57:12', NULL),
(160, 144, '2019-04-26 19:36:37', NULL),
(161, 145, '2019-04-26 21:13:15', NULL),
(162, 146, '2019-04-26 22:47:40', NULL),
(163, 147, '2019-04-27 00:24:13', NULL),
(164, 148, '2019-04-27 02:11:14', NULL),
(165, 149, '2019-04-27 04:07:59', NULL),
(166, 150, '2019-04-27 05:52:08', NULL),
(167, 151, '2019-04-27 07:45:52', NULL),
(168, 152, '2019-04-27 09:36:31', NULL),
(169, 153, '2019-04-27 11:17:15', NULL),
(170, 154, '2019-04-27 13:06:04', NULL),
(171, 155, '2019-04-27 15:05:05', NULL),
(172, 156, '2019-04-27 17:03:22', NULL),
(173, 157, '2019-04-27 18:42:23', NULL),
(174, 158, '2019-04-27 20:00:48', NULL),
(175, 159, '2019-04-27 22:32:58', NULL),
(176, 160, '2019-04-27 23:06:50', NULL),
(177, 161, '2019-04-28 02:06:10', NULL),
(178, 162, '2019-04-28 04:59:06', NULL),
(179, 163, '2019-04-28 07:57:02', NULL),
(180, 164, '2019-04-28 10:53:36', NULL),
(181, 165, '2019-04-28 16:59:18', NULL),
(182, 166, '2019-04-29 10:02:26', NULL),
(183, 167, '2019-04-29 12:11:39', NULL),
(184, 168, '2019-04-29 15:21:03', NULL),
(185, 169, '2019-05-01 03:00:32', NULL),
(186, 170, '2019-05-01 14:03:55', NULL),
(187, 171, '2019-05-01 23:13:44', NULL),
(188, 172, '2019-05-02 17:50:54', NULL),
(189, 173, '2019-05-03 08:20:14', NULL),
(190, 174, '2019-05-03 12:46:56', NULL),
(191, 175, '2019-05-04 19:05:03', NULL),
(192, 176, '2019-05-05 02:50:54', NULL),
(193, 177, '2019-05-05 04:59:35', NULL),
(194, 178, '2019-05-05 07:21:09', NULL),
(195, 179, '2019-05-05 08:01:29', NULL),
(196, 180, '2019-05-05 09:25:42', NULL),
(197, 181, '2019-05-05 11:23:32', NULL),
(198, 182, '2019-05-05 13:19:45', NULL),
(199, 183, '2019-05-05 15:32:31', NULL),
(200, 184, '2019-05-05 17:38:49', NULL),
(201, 185, '2019-05-05 19:13:47', NULL),
(202, 186, '2019-05-05 20:45:42', NULL),
(203, 187, '2019-05-05 22:16:23', NULL),
(204, 188, '2019-05-05 23:52:41', NULL),
(205, 189, '2019-05-06 01:34:46', NULL),
(206, 190, '2019-05-06 03:25:05', NULL),
(207, 191, '2019-05-06 05:39:33', NULL),
(208, 192, '2019-05-06 07:50:59', NULL),
(209, 193, '2019-05-06 10:00:09', NULL),
(210, 194, '2019-05-06 11:55:30', NULL),
(211, 195, '2019-05-06 14:19:06', NULL),
(212, 196, '2019-05-06 16:41:24', NULL),
(213, 197, '2019-05-06 18:48:28', NULL),
(214, 198, '2019-05-06 20:44:35', NULL),
(215, 199, '2019-05-06 22:25:35', NULL),
(216, 200, '2019-05-07 00:21:32', NULL),
(217, 201, '2019-05-07 02:26:55', NULL),
(218, 202, '2019-05-07 04:22:40', NULL),
(219, 203, '2019-05-07 06:27:08', NULL),
(220, 204, '2019-05-07 06:29:09', NULL),
(221, 205, '2019-05-07 06:29:10', NULL),
(222, 206, '2019-05-07 08:42:00', NULL),
(223, 207, '2019-05-07 10:35:28', NULL),
(224, 208, '2019-05-07 10:44:22', NULL),
(226, 209, '2019-05-07 12:27:17', NULL),
(227, 210, '2019-05-07 12:31:36', NULL),
(228, 211, '2019-05-07 14:48:38', NULL),
(229, 212, '2019-05-07 15:49:39', NULL),
(230, 213, '2019-05-07 17:07:30', NULL),
(231, 214, '2019-05-07 18:57:25', NULL),
(232, 215, '2019-05-07 20:29:28', NULL),
(233, 216, '2019-05-07 22:01:42', NULL),
(234, 217, '2019-05-07 23:36:40', NULL),
(235, 218, '2019-05-08 01:15:40', NULL),
(236, 219, '2019-05-08 03:08:57', NULL),
(237, 220, '2019-05-08 05:18:08', NULL),
(238, 221, '2019-05-08 07:48:53', NULL),
(239, 222, '2019-05-08 09:49:16', NULL),
(240, 223, '2019-05-08 11:48:08', NULL),
(241, 224, '2019-05-08 13:57:40', NULL),
(242, 225, '2019-05-08 16:22:36', NULL),
(243, 226, '2019-05-08 18:16:27', NULL),
(244, 227, '2019-05-08 19:50:53', NULL),
(245, 228, '2019-05-08 21:22:03', NULL),
(246, 229, '2019-05-08 22:54:43', NULL),
(247, 230, '2019-05-09 00:30:51', NULL),
(248, 231, '2019-05-09 02:14:37', NULL),
(249, 232, '2019-05-09 03:51:44', NULL),
(250, 233, '2019-05-09 04:02:17', NULL),
(251, 234, '2019-05-09 06:13:28', NULL),
(252, 235, '2019-05-09 08:16:21', NULL),
(253, 236, '2019-05-09 10:21:33', NULL),
(254, 237, '2019-05-09 12:11:58', NULL),
(255, 238, '2019-05-09 14:23:04', NULL),
(256, 239, '2019-05-09 16:51:52', NULL),
(257, 240, '2019-05-09 18:54:04', NULL),
(258, 241, '2019-05-09 19:39:31', NULL),
(259, 242, '2019-05-09 22:17:54', NULL),
(260, 243, '2019-05-10 15:57:59', NULL),
(261, 244, '2019-05-12 12:34:26', NULL),
(262, 245, '2019-05-12 22:00:41', NULL),
(263, 246, '2019-05-13 01:56:33', NULL),
(264, 247, '2019-05-13 03:50:53', NULL),
(265, 248, '2019-05-13 05:51:47', NULL),
(266, 249, '2019-05-13 06:48:34', NULL),
(267, 250, '2019-05-13 07:47:13', NULL),
(268, 251, '2019-05-13 10:00:13', NULL),
(269, 252, '2019-05-13 11:48:27', NULL),
(270, 253, '2019-05-13 13:45:16', NULL),
(271, 254, '2019-05-13 16:11:54', NULL),
(272, 255, '2019-05-13 18:16:10', NULL),
(273, 256, '2019-05-13 18:46:02', NULL),
(274, 257, '2019-05-13 19:53:09', NULL),
(275, 258, '2019-05-13 21:30:05', NULL),
(276, 259, '2019-05-13 23:10:05', NULL),
(277, 260, '2019-05-14 00:54:39', NULL),
(278, 261, '2019-05-14 02:41:14', NULL),
(279, 262, '2019-05-14 06:45:30', NULL),
(280, 263, '2019-05-14 08:52:32', NULL),
(281, 264, '2019-05-14 10:39:43', NULL),
(282, 265, '2019-05-14 12:25:38', NULL),
(283, 266, '2019-05-14 14:42:32', NULL),
(284, 267, '2019-05-14 17:15:00', NULL),
(285, 269, '2019-05-14 19:02:23', NULL),
(286, 270, '2019-05-14 20:37:18', NULL),
(287, 271, '2019-05-14 22:10:39', NULL),
(288, 272, '2019-05-14 23:48:55', NULL),
(289, 273, '2019-05-15 01:29:14', NULL),
(290, 274, '2019-05-15 03:23:48', NULL),
(291, 275, '2019-05-15 05:28:20', NULL),
(292, 276, '2019-05-15 07:30:51', NULL),
(293, 277, '2019-05-15 09:22:43', NULL),
(294, 278, '2019-05-15 11:14:04', NULL),
(295, 279, '2019-05-15 13:13:16', NULL),
(296, 280, '2019-05-15 15:29:32', NULL),
(297, 281, '2019-05-15 17:41:19', NULL),
(298, 282, '2019-05-15 19:17:27', NULL),
(299, 283, '2019-05-15 20:51:42', NULL),
(300, 284, '2019-05-15 22:22:15', NULL),
(301, 285, '2019-05-15 23:56:41', NULL),
(302, 286, '2019-05-16 01:32:33', NULL),
(303, 287, '2019-05-16 03:11:38', NULL),
(304, 288, '2019-05-16 04:56:54', NULL),
(305, 289, '2019-05-16 06:50:37', NULL),
(306, 290, '2019-05-16 07:29:01', NULL),
(307, 291, '2019-05-16 08:37:22', NULL),
(308, 292, '2019-05-16 10:25:49', NULL),
(309, 293, '2019-05-16 12:12:41', NULL),
(310, 294, '2019-05-16 14:27:53', NULL),
(311, 295, '2019-05-16 17:04:18', NULL),
(312, 296, '2019-05-16 17:11:28', NULL),
(313, 297, '2019-05-16 18:51:25', NULL),
(314, 298, '2019-05-16 20:24:54', NULL),
(315, 299, '2019-05-16 22:00:26', NULL),
(316, 300, '2019-05-16 23:35:56', NULL),
(317, 301, '2019-05-17 01:12:35', NULL),
(318, 302, '2019-05-17 01:28:20', NULL),
(319, 303, '2019-05-17 02:50:46', NULL),
(320, 304, '2019-05-17 04:37:12', NULL),
(321, 305, '2019-05-17 06:33:41', NULL),
(322, 306, '2019-05-17 08:25:27', NULL),
(323, 307, '2019-05-17 10:13:00', NULL),
(324, 308, '2019-05-17 12:02:52', NULL),
(325, 309, '2019-05-17 14:12:50', NULL),
(326, 310, '2019-05-17 16:45:05', NULL),
(327, 311, '2019-05-17 18:56:10', NULL),
(328, 312, '2019-05-17 20:31:52', NULL),
(329, 313, '2019-05-17 22:03:40', NULL),
(330, 314, '2019-05-17 23:46:46', NULL),
(331, 315, '2019-05-18 01:38:35', NULL),
(332, 316, '2019-05-18 03:33:56', NULL),
(333, 317, '2019-05-18 05:28:11', NULL),
(334, 318, '2019-05-18 07:57:59', NULL),
(335, 319, '2019-05-18 10:01:46', NULL),
(336, 320, '2019-05-18 11:49:43', NULL),
(337, 321, '2019-05-18 12:59:38', NULL),
(338, 322, '2019-05-18 13:52:09', NULL),
(339, 323, '2019-05-18 16:46:06', NULL),
(340, 324, '2019-05-18 19:06:24', NULL),
(341, 325, '2019-05-18 20:53:17', NULL),
(342, 326, '2019-05-18 22:35:22', NULL),
(343, 327, '2019-05-19 00:31:36', NULL),
(344, 328, '2019-05-19 02:49:32', NULL),
(345, 329, '2019-05-19 05:00:05', NULL),
(346, 330, '2019-05-19 07:11:28', NULL),
(347, 331, '2019-05-19 07:31:53', NULL),
(348, 332, '2019-05-19 10:02:57', NULL),
(349, 333, '2019-05-19 12:48:05', NULL),
(350, 334, '2019-05-19 15:33:20', NULL),
(351, 335, '2019-05-19 18:15:00', NULL),
(352, 336, '2019-05-19 20:14:43', NULL),
(353, 337, '2019-05-19 20:24:39', NULL),
(354, 338, '2019-05-19 22:35:00', NULL),
(355, 339, '2020-03-04 09:43:08', NULL),
(356, 340, '2019-05-20 03:08:28', NULL),
(357, 341, '2019-05-20 05:38:35', NULL),
(358, 342, '2019-05-21 10:22:49', NULL),
(359, 343, '2019-05-21 12:47:16', NULL),
(360, 344, '2019-05-21 16:29:33', NULL),
(361, 345, '2019-05-22 03:43:16', NULL),
(362, 346, '2019-05-22 05:35:12', NULL),
(363, 347, '2019-05-22 07:23:02', NULL),
(364, 348, '2019-05-22 09:14:54', NULL),
(365, 349, '2019-05-22 09:19:07', NULL),
(366, 350, '2019-05-22 09:33:52', NULL),
(367, 351, '2019-05-22 10:58:27', NULL),
(368, 352, '2019-05-22 12:47:09', NULL),
(369, 353, '2019-05-22 12:51:05', NULL),
(370, 354, '2019-05-22 14:56:05', NULL),
(371, 355, '2019-05-22 17:25:09', NULL),
(372, 356, '2019-05-22 19:12:58', NULL),
(373, 357, '2019-05-22 20:44:32', NULL),
(374, 358, '2019-05-22 22:16:39', NULL),
(375, 359, '2019-05-22 23:23:45', NULL),
(376, 360, '2019-05-22 23:51:46', NULL),
(377, 361, '2019-05-23 01:31:05', NULL),
(378, 362, '2019-05-23 03:14:08', NULL),
(379, 363, '2019-05-23 04:57:17', NULL),
(380, 364, '2019-05-23 06:52:04', NULL),
(381, 365, '2019-05-23 08:37:56', NULL),
(382, 366, '2019-05-23 10:17:25', NULL),
(383, 367, '2019-05-23 11:46:28', NULL),
(384, 368, '2019-05-23 12:09:18', NULL),
(385, 369, '2019-05-23 16:47:09', NULL),
(386, 370, '2019-05-23 18:37:24', NULL),
(387, 371, '2019-05-23 20:09:30', NULL),
(388, 372, '2019-05-23 21:41:26', NULL),
(389, 373, '2019-05-23 23:14:25', NULL),
(390, 374, '2019-05-24 00:48:12', NULL),
(391, 375, '2019-05-24 02:23:56', NULL),
(392, 376, '2019-05-24 04:13:39', NULL),
(393, 377, '2019-05-24 06:12:57', NULL),
(394, 378, '2019-05-24 08:03:03', NULL),
(395, 379, '2019-05-24 09:55:56', NULL),
(396, 380, '2019-05-24 11:34:01', NULL),
(397, 381, '2019-05-24 13:18:20', NULL),
(398, 382, '2019-05-24 15:41:04', NULL),
(399, 383, '2019-05-24 19:43:28', NULL),
(400, 384, '2019-05-24 21:12:28', NULL),
(401, 385, '2019-05-24 22:51:30', NULL),
(402, 386, '2019-05-25 00:31:53', NULL),
(403, 387, '2019-05-25 02:14:22', NULL),
(404, 388, '2019-05-25 02:24:40', NULL),
(405, 389, '2019-05-25 04:08:17', NULL),
(406, 390, '2019-05-25 05:36:51', NULL),
(407, 391, '2019-05-25 06:05:11', NULL),
(408, 392, '2019-05-25 08:00:00', NULL),
(409, 393, '2019-05-25 09:48:59', NULL),
(410, 394, '2019-05-25 11:29:50', NULL),
(411, 395, '2019-05-25 13:23:12', NULL),
(412, 396, '2019-05-25 15:27:24', NULL),
(413, 397, '2019-05-25 17:36:31', NULL),
(414, 398, '2019-05-25 19:19:44', NULL),
(415, 399, '2019-05-25 20:51:10', NULL),
(416, 400, '2019-05-25 22:22:08', NULL),
(417, 401, '2019-05-25 23:56:04', NULL),
(418, 402, '2019-05-26 01:37:38', NULL),
(419, 403, '2019-05-26 03:23:30', NULL),
(420, 404, '2019-05-26 05:09:39', NULL),
(421, 405, '2019-05-26 07:01:24', NULL),
(422, 406, '2019-05-26 09:45:08', NULL),
(423, 407, '2019-05-26 12:05:27', NULL),
(424, 408, '2019-05-26 14:36:51', NULL),
(425, 409, '2019-05-26 17:13:06', NULL),
(426, 410, '2019-05-26 19:24:35', NULL),
(427, 411, '2019-05-26 21:31:14', NULL),
(428, 412, '2019-05-26 23:38:09', NULL),
(429, 413, '2019-05-27 01:47:23', NULL),
(430, 414, '2019-05-27 04:01:18', NULL),
(431, 415, '2019-05-27 06:33:48', NULL),
(432, 416, '2019-05-27 08:57:04', NULL),
(433, 417, '2019-05-27 11:18:46', NULL),
(434, 418, '2019-06-27 13:17:25', NULL),
(435, 419, '2019-05-27 18:32:12', NULL),
(436, 420, '2019-05-27 18:32:29', NULL),
(437, 421, '2019-05-27 21:05:54', NULL),
(438, 422, '2019-05-27 23:17:03', NULL),
(439, 423, '2019-05-28 22:31:41', NULL),
(440, 424, '2019-05-29 21:30:49', NULL),
(441, 425, '2019-05-30 14:41:17', NULL),
(442, 426, '2019-05-30 16:38:15', NULL),
(443, 427, '2019-05-30 21:09:22', NULL),
(444, 428, '2019-05-30 21:27:36', NULL),
(445, 429, '2019-06-01 11:32:34', NULL),
(446, 430, '2019-06-11 08:09:47', NULL),
(447, 431, '2019-06-01 21:21:12', NULL),
(448, 432, '2019-06-02 01:21:14', NULL),
(449, 433, '2019-06-02 10:16:08', NULL),
(450, 434, '2019-06-02 13:38:44', NULL),
(451, 435, '2019-06-02 16:59:50', NULL),
(453, 436, '2019-06-03 22:40:06', NULL),
(454, 437, '2019-06-05 09:11:49', NULL),
(455, 438, '2019-06-07 11:19:59', NULL),
(456, 439, '2019-06-07 16:21:25', NULL),
(457, 440, '2019-06-08 06:03:43', NULL),
(460, 441, '2019-06-08 12:53:12', NULL),
(461, 442, '2019-06-08 15:04:30', NULL),
(462, 443, '2019-06-11 06:05:16', NULL),
(463, 444, '2019-06-10 10:01:21', NULL),
(470, 445, '2019-06-10 19:26:03', NULL),
(474, 446, '2019-06-11 16:02:12', NULL),
(475, 447, '2019-06-11 19:01:19', NULL),
(476, 448, '2019-06-12 15:48:33', NULL),
(477, 449, '2019-06-14 04:18:36', NULL),
(478, 450, '2019-07-29 12:04:01', NULL),
(481, 451, '2019-07-06 10:45:33', NULL),
(490, 452, '2019-07-07 07:34:30', NULL),
(500, 453, '2019-06-24 11:28:32', NULL),
(507, 454, '2019-06-26 01:00:16', NULL),
(512, 455, '2019-06-28 14:05:15', NULL),
(513, 456, '2019-07-01 03:37:40', NULL),
(514, 457, '2019-07-01 06:36:23', NULL),
(516, 458, '2019-07-03 04:40:42', NULL),
(517, 459, '2019-07-03 07:20:43', NULL),
(518, 460, '2019-07-03 09:43:59', NULL),
(519, 461, '2019-07-03 11:49:23', NULL),
(520, 462, '2019-07-03 14:36:03', NULL),
(521, 463, '2019-07-03 16:23:21', NULL),
(522, 464, '2019-07-03 18:02:13', NULL),
(523, 465, '2019-07-03 20:14:33', NULL),
(524, 466, '2019-07-03 22:15:51', NULL),
(525, 467, '2019-07-03 23:03:49', NULL),
(526, 468, '2019-07-04 00:32:04', NULL),
(527, 469, '2019-07-04 02:39:12', NULL),
(528, 470, '2019-07-04 04:52:48', NULL),
(529, 471, '2019-07-04 07:26:42', NULL),
(530, 472, '2019-07-04 11:40:24', NULL),
(531, 473, '2019-07-05 00:46:46', NULL),
(532, 474, '2019-07-05 03:07:28', NULL),
(533, 475, '2019-07-05 05:25:54', NULL),
(534, 476, '2019-07-05 07:54:49', NULL),
(535, 477, '2019-07-05 10:06:51', NULL),
(536, 478, '2019-07-05 12:10:58', NULL),
(537, 479, '2019-07-05 14:55:19', NULL),
(538, 480, '2019-07-05 18:00:59', NULL),
(539, 481, '2019-07-05 20:07:41', NULL),
(540, 482, '2019-07-05 22:02:14', NULL),
(541, 483, '2019-07-06 00:04:07', NULL),
(542, 484, '2019-07-06 01:59:03', NULL),
(543, 485, '2019-07-06 04:04:38', NULL),
(544, 486, '2019-07-06 06:20:31', NULL),
(545, 487, '2019-07-06 08:37:07', NULL),
(546, 488, '2019-07-06 10:37:17', NULL),
(548, 489, '2019-07-06 12:31:39', NULL),
(550, 490, '2019-07-06 14:30:24', NULL),
(551, 491, '2019-07-06 14:52:46', NULL),
(552, 492, '2019-07-06 17:41:19', NULL),
(553, 493, '2019-07-06 19:36:30', NULL),
(554, 494, '2019-07-06 21:14:40', NULL),
(555, 495, '2019-07-07 00:41:42', NULL),
(556, 496, '2019-07-07 02:43:28', NULL),
(557, 497, '2019-07-07 04:46:55', NULL),
(558, 498, '2019-07-07 07:15:35', NULL),
(560, 499, '2019-07-07 09:25:59', NULL),
(561, 500, '2019-07-07 11:29:05', NULL),
(562, 501, '2019-07-11 11:32:39', NULL),
(563, 502, '2019-07-07 13:28:44', NULL),
(564, 503, '2019-07-07 16:06:53', NULL),
(565, 504, '2019-07-07 18:27:29', NULL),
(566, 505, '2019-07-07 20:08:07', NULL),
(567, 506, '2019-07-07 21:45:49', NULL),
(568, 507, '2019-07-07 23:24:37', NULL),
(569, 508, '2019-07-08 01:08:23', NULL),
(570, 509, '2019-07-08 01:58:25', NULL),
(571, 510, '2019-07-08 02:58:39', NULL),
(572, 511, '2019-07-08 04:51:31', NULL),
(573, 512, '2019-07-08 07:08:59', NULL),
(574, 513, '2019-07-10 04:45:40', NULL),
(575, 514, '2019-07-08 09:15:50', NULL),
(576, 515, '2019-07-08 11:10:50', NULL),
(577, 516, '2019-07-08 13:10:28', NULL),
(578, 517, '2019-07-08 15:17:49', NULL),
(579, 518, '2019-07-22 15:18:49', NULL),
(580, 519, '2019-07-08 18:32:06', NULL),
(581, 520, '2019-07-08 20:39:33', NULL),
(582, 521, '2019-07-08 22:48:34', NULL),
(583, 522, '2019-07-09 00:59:52', NULL),
(584, 523, '2019-07-09 03:25:55', NULL),
(585, 524, '2019-07-09 05:55:07', NULL),
(586, 525, '2019-07-09 08:42:13', NULL),
(587, 526, '2019-07-09 11:32:57', NULL),
(588, 527, '2019-07-13 11:24:18', NULL),
(589, 528, '2019-07-09 15:37:01', NULL),
(590, 529, '2019-07-09 19:02:12', NULL),
(591, 530, '2019-07-09 21:16:22', NULL),
(592, 531, '2019-07-09 23:31:05', NULL),
(593, 532, '2019-07-10 01:16:14', NULL),
(595, 533, '2019-07-10 05:11:02', NULL),
(596, 534, '2019-07-10 14:01:24', NULL),
(597, 535, '2019-07-10 18:43:46', NULL),
(598, 536, '2019-07-10 20:39:59', NULL),
(599, 537, '2019-07-11 01:44:43', NULL),
(601, 538, '2019-07-11 08:39:11', NULL),
(603, 539, '2019-07-11 18:23:11', NULL),
(604, 540, '2019-07-11 23:30:02', NULL),
(605, 541, '2019-07-12 04:06:43', NULL),
(606, 542, '2019-07-12 06:16:38', NULL),
(607, 543, '2019-07-12 08:22:18', NULL),
(608, 544, '2019-09-02 09:33:35', NULL),
(609, 545, '2019-07-12 10:23:47', NULL),
(610, 546, '2019-07-12 12:20:43', NULL),
(612, 547, '2019-07-12 14:53:18', NULL),
(613, 548, '2019-07-12 17:45:21', NULL),
(614, 549, '2019-07-12 19:37:48', NULL),
(615, 550, '2019-07-12 21:19:14', NULL),
(616, 551, '2019-07-12 23:02:34', NULL),
(617, 552, '2019-07-13 00:51:37', NULL),
(618, 553, '2019-07-13 02:45:47', NULL),
(619, 554, '2019-07-13 04:00:22', NULL),
(620, 555, '2019-07-13 08:55:51', NULL),
(622, 556, '2019-07-13 16:47:15', NULL),
(623, 557, '2019-07-13 17:39:21', '2019-07-13 17:39:12'),
(626, 558, '2019-07-13 18:40:40', NULL),
(627, 559, '2019-07-13 21:40:51', NULL),
(629, 560, '2019-07-16 10:58:44', NULL),
(630, 561, '2019-07-17 11:58:32', NULL),
(631, 562, '2019-07-17 16:02:59', NULL),
(633, 563, '2019-07-18 06:48:21', NULL),
(634, 564, '2019-07-18 14:01:16', '2019-07-18 14:01:20'),
(636, 565, '2019-07-18 14:43:29', '2019-07-18 14:43:35'),
(638, 566, '2019-07-18 15:25:48', '2019-07-18 15:25:52'),
(640, 567, '2019-07-18 20:52:18', '2019-07-18 20:52:23'),
(642, 568, '2019-07-18 22:11:55', '2019-07-18 22:12:42'),
(645, 569, '2019-07-24 17:19:54', NULL),
(646, 570, '2019-07-19 09:35:09', '2019-07-19 09:35:14'),
(648, 571, '2019-07-19 09:42:46', '2019-07-19 09:42:50'),
(650, 572, '2019-07-19 10:13:57', '2019-07-19 10:14:15'),
(652, 573, '2019-07-19 10:16:06', '2019-07-19 10:16:20'),
(654, 574, '2019-07-19 11:41:49', '2019-07-19 11:41:53'),
(656, 575, '2019-07-19 11:58:20', '2019-07-19 11:58:27'),
(658, 576, '2019-07-19 13:21:28', '2019-07-19 13:21:36'),
(665, 577, '2019-09-01 10:31:03', NULL),
(666, 578, '2019-07-21 17:49:34', NULL),
(667, 579, '2019-07-22 11:08:00', '2019-07-22 11:08:05'),
(669, 580, '2019-07-22 12:40:39', '2019-07-22 12:40:45'),
(671, 581, '2019-07-22 13:47:00', '2019-07-22 13:47:08'),
(673, 582, '2019-07-22 13:54:59', '2019-07-22 13:55:03'),
(676, 583, '2019-07-22 14:42:44', NULL),
(678, 584, '2019-07-22 15:54:56', '2019-07-22 15:55:01'),
(680, 585, '2019-07-22 16:16:10', '2019-07-22 16:16:15'),
(682, 586, '2019-07-22 17:08:10', '2019-07-22 17:08:18'),
(684, 587, '2019-07-22 17:10:53', '2019-07-22 17:10:59'),
(686, 588, '2019-07-22 18:16:51', '2019-07-22 18:16:55'),
(688, 589, '2019-07-22 18:28:42', '2019-07-22 18:29:32'),
(690, 590, '2019-07-22 19:33:19', '2019-07-22 19:33:25'),
(692, 591, '2019-07-22 20:42:36', '2019-07-22 20:42:44'),
(694, 592, '2019-07-22 21:21:19', '2019-07-22 21:21:25'),
(696, 593, '2019-07-22 21:29:30', '2019-07-22 21:29:35'),
(698, 594, '2019-07-22 21:56:51', '2019-07-22 21:56:59'),
(700, 595, '2019-07-22 21:57:06', '2019-07-22 21:57:13'),
(702, 596, '2019-07-22 22:56:16', '2019-07-22 22:56:25'),
(704, 597, '2019-07-22 23:25:10', '2019-07-22 23:25:16'),
(706, 598, '2019-07-23 01:58:34', '2019-07-23 01:58:38'),
(707, 599, '2019-07-23 10:20:35', NULL),
(708, 600, '2019-07-23 10:21:25', '2019-07-23 10:21:41'),
(710, 601, '2019-07-23 10:28:47', '2019-07-23 10:28:53'),
(712, 602, '2019-07-23 10:29:35', '2019-07-23 10:31:37'),
(714, 603, '2019-07-23 13:49:33', '2019-07-23 13:50:09'),
(715, 604, '2019-07-23 13:50:08', '2019-07-23 13:50:16'),
(718, 605, '2019-07-23 14:47:50', '2019-07-23 14:47:55'),
(720, 606, '2019-07-23 14:58:06', '2019-07-23 14:58:18'),
(722, 607, '2019-07-23 15:09:11', '2019-07-23 15:09:16'),
(724, 608, '2019-07-23 16:56:50', '2019-07-23 16:57:00'),
(726, 609, '2019-07-23 18:01:12', '2019-07-23 18:01:20'),
(728, 610, '2019-07-23 18:09:05', '2019-07-23 18:09:12'),
(729, 611, '2019-07-23 19:09:26', '2019-07-23 19:09:34'),
(731, 612, '2019-07-23 19:59:33', '2019-07-23 19:59:37'),
(733, 613, '2019-07-23 21:26:09', '2019-07-23 21:26:16'),
(735, 614, '2019-07-23 21:49:07', NULL),
(736, 615, '2019-07-23 22:17:45', '2019-07-23 22:17:51'),
(738, 616, '2019-07-24 00:08:01', '2019-07-24 00:08:04'),
(740, 617, '2019-07-24 01:41:52', '2019-07-24 01:41:57'),
(742, 618, '2019-07-24 02:58:25', '2019-07-24 03:00:11'),
(744, 619, '2019-07-24 04:50:20', '2019-07-24 04:51:40'),
(746, 620, '2019-07-24 05:57:51', '2019-07-24 05:59:08'),
(748, 621, '2019-07-24 10:15:39', '2019-07-24 10:15:43'),
(750, 622, '2019-07-24 11:21:48', '2019-07-24 11:21:53'),
(752, 623, '2019-07-24 11:23:42', '2019-07-24 11:23:47'),
(754, 624, '2019-07-24 13:31:22', '2019-07-24 13:31:26'),
(756, 625, '2019-07-24 17:00:39', '2019-07-24 17:00:48'),
(759, 626, '2019-07-24 19:51:47', '2019-07-24 19:51:53'),
(761, 627, '2019-07-24 20:00:47', '2019-07-24 20:00:51'),
(763, 628, '2019-07-24 21:34:42', '2019-07-24 21:35:27'),
(765, 629, '2019-07-24 21:58:02', '2019-07-24 21:58:08'),
(767, 630, '2019-07-24 22:12:09', '2019-07-24 22:12:14'),
(769, 631, '2019-07-24 22:57:03', '2019-07-24 22:57:10'),
(771, 632, '2019-07-24 23:50:20', '2019-07-24 23:50:34'),
(773, 633, '2019-07-25 00:09:47', '2019-07-25 00:09:53'),
(775, 634, '2019-07-25 00:39:53', '2019-07-25 00:40:30'),
(777, 635, '2019-07-25 03:34:09', '2019-07-25 03:34:19'),
(779, 636, '2019-07-25 03:46:11', '2019-07-25 03:46:14'),
(781, 637, '2019-07-25 03:56:53', '2019-07-25 03:57:06'),
(783, 638, '2019-07-25 03:57:49', NULL),
(784, 639, '2019-07-25 04:02:32', '2019-07-25 04:02:36'),
(786, 640, '2019-07-25 04:22:48', '2019-07-25 04:22:53'),
(788, 641, '2019-07-25 07:34:17', '2019-07-25 07:34:21'),
(790, 642, '2019-07-25 07:35:31', '2019-07-25 07:35:36'),
(792, 643, '2019-07-25 07:40:14', '2019-07-25 07:40:19'),
(794, 644, '2019-07-25 10:24:11', '2019-07-25 10:24:16'),
(796, 645, '2019-07-25 10:36:12', '2019-07-25 10:36:19'),
(798, 646, '2019-07-25 10:48:42', '2019-07-25 10:48:49'),
(800, 647, '2019-07-25 10:54:15', '2019-07-25 10:54:20'),
(802, 648, '2019-07-25 11:11:48', '2019-07-25 11:11:54'),
(804, 649, '2019-07-25 11:56:04', '2019-07-25 11:56:08'),
(806, 650, '2019-07-25 13:12:12', '2019-07-25 13:12:17'),
(808, 651, '2019-07-25 13:34:38', '2019-07-25 13:37:08'),
(810, 652, '2019-07-25 14:13:49', '2019-07-25 14:13:56'),
(812, 653, '2019-07-25 14:38:04', '2019-07-25 14:38:12'),
(814, 654, '2019-07-25 14:39:22', '2019-07-25 14:39:29'),
(816, 655, '2019-07-25 14:41:30', '2019-07-25 14:41:35'),
(818, 656, '2019-07-25 15:36:31', '2019-07-25 15:36:57'),
(820, 657, '2019-07-25 16:18:40', '2019-07-25 16:18:44'),
(822, 658, '2019-07-25 16:42:38', '2019-07-25 16:42:54'),
(824, 659, '2019-07-25 16:56:41', '2019-07-25 16:58:39'),
(826, 660, '2019-07-25 17:36:50', '2019-07-25 17:39:09'),
(828, 661, '2019-07-25 17:52:35', '2019-07-25 17:55:22'),
(830, 662, '2019-07-25 18:31:52', '2019-07-25 18:32:05'),
(832, 663, '2019-07-25 19:05:18', '2019-07-25 19:05:24'),
(834, 664, '2019-07-25 19:30:16', '2019-07-25 19:30:20'),
(836, 665, '2019-07-25 20:43:54', '2019-07-25 20:43:58'),
(838, 666, '2019-07-25 20:56:28', '2019-07-25 20:56:33'),
(840, 667, '2019-07-25 22:00:34', '2019-07-25 22:00:38'),
(842, 668, '2019-07-25 22:24:50', '2019-07-25 22:24:55'),
(844, 669, '2019-07-25 22:43:35', '2019-07-25 22:43:40'),
(846, 670, '2019-07-25 22:44:36', '2019-07-25 22:44:58'),
(848, 671, '2019-07-25 23:13:19', '2019-07-25 23:13:25'),
(850, 672, '2019-07-26 00:04:01', '2019-07-26 00:04:07'),
(852, 673, '2019-07-26 00:17:07', '2019-07-26 00:17:12'),
(854, 674, '2019-07-26 00:29:20', '2019-07-26 00:29:31'),
(856, 675, '2019-07-26 01:21:21', '2019-07-26 01:21:27'),
(858, 676, '2019-07-26 04:27:41', '2019-07-26 04:27:49'),
(860, 677, '2019-07-26 05:42:04', '2019-07-26 05:42:27'),
(864, 678, '2019-07-31 13:13:35', NULL),
(865, 679, '2019-07-30 09:39:49', NULL),
(868, 680, '2019-08-01 13:18:43', NULL),
(869, 681, '2019-08-01 17:09:08', NULL),
(870, 682, '2019-08-01 23:49:19', NULL),
(871, 683, '2019-08-02 10:04:43', NULL),
(872, 684, '2019-08-05 21:40:05', NULL),
(873, 685, '2019-08-07 22:11:35', NULL),
(874, 686, '2019-08-08 11:52:14', NULL),
(875, 687, '2019-08-10 19:39:25', NULL),
(876, 688, '2019-08-11 05:31:32', NULL),
(877, 689, '2019-08-18 12:32:42', '2019-08-11 07:47:23'),
(879, 690, '2019-08-11 10:51:02', NULL),
(880, 691, '2019-08-11 15:45:51', NULL),
(881, 692, '2019-08-11 22:43:05', NULL),
(882, 693, '2019-08-12 10:46:37', NULL),
(883, 694, '2019-08-13 07:41:58', NULL),
(884, 695, '2019-08-13 09:47:44', NULL),
(885, 696, '2019-08-13 11:51:41', NULL),
(886, 697, '2019-08-13 14:00:18', NULL),
(887, 698, '2019-08-13 16:19:21', NULL),
(888, 699, '2019-08-13 18:22:14', NULL),
(889, 700, '2019-08-13 22:13:45', NULL),
(890, 701, '2019-08-14 00:11:02', NULL),
(891, 702, '2019-08-14 02:10:18', NULL),
(892, 703, '2019-08-14 04:14:07', NULL),
(893, 704, '2019-08-14 06:37:45', NULL),
(894, 705, '2019-08-14 07:15:16', NULL),
(895, 706, '2019-08-14 07:18:06', NULL),
(896, 707, '2019-08-14 08:50:18', NULL),
(897, 708, '2019-08-14 11:02:04', NULL),
(898, 709, '2019-08-14 13:17:49', NULL),
(899, 710, '2019-08-14 15:52:59', NULL),
(900, 711, '2019-08-14 18:11:19', NULL),
(901, 712, '2019-08-14 20:07:07', NULL),
(902, 713, '2019-08-14 22:01:19', NULL),
(903, 714, '2019-08-14 23:58:13', NULL),
(904, 715, '2019-08-15 01:54:15', NULL),
(905, 716, '2019-08-15 03:56:47', NULL),
(906, 717, '2019-08-15 06:07:49', NULL),
(907, 718, '2019-08-15 06:12:23', NULL),
(908, 719, '2019-08-15 08:35:10', NULL),
(909, 720, '2019-08-15 10:44:45', NULL),
(910, 721, '2019-08-15 12:54:18', NULL),
(911, 722, '2019-08-15 15:20:23', NULL),
(912, 723, '2019-08-15 17:44:01', NULL),
(913, 724, '2019-08-15 19:37:34', NULL),
(914, 725, '2019-08-15 21:22:16', NULL),
(915, 726, '2019-08-15 23:07:41', NULL),
(916, 727, '2019-08-16 00:57:10', NULL),
(917, 728, '2019-08-16 01:12:36', NULL),
(918, 729, '2019-08-16 02:55:49', NULL),
(919, 730, '2019-08-16 05:23:18', NULL),
(920, 731, '2019-08-16 06:59:48', NULL),
(921, 732, '2019-08-16 07:59:04', NULL),
(922, 733, '2019-08-16 10:24:47', NULL),
(923, 734, '2019-08-16 12:38:09', NULL),
(924, 735, '2019-08-16 15:02:13', NULL),
(925, 736, '2019-08-16 17:49:54', NULL),
(926, 737, '2019-08-16 18:05:52', NULL),
(927, 738, '2019-08-16 19:59:43', NULL),
(928, 739, '2019-08-16 22:00:12', NULL),
(929, 740, '2019-08-17 00:05:01', NULL),
(930, 741, '2019-08-17 02:23:49', NULL),
(931, 742, '2019-08-17 04:41:58', NULL),
(932, 743, '2019-08-17 06:54:58', NULL),
(933, 744, '2019-09-19 07:08:23', NULL),
(934, 745, '2019-08-17 09:17:29', NULL),
(935, 746, '2019-08-17 11:30:13', NULL),
(936, 747, '2019-08-17 13:52:32', NULL),
(937, 748, '2019-08-17 16:20:06', NULL),
(939, 749, '2019-08-17 18:28:45', NULL),
(940, 750, '2019-08-17 20:18:34', NULL),
(941, 751, '2019-08-17 22:01:36', NULL),
(942, 752, '2019-08-17 23:50:27', NULL),
(943, 753, '2019-08-18 00:32:25', NULL),
(944, 754, '2019-08-18 01:46:51', NULL),
(945, 755, '2019-08-18 03:53:51', NULL),
(946, 756, '2019-08-18 05:49:57', NULL),
(947, 757, '2019-08-18 06:01:58', NULL),
(948, 758, '2019-08-18 06:45:56', NULL),
(949, 759, '2019-08-18 09:20:49', NULL),
(950, 760, '2019-08-18 11:41:58', NULL),
(952, 761, '2019-08-18 14:21:47', NULL),
(953, 762, '2019-08-18 17:03:46', NULL),
(954, 763, '2019-08-18 19:18:55', NULL),
(955, 764, '2019-08-18 21:23:54', NULL),
(956, 765, '2019-08-18 23:31:41', NULL),
(957, 766, '2019-08-19 01:41:02', NULL),
(958, 767, '2019-08-19 03:54:03', NULL),
(959, 768, '2019-08-19 06:22:19', NULL),
(960, 769, '2019-08-19 08:55:41', NULL),
(961, 770, '2019-08-19 11:25:49', NULL),
(962, 771, '2019-08-19 14:03:39', NULL),
(963, 772, '2019-08-19 16:49:40', NULL),
(964, 773, '2019-08-19 18:01:12', NULL),
(965, 774, '2019-08-19 19:08:21', NULL),
(966, 775, '2019-08-19 21:18:45', NULL),
(967, 776, '2019-08-19 23:30:11', NULL),
(968, 777, '2019-08-20 01:44:18', NULL),
(969, 778, '2019-08-20 04:04:15', NULL),
(970, 779, '2019-08-20 06:41:48', NULL),
(971, 780, '2019-08-20 07:20:53', NULL),
(972, 781, '2019-08-20 10:48:05', NULL),
(973, 782, '2019-08-20 14:22:51', NULL),
(974, 783, '2019-08-20 17:52:47', NULL),
(975, 784, '2019-08-20 20:56:37', NULL),
(976, 785, '2019-08-20 23:50:06', NULL),
(977, 786, '2019-08-21 02:51:51', NULL),
(978, 787, '2019-08-21 06:10:23', NULL),
(979, 788, '2019-08-21 08:11:47', NULL),
(980, 789, '2019-10-24 12:16:58', '2019-08-27 05:45:19'),
(981, 790, '2019-08-21 11:26:35', NULL),
(982, 791, '2019-08-21 13:26:38', NULL),
(983, 792, '2019-08-21 18:45:46', NULL),
(984, 793, '2019-08-21 23:58:25', NULL),
(985, 794, '2019-08-22 10:56:43', '2019-08-22 11:46:30'),
(987, 795, '2019-08-22 14:16:03', NULL),
(989, 796, '2019-09-10 14:52:20', NULL),
(991, 797, '2019-09-07 09:46:27', NULL),
(992, 798, '2019-08-23 00:28:59', NULL),
(993, 799, '2019-08-23 23:13:00', NULL),
(998, 800, '2019-08-25 14:22:46', NULL),
(999, 801, '2019-08-25 23:11:42', NULL),
(1000, 802, '2019-08-26 23:09:09', NULL),
(1003, 803, '2019-08-27 18:16:27', NULL),
(1006, 804, '2019-08-27 20:04:01', NULL),
(1009, 805, '2019-09-27 10:20:49', NULL),
(1010, 806, '2019-08-30 16:25:34', NULL),
(1011, 808, '2019-08-31 19:20:01', NULL),
(1012, 809, '2019-09-01 15:32:18', NULL),
(1013, 810, '2019-09-02 01:00:09', NULL),
(1014, 811, '2019-09-02 07:21:31', '2019-09-02 07:21:40'),
(1016, 812, '2019-09-18 12:41:11', NULL),
(1019, 813, '2019-09-02 23:53:07', NULL),
(1021, 814, '2019-09-03 13:52:24', NULL),
(1022, 815, '2019-09-04 15:10:14', NULL),
(1025, 816, '2019-09-05 02:06:55', NULL),
(1026, 817, '2019-09-05 05:05:16', NULL),
(1027, 818, '2019-09-06 09:42:51', NULL),
(1028, 819, '2019-09-07 08:20:51', NULL),
(1029, 820, '2019-09-07 09:40:53', NULL),
(1031, 821, '2019-09-07 10:26:45', NULL),
(1032, 822, '2019-09-07 11:17:13', NULL),
(1033, 823, '2019-09-07 18:01:32', NULL),
(1034, 824, '2019-09-07 23:49:43', '2019-09-07 23:49:49'),
(1038, 825, '2019-09-12 12:47:10', NULL),
(1039, 826, '2019-09-09 10:24:33', NULL),
(1043, 827, '2019-09-10 11:55:59', NULL),
(1046, 828, '2019-09-12 17:32:09', NULL),
(1047, 829, '2019-09-11 20:16:43', NULL),
(1049, 830, '2019-09-12 07:10:33', NULL),
(1051, 831, '2019-09-12 13:41:37', NULL),
(1053, 832, '2019-09-14 21:22:17', NULL),
(1054, 833, '2019-09-16 15:10:27', NULL),
(1055, 834, '2019-12-23 03:20:46', NULL),
(1057, 836, '2019-09-17 21:12:12', NULL),
(1060, 837, '2019-09-20 08:24:37', NULL),
(1063, 838, '2019-09-19 07:26:32', NULL),
(1064, 839, '2019-09-19 07:35:43', NULL),
(1065, 840, '2019-09-19 09:51:28', NULL),
(1066, 841, '2019-09-19 12:08:45', NULL),
(1067, 842, '2019-09-21 04:24:36', NULL),
(1068, 843, '2019-09-21 06:57:50', NULL),
(1069, 844, '2019-09-21 09:17:20', NULL),
(1070, 845, '2019-09-21 11:33:15', NULL),
(1071, 846, '2019-09-21 14:19:49', NULL),
(1072, 847, '2019-09-21 16:31:20', NULL),
(1073, 848, '2019-09-21 17:25:10', NULL),
(1074, 849, '2019-09-21 19:27:14', NULL),
(1075, 850, '2019-09-21 21:13:04', NULL),
(1076, 851, '2019-09-21 22:59:12', NULL),
(1077, 852, '2019-09-22 00:56:56', NULL),
(1078, 853, '2019-09-22 03:08:13', NULL),
(1079, 854, '2019-09-22 05:31:58', NULL),
(1080, 855, '2019-09-22 08:04:30', NULL),
(1081, 856, '2019-09-22 10:35:29', NULL),
(1082, 857, '2019-09-22 12:11:48', NULL),
(1083, 858, '2019-09-22 13:00:43', NULL),
(1084, 859, '2019-09-22 16:05:39', NULL),
(1085, 860, '2019-09-22 18:30:23', NULL),
(1086, 861, '2019-09-22 19:17:04', NULL),
(1087, 862, '2019-09-22 20:16:32', NULL),
(1088, 863, '2019-09-22 21:59:38', NULL),
(1089, 864, '2019-09-22 23:50:19', NULL),
(1090, 865, '2019-09-23 01:46:03', NULL),
(1091, 866, '2019-09-23 03:44:01', NULL),
(1092, 867, '2019-09-23 05:59:58', NULL),
(1093, 868, '2019-09-23 08:14:59', NULL),
(1094, 869, '2019-09-23 10:41:44', NULL),
(1095, 870, '2019-09-24 02:18:57', NULL),
(1096, 871, '2019-09-24 08:13:59', NULL),
(1097, 872, '2019-09-24 10:54:52', NULL),
(1098, 874, '2019-09-24 13:47:31', NULL),
(1099, 875, '2019-09-24 16:35:21', NULL),
(1100, 876, '2019-09-24 17:05:46', NULL),
(1101, 877, '2019-09-24 19:20:31', NULL),
(1102, 878, '2019-09-24 21:16:47', NULL),
(1103, 879, '2019-09-24 21:53:00', NULL),
(1104, 880, '2019-09-24 23:21:10', NULL),
(1105, 881, '2019-09-25 01:31:31', NULL),
(1106, 882, '2019-09-25 03:46:49', NULL),
(1107, 883, '2019-09-25 06:03:21', NULL),
(1108, 884, '2019-09-25 09:16:19', NULL),
(1109, 885, '2019-09-25 12:14:06', NULL),
(1110, 886, '2019-09-25 16:04:13', NULL),
(1111, 887, '2019-09-25 19:08:41', NULL),
(1112, 888, '2019-09-25 20:58:36', NULL),
(1113, 889, '2019-09-26 00:50:48', NULL),
(1114, 890, '2019-09-27 05:11:57', NULL),
(1115, 891, '2019-09-27 22:05:43', NULL),
(1116, 892, '2019-09-28 03:01:03', NULL),
(1117, 893, '2019-09-28 07:52:27', NULL),
(1118, 894, '2019-09-28 11:33:46', NULL),
(1119, 895, '2019-09-28 12:55:29', NULL),
(1120, 896, '2019-09-28 16:54:48', NULL),
(1121, 897, '2019-09-28 17:55:23', NULL),
(1122, 898, '2019-09-29 10:11:34', NULL),
(1123, 899, '2019-09-29 15:45:42', NULL),
(1124, 900, '2019-09-29 18:09:46', NULL),
(1125, 901, '2019-09-29 18:49:10', NULL),
(1126, 902, '2019-09-29 21:22:41', NULL),
(1127, 903, '2019-09-30 03:07:03', NULL),
(1128, 904, '2019-09-30 04:58:06', NULL),
(1129, 905, '2019-09-30 10:59:10', NULL),
(1130, 906, '2019-09-30 16:54:11', NULL),
(1131, 907, '2019-09-30 22:16:01', NULL),
(1132, 908, '2019-10-01 03:42:18', NULL),
(1133, 909, '2019-10-01 08:46:51', NULL),
(1134, 910, '2019-10-01 19:41:34', NULL),
(1135, 911, '2019-10-02 07:51:46', NULL),
(1136, 912, '2019-10-02 13:17:36', NULL),
(1137, 913, '2019-10-02 16:52:08', NULL),
(1138, 914, '2019-10-02 18:50:42', NULL),
(1139, 915, '2019-10-03 02:43:15', NULL),
(1140, 916, '2019-10-03 10:13:41', NULL),
(1141, 917, '2019-10-03 10:25:06', NULL),
(1142, 918, '2019-10-03 12:34:15', NULL),
(1143, 919, '2019-10-03 14:10:43', NULL),
(1144, 920, '2019-10-03 19:04:57', NULL),
(1145, 921, '2019-10-03 23:09:18', NULL),
(1146, 922, '2019-10-04 03:11:18', NULL),
(1147, 923, '2019-10-04 08:00:02', NULL),
(1148, 924, '2019-10-04 19:03:47', NULL),
(1149, 925, '2019-10-04 23:20:30', NULL),
(1150, 926, '2019-10-05 03:24:32', NULL),
(1151, 927, '2019-10-05 08:07:44', NULL),
(1152, 928, '2019-10-05 15:36:50', NULL),
(1153, 929, '2019-10-05 19:36:04', NULL),
(1154, 930, '2019-10-05 20:13:44', NULL),
(1155, 931, '2019-10-05 20:44:50', NULL),
(1156, 932, '2019-10-06 01:51:09', NULL),
(1157, 933, '2019-10-06 03:44:43', NULL),
(1158, 934, '2019-10-06 06:57:05', NULL),
(1159, 935, '2019-10-06 12:27:17', NULL),
(1160, 936, '2019-10-06 13:49:21', NULL),
(1161, 937, '2019-10-06 19:38:45', NULL),
(1162, 938, '2019-10-07 05:28:27', NULL),
(1163, 939, '2019-10-07 11:38:44', NULL),
(1164, 940, '2019-10-07 11:57:39', NULL),
(1166, 941, '2019-10-07 18:48:12', NULL),
(1167, 942, '2019-10-08 05:57:52', NULL),
(1169, 943, '2019-10-08 13:07:16', NULL),
(1171, 944, '2019-10-09 08:46:27', NULL),
(1172, 945, '2019-10-11 16:38:50', NULL),
(1173, 946, '2019-10-09 15:11:12', NULL),
(1174, 947, '2019-10-09 21:30:46', NULL),
(1175, 948, '2019-10-09 21:59:53', NULL),
(1176, 949, '2019-10-10 10:24:08', NULL),
(1178, 950, '2019-10-12 08:51:33', NULL),
(1179, 951, '2019-10-12 11:51:17', NULL),
(1180, 952, '2019-10-12 14:25:56', NULL),
(1181, 953, '2019-10-12 16:49:46', NULL),
(1182, 954, '2019-10-13 02:40:08', NULL),
(1183, 955, '2019-10-13 07:40:04', NULL),
(1184, 956, '2019-10-13 11:07:02', NULL),
(1185, 957, '2019-10-14 05:36:56', NULL),
(1186, 958, '2019-10-14 23:49:38', NULL),
(1187, 959, '2019-10-16 18:42:31', NULL),
(1188, 960, '2019-10-16 19:34:26', NULL),
(1189, 961, '2019-10-17 02:42:51', NULL),
(1190, 962, '2019-10-17 07:21:30', NULL),
(1191, 963, '2019-10-18 04:55:25', NULL),
(1192, 964, '2019-10-18 05:11:59', NULL),
(1193, 965, '2019-10-18 07:08:48', NULL),
(1194, 966, '2019-10-18 08:48:41', NULL),
(1195, 967, '2019-10-18 10:28:36', NULL),
(1196, 968, '2019-10-18 10:52:34', NULL),
(1197, 969, '2019-10-18 12:13:49', NULL),
(1198, 970, '2019-10-18 14:10:53', NULL),
(1199, 971, '2019-10-18 16:11:56', NULL),
(1200, 972, '2019-10-18 18:02:39', NULL),
(1201, 973, '2019-10-18 19:27:36', NULL),
(1202, 974, '2019-10-18 20:47:42', NULL),
(1203, 975, '2019-10-18 22:06:49', NULL),
(1204, 976, '2019-10-18 23:29:11', NULL),
(1205, 977, '2019-10-18 23:40:22', NULL),
(1206, 978, '2019-10-19 01:00:10', NULL),
(1207, 979, '2019-10-19 02:50:41', NULL),
(1208, 980, '2019-10-19 04:56:40', NULL),
(1209, 981, '2019-10-19 12:56:39', NULL),
(1210, 982, '2019-10-19 15:34:42', '2019-10-19 15:35:10'),
(1212, 983, '2019-10-20 00:01:29', NULL),
(1213, 984, '2019-10-20 09:53:29', NULL),
(1214, 985, '2019-10-21 02:31:58', NULL),
(1215, 986, '2019-10-21 03:52:48', NULL),
(1216, 987, '2019-10-21 05:09:41', NULL),
(1217, 988, '2019-10-21 06:34:20', NULL),
(1218, 989, '2019-10-21 07:54:11', NULL),
(1219, 990, '2019-10-21 09:11:23', NULL),
(1220, 991, '2019-10-21 10:26:14', NULL),
(1221, 992, '2019-10-21 11:41:29', NULL),
(1222, 993, '2019-10-21 13:03:14', NULL),
(1223, 994, '2019-10-21 14:32:04', NULL),
(1224, 995, '2019-10-21 16:05:22', NULL),
(1225, 996, '2019-10-21 16:05:43', NULL),
(1226, 997, '2019-10-21 16:37:16', NULL),
(1227, 998, '2020-03-02 09:26:28', NULL),
(1228, 999, '2019-10-21 17:33:05', NULL),
(1229, 1000, '2019-10-21 18:50:21', NULL),
(1230, 1001, '2019-10-21 19:33:48', NULL),
(1231, 1002, '2019-10-21 19:55:58', NULL),
(1232, 1003, '2019-10-21 22:06:05', NULL),
(1233, 1004, '2019-10-21 22:43:15', NULL),
(1234, 1005, '2019-10-21 23:12:57', NULL),
(1235, 1006, '2019-10-22 00:20:29', NULL),
(1236, 1007, '2019-10-22 00:35:55', NULL),
(1237, 1008, '2019-10-22 01:29:55', NULL),
(1238, 1009, '2019-10-22 02:40:10', NULL),
(1239, 1010, '2019-10-22 03:51:27', NULL),
(1240, 1011, '2019-10-22 05:04:43', NULL),
(1241, 1012, '2019-10-22 06:23:46', NULL),
(1242, 1013, '2019-10-22 06:40:44', NULL),
(1243, 1014, '2019-10-22 07:42:34', NULL),
(1244, 1015, '2019-10-22 09:06:25', NULL),
(1245, 1016, '2019-10-22 10:21:57', NULL),
(1246, 1017, '2019-10-22 11:36:29', NULL),
(1247, 1018, '2019-10-22 13:04:34', NULL),
(1248, 1019, '2019-10-22 13:27:26', NULL),
(1249, 1020, '2019-10-28 08:50:13', NULL),
(1251, 1021, '2019-10-22 14:36:54', NULL),
(1252, 1022, '2020-02-18 06:58:36', '2020-02-18 07:10:05'),
(1253, 1023, '2019-10-22 16:12:49', NULL),
(1255, 1024, '2019-10-22 17:34:52', NULL),
(1256, 1025, '2019-10-22 18:44:39', NULL),
(1257, 1026, '2019-10-22 19:50:34', NULL),
(1258, 1027, '2019-10-22 20:56:05', NULL),
(1259, 1028, '2019-10-22 22:01:16', NULL),
(1260, 1029, '2019-10-22 23:07:51', NULL),
(1261, 1030, '2019-10-23 00:14:54', NULL),
(1262, 1031, '2019-10-23 01:23:03', NULL),
(1263, 1032, '2019-10-23 02:11:32', NULL),
(1264, 1033, '2019-10-23 02:32:34', NULL),
(1265, 1034, '2019-10-23 03:44:51', NULL),
(1266, 1035, '2019-10-23 05:04:23', NULL),
(1267, 1036, '2019-10-23 06:25:30', NULL),
(1268, 1037, '2019-10-23 07:45:58', NULL),
(1269, 1038, '2019-10-23 09:13:41', NULL),
(1273, 1039, '2019-10-23 10:27:31', NULL),
(1274, 1040, '2019-10-23 11:43:51', NULL),
(1275, 1041, '2019-10-23 13:07:09', NULL),
(1278, 1042, '2019-10-23 14:38:56', NULL),
(1279, 1043, '2019-10-23 15:31:10', NULL),
(1280, 1044, '2019-10-23 16:16:13', NULL),
(1281, 1045, '2019-10-23 17:39:57', NULL),
(1282, 1046, '2020-01-29 04:59:01', NULL),
(1283, 1047, '2019-10-23 18:49:39', NULL),
(1285, 1048, '2019-10-23 19:56:13', NULL),
(1286, 1049, '2019-10-23 20:18:52', NULL),
(1287, 1050, '2019-10-23 21:01:46', NULL),
(1288, 1051, '2019-10-23 22:07:11', NULL),
(1289, 1052, '2019-10-23 23:13:25', NULL),
(1290, 1053, '2019-10-24 00:19:53', NULL),
(1291, 1054, '2019-10-24 00:43:11', NULL),
(1292, 1055, '2019-10-24 01:27:23', NULL),
(1293, 1056, '2019-10-24 02:38:01', NULL),
(1294, 1057, '2019-10-24 03:29:22', NULL),
(1295, 1058, '2019-10-24 03:47:10', NULL),
(1296, 1059, '2019-10-24 05:12:49', NULL),
(1297, 1060, '2019-10-24 06:35:00', NULL),
(1298, 1061, '2019-10-24 07:52:07', NULL),
(1301, 1062, '2019-10-24 09:15:47', NULL),
(1302, 1063, '2019-10-24 10:28:54', NULL),
(1304, 1064, '2019-10-24 13:33:50', NULL),
(1305, 1065, '2019-10-24 17:57:12', NULL),
(1306, 1066, '2019-10-24 22:02:56', NULL),
(1307, 1067, '2019-10-24 22:38:35', '2019-10-24 22:41:07'),
(1309, 1068, '2019-10-24 23:33:13', NULL),
(1310, 1069, '2019-10-25 00:08:49', NULL),
(1311, 1070, '2019-10-25 00:15:32', NULL),
(1312, 1071, '2019-10-25 03:06:03', NULL),
(1314, 1072, '2019-10-25 13:44:31', NULL),
(1315, 1073, '2019-10-25 16:30:27', NULL),
(1316, 1074, '2019-10-25 17:54:48', NULL),
(1317, 1075, '2019-10-25 18:24:22', NULL),
(1318, 1076, '2019-10-26 02:12:04', NULL),
(1319, 1077, '2019-10-26 05:02:27', NULL),
(1321, 1078, '2019-10-26 08:48:12', NULL),
(1322, 1079, '2019-10-26 11:29:23', NULL),
(1324, 1080, '2019-10-26 12:15:43', NULL),
(1326, 1081, '2019-10-26 18:06:21', NULL),
(1327, 1082, '2019-10-27 01:07:45', NULL),
(1328, 1083, '2019-10-27 08:51:58', NULL),
(1329, 1084, '2019-10-27 14:21:38', NULL),
(1330, 1085, '2019-10-27 16:27:01', NULL),
(1331, 1086, '2019-10-27 19:41:22', NULL),
(1332, 1087, '2019-10-27 21:47:01', NULL),
(1333, 1088, '2019-10-28 02:17:04', NULL),
(1337, 1089, '2019-12-02 08:34:51', NULL),
(1338, 1090, '2020-02-10 10:18:07', '2020-02-10 10:21:58'),
(1340, 1091, '2019-10-28 16:32:56', NULL),
(1341, 1092, '2019-10-28 17:01:45', NULL),
(1342, 1093, '2019-10-28 22:38:24', NULL),
(1343, 1094, '2019-10-29 02:08:15', NULL),
(1344, 1095, '2019-10-29 02:16:15', NULL),
(1348, 1096, '2019-10-29 10:13:05', NULL),
(1349, 1097, '2019-10-30 08:12:40', NULL),
(1350, 1098, '2019-10-29 20:56:46', NULL),
(1352, 1099, '2019-10-29 23:26:38', NULL),
(1353, 1100, '2019-10-30 02:56:48', NULL),
(1358, 1101, '2019-10-30 14:48:28', NULL),
(1360, 1102, '2019-10-31 02:19:12', NULL),
(1362, 1103, '2019-10-31 08:03:38', NULL),
(1366, 1104, '2019-10-31 16:14:01', NULL),
(1367, 1105, '2019-10-31 22:20:25', NULL),
(1368, 1106, '2019-11-01 05:00:57', NULL),
(1370, 1107, '2019-11-01 07:24:26', NULL),
(1372, 1108, '2019-11-02 00:18:05', NULL),
(1374, 1109, '2019-11-02 11:08:06', NULL),
(1376, 1110, '2019-11-02 13:38:57', NULL),
(1378, 1111, '2019-11-04 00:19:00', NULL),
(1385, 1112, '2019-11-05 18:18:11', NULL),
(1386, 1113, '2019-11-06 07:26:54', NULL),
(1387, 1114, '2019-11-06 09:27:09', NULL),
(1388, 1115, '2019-11-06 09:27:53', NULL),
(1390, 1116, '2019-11-06 11:13:10', NULL),
(1391, 1117, '2019-11-06 11:16:36', NULL),
(1392, 1118, '2019-11-06 13:04:12', NULL),
(1393, 1119, '2019-11-06 14:35:15', NULL),
(1394, 1120, '2019-11-06 15:38:29', NULL),
(1395, 1121, '2019-11-06 16:19:48', NULL),
(1397, 1122, '2019-11-06 17:38:19', NULL),
(1398, 1123, '2019-11-06 19:08:15', NULL),
(1399, 1124, '2019-11-06 20:33:09', NULL),
(1400, 1125, '2019-11-06 21:44:08', NULL),
(1401, 1126, '2019-11-06 21:56:38', NULL),
(1402, 1127, '2019-11-06 23:21:42', NULL),
(1403, 1128, '2019-11-07 00:50:14', NULL),
(1404, 1129, '2019-11-07 02:27:30', NULL),
(1405, 1130, '2019-11-07 04:09:48', NULL),
(1406, 1131, '2019-11-07 07:44:45', NULL),
(1408, 1132, '2019-11-07 09:30:16', NULL),
(1409, 1133, '2019-11-07 11:19:40', NULL),
(1410, 1134, '2019-11-07 11:56:15', NULL),
(1411, 1135, '2019-11-07 13:17:38', NULL),
(1412, 1136, '2019-11-07 15:35:27', NULL),
(1413, 1137, '2019-11-07 17:35:15', NULL),
(1414, 1138, '2019-11-07 17:35:36', NULL),
(1415, 1139, '2019-11-07 19:04:20', NULL),
(1417, 1140, '2019-11-07 20:27:59', NULL),
(1418, 1141, '2019-11-07 20:35:12', NULL),
(1419, 1142, '2019-11-07 21:51:13', NULL),
(1421, 1143, '2019-11-07 23:14:43', NULL),
(1422, 1144, '2019-11-08 00:45:17', NULL),
(1423, 1145, '2019-11-08 02:22:49', NULL),
(1424, 1146, '2019-11-08 04:00:18', NULL),
(1425, 1147, '2019-11-08 05:48:34', NULL),
(1426, 1148, '2019-11-08 07:44:08', NULL),
(1427, 1149, '2019-11-08 09:30:32', NULL),
(1428, 1150, '2019-11-08 10:48:41', NULL),
(1429, 1151, '2019-11-08 11:16:08', NULL),
(1430, 1152, '2019-11-08 14:45:33', NULL),
(1431, 1153, '2019-11-08 15:35:45', NULL),
(1432, 1154, '2019-11-08 16:15:46', NULL),
(1433, 1155, '2019-11-08 19:13:13', NULL),
(1434, 1156, '2019-11-08 19:25:05', NULL),
(1435, 1157, '2019-11-08 20:35:15', NULL),
(1436, 1158, '2019-11-08 21:56:40', NULL),
(1437, 1159, '2019-11-08 23:20:35', NULL),
(1438, 1160, '2019-11-09 00:49:01', NULL),
(1439, 1161, '2019-11-09 02:26:14', NULL),
(1440, 1162, '2019-11-09 02:30:41', NULL),
(1441, 1163, '2019-11-09 04:15:04', NULL),
(1442, 1164, '2019-11-09 06:09:26', NULL),
(1443, 1165, '2019-11-09 08:08:28', NULL),
(1445, 1166, '2019-11-09 09:35:40', NULL),
(1446, 1167, '2019-11-09 09:57:36', NULL),
(1447, 1168, '2019-11-11 11:22:38', NULL),
(1448, 1169, '2019-11-09 11:44:14', NULL),
(1449, 1170, '2019-11-09 13:49:28', NULL),
(1451, 1171, '2019-11-09 16:11:35', NULL),
(1452, 1172, '2019-11-09 18:04:12', NULL),
(1453, 1173, '2019-11-09 20:57:02', NULL),
(1454, 1174, '2019-11-09 22:19:58', NULL),
(1455, 1175, '2019-11-09 23:47:21', NULL),
(1456, 1176, '2019-11-10 00:58:28', NULL),
(1457, 1177, '2019-11-10 01:24:49', NULL),
(1458, 1178, '2019-11-10 03:12:20', NULL),
(1459, 1179, '2019-11-10 04:59:32', NULL),
(1460, 1180, '2019-11-10 07:00:48', NULL),
(1462, 1181, '2019-11-10 09:00:59', NULL),
(1464, 1182, '2019-11-10 10:50:46', NULL),
(1465, 1183, '2019-11-10 12:38:26', NULL),
(1466, 1184, '2019-11-10 14:37:26', NULL),
(1467, 1185, '2019-11-10 16:41:50', NULL),
(1469, 1186, '2019-11-10 18:21:04', NULL),
(1470, 1187, '2019-11-10 19:47:14', NULL),
(1471, 1188, '2019-11-10 21:09:03', NULL),
(1472, 1189, '2019-11-10 22:41:04', NULL),
(1473, 1190, '2019-11-10 23:21:55', NULL),
(1474, 1191, '2019-11-11 00:10:04', NULL),
(1475, 1192, '2019-11-11 00:23:21', NULL),
(1476, 1193, '2019-11-11 01:02:20', NULL),
(1477, 1194, '2019-11-11 01:47:51', NULL),
(1478, 1195, '2019-11-11 05:08:23', NULL),
(1479, 1196, '2019-11-11 06:55:10', NULL),
(1480, 1197, '2019-11-11 07:39:43', NULL),
(1481, 1198, '2019-11-11 08:36:50', NULL),
(1482, 1199, '2019-11-11 10:25:23', NULL),
(1484, 1200, '2019-11-11 12:06:54', NULL),
(1485, 1201, '2019-11-11 15:12:20', NULL),
(1487, 1202, '2019-11-11 13:59:40', NULL),
(1488, 1203, '2019-11-11 14:52:36', NULL),
(1490, 1204, '2019-11-11 17:12:02', NULL),
(1491, 1205, '2019-11-11 17:14:51', NULL),
(1492, 1206, '2019-11-11 19:15:01', NULL),
(1493, 1207, '2019-11-11 20:09:01', NULL),
(1494, 1208, '2019-11-11 21:06:06', NULL),
(1495, 1209, '2019-11-11 22:56:24', NULL),
(1496, 1210, '2019-11-12 00:56:52', NULL),
(1497, 1211, '2019-11-12 01:14:05', NULL),
(1498, 1212, '2019-11-12 03:04:21', NULL),
(1499, 1213, '2019-11-12 07:30:08', NULL),
(1500, 1214, '2019-11-12 09:42:39', NULL),
(1501, 1215, '2019-11-12 11:58:25', NULL),
(1502, 1216, '2019-11-12 14:27:53', NULL),
(1503, 1217, '2019-11-12 17:00:12', NULL),
(1504, 1218, '2019-11-12 18:11:45', NULL),
(1505, 1219, '2019-11-12 19:02:21', NULL),
(1506, 1220, '2019-11-12 20:53:53', NULL),
(1507, 1221, '2019-11-12 23:42:27', NULL);
INSERT INTO `sgp_customer_log` (`log_id`, `customer_id`, `last_login_at`, `last_logout_at`) VALUES
(1508, 1222, '2019-11-13 03:59:05', NULL),
(1509, 1223, '2019-11-13 08:06:15', NULL),
(1510, 1224, '2019-11-13 12:07:51', NULL),
(1511, 1225, '2019-11-13 16:41:37', NULL),
(1512, 1226, '2019-11-13 22:52:10', NULL),
(1516, 1227, '2019-11-14 21:54:17', NULL),
(1517, 1228, '2019-11-14 22:24:16', NULL),
(1518, 1229, '2019-11-15 00:25:10', NULL),
(1519, 1230, '2019-11-15 18:58:27', NULL),
(1520, 1231, '2019-11-16 03:11:34', NULL),
(1521, 1232, '2019-11-16 04:09:42', NULL),
(1522, 1233, '2019-11-17 00:51:10', NULL),
(1528, 1234, '2019-11-17 11:10:28', NULL),
(1529, 1235, '2019-12-18 10:28:18', NULL),
(1530, 1236, '2019-11-18 05:00:37', NULL),
(1531, 1237, '2019-11-18 05:29:50', NULL),
(1532, 1238, '2020-01-20 09:54:15', NULL),
(1533, 1239, '2019-12-02 14:30:44', NULL),
(1534, 1240, '2019-11-19 03:52:32', NULL),
(1535, 1241, '2020-01-27 15:54:58', NULL),
(1536, 1242, '2019-11-19 20:14:10', NULL),
(1537, 1243, '2019-11-19 21:34:57', NULL),
(1538, 1244, '2019-11-20 00:34:58', NULL),
(1539, 1245, '2019-11-20 05:47:35', NULL),
(1540, 1246, '2019-11-20 06:50:08', NULL),
(1541, 1247, '2019-11-23 05:38:15', '2019-11-23 05:39:59'),
(1545, 1248, '2019-11-21 04:31:53', NULL),
(1546, 1249, '2019-11-21 07:14:30', NULL),
(1547, 1250, '2019-12-06 15:33:11', NULL),
(1548, 1251, '2019-11-21 23:02:13', NULL),
(1549, 1252, '2019-11-21 23:46:22', NULL),
(1550, 1253, '2019-11-22 04:10:35', NULL),
(1555, 1254, '2019-11-22 13:08:12', NULL),
(1556, 1255, '2019-11-22 14:26:50', NULL),
(1557, 1256, '2019-11-22 16:28:45', NULL),
(1560, 1257, '2019-11-23 03:47:18', NULL),
(1561, 1258, '2019-11-23 11:40:29', NULL),
(1563, 1259, '2019-11-24 04:35:21', NULL),
(1564, 1260, '2019-11-24 10:31:58', NULL),
(1566, 1261, '2019-11-25 02:30:46', NULL),
(1567, 1262, '2019-11-25 13:29:14', NULL),
(1568, 1263, '2019-11-25 16:12:41', NULL),
(1569, 1264, '2019-11-25 17:07:54', NULL),
(1570, 1265, '2019-11-26 00:00:40', NULL),
(1571, 1266, '2019-11-26 05:35:53', NULL),
(1573, 1267, '2019-11-26 07:27:29', NULL),
(1574, 1268, '2019-11-26 08:43:03', NULL),
(1575, 1269, '2019-11-26 14:38:33', NULL),
(1576, 1270, '2019-11-26 15:50:16', NULL),
(1577, 1271, '2019-11-26 18:21:12', NULL),
(1578, 1272, '2019-11-26 23:26:53', NULL),
(1579, 1273, '2019-11-28 00:40:03', NULL),
(1580, 1274, '2019-11-28 10:07:52', NULL),
(1581, 1275, '2019-11-29 04:01:23', NULL),
(1582, 1276, '2019-11-29 04:49:32', NULL),
(1584, 1277, '2019-11-29 19:11:33', NULL),
(1585, 1278, '2019-11-29 23:34:35', NULL),
(1586, 1279, '2019-11-30 00:29:57', NULL),
(1587, 1280, '2019-11-30 13:03:29', NULL),
(1588, 1281, '2019-12-01 11:45:38', NULL),
(1589, 1282, '2019-12-01 14:16:04', NULL),
(1590, 1283, '2019-12-01 18:50:32', NULL),
(1591, 1284, '2019-12-24 13:28:31', NULL),
(1592, 1285, '2019-12-04 10:17:13', NULL),
(1593, 1286, '2019-12-04 15:26:43', NULL),
(1594, 1287, '2019-12-04 17:04:02', NULL),
(1595, 1288, '2019-12-04 19:38:28', NULL),
(1596, 1289, '2019-12-05 04:26:55', NULL),
(1597, 1290, '2019-12-05 06:19:41', NULL),
(1598, 1291, '2019-12-05 08:35:36', NULL),
(1599, 1292, '2019-12-05 15:29:34', NULL),
(1600, 1293, '2019-12-05 15:41:30', NULL),
(1601, 1294, '2019-12-05 19:53:32', NULL),
(1602, 1295, '2019-12-06 08:24:41', NULL),
(1605, 1296, '2019-12-06 16:42:38', NULL),
(1606, 1297, '2019-12-07 01:57:24', NULL),
(1607, 1298, '2019-12-07 04:25:05', NULL),
(1608, 1299, '2019-12-08 15:33:36', NULL),
(1609, 1300, '2019-12-08 17:05:29', NULL),
(1610, 1301, '2019-12-08 17:14:25', NULL),
(1611, 1302, '2019-12-08 18:48:47', NULL),
(1612, 1303, '2019-12-09 00:45:26', NULL),
(1613, 1304, '2019-12-09 03:01:12', NULL),
(1614, 1305, '2019-12-09 18:23:31', NULL),
(1615, 1306, '2019-12-09 19:06:15', NULL),
(1616, 1307, '2019-12-10 06:27:03', NULL),
(1618, 1308, '2019-12-10 06:47:43', NULL),
(1619, 1309, '2019-12-10 18:55:07', NULL),
(1620, 1310, '2019-12-10 23:43:35', NULL),
(1621, 1311, '2019-12-11 00:05:45', NULL),
(1622, 1312, '2019-12-11 02:11:00', NULL),
(1623, 1313, '2019-12-11 04:07:20', NULL),
(1624, 1314, '2019-12-11 16:06:04', NULL),
(1625, 1315, '2019-12-11 18:40:01', NULL),
(1627, 1316, '2019-12-12 14:56:40', NULL),
(1628, 1317, '2019-12-12 21:55:43', NULL),
(1629, 1318, '2019-12-12 21:59:54', NULL),
(1630, 1319, '2019-12-12 22:53:10', NULL),
(1631, 1320, '2019-12-12 23:04:34', NULL),
(1632, 1321, '2019-12-12 23:10:13', NULL),
(1633, 1322, '2019-12-12 23:26:59', NULL),
(1634, 1323, '2019-12-13 02:23:28', NULL),
(1635, 1324, '2019-12-13 03:42:41', NULL),
(1636, 1325, '2019-12-13 03:44:00', NULL),
(1637, 1326, '2019-12-13 03:44:21', NULL),
(1638, 1327, '2019-12-13 16:18:49', NULL),
(1639, 1328, '2019-12-13 19:25:53', NULL),
(1640, 1329, '2019-12-14 01:20:45', NULL),
(1641, 1330, '2019-12-14 20:57:17', NULL),
(1642, 1331, '2019-12-14 23:24:20', NULL),
(1643, 1332, '2019-12-15 00:06:10', NULL),
(1644, 1333, '2019-12-15 03:15:17', NULL),
(1645, 1334, '2019-12-15 03:25:45', NULL),
(1646, 1335, '2019-12-15 11:16:49', NULL),
(1647, 1336, '2019-12-15 13:14:26', NULL),
(1648, 1337, '2019-12-15 15:07:42', NULL),
(1649, 1338, '2020-02-26 07:34:14', '2020-02-26 06:32:35'),
(1650, 1339, '2019-12-16 15:24:08', NULL),
(1651, 1340, '2019-12-16 21:22:14', NULL),
(1652, 1341, '2019-12-17 06:54:38', NULL),
(1654, 1342, '2019-12-17 09:23:12', NULL),
(1655, 1343, '2019-12-17 10:33:57', NULL),
(1656, 1344, '2019-12-17 12:41:12', NULL),
(1657, 1345, '2019-12-18 01:41:38', NULL),
(1658, 1346, '2019-12-18 04:30:31', NULL),
(1664, 1347, '2019-12-18 06:09:44', NULL),
(1666, 1348, '2019-12-18 12:43:20', NULL),
(1667, 1349, '2019-12-18 12:48:00', NULL),
(1668, 1350, '2019-12-18 13:58:06', NULL),
(1669, 1351, '2019-12-18 20:44:36', NULL),
(1670, 1352, '2019-12-18 23:29:29', NULL),
(1671, 1353, '2019-12-19 00:47:14', NULL),
(1672, 1354, '2019-12-19 03:51:27', NULL),
(1673, 1355, '2019-12-19 04:35:58', NULL),
(1674, 1356, '2019-12-19 05:21:50', NULL),
(1675, 1357, '2019-12-19 05:57:29', NULL),
(1676, 1358, '2019-12-19 10:03:38', NULL),
(1677, 1359, '2019-12-19 12:48:19', NULL),
(1678, 1360, '2019-12-19 18:09:56', NULL),
(1679, 1361, '2019-12-20 01:03:05', NULL),
(1680, 1362, '2019-12-20 03:27:56', NULL),
(1681, 1363, '2019-12-20 10:46:24', '2019-12-20 10:46:46'),
(1683, 1364, '2020-01-16 20:21:32', NULL),
(1684, 1365, '2019-12-20 17:02:25', NULL),
(1685, 1366, '2019-12-20 17:28:48', NULL),
(1686, 1367, '2019-12-20 18:29:54', NULL),
(1689, 1368, '2019-12-20 21:43:17', NULL),
(1690, 1369, '2019-12-21 05:37:56', NULL),
(1691, 1370, '2019-12-21 16:29:31', NULL),
(1692, 1372, '2019-12-21 16:47:46', NULL),
(1693, 1373, '2019-12-21 22:39:55', NULL),
(1694, 1374, '2019-12-21 23:36:37', NULL),
(1695, 1375, '2019-12-23 02:32:35', NULL),
(1696, 1376, '2019-12-23 10:32:39', NULL),
(1697, 1377, '2019-12-23 10:33:48', NULL),
(1698, 1378, '2019-12-23 10:44:37', NULL),
(1700, 1379, '2019-12-23 17:49:48', NULL),
(1701, 1380, '2019-12-23 19:04:20', NULL),
(1702, 1381, '2019-12-23 21:27:01', NULL),
(1703, 1382, '2019-12-24 03:00:37', NULL),
(1704, 1383, '2019-12-24 21:56:07', NULL),
(1706, 1384, '2019-12-24 06:18:49', NULL),
(1708, 1385, '2019-12-24 15:22:32', NULL),
(1711, 1386, '2019-12-25 04:22:13', NULL),
(1712, 1387, '2019-12-25 06:27:28', NULL),
(1713, 1388, '2019-12-25 13:45:27', NULL),
(1714, 1389, '2019-12-26 01:23:26', NULL),
(1717, 1390, '2019-12-26 19:04:38', NULL),
(1718, 1391, '2019-12-27 05:46:46', NULL),
(1719, 1392, '2019-12-27 21:44:22', NULL),
(1720, 1393, '2019-12-28 03:40:11', NULL),
(1721, 1394, '2019-12-29 05:01:56', NULL),
(1722, 1395, '2019-12-29 11:16:16', NULL),
(1723, 1396, '2019-12-29 19:26:31', NULL),
(1724, 1397, '2019-12-30 08:06:46', NULL),
(1728, 1398, '2019-12-31 03:12:57', NULL),
(1729, 1399, '2019-12-31 08:59:28', NULL),
(1730, 1400, '2020-01-01 03:33:47', NULL),
(1731, 1401, '2020-01-01 05:29:13', NULL),
(1732, 1402, '2020-01-02 00:56:48', NULL),
(1733, 1403, '2020-01-02 05:20:19', NULL),
(1734, 1404, '2020-01-02 06:56:13', NULL),
(1735, 1405, '2020-01-02 16:59:45', NULL),
(1738, 1406, '2020-01-02 18:06:22', '2020-01-02 18:06:50'),
(1740, 1407, '2020-01-02 19:45:55', NULL),
(1741, 1408, '2020-01-03 19:22:41', NULL),
(1742, 1409, '2020-01-04 06:57:15', NULL),
(1743, 1410, '2020-01-13 20:17:34', '2020-01-13 21:07:33'),
(1744, 1411, '2020-01-04 17:08:37', NULL),
(1745, 1412, '2020-01-05 15:21:52', NULL),
(1746, 1413, '2020-01-05 16:02:22', NULL),
(1747, 1414, '2020-01-05 18:09:39', NULL),
(1748, 1415, '2020-01-05 21:02:05', NULL),
(1749, 1416, '2020-01-06 04:46:19', NULL),
(1750, 1417, '2020-01-06 19:23:34', NULL),
(1751, 1418, '2020-01-07 03:14:49', NULL),
(1752, 1419, '2020-01-10 14:33:44', NULL),
(1754, 1420, '2020-01-08 00:16:16', NULL),
(1758, 1421, '2020-01-08 12:52:37', NULL),
(1759, 1423, '2020-01-08 15:55:08', NULL),
(1760, 1424, '2020-01-08 21:00:06', NULL),
(1762, 1425, '2020-01-10 12:27:06', NULL),
(1765, 1426, '2020-01-10 21:04:14', NULL),
(1766, 1427, '2020-01-10 21:34:51', NULL),
(1767, 1428, '2020-01-10 22:06:39', NULL),
(1768, 1429, '2020-01-11 05:10:47', NULL),
(1769, 1430, '2020-01-11 13:44:08', NULL),
(1770, 1431, '2020-01-12 07:11:19', NULL),
(1771, 1432, '2020-01-12 08:29:14', NULL),
(1772, 1433, '2020-01-13 10:46:50', NULL),
(1774, 1434, '2020-01-13 20:05:01', NULL),
(1777, 1435, '2020-01-14 01:31:21', NULL),
(1778, 1436, '2020-01-14 17:16:40', NULL),
(1779, 1437, '2020-01-16 04:35:49', NULL),
(1780, 1439, '2020-01-17 10:22:21', '2020-01-17 10:26:30'),
(1782, 1440, '2020-01-17 18:47:28', NULL),
(1783, 1441, '2020-01-18 03:35:20', NULL),
(1784, 1442, '2020-01-19 09:37:07', NULL),
(1785, 1443, '2020-01-19 10:09:48', NULL),
(1786, 1444, '2020-01-24 13:38:59', NULL),
(1787, 1445, '2020-01-19 15:43:41', NULL),
(1789, 1446, '2020-01-20 08:02:53', NULL),
(1790, 1447, '2020-01-20 08:09:06', NULL),
(1792, 1448, '2020-01-21 00:07:09', '2020-01-21 00:08:21'),
(1794, 1449, '2020-01-21 01:59:17', NULL),
(1795, 1450, '2020-01-21 19:35:18', NULL),
(1796, 1451, '2020-01-21 19:57:31', NULL),
(1797, 1452, '2020-01-21 20:27:24', NULL),
(1798, 1453, '2020-01-22 05:59:16', NULL),
(1800, 1454, '2020-01-22 18:34:06', NULL),
(1801, 1455, '2020-01-22 20:32:33', '2020-01-22 20:36:19'),
(1802, 1456, '2020-01-22 22:15:36', NULL),
(1803, 1457, '2020-01-24 11:26:38', NULL),
(1804, 1458, '2020-01-24 12:24:51', NULL),
(1805, 1459, '2020-01-24 23:02:15', NULL),
(1806, 1460, '2020-01-25 04:54:08', NULL),
(1808, 1461, '2020-01-26 04:37:12', NULL),
(1809, 1462, '2020-01-27 05:05:38', NULL),
(1810, 1463, '2020-01-27 11:50:08', NULL),
(1812, 1464, '2020-01-28 01:00:29', NULL),
(1813, 1465, '2020-01-28 02:31:47', NULL),
(1814, 1466, '2020-01-28 07:04:53', NULL),
(1816, 1467, '2020-01-29 15:36:37', NULL),
(1817, 1468, '2020-01-29 20:40:23', NULL),
(1818, 1469, '2020-01-30 02:44:06', NULL),
(1819, 1470, '2020-01-30 03:21:32', NULL),
(1820, 1471, '2020-01-30 11:49:47', NULL),
(1821, 1472, '2020-01-31 02:44:44', NULL),
(1822, 1473, '2020-01-31 06:50:47', NULL),
(1823, 1474, '2020-01-31 07:16:09', NULL),
(1824, 1475, '2020-01-31 12:13:05', NULL),
(1825, 1476, '2020-01-31 16:17:25', NULL),
(1826, 1477, '2020-01-31 18:32:51', NULL),
(1827, 1478, '2020-02-01 12:52:21', NULL),
(1828, 1479, '2020-02-01 20:40:37', '2020-02-01 20:41:03'),
(1830, 1480, '2020-02-02 01:08:45', NULL),
(1831, 1481, '2020-02-02 01:09:35', NULL),
(1832, 1482, '2020-02-02 11:19:10', NULL),
(1833, 1483, '2020-02-02 13:02:16', NULL),
(1837, 1484, '2020-02-03 06:56:27', NULL),
(1838, 1485, '2020-02-03 20:59:45', NULL),
(1839, 1486, '2020-02-04 03:07:48', NULL),
(1840, 1487, '2020-02-04 07:43:12', NULL),
(1841, 1488, '2020-02-04 12:10:11', NULL),
(1842, 1489, '2020-02-06 13:42:35', NULL),
(1843, 1490, '2020-02-06 14:49:45', NULL),
(1844, 1491, '2020-02-07 01:22:05', NULL),
(1845, 1492, '2020-02-07 06:31:20', NULL),
(1846, 1493, '2020-02-07 10:13:14', NULL),
(1847, 1494, '2020-02-07 10:56:38', NULL),
(1848, 1495, '2020-02-07 17:25:45', NULL),
(1851, 1496, '2020-02-08 17:43:23', NULL),
(1852, 1497, '2020-02-09 10:46:42', NULL),
(1855, 1498, '2020-03-18 09:17:01', NULL),
(1860, 1499, '2020-02-11 03:25:23', NULL),
(1861, 1500, '2020-03-12 08:17:17', NULL),
(1863, 1501, '2020-02-14 16:35:44', NULL),
(1864, 1502, '2020-02-15 13:04:44', NULL),
(1865, 1503, '2020-02-16 08:35:19', NULL),
(1866, 1504, '2020-02-20 05:06:09', NULL),
(1867, 1505, '2020-02-21 13:22:32', NULL),
(1868, 1506, '2020-02-20 01:06:21', NULL),
(1870, 1507, '2020-02-20 11:18:08', NULL),
(1871, 1508, '2020-02-22 01:04:35', NULL),
(1872, 1509, '2020-02-22 01:04:42', NULL),
(1873, 1510, '2020-02-22 13:29:33', NULL),
(1874, 1511, '2020-02-24 19:03:36', NULL),
(1875, 1512, '2020-02-25 02:08:48', NULL),
(1876, 1513, '2020-02-25 12:47:51', NULL),
(1883, 1515, '2020-02-26 23:53:55', NULL),
(1884, 1516, '2020-02-27 10:49:01', NULL),
(1885, 1517, '2020-02-27 21:55:52', NULL),
(1886, 1518, '2020-02-28 12:58:02', NULL),
(1887, 1519, '2020-02-29 01:03:24', NULL),
(1888, 1520, '2020-02-29 06:13:24', NULL),
(1889, 1521, '2020-02-29 09:23:54', NULL),
(1890, 1522, '2020-03-01 09:26:07', NULL),
(1891, 1523, '2020-03-01 11:04:43', NULL),
(1892, 1524, '2020-03-01 12:37:53', NULL),
(1893, 1525, '2020-03-01 14:19:02', NULL),
(1894, 1526, '2020-03-01 16:46:43', NULL),
(1895, 1527, '2020-03-01 19:00:37', NULL),
(1896, 1528, '2020-03-04 04:35:55', NULL),
(1897, 1529, '2020-03-04 04:47:12', NULL),
(1899, 1530, '2020-03-04 10:10:56', NULL),
(1900, 1531, '2020-03-04 16:27:19', NULL),
(1901, 1532, '2020-03-06 02:10:28', NULL),
(1902, 1533, '2020-03-06 11:56:25', NULL),
(1903, 1534, '2020-03-06 18:31:25', NULL),
(1904, 1535, '2020-03-07 06:18:37', NULL),
(1905, 1536, '2020-03-07 06:21:26', NULL),
(1906, 1537, '2020-03-07 13:19:51', NULL),
(1907, 1538, '2020-03-07 15:28:21', NULL),
(1908, 1539, '2020-03-07 19:04:29', NULL),
(1909, 1540, '2020-03-08 16:16:02', NULL),
(1910, 1541, '2020-03-09 17:39:50', NULL),
(1911, 1542, '2020-03-10 04:16:40', NULL),
(1912, 1543, '2020-03-10 13:11:33', NULL),
(1913, 1544, '2020-03-11 20:27:17', NULL),
(1916, 1545, '2020-03-13 03:10:46', NULL),
(1917, 1546, '2020-03-13 12:25:46', NULL),
(1918, 1547, '2020-03-15 13:38:35', NULL),
(1919, 1548, '2020-03-15 17:15:26', NULL),
(1920, 1549, '2020-03-15 18:12:30', NULL),
(1921, 1550, '2020-03-15 18:56:43', NULL),
(1922, 1551, '2020-03-15 19:37:15', NULL),
(1923, 1552, '2020-03-15 20:15:53', NULL),
(1924, 1553, '2020-03-15 20:20:42', NULL),
(1925, 1554, '2020-03-15 20:53:30', NULL),
(1926, 1555, '2020-03-15 21:31:19', NULL),
(1927, 1556, '2020-03-15 22:09:02', NULL),
(1928, 1557, '2020-03-15 22:48:12', NULL),
(1929, 1558, '2020-03-16 02:59:43', NULL),
(1930, 1559, '2020-03-16 03:48:02', NULL),
(1931, 1560, '2020-03-16 04:36:21', NULL),
(1932, 1561, '2020-03-16 05:29:15', NULL),
(1933, 1562, '2020-03-16 05:34:50', NULL),
(1934, 1563, '2020-03-16 06:21:53', NULL),
(1935, 1564, '2020-03-16 07:05:32', NULL),
(1936, 1565, '2020-03-16 07:16:59', NULL),
(1937, 1566, '2020-03-16 08:10:43', NULL),
(1938, 1567, '2020-03-16 09:04:47', NULL),
(1939, 1568, '2020-03-16 09:58:03', NULL),
(1940, 1569, '2020-03-16 10:47:59', NULL),
(1941, 1570, '2020-03-16 11:39:54', NULL),
(1942, 1571, '2020-03-16 12:15:53', NULL),
(1943, 1572, '2020-03-16 12:32:10', NULL),
(1944, 1573, '2020-03-16 13:29:23', NULL),
(1945, 1574, '2020-03-16 14:37:07', NULL),
(1946, 1575, '2020-03-16 18:45:44', NULL),
(1947, 1576, '2020-03-16 19:28:05', NULL),
(1948, 1577, '2020-03-16 20:09:49', NULL),
(1949, 1578, '2020-03-16 20:48:55', NULL),
(1950, 1579, '2020-03-16 21:27:43', NULL),
(1951, 1580, '2020-03-16 22:05:54', NULL),
(1952, 1581, '2020-03-16 22:45:02', NULL),
(1953, 1582, '2020-03-16 23:26:20', NULL),
(1954, 1583, '2020-03-17 00:08:40', NULL),
(1955, 1584, '2020-03-17 00:52:27', NULL),
(1956, 1585, '2020-03-17 01:39:11', NULL),
(1957, 1586, '2020-03-17 02:27:18', NULL),
(1958, 1587, '2020-03-17 02:39:39', NULL),
(1959, 1588, '2020-03-17 03:16:36', NULL),
(1960, 1589, '2020-03-17 04:05:54', NULL),
(1961, 1590, '2020-03-17 05:01:50', NULL),
(1962, 1591, '2020-03-17 05:57:35', NULL),
(1963, 1592, '2020-03-17 06:56:17', NULL),
(1964, 1593, '2020-03-17 07:51:48', NULL),
(1965, 1594, '2020-03-17 08:46:23', NULL),
(1966, 1595, '2020-03-17 09:37:37', NULL),
(1967, 1596, '2020-03-17 10:24:28', NULL),
(1968, 1597, '2020-03-17 11:31:04', NULL),
(1969, 1598, '2020-03-17 12:00:00', NULL),
(1970, 1599, '2020-03-17 12:03:21', NULL),
(1971, 1600, '2020-03-17 12:51:36', NULL),
(1972, 1601, '2020-03-17 13:50:15', NULL),
(1973, 1602, '2020-03-17 14:56:50', NULL),
(1974, 1603, '2020-03-17 16:06:33', NULL),
(1975, 1604, '2020-03-17 17:10:39', NULL),
(1976, 1605, '2020-03-17 18:03:32', NULL),
(1977, 1606, '2020-03-17 18:48:43', NULL),
(1978, 1607, '2020-03-17 19:29:56', NULL),
(1979, 1608, '2020-03-17 20:09:13', NULL),
(1980, 1609, '2020-03-17 20:49:00', NULL),
(1981, 1610, '2020-03-17 21:27:05', NULL),
(1982, 1611, '2020-03-17 22:05:33', NULL),
(1983, 1612, '2020-03-17 22:44:42', NULL),
(1984, 1613, '2020-03-17 23:15:46', NULL),
(1985, 1614, '2020-03-17 23:25:43', NULL),
(1986, 1615, '2020-03-18 00:07:01', NULL),
(1987, 1616, '2020-03-18 00:49:57', NULL),
(1988, 1617, '2020-03-18 01:34:25', NULL),
(1989, 1618, '2020-03-18 02:20:04', NULL),
(1990, 1619, '2020-03-18 03:06:45', NULL),
(1991, 1620, '2020-03-18 03:52:26', NULL),
(1992, 1621, '2020-03-18 03:58:35', NULL),
(1993, 1622, '2020-03-18 04:37:48', NULL),
(1994, 1623, '2020-03-18 05:28:51', NULL),
(1995, 1624, '2020-03-18 06:22:05', NULL),
(1996, 1625, '2020-03-18 07:16:20', NULL),
(1997, 1626, '2020-03-18 07:57:13', NULL),
(1998, 1627, '2020-03-18 08:13:15', NULL),
(1999, 1628, '2020-03-18 09:03:31', NULL),
(2000, 1629, '2020-03-18 09:52:52', NULL),
(2001, 1630, '2020-03-18 10:38:42', NULL),
(2002, 1631, '2020-03-18 11:23:58', NULL),
(2003, 1632, '2020-03-18 12:10:19', NULL),
(2004, 1633, '2020-03-18 13:00:42', NULL),
(2005, 1634, '2020-03-18 13:03:03', NULL),
(2006, 1635, '2020-03-18 13:59:23', NULL),
(2007, 1636, '2020-03-18 15:12:16', NULL),
(2008, 1637, '2020-03-18 16:27:03', NULL),
(2009, 1638, '2020-03-18 17:35:59', NULL),
(2010, 1639, '2020-03-18 18:32:17', NULL),
(2011, 1640, '2020-03-18 19:20:29', NULL),
(2012, 1641, '2020-03-18 20:02:00', NULL),
(2013, 1642, '2020-03-18 20:41:04', NULL),
(2014, 1643, '2020-03-18 21:20:13', NULL),
(2015, 1644, '2020-03-18 21:59:49', NULL),
(2016, 1645, '2020-03-18 22:41:14', NULL),
(2017, 1646, '2020-03-18 23:25:00', NULL),
(2018, 1647, '2020-03-19 00:10:04', NULL),
(2019, 1648, '2020-03-19 00:55:22', NULL),
(2020, 1649, '2020-03-19 01:43:38', NULL),
(2021, 1650, '2020-03-19 02:34:25', NULL),
(2022, 1651, '2020-03-19 03:23:40', NULL),
(2023, 1652, '2020-03-19 04:13:09', NULL),
(2024, 1653, '2020-03-19 05:08:11', NULL),
(2025, 1654, '2020-03-19 05:55:56', NULL),
(2026, 1655, '2020-03-27 06:34:46', NULL),
(2027, 1656, '2020-03-19 06:42:58', NULL),
(2028, 1657, '2020-03-19 07:30:20', NULL),
(2029, 1658, '2020-03-19 08:20:27', NULL),
(2030, 1659, '2020-03-19 09:07:24', NULL),
(2031, 1660, '2020-03-19 09:54:10', NULL),
(2032, 1661, '2020-03-19 10:40:07', NULL),
(2033, 1662, '2020-03-19 11:22:41', NULL),
(2034, 1663, '2020-03-19 12:07:10', NULL),
(2035, 1664, '2020-03-19 12:52:23', NULL),
(2036, 1665, '2020-03-19 13:40:07', NULL),
(2037, 1666, '2020-03-19 14:33:50', NULL),
(2038, 1667, '2020-03-19 15:31:12', NULL),
(2039, 1668, '2020-03-19 16:31:50', NULL),
(2040, 1669, '2020-03-19 17:27:47', NULL),
(2041, 1670, '2020-03-19 18:11:35', NULL),
(2042, 1671, '2020-03-19 18:52:26', NULL),
(2043, 1672, '2020-03-19 19:32:23', NULL),
(2044, 1673, '2020-03-19 20:11:14', NULL),
(2045, 1674, '2020-03-19 20:49:09', NULL),
(2046, 1675, '2020-03-19 21:27:03', NULL),
(2047, 1676, '2020-03-19 22:04:51', NULL),
(2048, 1677, '2020-03-19 22:42:31', NULL),
(2049, 1678, '2020-03-19 23:21:05', NULL),
(2050, 1679, '2020-03-20 00:00:05', NULL),
(2051, 1680, '2020-03-20 00:40:14', NULL),
(2052, 1681, '2020-03-20 01:21:19', NULL),
(2053, 1682, '2020-03-20 02:02:13', NULL),
(2054, 1683, '2020-03-20 02:46:57', NULL),
(2055, 1684, '2020-03-20 02:58:04', NULL),
(2056, 1685, '2020-03-20 03:29:30', NULL),
(2057, 1686, '2020-03-20 04:10:20', NULL),
(2058, 1687, '2020-03-20 04:50:38', NULL),
(2059, 1688, '2020-03-20 05:33:44', NULL),
(2060, 1689, '2020-03-20 06:17:12', NULL),
(2061, 1690, '2020-03-20 06:19:58', NULL),
(2062, 1691, '2020-03-20 07:05:18', NULL),
(2063, 1692, '2020-03-20 07:49:45', NULL),
(2064, 1693, '2020-03-20 08:34:07', NULL),
(2065, 1694, '2020-03-20 09:18:39', NULL),
(2066, 1695, '2020-03-20 10:01:19', NULL),
(2067, 1696, '2020-03-20 10:44:16', NULL),
(2068, 1697, '2020-03-20 11:25:25', NULL),
(2069, 1698, '2020-03-20 12:12:02', NULL),
(2070, 1699, '2020-03-20 12:57:15', NULL),
(2071, 1700, '2020-03-20 13:44:16', NULL),
(2072, 1701, '2020-03-20 14:33:56', NULL),
(2073, 1702, '2020-03-20 14:40:17', NULL),
(2074, 1703, '2020-03-20 15:42:10', NULL),
(2075, 1704, '2020-03-20 16:38:50', NULL),
(2076, 1705, '2020-03-20 17:30:53', NULL),
(2077, 1706, '2020-03-20 17:38:39', NULL),
(2078, 1707, '2020-03-20 18:16:08', NULL),
(2079, 1708, '2020-03-20 18:57:07', NULL),
(2080, 1709, '2020-03-20 19:37:42', NULL),
(2081, 1710, '2020-03-20 20:16:17', NULL),
(2082, 1711, '2020-03-20 20:55:19', NULL),
(2083, 1712, '2020-03-21 05:12:48', NULL),
(2085, 1713, '2020-03-21 06:01:34', NULL),
(2086, 1714, '2020-03-21 06:47:12', NULL),
(2087, 1715, '2020-03-21 07:33:06', NULL),
(2088, 1716, '2020-03-21 08:21:41', NULL),
(2089, 1717, '2020-03-21 09:08:48', NULL),
(2090, 1718, '2020-03-21 09:51:38', NULL),
(2091, 1719, '2020-03-21 09:58:13', NULL),
(2092, 1720, '2020-03-21 10:33:05', NULL),
(2093, 1721, '2020-03-21 11:17:42', NULL),
(2094, 1722, '2020-03-21 12:01:18', NULL),
(2095, 1723, '2020-03-21 12:45:57', NULL),
(2096, 1724, '2020-03-21 13:33:39', NULL),
(2097, 1725, '2020-03-21 13:50:44', NULL),
(2098, 1726, '2020-03-21 14:26:15', NULL),
(2099, 1727, '2020-03-21 15:16:55', NULL),
(2100, 1728, '2020-03-21 15:35:21', NULL),
(2101, 1729, '2020-03-21 16:09:22', NULL),
(2102, 1730, '2020-03-21 17:02:13', NULL),
(2103, 1731, '2020-03-21 17:50:02', NULL),
(2104, 1732, '2020-03-21 18:33:37', NULL),
(2105, 1733, '2020-03-21 19:14:55', NULL),
(2106, 1734, '2020-03-21 19:54:17', NULL),
(2107, 1735, '2020-03-21 20:33:36', NULL),
(2108, 1736, '2020-03-21 21:11:27', NULL),
(2109, 1737, '2020-03-21 21:33:38', NULL),
(2110, 1738, '2020-03-21 21:49:59', NULL),
(2111, 1739, '2020-03-21 22:29:02', NULL),
(2112, 1740, '2020-03-21 23:08:21', NULL),
(2113, 1741, '2020-03-21 23:48:24', NULL),
(2114, 1742, '2020-03-22 00:30:30', NULL),
(2115, 1743, '2020-03-22 01:11:30', NULL),
(2116, 1744, '2020-03-22 01:53:05', NULL),
(2117, 1745, '2020-03-22 02:36:21', NULL),
(2118, 1746, '2020-03-22 03:18:24', NULL),
(2119, 1747, '2020-03-22 04:01:38', NULL),
(2120, 1748, '2020-03-22 04:45:08', NULL),
(2121, 1749, '2020-03-22 05:31:31', NULL),
(2122, 1750, '2020-03-22 05:45:11', NULL),
(2123, 1751, '2020-03-22 06:17:24', NULL),
(2124, 1752, '2020-03-22 07:05:00', NULL),
(2125, 1753, '2020-03-22 07:51:42', NULL),
(2126, 1754, '2020-03-22 08:37:33', NULL),
(2127, 1755, '2020-03-22 09:26:49', NULL),
(2128, 1756, '2020-03-22 10:17:55', NULL),
(2129, 1757, '2020-03-22 11:05:39', NULL),
(2130, 1758, '2020-03-22 11:52:50', NULL),
(2131, 1759, '2020-03-22 12:39:54', NULL),
(2132, 1760, '2020-03-22 13:28:01', NULL),
(2133, 1761, '2020-03-22 14:16:14', NULL),
(2134, 1762, '2020-03-22 15:11:49', NULL),
(2135, 1763, '2020-03-22 16:04:35', NULL),
(2136, 1764, '2020-03-22 17:45:45', NULL),
(2137, 1765, '2020-03-22 17:51:38', NULL),
(2138, 1766, '2020-03-22 18:32:50', NULL),
(2139, 1767, '2020-03-22 19:11:53', NULL),
(2140, 1768, '2020-03-22 19:12:06', NULL),
(2141, 1769, '2020-03-22 19:49:49', NULL),
(2142, 1770, '2020-03-22 20:26:16', NULL),
(2143, 1771, '2020-03-22 21:01:58', NULL),
(2144, 1772, '2020-03-22 21:37:49', NULL),
(2145, 1773, '2020-03-22 22:13:45', NULL),
(2146, 1774, '2020-03-22 22:49:41', NULL),
(2147, 1775, '2020-03-22 23:26:26', NULL),
(2148, 1776, '2020-03-23 00:03:43', NULL),
(2149, 1777, '2020-03-23 00:41:00', NULL),
(2150, 1778, '2020-03-23 01:19:04', NULL),
(2151, 1779, '2020-03-23 01:57:11', NULL),
(2152, 1780, '2020-03-23 02:36:31', NULL),
(2153, 1781, '2020-03-23 03:19:17', NULL),
(2154, 1782, '2020-03-23 03:57:45', NULL),
(2155, 1783, '2020-03-23 04:37:04', NULL),
(2156, 1784, '2020-03-23 05:17:53', NULL),
(2157, 1785, '2020-03-23 06:00:40', NULL),
(2158, 1786, '2020-03-23 06:43:31', NULL),
(2159, 1787, '2020-03-23 07:25:36', NULL),
(2160, 1788, '2020-03-23 08:06:15', NULL),
(2161, 1789, '2020-03-23 08:46:50', NULL),
(2162, 1790, '2020-03-23 09:27:58', NULL),
(2163, 1791, '2020-03-23 09:31:44', NULL),
(2164, 1792, '2020-03-23 10:11:08', NULL),
(2165, 1793, '2020-03-23 10:59:20', NULL),
(2166, 1794, '2020-03-23 11:39:30', NULL),
(2167, 1795, '2020-03-23 12:22:37', NULL),
(2168, 1796, '2020-03-23 13:05:14', NULL),
(2169, 1797, '2020-03-23 13:48:38', NULL),
(2170, 1798, '2020-03-23 14:37:28', NULL),
(2171, 1799, '2020-03-23 15:33:33', NULL),
(2172, 1800, '2020-03-23 16:27:20', NULL),
(2173, 1801, '2020-03-23 17:14:51', NULL),
(2174, 1802, '2020-03-23 17:58:02', NULL),
(2175, 1803, '2020-03-23 18:36:51', NULL),
(2176, 1804, '2020-03-23 19:13:59', NULL),
(2177, 1805, '2020-03-23 19:51:36', NULL),
(2178, 1806, '2020-03-23 20:27:53', NULL),
(2179, 1807, '2020-03-23 21:04:05', NULL),
(2180, 1808, '2020-03-23 21:25:39', NULL),
(2181, 1809, '2020-03-23 21:40:04', NULL),
(2182, 1810, '2020-03-23 21:48:16', NULL),
(2183, 1811, '2020-03-23 22:15:59', NULL),
(2184, 1812, '2020-03-23 22:51:44', NULL),
(2185, 1813, '2020-03-23 23:29:57', NULL),
(2186, 1814, '2020-03-24 00:07:01', NULL),
(2187, 1815, '2020-03-24 00:44:16', NULL),
(2188, 1816, '2020-03-24 01:21:46', NULL),
(2189, 1817, '2020-03-24 01:59:38', NULL),
(2190, 1818, '2020-03-24 02:39:16', NULL),
(2191, 1819, '2020-03-24 03:18:43', NULL),
(2192, 1820, '2020-03-24 03:56:42', NULL),
(2193, 1821, '2020-03-24 04:35:05', NULL),
(2194, 1822, '2020-03-24 05:20:32', NULL),
(2195, 1823, '2020-03-24 05:43:44', NULL),
(2196, 1824, '2020-03-24 06:16:11', NULL),
(2197, 1825, '2020-03-24 06:57:46', '2020-03-24 06:58:44'),
(2199, 1826, '2020-03-24 07:09:06', NULL),
(2200, 1827, '2020-03-24 07:55:15', NULL),
(2201, 1828, '2020-03-24 08:37:53', NULL),
(2202, 1829, '2020-03-24 09:19:24', NULL),
(2203, 1830, '2020-03-24 09:59:31', NULL),
(2204, 1831, '2020-03-24 10:40:00', NULL),
(2205, 1832, '2020-03-24 11:18:37', NULL),
(2206, 1833, '2020-03-24 12:01:07', NULL),
(2207, 1834, '2020-03-24 12:52:03', NULL),
(2208, 1835, '2020-03-24 12:55:43', NULL),
(2209, 1836, '2020-03-24 13:12:27', NULL),
(2210, 1837, '2020-03-24 13:42:43', NULL),
(2211, 1838, '2020-03-24 14:29:27', NULL),
(2212, 1839, '2020-03-24 15:27:43', NULL),
(2213, 1840, '2020-03-24 16:20:06', NULL),
(2214, 1841, '2020-03-24 17:07:21', NULL),
(2215, 1842, '2020-03-24 17:50:06', NULL),
(2216, 1843, '2020-03-24 18:29:30', NULL),
(2217, 1844, '2020-03-24 19:06:58', NULL),
(2218, 1845, '2020-03-24 19:44:18', NULL),
(2219, 1846, '2020-03-24 20:20:45', NULL),
(2220, 1847, '2020-03-24 20:57:25', NULL),
(2221, 1848, '2020-03-24 21:34:10', NULL),
(2222, 1849, '2020-03-24 22:10:48', NULL),
(2223, 1850, '2020-03-24 22:47:48', NULL),
(2224, 1851, '2020-03-24 23:24:53', NULL),
(2225, 1852, '2020-03-25 00:00:16', NULL),
(2226, 1853, '2020-03-25 00:02:32', NULL),
(2227, 1854, '2020-03-25 00:40:23', NULL),
(2228, 1855, '2020-03-25 01:19:01', NULL),
(2229, 1856, '2020-03-25 01:57:00', NULL),
(2230, 1857, '2020-03-25 02:35:54', NULL),
(2231, 1858, '2020-03-25 03:15:56', NULL),
(2232, 1859, '2020-03-25 03:55:15', NULL),
(2233, 1860, '2020-03-25 04:36:46', NULL),
(2234, 1861, '2020-03-25 05:23:03', NULL),
(2235, 1862, '2020-03-25 06:05:57', NULL),
(2236, 1863, '2020-03-25 06:59:14', NULL),
(2237, 1864, '2020-03-25 07:48:19', NULL),
(2238, 1865, '2020-03-25 08:31:28', NULL),
(2239, 1866, '2020-03-25 09:13:36', NULL),
(2240, 1867, '2020-03-25 09:54:59', NULL),
(2241, 1868, '2020-03-25 10:35:19', NULL),
(2242, 1869, '2020-03-25 11:16:10', NULL),
(2243, 1870, '2020-03-25 11:59:39', NULL),
(2244, 1871, '2020-03-25 12:46:15', NULL),
(2245, 1872, '2020-03-25 13:31:32', NULL),
(2246, 1873, '2020-03-25 13:46:41', NULL),
(2247, 1874, '2020-03-25 14:22:40', NULL),
(2248, 1875, '2020-03-25 15:18:22', NULL),
(2249, 1876, '2020-03-25 16:14:19', NULL),
(2250, 1877, '2020-03-25 16:15:30', NULL),
(2251, 1878, '2020-03-25 17:05:18', NULL),
(2252, 1879, '2020-03-25 20:14:20', NULL),
(2253, 1880, '2020-03-25 20:50:33', NULL),
(2254, 1881, '2020-03-25 21:27:07', NULL),
(2255, 1882, '2020-03-25 21:34:56', NULL),
(2256, 1883, '2020-03-25 22:12:41', NULL),
(2257, 1884, '2020-03-26 00:38:31', NULL),
(2258, 1885, '2020-03-26 05:38:33', '2020-03-26 05:38:43'),
(2259, 1886, '2020-03-26 09:58:41', NULL),
(2260, 1887, '2020-03-26 12:48:37', NULL),
(2261, 1888, '2020-03-26 15:56:49', NULL),
(2262, 1889, '2020-03-26 16:11:51', NULL),
(2263, 1890, '2020-03-26 16:18:16', NULL),
(2264, 1891, '2020-03-26 16:58:04', NULL),
(2265, 1892, '2020-03-26 20:23:56', NULL),
(2266, 1893, '2020-03-26 23:44:20', '2020-03-26 23:44:56'),
(2268, 1894, '2020-03-27 00:46:21', NULL),
(2269, 1895, '2020-03-27 00:54:58', NULL),
(2271, 1896, '2020-03-27 07:24:46', NULL),
(2272, 1897, '2020-03-27 10:06:43', NULL),
(2273, 1898, '2020-03-27 11:08:45', NULL),
(2274, 1899, '2020-03-27 11:42:35', NULL),
(2275, 1900, '2020-03-27 12:18:50', NULL),
(2276, 1901, '2020-03-27 12:35:46', NULL),
(2277, 1902, '2020-03-27 12:37:17', NULL),
(2278, 1903, '2020-03-27 13:54:21', NULL),
(2279, 1904, '2020-03-27 15:26:05', NULL),
(2280, 1905, '2020-03-27 16:06:59', NULL),
(2281, 1906, '2020-03-27 17:41:24', NULL),
(2282, 1907, '2020-03-27 17:48:55', NULL),
(2283, 1908, '2020-03-27 18:39:13', '2020-03-27 18:39:33'),
(2285, 1909, '2020-03-27 19:45:02', NULL),
(2286, 1910, '2020-03-27 22:01:45', NULL),
(2287, 1911, '2020-03-27 23:10:33', '2020-03-27 23:10:58'),
(2289, 1912, '2020-03-28 04:17:20', NULL),
(2290, 1913, '2020-03-28 04:45:49', NULL),
(2291, 1914, '2020-03-28 07:29:29', NULL),
(2292, 1915, '2020-03-28 10:05:00', '2020-03-28 10:06:33'),
(2294, 1916, '2020-03-28 10:48:16', NULL),
(2295, 1917, '2020-03-28 10:56:27', '2020-03-28 10:56:50'),
(2296, 1918, '2020-03-29 03:23:38', NULL),
(2297, 1919, '2020-03-29 09:38:31', NULL),
(2298, 1920, '2020-03-30 01:50:47', '2020-03-30 01:53:31'),
(2300, 1921, '2020-03-30 06:46:05', NULL),
(2301, 1922, '2020-03-30 07:45:19', NULL),
(2302, 1923, '2020-03-30 08:33:13', NULL),
(2303, 1924, '2020-03-30 08:38:14', NULL),
(2304, 1925, '2020-03-30 09:27:56', NULL),
(2305, 1926, '2020-03-30 10:15:06', NULL),
(2306, 1927, '2020-03-30 11:02:15', NULL),
(2307, 1928, '2020-03-30 11:48:00', NULL),
(2308, 1929, '2020-03-30 12:21:37', NULL),
(2309, 1930, '2020-03-30 12:40:08', NULL),
(2310, 1931, '2020-03-30 13:32:11', NULL),
(2311, 1932, '2020-03-30 14:27:18', NULL),
(2312, 1933, '2020-03-30 15:25:12', NULL),
(2313, 1934, '2020-03-30 16:27:28', NULL),
(2314, 1935, '2020-03-30 17:20:28', NULL),
(2315, 1936, '2020-03-30 18:07:58', NULL),
(2316, 1937, '2020-03-30 18:53:15', NULL),
(2317, 1938, '2020-03-30 19:34:47', NULL),
(2318, 1939, '2020-03-30 20:15:17', NULL),
(2319, 1940, '2020-03-30 20:56:28', NULL),
(2320, 1941, '2020-03-30 21:36:39', NULL),
(2321, 1942, '2020-03-30 22:17:19', NULL),
(2322, 1943, '2020-03-30 22:59:07', NULL),
(2323, 1944, '2020-03-30 23:40:12', NULL),
(2324, 1945, '2020-03-30 23:49:43', NULL),
(2325, 1946, '2020-03-31 00:24:08', NULL),
(2326, 1947, '2020-03-31 01:06:31', NULL),
(2327, 1948, '2020-03-31 01:50:30', NULL),
(2328, 1949, '2020-03-31 02:34:58', NULL),
(2329, 1950, '2020-03-31 03:18:12', NULL),
(2330, 1951, '2020-03-31 04:02:35', NULL),
(2331, 1952, '2020-03-31 04:51:13', NULL),
(2332, 1953, '2020-03-31 05:38:57', NULL),
(2333, 1954, '2020-03-31 06:26:04', NULL),
(2334, 1955, '2020-03-31 07:13:35', NULL),
(2335, 1956, '2020-03-31 08:03:51', NULL),
(2336, 1957, '2020-03-31 08:04:10', NULL),
(2337, 1958, '2020-03-31 08:51:50', NULL),
(2338, 1959, '2020-03-31 09:38:18', NULL),
(2339, 1960, '2020-03-31 10:23:24', NULL),
(2340, 1961, '2020-03-31 11:07:32', NULL),
(2341, 1962, '2020-03-31 11:51:59', NULL),
(2342, 1963, '2020-03-31 12:41:01', NULL),
(2343, 1964, '2020-03-31 13:32:27', NULL),
(2344, 1965, '2020-03-31 14:28:37', NULL),
(2345, 1966, '2020-03-31 15:34:03', NULL),
(2346, 1967, '2020-03-31 16:32:49', NULL),
(2347, 1968, '2020-03-31 17:23:31', NULL),
(2348, 1969, '2020-03-31 18:10:00', NULL),
(2349, 1970, '2020-03-31 18:52:46', NULL),
(2350, 1971, '2020-03-31 19:35:14', NULL),
(2351, 1972, '2020-03-31 20:16:59', NULL),
(2352, 1973, '2020-03-31 20:56:22', NULL),
(2353, 1974, '2020-03-31 21:36:46', NULL),
(2354, 1975, '2020-03-31 22:18:46', NULL),
(2355, 1976, '2020-03-31 23:00:25', NULL),
(2356, 1977, '2020-03-31 23:45:12', NULL),
(2357, 1978, '2020-04-01 00:29:28', NULL),
(2358, 1979, '2020-04-01 01:13:01', NULL),
(2359, 1980, '2020-04-01 01:57:09', NULL),
(2360, 1981, '2020-04-01 02:44:45', NULL),
(2361, 1982, '2020-04-01 03:29:14', NULL),
(2362, 1983, '2020-04-01 04:13:25', NULL),
(2363, 1984, '2020-04-01 05:53:45', NULL),
(2364, 1985, '2020-04-01 06:43:47', NULL),
(2365, 1986, '2020-04-01 07:35:48', NULL),
(2366, 1987, '2020-04-01 08:27:06', NULL),
(2367, 1988, '2020-04-01 09:18:11', NULL),
(2368, 1989, '2020-04-01 10:05:19', NULL),
(2369, 1990, '2020-04-01 10:52:37', NULL),
(2370, 1991, '2020-04-01 11:40:18', NULL),
(2371, 1992, '2020-04-01 12:29:36', NULL),
(2372, 1993, '2020-04-01 13:22:00', NULL),
(2373, 1994, '2020-04-01 14:23:11', NULL),
(2374, 1995, '2020-04-01 15:24:50', NULL),
(2375, 1996, '2020-04-01 16:26:58', NULL),
(2376, 1997, '2020-04-01 17:24:48', NULL),
(2377, 1998, '2020-04-01 18:12:49', NULL),
(2378, 1999, '2020-04-01 18:57:24', NULL),
(2379, 2000, '2020-04-01 19:39:05', NULL),
(2380, 2001, '2020-04-01 20:19:47', NULL),
(2381, 2002, '2020-04-01 20:32:01', NULL),
(2382, 2003, '2020-04-01 21:00:35', NULL),
(2383, 2004, '2020-04-01 21:41:42', NULL),
(2384, 2005, '2020-04-01 22:22:21', NULL),
(2385, 2006, '2020-04-01 23:03:16', NULL),
(2386, 2007, '2020-04-01 23:38:10', NULL),
(2387, 2008, '2020-04-01 23:46:38', NULL),
(2388, 2009, '2020-04-02 00:31:10', NULL),
(2389, 2010, '2020-04-02 01:15:31', NULL),
(2390, 2011, '2020-04-02 02:00:15', NULL),
(2391, 2012, '2020-04-02 02:44:42', NULL),
(2392, 2013, '2020-04-02 03:29:30', NULL),
(2393, 2014, '2020-04-02 04:17:32', NULL),
(2394, 2015, '2020-04-02 05:05:54', NULL),
(2395, 2016, '2020-04-02 05:56:48', NULL),
(2396, 2017, '2020-04-02 06:46:42', NULL),
(2397, 2018, '2020-04-02 07:42:02', NULL),
(2398, 2019, '2020-04-02 08:31:03', NULL),
(2399, 2020, '2020-04-02 08:34:58', NULL),
(2400, 2021, '2020-04-02 09:21:26', NULL),
(2401, 2022, '2020-04-02 10:08:21', NULL),
(2402, 2023, '2020-04-02 10:55:13', NULL),
(2403, 2024, '2020-04-02 11:40:23', NULL),
(2404, 2025, '2020-04-02 12:30:52', NULL),
(2405, 2026, '2020-04-02 13:13:49', NULL),
(2406, 2027, '2020-04-02 13:24:27', NULL),
(2407, 2028, '2020-04-02 14:21:35', NULL),
(2408, 2029, '2020-04-02 15:23:25', NULL),
(2409, 2030, '2020-04-02 16:24:26', NULL),
(2410, 2031, '2020-04-02 17:02:01', NULL),
(2411, 2032, '2020-04-02 17:18:27', NULL),
(2412, 2033, '2020-04-02 18:06:33', NULL),
(2413, 2034, '2020-04-02 18:53:30', NULL),
(2414, 2035, '2020-04-02 19:35:56', NULL),
(2415, 2036, '2020-04-02 20:18:30', NULL),
(2416, 2037, '2020-04-02 20:58:17', NULL),
(2417, 2038, '2020-04-02 21:39:14', NULL),
(2418, 2039, '2020-04-02 22:20:50', NULL),
(2419, 2040, '2020-04-02 23:03:05', NULL),
(2420, 2041, '2020-04-02 23:05:48', NULL),
(2421, 2042, '2020-04-02 23:46:42', NULL),
(2422, 2043, '2020-04-03 00:30:17', NULL),
(2423, 2044, '2020-04-03 01:16:57', NULL),
(2424, 2045, '2020-04-03 02:00:39', NULL),
(2425, 2046, '2020-04-03 02:46:26', NULL),
(2426, 2047, '2020-04-03 03:30:24', NULL),
(2427, 2048, '2020-04-03 04:14:31', NULL),
(2428, 2049, '2020-04-03 05:01:18', NULL),
(2429, 2050, '2020-04-03 05:48:33', NULL),
(2430, 2051, '2020-04-03 06:35:55', NULL),
(2431, 2052, '2020-04-03 07:22:20', NULL),
(2432, 2053, '2020-04-03 08:39:53', NULL),
(2433, 2054, '2020-04-03 09:25:43', NULL),
(2434, 2055, '2020-04-03 10:09:59', NULL),
(2435, 2056, '2020-04-03 10:56:35', NULL),
(2436, 2057, '2020-04-03 11:39:09', NULL),
(2437, 2058, '2020-04-03 12:27:29', NULL),
(2438, 2059, '2020-04-03 13:21:24', NULL),
(2439, 2060, '2020-04-03 14:17:11', NULL),
(2440, 2061, '2020-04-03 15:20:00', NULL),
(2441, 2062, '2020-04-03 16:25:05', NULL),
(2442, 2063, '2020-04-03 17:26:16', NULL),
(2443, 2064, '2020-04-03 18:11:17', NULL),
(2444, 2065, '2020-04-03 18:15:48', NULL),
(2445, 2066, '2020-04-03 19:01:05', NULL),
(2446, 2067, '2020-04-03 19:43:21', NULL),
(2447, 2068, '2020-04-03 20:24:46', NULL),
(2448, 2069, '2020-04-03 21:01:55', NULL),
(2449, 2070, '2020-04-03 21:06:55', NULL),
(2450, 2071, '2020-04-03 21:46:30', NULL),
(2451, 2072, '2020-04-03 22:27:54', NULL),
(2452, 2073, '2020-04-03 23:10:03', NULL),
(2453, 2074, '2020-04-03 23:55:05', NULL),
(2454, 2075, '2020-04-04 00:44:40', NULL),
(2455, 2076, '2020-04-04 01:30:21', NULL),
(2456, 2077, '2020-04-04 02:18:40', NULL),
(2457, 2078, '2020-04-04 03:11:27', NULL),
(2458, 2079, '2020-04-04 04:07:06', NULL),
(2459, 2080, '2020-04-04 05:02:46', NULL),
(2460, 2081, '2020-04-04 06:05:21', NULL),
(2461, 2082, '2020-05-20 11:42:11', '2020-05-20 11:45:59'),
(2462, 2084, '2020-06-11 05:43:14', NULL);

-- --------------------------------------------------------

--
-- Table structure for table `sgp_customer_visitor`
--

CREATE TABLE `sgp_customer_visitor` (
  `visitor_id` bigint(20) UNSIGNED NOT NULL COMMENT 'Visitor ID',
  `customer_id` int(11) DEFAULT NULL COMMENT 'Customer Id',
  `session_id` varchar(64) DEFAULT NULL COMMENT 'Session ID',
  `last_visit_at` timestamp NOT NULL DEFAULT CURRENT_TIMESTAMP ON UPDATE CURRENT_TIMESTAMP COMMENT 'Last Visit Time'
) ENGINE=InnoDB DEFAULT CHARSET=utf8 COMMENT='Visitor Table';

-- --------------------------------------------------------

--
-- Table structure for table `sgp_design_change`
--

CREATE TABLE `sgp_design_change` (
  `design_change_id` int(11) NOT NULL COMMENT 'Design Change Id',
  `store_id` smallint(5) UNSIGNED NOT NULL DEFAULT '0' COMMENT 'Store Id',
  `design` varchar(255) DEFAULT NULL COMMENT 'Design',
  `date_from` date DEFAULT NULL COMMENT 'First Date of Design Activity',
  `date_to` date DEFAULT NULL COMMENT 'Last Date of Design Activity'
) ENGINE=InnoDB DEFAULT CHARSET=utf8 COMMENT='Design Changes';

-- --------------------------------------------------------

--
-- Table structure for table `sgp_design_config_grid_flat`
--

CREATE TABLE `sgp_design_config_grid_flat` (
  `entity_id` int(10) UNSIGNED NOT NULL COMMENT 'Entity ID',
  `store_website_id` int(11) DEFAULT NULL COMMENT 'Store_website_id',
  `store_group_id` int(11) DEFAULT NULL COMMENT 'Store_group_id',
  `store_id` int(11) DEFAULT NULL COMMENT 'Store_id',
  `theme_theme_id` varchar(255) DEFAULT NULL COMMENT 'Theme_theme_id'
) ENGINE=InnoDB DEFAULT CHARSET=utf8 COMMENT='sgp_design_config_grid_flat';

--
-- Dumping data for table `sgp_design_config_grid_flat`
--

INSERT INTO `sgp_design_config_grid_flat` (`entity_id`, `store_website_id`, `store_group_id`, `store_id`, `theme_theme_id`) VALUES
(0, NULL, NULL, NULL, ''),
(1, 1, NULL, NULL, ''),
(2, 1, 1, 1, '8');

-- --------------------------------------------------------

--
-- Table structure for table `sgp_directory_country`
--

CREATE TABLE `sgp_directory_country` (
  `country_id` varchar(2) NOT NULL COMMENT 'Country Id in ISO-2',
  `iso2_code` varchar(2) DEFAULT NULL COMMENT 'Country ISO-2 format',
  `iso3_code` varchar(3) DEFAULT NULL COMMENT 'Country ISO-3'
) ENGINE=InnoDB DEFAULT CHARSET=utf8 COMMENT='Directory Country';

--
-- Dumping data for table `sgp_directory_country`
--

INSERT INTO `sgp_directory_country` (`country_id`, `iso2_code`, `iso3_code`) VALUES
('AD', 'AD', 'AND'),
('AE', 'AE', 'ARE'),
('AF', 'AF', 'AFG'),
('AG', 'AG', 'ATG'),
('AI', 'AI', 'AIA'),
('AL', 'AL', 'ALB'),
('AM', 'AM', 'ARM'),
('AN', 'AN', 'ANT'),
('AO', 'AO', 'AGO'),
('AQ', 'AQ', 'ATA'),
('AR', 'AR', 'ARG'),
('AS', 'AS', 'ASM'),
('AT', 'AT', 'AUT'),
('AU', 'AU', 'AUS'),
('AW', 'AW', 'ABW'),
('AX', 'AX', 'ALA'),
('AZ', 'AZ', 'AZE'),
('BA', 'BA', 'BIH'),
('BB', 'BB', 'BRB'),
('BD', 'BD', 'BGD'),
('BE', 'BE', 'BEL'),
('BF', 'BF', 'BFA'),
('BG', 'BG', 'BGR'),
('BH', 'BH', 'BHR'),
('BI', 'BI', 'BDI'),
('BJ', 'BJ', 'BEN'),
('BL', 'BL', 'BLM'),
('BM', 'BM', 'BMU'),
('BN', 'BN', 'BRN'),
('BO', 'BO', 'BOL'),
('BR', 'BR', 'BRA'),
('BS', 'BS', 'BHS'),
('BT', 'BT', 'BTN'),
('BV', 'BV', 'BVT'),
('BW', 'BW', 'BWA'),
('BY', 'BY', 'BLR'),
('BZ', 'BZ', 'BLZ'),
('CA', 'CA', 'CAN'),
('CC', 'CC', 'CCK'),
('CD', 'CD', 'COD'),
('CF', 'CF', 'CAF'),
('CG', 'CG', 'COG'),
('CH', 'CH', 'CHE'),
('CI', 'CI', 'CIV'),
('CK', 'CK', 'COK'),
('CL', 'CL', 'CHL'),
('CM', 'CM', 'CMR'),
('CN', 'CN', 'CHN'),
('CO', 'CO', 'COL'),
('CR', 'CR', 'CRI'),
('CU', 'CU', 'CUB'),
('CV', 'CV', 'CPV'),
('CX', 'CX', 'CXR'),
('CY', 'CY', 'CYP'),
('CZ', 'CZ', 'CZE'),
('DE', 'DE', 'DEU'),
('DJ', 'DJ', 'DJI'),
('DK', 'DK', 'DNK'),
('DM', 'DM', 'DMA'),
('DO', 'DO', 'DOM'),
('DZ', 'DZ', 'DZA'),
('EC', 'EC', 'ECU'),
('EE', 'EE', 'EST'),
('EG', 'EG', 'EGY'),
('EH', 'EH', 'ESH'),
('ER', 'ER', 'ERI'),
('ES', 'ES', 'ESP'),
('ET', 'ET', 'ETH'),
('FI', 'FI', 'FIN'),
('FJ', 'FJ', 'FJI'),
('FK', 'FK', 'FLK'),
('FM', 'FM', 'FSM'),
('FO', 'FO', 'FRO'),
('FR', 'FR', 'FRA'),
('GA', 'GA', 'GAB'),
('GB', 'GB', 'GBR'),
('GD', 'GD', 'GRD'),
('GE', 'GE', 'GEO'),
('GF', 'GF', 'GUF'),
('GG', 'GG', 'GGY'),
('GH', 'GH', 'GHA'),
('GI', 'GI', 'GIB'),
('GL', 'GL', 'GRL'),
('GM', 'GM', 'GMB'),
('GN', 'GN', 'GIN'),
('GP', 'GP', 'GLP'),
('GQ', 'GQ', 'GNQ'),
('GR', 'GR', 'GRC'),
('GS', 'GS', 'SGS'),
('GT', 'GT', 'GTM'),
('GU', 'GU', 'GUM'),
('GW', 'GW', 'GNB'),
('GY', 'GY', 'GUY'),
('HK', 'HK', 'HKG'),
('HM', 'HM', 'HMD'),
('HN', 'HN', 'HND'),
('HR', 'HR', 'HRV'),
('HT', 'HT', 'HTI'),
('HU', 'HU', 'HUN'),
('ID', 'ID', 'IDN'),
('IE', 'IE', 'IRL'),
('IL', 'IL', 'ISR'),
('IM', 'IM', 'IMN'),
('IN', 'IN', 'IND'),
('IO', 'IO', 'IOT'),
('IQ', 'IQ', 'IRQ'),
('IR', 'IR', 'IRN'),
('IS', 'IS', 'ISL'),
('IT', 'IT', 'ITA'),
('JE', 'JE', 'JEY'),
('JM', 'JM', 'JAM'),
('JO', 'JO', 'JOR'),
('JP', 'JP', 'JPN'),
('KE', 'KE', 'KEN'),
('KG', 'KG', 'KGZ'),
('KH', 'KH', 'KHM'),
('KI', 'KI', 'KIR'),
('KM', 'KM', 'COM'),
('KN', 'KN', 'KNA'),
('KP', 'KP', 'PRK'),
('KR', 'KR', 'KOR'),
('KW', 'KW', 'KWT'),
('KY', 'KY', 'CYM'),
('KZ', 'KZ', 'KAZ'),
('LA', 'LA', 'LAO'),
('LB', 'LB', 'LBN'),
('LC', 'LC', 'LCA'),
('LI', 'LI', 'LIE'),
('LK', 'LK', 'LKA'),
('LR', 'LR', 'LBR'),
('LS', 'LS', 'LSO'),
('LT', 'LT', 'LTU'),
('LU', 'LU', 'LUX'),
('LV', 'LV', 'LVA'),
('LY', 'LY', 'LBY'),
('MA', 'MA', 'MAR'),
('MC', 'MC', 'MCO'),
('MD', 'MD', 'MDA'),
('ME', 'ME', 'MNE'),
('MF', 'MF', 'MAF'),
('MG', 'MG', 'MDG'),
('MH', 'MH', 'MHL'),
('MK', 'MK', 'MKD'),
('ML', 'ML', 'MLI'),
('MM', 'MM', 'MMR'),
('MN', 'MN', 'MNG'),
('MO', 'MO', 'MAC'),
('MP', 'MP', 'MNP'),
('MQ', 'MQ', 'MTQ'),
('MR', 'MR', 'MRT'),
('MS', 'MS', 'MSR'),
('MT', 'MT', 'MLT'),
('MU', 'MU', 'MUS'),
('MV', 'MV', 'MDV'),
('MW', 'MW', 'MWI'),
('MX', 'MX', 'MEX'),
('MY', 'MY', 'MYS'),
('MZ', 'MZ', 'MOZ'),
('NA', 'NA', 'NAM'),
('NC', 'NC', 'NCL'),
('NE', 'NE', 'NER'),
('NF', 'NF', 'NFK'),
('NG', 'NG', 'NGA'),
('NI', 'NI', 'NIC'),
('NL', 'NL', 'NLD'),
('NO', 'NO', 'NOR'),
('NP', 'NP', 'NPL'),
('NR', 'NR', 'NRU'),
('NU', 'NU', 'NIU'),
('NZ', 'NZ', 'NZL'),
('OM', 'OM', 'OMN'),
('PA', 'PA', 'PAN'),
('PE', 'PE', 'PER'),
('PF', 'PF', 'PYF'),
('PG', 'PG', 'PNG'),
('PH', 'PH', 'PHL'),
('PK', 'PK', 'PAK'),
('PL', 'PL', 'POL'),
('PM', 'PM', 'SPM'),
('PN', 'PN', 'PCN'),
('PS', 'PS', 'PSE'),
('PT', 'PT', 'PRT'),
('PW', 'PW', 'PLW'),
('PY', 'PY', 'PRY'),
('QA', 'QA', 'QAT'),
('RE', 'RE', 'REU'),
('RO', 'RO', 'ROU'),
('RS', 'RS', 'SRB'),
('RU', 'RU', 'RUS'),
('RW', 'RW', 'RWA'),
('SA', 'SA', 'SAU'),
('SB', 'SB', 'SLB'),
('SC', 'SC', 'SYC'),
('SD', 'SD', 'SDN'),
('SE', 'SE', 'SWE'),
('SG', 'SG', 'SGP'),
('SH', 'SH', 'SHN'),
('SI', 'SI', 'SVN'),
('SJ', 'SJ', 'SJM'),
('SK', 'SK', 'SVK'),
('SL', 'SL', 'SLE'),
('SM', 'SM', 'SMR'),
('SN', 'SN', 'SEN'),
('SO', 'SO', 'SOM'),
('SR', 'SR', 'SUR'),
('ST', 'ST', 'STP'),
('SV', 'SV', 'SLV'),
('SY', 'SY', 'SYR'),
('SZ', 'SZ', 'SWZ'),
('TC', 'TC', 'TCA'),
('TD', 'TD', 'TCD'),
('TF', 'TF', 'ATF'),
('TG', 'TG', 'TGO'),
('TH', 'TH', 'THA'),
('TJ', 'TJ', 'TJK'),
('TK', 'TK', 'TKL'),
('TL', 'TL', 'TLS'),
('TM', 'TM', 'TKM'),
('TN', 'TN', 'TUN'),
('TO', 'TO', 'TON'),
('TR', 'TR', 'TUR'),
('TT', 'TT', 'TTO'),
('TV', 'TV', 'TUV'),
('TW', 'TW', 'TWN'),
('TZ', 'TZ', 'TZA'),
('UA', 'UA', 'UKR'),
('UG', 'UG', 'UGA'),
('UM', 'UM', 'UMI'),
('US', 'US', 'USA'),
('UY', 'UY', 'URY'),
('UZ', 'UZ', 'UZB'),
('VA', 'VA', 'VAT'),
('VC', 'VC', 'VCT'),
('VE', 'VE', 'VEN'),
('VG', 'VG', 'VGB'),
('VI', 'VI', 'VIR'),
('VN', 'VN', 'VNM'),
('VU', 'VU', 'VUT'),
('WF', 'WF', 'WLF'),
('WS', 'WS', 'WSM'),
('YE', 'YE', 'YEM'),
('YT', 'YT', 'MYT'),
('ZA', 'ZA', 'ZAF'),
('ZM', 'ZM', 'ZMB'),
('ZW', 'ZW', 'ZWE');

-- --------------------------------------------------------

--
-- Table structure for table `sgp_directory_country_format`
--

CREATE TABLE `sgp_directory_country_format` (
  `country_format_id` int(10) UNSIGNED NOT NULL COMMENT 'Country Format Id',
  `country_id` varchar(2) DEFAULT NULL COMMENT 'Country Id in ISO-2',
  `type` varchar(30) DEFAULT NULL COMMENT 'Country Format Type',
  `format` text NOT NULL COMMENT 'Country Format'
) ENGINE=InnoDB DEFAULT CHARSET=utf8 COMMENT='Directory Country Format';

-- --------------------------------------------------------

--
-- Table structure for table `sgp_directory_country_region`
--

CREATE TABLE `sgp_directory_country_region` (
  `region_id` int(10) UNSIGNED NOT NULL COMMENT 'Region Id',
  `country_id` varchar(4) NOT NULL DEFAULT '0' COMMENT 'Country Id in ISO-2',
  `code` varchar(32) DEFAULT NULL COMMENT 'Region code',
  `default_name` varchar(255) DEFAULT NULL COMMENT 'Region Name'
) ENGINE=InnoDB DEFAULT CHARSET=utf8 COMMENT='Directory Country Region';

--
-- Dumping data for table `sgp_directory_country_region`
--

INSERT INTO `sgp_directory_country_region` (`region_id`, `country_id`, `code`, `default_name`) VALUES
(1, 'US', 'AL', 'Alabama'),
(2, 'US', 'AK', 'Alaska'),
(3, 'US', 'AS', 'American Samoa'),
(4, 'US', 'AZ', 'Arizona'),
(5, 'US', 'AR', 'Arkansas'),
(6, 'US', 'AE', 'Armed Forces Africa'),
(7, 'US', 'AA', 'Armed Forces Americas'),
(8, 'US', 'AE', 'Armed Forces Canada'),
(9, 'US', 'AE', 'Armed Forces Europe'),
(10, 'US', 'AE', 'Armed Forces Middle East'),
(11, 'US', 'AP', 'Armed Forces Pacific'),
(12, 'US', 'CA', 'California'),
(13, 'US', 'CO', 'Colorado'),
(14, 'US', 'CT', 'Connecticut'),
(15, 'US', 'DE', 'Delaware'),
(16, 'US', 'DC', 'District of Columbia'),
(17, 'US', 'FM', 'Federated States Of Micronesia'),
(18, 'US', 'FL', 'Florida'),
(19, 'US', 'GA', 'Georgia'),
(20, 'US', 'GU', 'Guam'),
(21, 'US', 'HI', 'Hawaii'),
(22, 'US', 'ID', 'Idaho'),
(23, 'US', 'IL', 'Illinois'),
(24, 'US', 'IN', 'Indiana'),
(25, 'US', 'IA', 'Iowa'),
(26, 'US', 'KS', 'Kansas'),
(27, 'US', 'KY', 'Kentucky'),
(28, 'US', 'LA', 'Louisiana'),
(29, 'US', 'ME', 'Maine'),
(30, 'US', 'MH', 'Marshall Islands'),
(31, 'US', 'MD', 'Maryland'),
(32, 'US', 'MA', 'Massachusetts'),
(33, 'US', 'MI', 'Michigan'),
(34, 'US', 'MN', 'Minnesota'),
(35, 'US', 'MS', 'Mississippi'),
(36, 'US', 'MO', 'Missouri'),
(37, 'US', 'MT', 'Montana'),
(38, 'US', 'NE', 'Nebraska'),
(39, 'US', 'NV', 'Nevada'),
(40, 'US', 'NH', 'New Hampshire'),
(41, 'US', 'NJ', 'New Jersey'),
(42, 'US', 'NM', 'New Mexico'),
(43, 'US', 'NY', 'New York'),
(44, 'US', 'NC', 'North Carolina'),
(45, 'US', 'ND', 'North Dakota'),
(46, 'US', 'MP', 'Northern Mariana Islands'),
(47, 'US', 'OH', 'Ohio'),
(48, 'US', 'OK', 'Oklahoma'),
(49, 'US', 'OR', 'Oregon'),
(50, 'US', 'PW', 'Palau'),
(51, 'US', 'PA', 'Pennsylvania'),
(52, 'US', 'PR', 'Puerto Rico'),
(53, 'US', 'RI', 'Rhode Island'),
(54, 'US', 'SC', 'South Carolina'),
(55, 'US', 'SD', 'South Dakota'),
(56, 'US', 'TN', 'Tennessee'),
(57, 'US', 'TX', 'Texas'),
(58, 'US', 'UT', 'Utah'),
(59, 'US', 'VT', 'Vermont'),
(60, 'US', 'VI', 'Virgin Islands'),
(61, 'US', 'VA', 'Virginia'),
(62, 'US', 'WA', 'Washington'),
(63, 'US', 'WV', 'West Virginia'),
(64, 'US', 'WI', 'Wisconsin'),
(65, 'US', 'WY', 'Wyoming'),
(66, 'CA', 'AB', 'Alberta'),
(67, 'CA', 'BC', 'British Columbia'),
(68, 'CA', 'MB', 'Manitoba'),
(69, 'CA', 'NL', 'Newfoundland and Labrador'),
(70, 'CA', 'NB', 'New Brunswick'),
(71, 'CA', 'NS', 'Nova Scotia'),
(72, 'CA', 'NT', 'Northwest Territories'),
(73, 'CA', 'NU', 'Nunavut'),
(74, 'CA', 'ON', 'Ontario'),
(75, 'CA', 'PE', 'Prince Edward Island'),
(76, 'CA', 'QC', 'Quebec'),
(77, 'CA', 'SK', 'Saskatchewan'),
(78, 'CA', 'YT', 'Yukon Territory'),
(79, 'DE', 'NDS', 'Niedersachsen'),
(80, 'DE', 'BAW', 'Baden-Württemberg'),
(81, 'DE', 'BAY', 'Bayern'),
(82, 'DE', 'BER', 'Berlin'),
(83, 'DE', 'BRG', 'Brandenburg'),
(84, 'DE', 'BRE', 'Bremen'),
(85, 'DE', 'HAM', 'Hamburg'),
(86, 'DE', 'HES', 'Hessen'),
(87, 'DE', 'MEC', 'Mecklenburg-Vorpommern'),
(88, 'DE', 'NRW', 'Nordrhein-Westfalen'),
(89, 'DE', 'RHE', 'Rheinland-Pfalz'),
(90, 'DE', 'SAR', 'Saarland'),
(91, 'DE', 'SAS', 'Sachsen'),
(92, 'DE', 'SAC', 'Sachsen-Anhalt'),
(93, 'DE', 'SCN', 'Schleswig-Holstein'),
(94, 'DE', 'THE', 'Thüringen'),
(95, 'AT', 'WI', 'Wien'),
(96, 'AT', 'NO', 'Niederösterreich'),
(97, 'AT', 'OO', 'Oberösterreich'),
(98, 'AT', 'SB', 'Salzburg'),
(99, 'AT', 'KN', 'Kärnten'),
(100, 'AT', 'ST', 'Steiermark'),
(101, 'AT', 'TI', 'Tirol'),
(102, 'AT', 'BL', 'Burgenland'),
(103, 'AT', 'VB', 'Vorarlberg'),
(104, 'CH', 'AG', 'Aargau'),
(105, 'CH', 'AI', 'Appenzell Innerrhoden'),
(106, 'CH', 'AR', 'Appenzell Ausserrhoden'),
(107, 'CH', 'BE', 'Bern'),
(108, 'CH', 'BL', 'Basel-Landschaft'),
(109, 'CH', 'BS', 'Basel-Stadt'),
(110, 'CH', 'FR', 'Freiburg'),
(111, 'CH', 'GE', 'Genf'),
(112, 'CH', 'GL', 'Glarus'),
(113, 'CH', 'GR', 'Graubünden'),
(114, 'CH', 'JU', 'Jura'),
(115, 'CH', 'LU', 'Luzern'),
(116, 'CH', 'NE', 'Neuenburg'),
(117, 'CH', 'NW', 'Nidwalden'),
(118, 'CH', 'OW', 'Obwalden'),
(119, 'CH', 'SG', 'St. Gallen'),
(120, 'CH', 'SH', 'Schaffhausen'),
(121, 'CH', 'SO', 'Solothurn'),
(122, 'CH', 'SZ', 'Schwyz'),
(123, 'CH', 'TG', 'Thurgau'),
(124, 'CH', 'TI', 'Tessin'),
(125, 'CH', 'UR', 'Uri'),
(126, 'CH', 'VD', 'Waadt'),
(127, 'CH', 'VS', 'Wallis'),
(128, 'CH', 'ZG', 'Zug'),
(129, 'CH', 'ZH', 'Zürich'),
(130, 'ES', 'A Coruсa', 'A Coruña'),
(131, 'ES', 'Alava', 'Alava'),
(132, 'ES', 'Albacete', 'Albacete'),
(133, 'ES', 'Alicante', 'Alicante'),
(134, 'ES', 'Almeria', 'Almeria'),
(135, 'ES', 'Asturias', 'Asturias'),
(136, 'ES', 'Avila', 'Avila'),
(137, 'ES', 'Badajoz', 'Badajoz'),
(138, 'ES', 'Baleares', 'Baleares'),
(139, 'ES', 'Barcelona', 'Barcelona'),
(140, 'ES', 'Burgos', 'Burgos'),
(141, 'ES', 'Caceres', 'Caceres'),
(142, 'ES', 'Cadiz', 'Cadiz'),
(143, 'ES', 'Cantabria', 'Cantabria'),
(144, 'ES', 'Castellon', 'Castellon'),
(145, 'ES', 'Ceuta', 'Ceuta'),
(146, 'ES', 'Ciudad Real', 'Ciudad Real'),
(147, 'ES', 'Cordoba', 'Cordoba'),
(148, 'ES', 'Cuenca', 'Cuenca'),
(149, 'ES', 'Girona', 'Girona'),
(150, 'ES', 'Granada', 'Granada'),
(151, 'ES', 'Guadalajara', 'Guadalajara'),
(152, 'ES', 'Guipuzcoa', 'Guipuzcoa'),
(153, 'ES', 'Huelva', 'Huelva'),
(154, 'ES', 'Huesca', 'Huesca'),
(155, 'ES', 'Jaen', 'Jaen'),
(156, 'ES', 'La Rioja', 'La Rioja'),
(157, 'ES', 'Las Palmas', 'Las Palmas'),
(158, 'ES', 'Leon', 'Leon'),
(159, 'ES', 'Lleida', 'Lleida'),
(160, 'ES', 'Lugo', 'Lugo'),
(161, 'ES', 'Madrid', 'Madrid'),
(162, 'ES', 'Malaga', 'Malaga'),
(163, 'ES', 'Melilla', 'Melilla'),
(164, 'ES', 'Murcia', 'Murcia'),
(165, 'ES', 'Navarra', 'Navarra'),
(166, 'ES', 'Ourense', 'Ourense'),
(167, 'ES', 'Palencia', 'Palencia'),
(168, 'ES', 'Pontevedra', 'Pontevedra'),
(169, 'ES', 'Salamanca', 'Salamanca'),
(170, 'ES', 'Santa Cruz de Tenerife', 'Santa Cruz de Tenerife'),
(171, 'ES', 'Segovia', 'Segovia'),
(172, 'ES', 'Sevilla', 'Sevilla'),
(173, 'ES', 'Soria', 'Soria'),
(174, 'ES', 'Tarragona', 'Tarragona'),
(175, 'ES', 'Teruel', 'Teruel'),
(176, 'ES', 'Toledo', 'Toledo'),
(177, 'ES', 'Valencia', 'Valencia'),
(178, 'ES', 'Valladolid', 'Valladolid'),
(179, 'ES', 'Vizcaya', 'Vizcaya'),
(180, 'ES', 'Zamora', 'Zamora'),
(181, 'ES', 'Zaragoza', 'Zaragoza'),
(182, 'FR', '1', 'Ain'),
(183, 'FR', '2', 'Aisne'),
(184, 'FR', '3', 'Allier'),
(185, 'FR', '4', 'Alpes-de-Haute-Provence'),
(186, 'FR', '5', 'Hautes-Alpes'),
(187, 'FR', '6', 'Alpes-Maritimes'),
(188, 'FR', '7', 'Ardèche'),
(189, 'FR', '8', 'Ardennes'),
(190, 'FR', '9', 'Ariège'),
(191, 'FR', '10', 'Aube'),
(192, 'FR', '11', 'Aude'),
(193, 'FR', '12', 'Aveyron'),
(194, 'FR', '13', 'Bouches-du-Rhône'),
(195, 'FR', '14', 'Calvados'),
(196, 'FR', '15', 'Cantal'),
(197, 'FR', '16', 'Charente'),
(198, 'FR', '17', 'Charente-Maritime'),
(199, 'FR', '18', 'Cher'),
(200, 'FR', '19', 'Corrèze'),
(201, 'FR', '2A', 'Corse-du-Sud'),
(202, 'FR', '2B', 'Haute-Corse'),
(203, 'FR', '21', 'Côte-d\'Or'),
(204, 'FR', '22', 'Côtes-d\'Armor'),
(205, 'FR', '23', 'Creuse'),
(206, 'FR', '24', 'Dordogne'),
(207, 'FR', '25', 'Doubs'),
(208, 'FR', '26', 'Drôme'),
(209, 'FR', '27', 'Eure'),
(210, 'FR', '28', 'Eure-et-Loir'),
(211, 'FR', '29', 'Finistère'),
(212, 'FR', '30', 'Gard'),
(213, 'FR', '31', 'Haute-Garonne'),
(214, 'FR', '32', 'Gers'),
(215, 'FR', '33', 'Gironde'),
(216, 'FR', '34', 'Hérault'),
(217, 'FR', '35', 'Ille-et-Vilaine'),
(218, 'FR', '36', 'Indre'),
(219, 'FR', '37', 'Indre-et-Loire'),
(220, 'FR', '38', 'Isère'),
(221, 'FR', '39', 'Jura'),
(222, 'FR', '40', 'Landes'),
(223, 'FR', '41', 'Loir-et-Cher'),
(224, 'FR', '42', 'Loire'),
(225, 'FR', '43', 'Haute-Loire'),
(226, 'FR', '44', 'Loire-Atlantique'),
(227, 'FR', '45', 'Loiret'),
(228, 'FR', '46', 'Lot'),
(229, 'FR', '47', 'Lot-et-Garonne'),
(230, 'FR', '48', 'Lozère'),
(231, 'FR', '49', 'Maine-et-Loire'),
(232, 'FR', '50', 'Manche'),
(233, 'FR', '51', 'Marne'),
(234, 'FR', '52', 'Haute-Marne'),
(235, 'FR', '53', 'Mayenne'),
(236, 'FR', '54', 'Meurthe-et-Moselle'),
(237, 'FR', '55', 'Meuse'),
(238, 'FR', '56', 'Morbihan'),
(239, 'FR', '57', 'Moselle'),
(240, 'FR', '58', 'Nièvre'),
(241, 'FR', '59', 'Nord'),
(242, 'FR', '60', 'Oise'),
(243, 'FR', '61', 'Orne'),
(244, 'FR', '62', 'Pas-de-Calais'),
(245, 'FR', '63', 'Puy-de-Dôme'),
(246, 'FR', '64', 'Pyrénées-Atlantiques'),
(247, 'FR', '65', 'Hautes-Pyrénées'),
(248, 'FR', '66', 'Pyrénées-Orientales'),
(249, 'FR', '67', 'Bas-Rhin'),
(250, 'FR', '68', 'Haut-Rhin'),
(251, 'FR', '69', 'Rhône'),
(252, 'FR', '70', 'Haute-Saône'),
(253, 'FR', '71', 'Saône-et-Loire'),
(254, 'FR', '72', 'Sarthe'),
(255, 'FR', '73', 'Savoie'),
(256, 'FR', '74', 'Haute-Savoie'),
(257, 'FR', '75', 'Paris'),
(258, 'FR', '76', 'Seine-Maritime'),
(259, 'FR', '77', 'Seine-et-Marne'),
(260, 'FR', '78', 'Yvelines'),
(261, 'FR', '79', 'Deux-Sèvres'),
(262, 'FR', '80', 'Somme'),
(263, 'FR', '81', 'Tarn'),
(264, 'FR', '82', 'Tarn-et-Garonne'),
(265, 'FR', '83', 'Var'),
(266, 'FR', '84', 'Vaucluse'),
(267, 'FR', '85', 'Vendée'),
(268, 'FR', '86', 'Vienne'),
(269, 'FR', '87', 'Haute-Vienne'),
(270, 'FR', '88', 'Vosges'),
(271, 'FR', '89', 'Yonne'),
(272, 'FR', '90', 'Territoire-de-Belfort'),
(273, 'FR', '91', 'Essonne'),
(274, 'FR', '92', 'Hauts-de-Seine'),
(275, 'FR', '93', 'Seine-Saint-Denis'),
(276, 'FR', '94', 'Val-de-Marne'),
(277, 'FR', '95', 'Val-d\'Oise'),
(278, 'RO', 'AB', 'Alba'),
(279, 'RO', 'AR', 'Arad'),
(280, 'RO', 'AG', 'Argeş'),
(281, 'RO', 'BC', 'Bacău'),
(282, 'RO', 'BH', 'Bihor'),
(283, 'RO', 'BN', 'Bistriţa-Năsăud'),
(284, 'RO', 'BT', 'Botoşani'),
(285, 'RO', 'BV', 'Braşov'),
(286, 'RO', 'BR', 'Brăila'),
(287, 'RO', 'B', 'Bucureşti'),
(288, 'RO', 'BZ', 'Buzău'),
(289, 'RO', 'CS', 'Caraş-Severin'),
(290, 'RO', 'CL', 'Călăraşi'),
(291, 'RO', 'CJ', 'Cluj'),
(292, 'RO', 'CT', 'Constanţa'),
(293, 'RO', 'CV', 'Covasna'),
(294, 'RO', 'DB', 'Dâmboviţa'),
(295, 'RO', 'DJ', 'Dolj'),
(296, 'RO', 'GL', 'Galaţi'),
(297, 'RO', 'GR', 'Giurgiu'),
(298, 'RO', 'GJ', 'Gorj'),
(299, 'RO', 'HR', 'Harghita'),
(300, 'RO', 'HD', 'Hunedoara'),
(301, 'RO', 'IL', 'Ialomiţa'),
(302, 'RO', 'IS', 'Iaşi'),
(303, 'RO', 'IF', 'Ilfov'),
(304, 'RO', 'MM', 'Maramureş'),
(305, 'RO', 'MH', 'Mehedinţi'),
(306, 'RO', 'MS', 'Mureş'),
(307, 'RO', 'NT', 'Neamţ'),
(308, 'RO', 'OT', 'Olt'),
(309, 'RO', 'PH', 'Prahova'),
(310, 'RO', 'SM', 'Satu-Mare'),
(311, 'RO', 'SJ', 'Sălaj'),
(312, 'RO', 'SB', 'Sibiu'),
(313, 'RO', 'SV', 'Suceava'),
(314, 'RO', 'TR', 'Teleorman'),
(315, 'RO', 'TM', 'Timiş'),
(316, 'RO', 'TL', 'Tulcea'),
(317, 'RO', 'VS', 'Vaslui'),
(318, 'RO', 'VL', 'Vâlcea'),
(319, 'RO', 'VN', 'Vrancea'),
(320, 'FI', 'Lappi', 'Lappi'),
(321, 'FI', 'Pohjois-Pohjanmaa', 'Pohjois-Pohjanmaa'),
(322, 'FI', 'Kainuu', 'Kainuu'),
(323, 'FI', 'Pohjois-Karjala', 'Pohjois-Karjala'),
(324, 'FI', 'Pohjois-Savo', 'Pohjois-Savo'),
(325, 'FI', 'Etelä-Savo', 'Etelä-Savo'),
(326, 'FI', 'Etelä-Pohjanmaa', 'Etelä-Pohjanmaa'),
(327, 'FI', 'Pohjanmaa', 'Pohjanmaa'),
(328, 'FI', 'Pirkanmaa', 'Pirkanmaa'),
(329, 'FI', 'Satakunta', 'Satakunta'),
(330, 'FI', 'Keski-Pohjanmaa', 'Keski-Pohjanmaa'),
(331, 'FI', 'Keski-Suomi', 'Keski-Suomi'),
(332, 'FI', 'Varsinais-Suomi', 'Varsinais-Suomi'),
(333, 'FI', 'Etelä-Karjala', 'Etelä-Karjala'),
(334, 'FI', 'Päijät-Häme', 'Päijät-Häme'),
(335, 'FI', 'Kanta-Häme', 'Kanta-Häme'),
(336, 'FI', 'Uusimaa', 'Uusimaa'),
(337, 'FI', 'Itä-Uusimaa', 'Itä-Uusimaa'),
(338, 'FI', 'Kymenlaakso', 'Kymenlaakso'),
(339, 'FI', 'Ahvenanmaa', 'Ahvenanmaa'),
(340, 'EE', 'EE-37', 'Harjumaa'),
(341, 'EE', 'EE-39', 'Hiiumaa'),
(342, 'EE', 'EE-44', 'Ida-Virumaa'),
(343, 'EE', 'EE-49', 'Jõgevamaa'),
(344, 'EE', 'EE-51', 'Järvamaa'),
(345, 'EE', 'EE-57', 'Läänemaa'),
(346, 'EE', 'EE-59', 'Lääne-Virumaa'),
(347, 'EE', 'EE-65', 'Põlvamaa'),
(348, 'EE', 'EE-67', 'Pärnumaa'),
(349, 'EE', 'EE-70', 'Raplamaa'),
(350, 'EE', 'EE-74', 'Saaremaa'),
(351, 'EE', 'EE-78', 'Tartumaa'),
(352, 'EE', 'EE-82', 'Valgamaa'),
(353, 'EE', 'EE-84', 'Viljandimaa'),
(354, 'EE', 'EE-86', 'Võrumaa'),
(355, 'LV', 'LV-DGV', 'Daugavpils'),
(356, 'LV', 'LV-JEL', 'Jelgava'),
(357, 'LV', 'Jēkabpils', 'Jēkabpils'),
(358, 'LV', 'LV-JUR', 'Jūrmala'),
(359, 'LV', 'LV-LPX', 'Liepāja'),
(360, 'LV', 'LV-LE', 'Liepājas novads'),
(361, 'LV', 'LV-REZ', 'Rēzekne'),
(362, 'LV', 'LV-RIX', 'Rīga'),
(363, 'LV', 'LV-RI', 'Rīgas novads'),
(364, 'LV', 'Valmiera', 'Valmiera'),
(365, 'LV', 'LV-VEN', 'Ventspils'),
(366, 'LV', 'Aglonas novads', 'Aglonas novads'),
(367, 'LV', 'LV-AI', 'Aizkraukles novads'),
(368, 'LV', 'Aizputes novads', 'Aizputes novads'),
(369, 'LV', 'Aknīstes novads', 'Aknīstes novads'),
(370, 'LV', 'Alojas novads', 'Alojas novads'),
(371, 'LV', 'Alsungas novads', 'Alsungas novads'),
(372, 'LV', 'LV-AL', 'Alūksnes novads'),
(373, 'LV', 'Amatas novads', 'Amatas novads'),
(374, 'LV', 'Apes novads', 'Apes novads'),
(375, 'LV', 'Auces novads', 'Auces novads'),
(376, 'LV', 'Babītes novads', 'Babītes novads'),
(377, 'LV', 'Baldones novads', 'Baldones novads'),
(378, 'LV', 'Baltinavas novads', 'Baltinavas novads'),
(379, 'LV', 'LV-BL', 'Balvu novads'),
(380, 'LV', 'LV-BU', 'Bauskas novads'),
(381, 'LV', 'Beverīnas novads', 'Beverīnas novads'),
(382, 'LV', 'Brocēnu novads', 'Brocēnu novads'),
(383, 'LV', 'Burtnieku novads', 'Burtnieku novads'),
(384, 'LV', 'Carnikavas novads', 'Carnikavas novads'),
(385, 'LV', 'Cesvaines novads', 'Cesvaines novads'),
(386, 'LV', 'Ciblas novads', 'Ciblas novads'),
(387, 'LV', 'LV-CE', 'Cēsu novads'),
(388, 'LV', 'Dagdas novads', 'Dagdas novads'),
(389, 'LV', 'LV-DA', 'Daugavpils novads'),
(390, 'LV', 'LV-DO', 'Dobeles novads'),
(391, 'LV', 'Dundagas novads', 'Dundagas novads'),
(392, 'LV', 'Durbes novads', 'Durbes novads'),
(393, 'LV', 'Engures novads', 'Engures novads'),
(394, 'LV', 'Garkalnes novads', 'Garkalnes novads'),
(395, 'LV', 'Grobiņas novads', 'Grobiņas novads'),
(396, 'LV', 'LV-GU', 'Gulbenes novads'),
(397, 'LV', 'Iecavas novads', 'Iecavas novads'),
(398, 'LV', 'Ikšķiles novads', 'Ikšķiles novads'),
(399, 'LV', 'Ilūkstes novads', 'Ilūkstes novads'),
(400, 'LV', 'Inčukalna novads', 'Inčukalna novads'),
(401, 'LV', 'Jaunjelgavas novads', 'Jaunjelgavas novads'),
(402, 'LV', 'Jaunpiebalgas novads', 'Jaunpiebalgas novads'),
(403, 'LV', 'Jaunpils novads', 'Jaunpils novads'),
(404, 'LV', 'LV-JL', 'Jelgavas novads'),
(405, 'LV', 'LV-JK', 'Jēkabpils novads'),
(406, 'LV', 'Kandavas novads', 'Kandavas novads'),
(407, 'LV', 'Kokneses novads', 'Kokneses novads'),
(408, 'LV', 'Krimuldas novads', 'Krimuldas novads'),
(409, 'LV', 'Krustpils novads', 'Krustpils novads'),
(410, 'LV', 'LV-KR', 'Krāslavas novads'),
(411, 'LV', 'LV-KU', 'Kuldīgas novads'),
(412, 'LV', 'Kārsavas novads', 'Kārsavas novads'),
(413, 'LV', 'Lielvārdes novads', 'Lielvārdes novads'),
(414, 'LV', 'LV-LM', 'Limbažu novads'),
(415, 'LV', 'Lubānas novads', 'Lubānas novads'),
(416, 'LV', 'LV-LU', 'Ludzas novads'),
(417, 'LV', 'Līgatnes novads', 'Līgatnes novads'),
(418, 'LV', 'Līvānu novads', 'Līvānu novads'),
(419, 'LV', 'LV-MA', 'Madonas novads'),
(420, 'LV', 'Mazsalacas novads', 'Mazsalacas novads'),
(421, 'LV', 'Mālpils novads', 'Mālpils novads'),
(422, 'LV', 'Mārupes novads', 'Mārupes novads'),
(423, 'LV', 'Naukšēnu novads', 'Naukšēnu novads'),
(424, 'LV', 'Neretas novads', 'Neretas novads'),
(425, 'LV', 'Nīcas novads', 'Nīcas novads'),
(426, 'LV', 'LV-OG', 'Ogres novads'),
(427, 'LV', 'Olaines novads', 'Olaines novads'),
(428, 'LV', 'Ozolnieku novads', 'Ozolnieku novads'),
(429, 'LV', 'LV-PR', 'Preiļu novads'),
(430, 'LV', 'Priekules novads', 'Priekules novads'),
(431, 'LV', 'Priekuļu novads', 'Priekuļu novads'),
(432, 'LV', 'Pārgaujas novads', 'Pārgaujas novads'),
(433, 'LV', 'Pāvilostas novads', 'Pāvilostas novads'),
(434, 'LV', 'Pļaviņu novads', 'Pļaviņu novads'),
(435, 'LV', 'Raunas novads', 'Raunas novads'),
(436, 'LV', 'Riebiņu novads', 'Riebiņu novads'),
(437, 'LV', 'Rojas novads', 'Rojas novads'),
(438, 'LV', 'Ropažu novads', 'Ropažu novads'),
(439, 'LV', 'Rucavas novads', 'Rucavas novads'),
(440, 'LV', 'Rugāju novads', 'Rugāju novads'),
(441, 'LV', 'Rundāles novads', 'Rundāles novads'),
(442, 'LV', 'LV-RE', 'Rēzeknes novads'),
(443, 'LV', 'Rūjienas novads', 'Rūjienas novads'),
(444, 'LV', 'Salacgrīvas novads', 'Salacgrīvas novads'),
(445, 'LV', 'Salas novads', 'Salas novads'),
(446, 'LV', 'Salaspils novads', 'Salaspils novads'),
(447, 'LV', 'LV-SA', 'Saldus novads'),
(448, 'LV', 'Saulkrastu novads', 'Saulkrastu novads'),
(449, 'LV', 'Siguldas novads', 'Siguldas novads'),
(450, 'LV', 'Skrundas novads', 'Skrundas novads'),
(451, 'LV', 'Skrīveru novads', 'Skrīveru novads'),
(452, 'LV', 'Smiltenes novads', 'Smiltenes novads'),
(453, 'LV', 'Stopiņu novads', 'Stopiņu novads'),
(454, 'LV', 'Strenču novads', 'Strenču novads'),
(455, 'LV', 'Sējas novads', 'Sējas novads'),
(456, 'LV', 'LV-TA', 'Talsu novads'),
(457, 'LV', 'LV-TU', 'Tukuma novads'),
(458, 'LV', 'Tērvetes novads', 'Tērvetes novads'),
(459, 'LV', 'Vaiņodes novads', 'Vaiņodes novads'),
(460, 'LV', 'LV-VK', 'Valkas novads'),
(461, 'LV', 'LV-VM', 'Valmieras novads'),
(462, 'LV', 'Varakļānu novads', 'Varakļānu novads'),
(463, 'LV', 'Vecpiebalgas novads', 'Vecpiebalgas novads'),
(464, 'LV', 'Vecumnieku novads', 'Vecumnieku novads'),
(465, 'LV', 'LV-VE', 'Ventspils novads'),
(466, 'LV', 'Viesītes novads', 'Viesītes novads'),
(467, 'LV', 'Viļakas novads', 'Viļakas novads'),
(468, 'LV', 'Viļānu novads', 'Viļānu novads'),
(469, 'LV', 'Vārkavas novads', 'Vārkavas novads'),
(470, 'LV', 'Zilupes novads', 'Zilupes novads'),
(471, 'LV', 'Ādažu novads', 'Ādažu novads'),
(472, 'LV', 'Ērgļu novads', 'Ērgļu novads'),
(473, 'LV', 'Ķeguma novads', 'Ķeguma novads'),
(474, 'LV', 'Ķekavas novads', 'Ķekavas novads'),
(475, 'LT', 'LT-AL', 'Alytaus Apskritis'),
(476, 'LT', 'LT-KU', 'Kauno Apskritis'),
(477, 'LT', 'LT-KL', 'Klaipėdos Apskritis'),
(478, 'LT', 'LT-MR', 'Marijampolės Apskritis'),
(479, 'LT', 'LT-PN', 'Panevėžio Apskritis'),
(480, 'LT', 'LT-SA', 'Šiaulių Apskritis'),
(481, 'LT', 'LT-TA', 'Tauragės Apskritis'),
(482, 'LT', 'LT-TE', 'Telšių Apskritis'),
(483, 'LT', 'LT-UT', 'Utenos Apskritis'),
(484, 'LT', 'LT-VL', 'Vilniaus Apskritis'),
(485, 'BR', 'AC', 'Acre'),
(486, 'BR', 'AL', 'Alagoas'),
(487, 'BR', 'AP', 'Amapá'),
(488, 'BR', 'AM', 'Amazonas'),
(489, 'BR', 'BA', 'Bahia'),
(490, 'BR', 'CE', 'Ceará'),
(491, 'BR', 'ES', 'Espírito Santo'),
(492, 'BR', 'GO', 'Goiás'),
(493, 'BR', 'MA', 'Maranhão'),
(494, 'BR', 'MT', 'Mato Grosso'),
(495, 'BR', 'MS', 'Mato Grosso do Sul'),
(496, 'BR', 'MG', 'Minas Gerais'),
(497, 'BR', 'PA', 'Pará'),
(498, 'BR', 'PB', 'Paraíba'),
(499, 'BR', 'PR', 'Paraná'),
(500, 'BR', 'PE', 'Pernambuco'),
(501, 'BR', 'PI', 'Piauí'),
(502, 'BR', 'RJ', 'Rio de Janeiro'),
(503, 'BR', 'RN', 'Rio Grande do Norte'),
(504, 'BR', 'RS', 'Rio Grande do Sul'),
(505, 'BR', 'RO', 'Rondônia'),
(506, 'BR', 'RR', 'Roraima'),
(507, 'BR', 'SC', 'Santa Catarina'),
(508, 'BR', 'SP', 'São Paulo'),
(509, 'BR', 'SE', 'Sergipe'),
(510, 'BR', 'TO', 'Tocantins'),
(511, 'BR', 'DF', 'Distrito Federal');

-- --------------------------------------------------------

--
-- Table structure for table `sgp_directory_country_region_name`
--

CREATE TABLE `sgp_directory_country_region_name` (
  `locale` varchar(8) NOT NULL COMMENT 'Locale',
  `region_id` int(10) UNSIGNED NOT NULL DEFAULT '0' COMMENT 'Region Id',
  `name` varchar(255) DEFAULT NULL COMMENT 'Region Name'
) ENGINE=InnoDB DEFAULT CHARSET=utf8 COMMENT='Directory Country Region Name';

--
-- Dumping data for table `sgp_directory_country_region_name`
--

INSERT INTO `sgp_directory_country_region_name` (`locale`, `region_id`, `name`) VALUES
('en_US', 1, 'Alabama'),
('en_US', 2, 'Alaska'),
('en_US', 3, 'American Samoa'),
('en_US', 4, 'Arizona'),
('en_US', 5, 'Arkansas'),
('en_US', 6, 'Armed Forces Africa'),
('en_US', 7, 'Armed Forces Americas'),
('en_US', 8, 'Armed Forces Canada'),
('en_US', 9, 'Armed Forces Europe'),
('en_US', 10, 'Armed Forces Middle East'),
('en_US', 11, 'Armed Forces Pacific'),
('en_US', 12, 'California'),
('en_US', 13, 'Colorado'),
('en_US', 14, 'Connecticut'),
('en_US', 15, 'Delaware'),
('en_US', 16, 'District of Columbia'),
('en_US', 17, 'Federated States Of Micronesia'),
('en_US', 18, 'Florida'),
('en_US', 19, 'Georgia'),
('en_US', 20, 'Guam'),
('en_US', 21, 'Hawaii'),
('en_US', 22, 'Idaho'),
('en_US', 23, 'Illinois'),
('en_US', 24, 'Indiana'),
('en_US', 25, 'Iowa'),
('en_US', 26, 'Kansas'),
('en_US', 27, 'Kentucky'),
('en_US', 28, 'Louisiana'),
('en_US', 29, 'Maine'),
('en_US', 30, 'Marshall Islands'),
('en_US', 31, 'Maryland'),
('en_US', 32, 'Massachusetts'),
('en_US', 33, 'Michigan'),
('en_US', 34, 'Minnesota'),
('en_US', 35, 'Mississippi'),
('en_US', 36, 'Missouri'),
('en_US', 37, 'Montana'),
('en_US', 38, 'Nebraska'),
('en_US', 39, 'Nevada'),
('en_US', 40, 'New Hampshire'),
('en_US', 41, 'New Jersey'),
('en_US', 42, 'New Mexico'),
('en_US', 43, 'New York'),
('en_US', 44, 'North Carolina'),
('en_US', 45, 'North Dakota'),
('en_US', 46, 'Northern Mariana Islands'),
('en_US', 47, 'Ohio'),
('en_US', 48, 'Oklahoma'),
('en_US', 49, 'Oregon'),
('en_US', 50, 'Palau'),
('en_US', 51, 'Pennsylvania'),
('en_US', 52, 'Puerto Rico'),
('en_US', 53, 'Rhode Island'),
('en_US', 54, 'South Carolina'),
('en_US', 55, 'South Dakota'),
('en_US', 56, 'Tennessee'),
('en_US', 57, 'Texas'),
('en_US', 58, 'Utah'),
('en_US', 59, 'Vermont'),
('en_US', 60, 'Virgin Islands'),
('en_US', 61, 'Virginia'),
('en_US', 62, 'Washington'),
('en_US', 63, 'West Virginia'),
('en_US', 64, 'Wisconsin'),
('en_US', 65, 'Wyoming'),
('en_US', 66, 'Alberta'),
('en_US', 67, 'British Columbia'),
('en_US', 68, 'Manitoba'),
('en_US', 69, 'Newfoundland and Labrador'),
('en_US', 70, 'New Brunswick'),
('en_US', 71, 'Nova Scotia'),
('en_US', 72, 'Northwest Territories'),
('en_US', 73, 'Nunavut'),
('en_US', 74, 'Ontario'),
('en_US', 75, 'Prince Edward Island'),
('en_US', 76, 'Quebec'),
('en_US', 77, 'Saskatchewan'),
('en_US', 78, 'Yukon Territory'),
('en_US', 79, 'Niedersachsen'),
('en_US', 80, 'Baden-Württemberg'),
('en_US', 81, 'Bayern'),
('en_US', 82, 'Berlin'),
('en_US', 83, 'Brandenburg'),
('en_US', 84, 'Bremen'),
('en_US', 85, 'Hamburg'),
('en_US', 86, 'Hessen'),
('en_US', 87, 'Mecklenburg-Vorpommern'),
('en_US', 88, 'Nordrhein-Westfalen'),
('en_US', 89, 'Rheinland-Pfalz'),
('en_US', 90, 'Saarland'),
('en_US', 91, 'Sachsen'),
('en_US', 92, 'Sachsen-Anhalt'),
('en_US', 93, 'Schleswig-Holstein'),
('en_US', 94, 'Thüringen'),
('en_US', 95, 'Wien'),
('en_US', 96, 'Niederösterreich'),
('en_US', 97, 'Oberösterreich'),
('en_US', 98, 'Salzburg'),
('en_US', 99, 'Kärnten'),
('en_US', 100, 'Steiermark'),
('en_US', 101, 'Tirol'),
('en_US', 102, 'Burgenland'),
('en_US', 103, 'Vorarlberg'),
('en_US', 104, 'Aargau'),
('en_US', 105, 'Appenzell Innerrhoden'),
('en_US', 106, 'Appenzell Ausserrhoden'),
('en_US', 107, 'Bern'),
('en_US', 108, 'Basel-Landschaft'),
('en_US', 109, 'Basel-Stadt'),
('en_US', 110, 'Freiburg'),
('en_US', 111, 'Genf'),
('en_US', 112, 'Glarus'),
('en_US', 113, 'Graubünden'),
('en_US', 114, 'Jura'),
('en_US', 115, 'Luzern'),
('en_US', 116, 'Neuenburg'),
('en_US', 117, 'Nidwalden'),
('en_US', 118, 'Obwalden'),
('en_US', 119, 'St. Gallen'),
('en_US', 120, 'Schaffhausen'),
('en_US', 121, 'Solothurn'),
('en_US', 122, 'Schwyz'),
('en_US', 123, 'Thurgau'),
('en_US', 124, 'Tessin'),
('en_US', 125, 'Uri'),
('en_US', 126, 'Waadt'),
('en_US', 127, 'Wallis'),
('en_US', 128, 'Zug'),
('en_US', 129, 'Zürich'),
('en_US', 130, 'A Coruña'),
('en_US', 131, 'Alava'),
('en_US', 132, 'Albacete'),
('en_US', 133, 'Alicante'),
('en_US', 134, 'Almeria'),
('en_US', 135, 'Asturias'),
('en_US', 136, 'Avila'),
('en_US', 137, 'Badajoz'),
('en_US', 138, 'Baleares'),
('en_US', 139, 'Barcelona'),
('en_US', 140, 'Burgos'),
('en_US', 141, 'Caceres'),
('en_US', 142, 'Cadiz'),
('en_US', 143, 'Cantabria'),
('en_US', 144, 'Castellon'),
('en_US', 145, 'Ceuta'),
('en_US', 146, 'Ciudad Real'),
('en_US', 147, 'Cordoba'),
('en_US', 148, 'Cuenca'),
('en_US', 149, 'Girona'),
('en_US', 150, 'Granada'),
('en_US', 151, 'Guadalajara'),
('en_US', 152, 'Guipuzcoa'),
('en_US', 153, 'Huelva'),
('en_US', 154, 'Huesca'),
('en_US', 155, 'Jaen'),
('en_US', 156, 'La Rioja'),
('en_US', 157, 'Las Palmas'),
('en_US', 158, 'Leon'),
('en_US', 159, 'Lleida'),
('en_US', 160, 'Lugo'),
('en_US', 161, 'Madrid'),
('en_US', 162, 'Malaga'),
('en_US', 163, 'Melilla'),
('en_US', 164, 'Murcia'),
('en_US', 165, 'Navarra'),
('en_US', 166, 'Ourense'),
('en_US', 167, 'Palencia'),
('en_US', 168, 'Pontevedra'),
('en_US', 169, 'Salamanca'),
('en_US', 170, 'Santa Cruz de Tenerife'),
('en_US', 171, 'Segovia'),
('en_US', 172, 'Sevilla'),
('en_US', 173, 'Soria'),
('en_US', 174, 'Tarragona'),
('en_US', 175, 'Teruel'),
('en_US', 176, 'Toledo'),
('en_US', 177, 'Valencia'),
('en_US', 178, 'Valladolid'),
('en_US', 179, 'Vizcaya'),
('en_US', 180, 'Zamora'),
('en_US', 181, 'Zaragoza'),
('en_US', 182, 'Ain'),
('en_US', 183, 'Aisne'),
('en_US', 184, 'Allier'),
('en_US', 185, 'Alpes-de-Haute-Provence'),
('en_US', 186, 'Hautes-Alpes'),
('en_US', 187, 'Alpes-Maritimes'),
('en_US', 188, 'Ardèche'),
('en_US', 189, 'Ardennes'),
('en_US', 190, 'Ariège'),
('en_US', 191, 'Aube'),
('en_US', 192, 'Aude'),
('en_US', 193, 'Aveyron'),
('en_US', 194, 'Bouches-du-Rhône'),
('en_US', 195, 'Calvados'),
('en_US', 196, 'Cantal'),
('en_US', 197, 'Charente'),
('en_US', 198, 'Charente-Maritime'),
('en_US', 199, 'Cher'),
('en_US', 200, 'Corrèze'),
('en_US', 201, 'Corse-du-Sud'),
('en_US', 202, 'Haute-Corse'),
('en_US', 203, 'Côte-d\'Or'),
('en_US', 204, 'Côtes-d\'Armor'),
('en_US', 205, 'Creuse'),
('en_US', 206, 'Dordogne'),
('en_US', 207, 'Doubs'),
('en_US', 208, 'Drôme'),
('en_US', 209, 'Eure'),
('en_US', 210, 'Eure-et-Loir'),
('en_US', 211, 'Finistère'),
('en_US', 212, 'Gard'),
('en_US', 213, 'Haute-Garonne'),
('en_US', 214, 'Gers'),
('en_US', 215, 'Gironde'),
('en_US', 216, 'Hérault'),
('en_US', 217, 'Ille-et-Vilaine'),
('en_US', 218, 'Indre'),
('en_US', 219, 'Indre-et-Loire'),
('en_US', 220, 'Isère'),
('en_US', 221, 'Jura'),
('en_US', 222, 'Landes'),
('en_US', 223, 'Loir-et-Cher'),
('en_US', 224, 'Loire'),
('en_US', 225, 'Haute-Loire'),
('en_US', 226, 'Loire-Atlantique'),
('en_US', 227, 'Loiret'),
('en_US', 228, 'Lot'),
('en_US', 229, 'Lot-et-Garonne'),
('en_US', 230, 'Lozère'),
('en_US', 231, 'Maine-et-Loire'),
('en_US', 232, 'Manche'),
('en_US', 233, 'Marne'),
('en_US', 234, 'Haute-Marne'),
('en_US', 235, 'Mayenne'),
('en_US', 236, 'Meurthe-et-Moselle'),
('en_US', 237, 'Meuse'),
('en_US', 238, 'Morbihan'),
('en_US', 239, 'Moselle'),
('en_US', 240, 'Nièvre'),
('en_US', 241, 'Nord'),
('en_US', 242, 'Oise'),
('en_US', 243, 'Orne'),
('en_US', 244, 'Pas-de-Calais'),
('en_US', 245, 'Puy-de-Dôme'),
('en_US', 246, 'Pyrénées-Atlantiques'),
('en_US', 247, 'Hautes-Pyrénées'),
('en_US', 248, 'Pyrénées-Orientales'),
('en_US', 249, 'Bas-Rhin'),
('en_US', 250, 'Haut-Rhin'),
('en_US', 251, 'Rhône'),
('en_US', 252, 'Haute-Saône'),
('en_US', 253, 'Saône-et-Loire'),
('en_US', 254, 'Sarthe'),
('en_US', 255, 'Savoie'),
('en_US', 256, 'Haute-Savoie'),
('en_US', 257, 'Paris'),
('en_US', 258, 'Seine-Maritime'),
('en_US', 259, 'Seine-et-Marne'),
('en_US', 260, 'Yvelines'),
('en_US', 261, 'Deux-Sèvres'),
('en_US', 262, 'Somme'),
('en_US', 263, 'Tarn'),
('en_US', 264, 'Tarn-et-Garonne'),
('en_US', 265, 'Var'),
('en_US', 266, 'Vaucluse'),
('en_US', 267, 'Vendée'),
('en_US', 268, 'Vienne'),
('en_US', 269, 'Haute-Vienne'),
('en_US', 270, 'Vosges'),
('en_US', 271, 'Yonne'),
('en_US', 272, 'Territoire-de-Belfort'),
('en_US', 273, 'Essonne'),
('en_US', 274, 'Hauts-de-Seine'),
('en_US', 275, 'Seine-Saint-Denis'),
('en_US', 276, 'Val-de-Marne'),
('en_US', 277, 'Val-d\'Oise'),
('en_US', 278, 'Alba'),
('en_US', 279, 'Arad'),
('en_US', 280, 'Argeş'),
('en_US', 281, 'Bacău'),
('en_US', 282, 'Bihor'),
('en_US', 283, 'Bistriţa-Năsăud'),
('en_US', 284, 'Botoşani'),
('en_US', 285, 'Braşov'),
('en_US', 286, 'Brăila'),
('en_US', 287, 'Bucureşti'),
('en_US', 288, 'Buzău'),
('en_US', 289, 'Caraş-Severin'),
('en_US', 290, 'Călăraşi'),
('en_US', 291, 'Cluj'),
('en_US', 292, 'Constanţa'),
('en_US', 293, 'Covasna'),
('en_US', 294, 'Dâmboviţa'),
('en_US', 295, 'Dolj'),
('en_US', 296, 'Galaţi'),
('en_US', 297, 'Giurgiu'),
('en_US', 298, 'Gorj'),
('en_US', 299, 'Harghita'),
('en_US', 300, 'Hunedoara'),
('en_US', 301, 'Ialomiţa'),
('en_US', 302, 'Iaşi'),
('en_US', 303, 'Ilfov'),
('en_US', 304, 'Maramureş'),
('en_US', 305, 'Mehedinţi'),
('en_US', 306, 'Mureş'),
('en_US', 307, 'Neamţ'),
('en_US', 308, 'Olt'),
('en_US', 309, 'Prahova'),
('en_US', 310, 'Satu-Mare'),
('en_US', 311, 'Sălaj'),
('en_US', 312, 'Sibiu'),
('en_US', 313, 'Suceava'),
('en_US', 314, 'Teleorman'),
('en_US', 315, 'Timiş'),
('en_US', 316, 'Tulcea'),
('en_US', 317, 'Vaslui'),
('en_US', 318, 'Vâlcea'),
('en_US', 319, 'Vrancea'),
('en_US', 320, 'Lappi'),
('en_US', 321, 'Pohjois-Pohjanmaa'),
('en_US', 322, 'Kainuu'),
('en_US', 323, 'Pohjois-Karjala'),
('en_US', 324, 'Pohjois-Savo'),
('en_US', 325, 'Etelä-Savo'),
('en_US', 326, 'Etelä-Pohjanmaa'),
('en_US', 327, 'Pohjanmaa'),
('en_US', 328, 'Pirkanmaa'),
('en_US', 329, 'Satakunta'),
('en_US', 330, 'Keski-Pohjanmaa'),
('en_US', 331, 'Keski-Suomi'),
('en_US', 332, 'Varsinais-Suomi'),
('en_US', 333, 'Etelä-Karjala'),
('en_US', 334, 'Päijät-Häme'),
('en_US', 335, 'Kanta-Häme'),
('en_US', 336, 'Uusimaa'),
('en_US', 337, 'Itä-Uusimaa'),
('en_US', 338, 'Kymenlaakso'),
('en_US', 339, 'Ahvenanmaa'),
('en_US', 340, 'Harjumaa'),
('en_US', 341, 'Hiiumaa'),
('en_US', 342, 'Ida-Virumaa'),
('en_US', 343, 'Jõgevamaa'),
('en_US', 344, 'Järvamaa'),
('en_US', 345, 'Läänemaa'),
('en_US', 346, 'Lääne-Virumaa'),
('en_US', 347, 'Põlvamaa'),
('en_US', 348, 'Pärnumaa'),
('en_US', 349, 'Raplamaa'),
('en_US', 350, 'Saaremaa'),
('en_US', 351, 'Tartumaa'),
('en_US', 352, 'Valgamaa'),
('en_US', 353, 'Viljandimaa'),
('en_US', 354, 'Võrumaa'),
('en_US', 355, 'Daugavpils'),
('en_US', 356, 'Jelgava'),
('en_US', 357, 'Jēkabpils'),
('en_US', 358, 'Jūrmala'),
('en_US', 359, 'Liepāja'),
('en_US', 360, 'Liepājas novads'),
('en_US', 361, 'Rēzekne'),
('en_US', 362, 'Rīga'),
('en_US', 363, 'Rīgas novads'),
('en_US', 364, 'Valmiera'),
('en_US', 365, 'Ventspils'),
('en_US', 366, 'Aglonas novads'),
('en_US', 367, 'Aizkraukles novads'),
('en_US', 368, 'Aizputes novads'),
('en_US', 369, 'Aknīstes novads'),
('en_US', 370, 'Alojas novads'),
('en_US', 371, 'Alsungas novads'),
('en_US', 372, 'Alūksnes novads'),
('en_US', 373, 'Amatas novads'),
('en_US', 374, 'Apes novads'),
('en_US', 375, 'Auces novads'),
('en_US', 376, 'Babītes novads'),
('en_US', 377, 'Baldones novads'),
('en_US', 378, 'Baltinavas novads'),
('en_US', 379, 'Balvu novads'),
('en_US', 380, 'Bauskas novads'),
('en_US', 381, 'Beverīnas novads'),
('en_US', 382, 'Brocēnu novads'),
('en_US', 383, 'Burtnieku novads'),
('en_US', 384, 'Carnikavas novads'),
('en_US', 385, 'Cesvaines novads'),
('en_US', 386, 'Ciblas novads'),
('en_US', 387, 'Cēsu novads'),
('en_US', 388, 'Dagdas novads'),
('en_US', 389, 'Daugavpils novads'),
('en_US', 390, 'Dobeles novads'),
('en_US', 391, 'Dundagas novads'),
('en_US', 392, 'Durbes novads'),
('en_US', 393, 'Engures novads'),
('en_US', 394, 'Garkalnes novads'),
('en_US', 395, 'Grobiņas novads'),
('en_US', 396, 'Gulbenes novads'),
('en_US', 397, 'Iecavas novads'),
('en_US', 398, 'Ikšķiles novads'),
('en_US', 399, 'Ilūkstes novads'),
('en_US', 400, 'Inčukalna novads'),
('en_US', 401, 'Jaunjelgavas novads'),
('en_US', 402, 'Jaunpiebalgas novads'),
('en_US', 403, 'Jaunpils novads'),
('en_US', 404, 'Jelgavas novads'),
('en_US', 405, 'Jēkabpils novads'),
('en_US', 406, 'Kandavas novads'),
('en_US', 407, 'Kokneses novads'),
('en_US', 408, 'Krimuldas novads'),
('en_US', 409, 'Krustpils novads'),
('en_US', 410, 'Krāslavas novads'),
('en_US', 411, 'Kuldīgas novads'),
('en_US', 412, 'Kārsavas novads'),
('en_US', 413, 'Lielvārdes novads'),
('en_US', 414, 'Limbažu novads'),
('en_US', 415, 'Lubānas novads'),
('en_US', 416, 'Ludzas novads'),
('en_US', 417, 'Līgatnes novads'),
('en_US', 418, 'Līvānu novads'),
('en_US', 419, 'Madonas novads'),
('en_US', 420, 'Mazsalacas novads'),
('en_US', 421, 'Mālpils novads'),
('en_US', 422, 'Mārupes novads'),
('en_US', 423, 'Naukšēnu novads'),
('en_US', 424, 'Neretas novads'),
('en_US', 425, 'Nīcas novads'),
('en_US', 426, 'Ogres novads'),
('en_US', 427, 'Olaines novads'),
('en_US', 428, 'Ozolnieku novads'),
('en_US', 429, 'Preiļu novads'),
('en_US', 430, 'Priekules novads'),
('en_US', 431, 'Priekuļu novads'),
('en_US', 432, 'Pārgaujas novads'),
('en_US', 433, 'Pāvilostas novads'),
('en_US', 434, 'Pļaviņu novads'),
('en_US', 435, 'Raunas novads'),
('en_US', 436, 'Riebiņu novads'),
('en_US', 437, 'Rojas novads'),
('en_US', 438, 'Ropažu novads'),
('en_US', 439, 'Rucavas novads'),
('en_US', 440, 'Rugāju novads'),
('en_US', 441, 'Rundāles novads'),
('en_US', 442, 'Rēzeknes novads'),
('en_US', 443, 'Rūjienas novads'),
('en_US', 444, 'Salacgrīvas novads'),
('en_US', 445, 'Salas novads'),
('en_US', 446, 'Salaspils novads'),
('en_US', 447, 'Saldus novads'),
('en_US', 448, 'Saulkrastu novads'),
('en_US', 449, 'Siguldas novads'),
('en_US', 450, 'Skrundas novads'),
('en_US', 451, 'Skrīveru novads'),
('en_US', 452, 'Smiltenes novads'),
('en_US', 453, 'Stopiņu novads'),
('en_US', 454, 'Strenču novads'),
('en_US', 455, 'Sējas novads'),
('en_US', 456, 'Talsu novads'),
('en_US', 457, 'Tukuma novads'),
('en_US', 458, 'Tērvetes novads'),
('en_US', 459, 'Vaiņodes novads'),
('en_US', 460, 'Valkas novads'),
('en_US', 461, 'Valmieras novads'),
('en_US', 462, 'Varakļānu novads'),
('en_US', 463, 'Vecpiebalgas novads'),
('en_US', 464, 'Vecumnieku novads'),
('en_US', 465, 'Ventspils novads'),
('en_US', 466, 'Viesītes novads'),
('en_US', 467, 'Viļakas novads'),
('en_US', 468, 'Viļānu novads'),
('en_US', 469, 'Vārkavas novads'),
('en_US', 470, 'Zilupes novads'),
('en_US', 471, 'Ādažu novads'),
('en_US', 472, 'Ērgļu novads'),
('en_US', 473, 'Ķeguma novads'),
('en_US', 474, 'Ķekavas novads'),
('en_US', 475, 'Alytaus Apskritis'),
('en_US', 476, 'Kauno Apskritis'),
('en_US', 477, 'Klaipėdos Apskritis'),
('en_US', 478, 'Marijampolės Apskritis'),
('en_US', 479, 'Panevėžio Apskritis'),
('en_US', 480, 'Šiaulių Apskritis'),
('en_US', 481, 'Tauragės Apskritis'),
('en_US', 482, 'Telšių Apskritis'),
('en_US', 483, 'Utenos Apskritis'),
('en_US', 484, 'Vilniaus Apskritis'),
('en_US', 485, 'Acre'),
('en_US', 486, 'Alagoas'),
('en_US', 487, 'Amapá'),
('en_US', 488, 'Amazonas'),
('en_US', 489, 'Bahia'),
('en_US', 490, 'Ceará'),
('en_US', 491, 'Espírito Santo'),
('en_US', 492, 'Goiás'),
('en_US', 493, 'Maranhão'),
('en_US', 494, 'Mato Grosso'),
('en_US', 495, 'Mato Grosso do Sul'),
('en_US', 496, 'Minas Gerais'),
('en_US', 497, 'Pará'),
('en_US', 498, 'Paraíba'),
('en_US', 499, 'Paraná'),
('en_US', 500, 'Pernambuco'),
('en_US', 501, 'Piauí'),
('en_US', 502, 'Rio de Janeiro'),
('en_US', 503, 'Rio Grande do Norte'),
('en_US', 504, 'Rio Grande do Sul'),
('en_US', 505, 'Rondônia'),
('en_US', 506, 'Roraima'),
('en_US', 507, 'Santa Catarina'),
('en_US', 508, 'São Paulo'),
('en_US', 509, 'Sergipe'),
('en_US', 510, 'Tocantins'),
('en_US', 511, 'Distrito Federal');

-- --------------------------------------------------------

--
-- Table structure for table `sgp_directory_currency_rate`
--

CREATE TABLE `sgp_directory_currency_rate` (
  `currency_from` varchar(3) NOT NULL COMMENT 'Currency Code Convert From',
  `currency_to` varchar(3) NOT NULL COMMENT 'Currency Code Convert To',
  `rate` decimal(24,12) NOT NULL DEFAULT '0.000000000000' COMMENT 'Currency Conversion Rate'
) ENGINE=InnoDB DEFAULT CHARSET=utf8 COMMENT='Directory Currency Rate';

--
-- Dumping data for table `sgp_directory_currency_rate`
--

INSERT INTO `sgp_directory_currency_rate` (`currency_from`, `currency_to`, `rate`) VALUES
('EUR', 'EUR', 1.000000000000),
('EUR', 'USD', 1.415000000000),
('INR', 'EUR', 0.013000000000),
('INR', 'INR', 1.000000000000),
('INR', 'USD', 0.014000000000),
('USD', 'EUR', 0.706700000000),
('USD', 'USD', 1.000000000000);

-- --------------------------------------------------------

--
-- Table structure for table `sgp_downloadable_link`
--

CREATE TABLE `sgp_downloadable_link` (
  `link_id` int(10) UNSIGNED NOT NULL COMMENT 'Link ID',
  `product_id` int(10) UNSIGNED NOT NULL DEFAULT '0' COMMENT 'Product ID',
  `sort_order` int(10) UNSIGNED NOT NULL DEFAULT '0' COMMENT 'Sort order',
  `number_of_downloads` int(11) DEFAULT NULL COMMENT 'Number of downloads',
  `is_shareable` smallint(5) UNSIGNED NOT NULL DEFAULT '0' COMMENT 'Shareable flag',
  `link_url` varchar(255) DEFAULT NULL COMMENT 'Link Url',
  `link_file` varchar(255) DEFAULT NULL COMMENT 'Link File',
  `link_type` varchar(20) DEFAULT NULL COMMENT 'Link Type',
  `sample_url` varchar(255) DEFAULT NULL COMMENT 'Sample Url',
  `sample_file` varchar(255) DEFAULT NULL COMMENT 'Sample File',
  `sample_type` varchar(20) DEFAULT NULL COMMENT 'Sample Type'
) ENGINE=InnoDB DEFAULT CHARSET=utf8 COMMENT='Downloadable Link Table';

-- --------------------------------------------------------

--
-- Table structure for table `sgp_downloadable_link_price`
--

CREATE TABLE `sgp_downloadable_link_price` (
  `price_id` int(10) UNSIGNED NOT NULL COMMENT 'Price ID',
  `link_id` int(10) UNSIGNED NOT NULL DEFAULT '0' COMMENT 'Link ID',
  `website_id` smallint(5) UNSIGNED NOT NULL DEFAULT '0' COMMENT 'Website ID',
  `price` decimal(12,4) NOT NULL DEFAULT '0.0000' COMMENT 'Price'
) ENGINE=InnoDB DEFAULT CHARSET=utf8 COMMENT='Downloadable Link Price Table';

-- --------------------------------------------------------

--
-- Table structure for table `sgp_downloadable_link_purchased`
--

CREATE TABLE `sgp_downloadable_link_purchased` (
  `purchased_id` int(10) UNSIGNED NOT NULL COMMENT 'Purchased ID',
  `order_id` int(10) UNSIGNED DEFAULT '0' COMMENT 'Order ID',
  `order_increment_id` varchar(50) DEFAULT NULL COMMENT 'Order Increment ID',
  `order_item_id` int(10) UNSIGNED NOT NULL DEFAULT '0' COMMENT 'Order Item ID',
  `created_at` timestamp NOT NULL DEFAULT CURRENT_TIMESTAMP COMMENT 'Date of creation',
  `updated_at` timestamp NOT NULL DEFAULT CURRENT_TIMESTAMP ON UPDATE CURRENT_TIMESTAMP COMMENT 'Date of modification',
  `customer_id` int(10) UNSIGNED DEFAULT '0' COMMENT 'Customer ID',
  `product_name` varchar(255) DEFAULT NULL COMMENT 'Product name',
  `product_sku` varchar(255) DEFAULT NULL COMMENT 'Product sku',
  `link_section_title` varchar(255) DEFAULT NULL COMMENT 'Link_section_title'
) ENGINE=InnoDB DEFAULT CHARSET=utf8 COMMENT='Downloadable Link Purchased Table';

-- --------------------------------------------------------

--
-- Table structure for table `sgp_downloadable_link_purchased_item`
--

CREATE TABLE `sgp_downloadable_link_purchased_item` (
  `item_id` int(10) UNSIGNED NOT NULL COMMENT 'Item ID',
  `purchased_id` int(10) UNSIGNED NOT NULL DEFAULT '0' COMMENT 'Purchased ID',
  `order_item_id` int(10) UNSIGNED DEFAULT '0' COMMENT 'Order Item ID',
  `product_id` int(10) UNSIGNED DEFAULT '0' COMMENT 'Product ID',
  `link_hash` varchar(255) DEFAULT NULL COMMENT 'Link hash',
  `number_of_downloads_bought` int(10) UNSIGNED NOT NULL DEFAULT '0' COMMENT 'Number of downloads bought',
  `number_of_downloads_used` int(10) UNSIGNED NOT NULL DEFAULT '0' COMMENT 'Number of downloads used',
  `link_id` int(10) UNSIGNED NOT NULL DEFAULT '0' COMMENT 'Link ID',
  `link_title` varchar(255) DEFAULT NULL COMMENT 'Link Title',
  `is_shareable` smallint(5) UNSIGNED NOT NULL DEFAULT '0' COMMENT 'Shareable Flag',
  `link_url` varchar(255) DEFAULT NULL COMMENT 'Link Url',
  `link_file` varchar(255) DEFAULT NULL COMMENT 'Link File',
  `link_type` varchar(255) DEFAULT NULL COMMENT 'Link Type',
  `status` varchar(50) DEFAULT NULL COMMENT 'Status',
  `created_at` timestamp NOT NULL DEFAULT CURRENT_TIMESTAMP COMMENT 'Creation Time',
  `updated_at` timestamp NOT NULL DEFAULT CURRENT_TIMESTAMP ON UPDATE CURRENT_TIMESTAMP COMMENT 'Update Time'
) ENGINE=InnoDB DEFAULT CHARSET=utf8 COMMENT='Downloadable Link Purchased Item Table';

-- --------------------------------------------------------

--
-- Table structure for table `sgp_downloadable_link_title`
--

CREATE TABLE `sgp_downloadable_link_title` (
  `title_id` int(10) UNSIGNED NOT NULL COMMENT 'Title ID',
  `link_id` int(10) UNSIGNED NOT NULL DEFAULT '0' COMMENT 'Link ID',
  `store_id` smallint(5) UNSIGNED NOT NULL DEFAULT '0' COMMENT 'Store ID',
  `title` varchar(255) DEFAULT NULL COMMENT 'Title'
) ENGINE=InnoDB DEFAULT CHARSET=utf8 COMMENT='Link Title Table';

-- --------------------------------------------------------

--
-- Table structure for table `sgp_downloadable_sample`
--

CREATE TABLE `sgp_downloadable_sample` (
  `sample_id` int(10) UNSIGNED NOT NULL COMMENT 'Sample ID',
  `product_id` int(10) UNSIGNED NOT NULL DEFAULT '0' COMMENT 'Product ID',
  `sample_url` varchar(255) DEFAULT NULL COMMENT 'Sample URL',
  `sample_file` varchar(255) DEFAULT NULL COMMENT 'Sample file',
  `sample_type` varchar(20) DEFAULT NULL COMMENT 'Sample Type',
  `sort_order` int(10) UNSIGNED NOT NULL DEFAULT '0' COMMENT 'Sort Order'
) ENGINE=InnoDB DEFAULT CHARSET=utf8 COMMENT='Downloadable Sample Table';

-- --------------------------------------------------------

--
-- Table structure for table `sgp_downloadable_sample_title`
--

CREATE TABLE `sgp_downloadable_sample_title` (
  `title_id` int(10) UNSIGNED NOT NULL COMMENT 'Title ID',
  `sample_id` int(10) UNSIGNED NOT NULL DEFAULT '0' COMMENT 'Sample ID',
  `store_id` smallint(5) UNSIGNED NOT NULL DEFAULT '0' COMMENT 'Store ID',
  `title` varchar(255) DEFAULT NULL COMMENT 'Title'
) ENGINE=InnoDB DEFAULT CHARSET=utf8 COMMENT='Downloadable Sample Title Table';

-- --------------------------------------------------------

--
-- Table structure for table `sgp_eav_attribute`
--

CREATE TABLE `sgp_eav_attribute` (
  `attribute_id` smallint(5) UNSIGNED NOT NULL COMMENT 'Attribute Id',
  `entity_type_id` smallint(5) UNSIGNED NOT NULL DEFAULT '0' COMMENT 'Entity Type Id',
  `attribute_code` varchar(255) DEFAULT NULL COMMENT 'Attribute Code',
  `attribute_model` varchar(255) DEFAULT NULL COMMENT 'Attribute Model',
  `backend_model` varchar(255) DEFAULT NULL COMMENT 'Backend Model',
  `backend_type` varchar(8) NOT NULL DEFAULT 'static' COMMENT 'Backend Type',
  `backend_table` varchar(255) DEFAULT NULL COMMENT 'Backend Table',
  `frontend_model` varchar(255) DEFAULT NULL COMMENT 'Frontend Model',
  `frontend_input` varchar(50) DEFAULT NULL COMMENT 'Frontend Input',
  `frontend_label` varchar(255) DEFAULT NULL COMMENT 'Frontend Label',
  `frontend_class` varchar(255) DEFAULT NULL COMMENT 'Frontend Class',
  `source_model` varchar(255) DEFAULT NULL COMMENT 'Source Model',
  `is_required` smallint(5) UNSIGNED NOT NULL DEFAULT '0' COMMENT 'Defines Is Required',
  `is_user_defined` smallint(5) UNSIGNED NOT NULL DEFAULT '0' COMMENT 'Defines Is User Defined',
  `default_value` text COMMENT 'Default Value',
  `is_unique` smallint(5) UNSIGNED NOT NULL DEFAULT '0' COMMENT 'Defines Is Unique',
  `note` varchar(255) DEFAULT NULL COMMENT 'Note'
) ENGINE=InnoDB DEFAULT CHARSET=utf8 COMMENT='Eav Attribute';

--
-- Dumping data for table `sgp_eav_attribute`
--

INSERT INTO `sgp_eav_attribute` (`attribute_id`, `entity_type_id`, `attribute_code`, `attribute_model`, `backend_model`, `backend_type`, `backend_table`, `frontend_model`, `frontend_input`, `frontend_label`, `frontend_class`, `source_model`, `is_required`, `is_user_defined`, `default_value`, `is_unique`, `note`) VALUES
(1, 1, 'website_id', NULL, 'Magento\\Customer\\Model\\Customer\\Attribute\\Backend\\Website', 'static', NULL, NULL, 'select', 'Associate to Website', NULL, 'Magento\\Customer\\Model\\Customer\\Attribute\\Source\\Website', 1, 0, NULL, 0, NULL),
(2, 1, 'store_id', NULL, 'Magento\\Customer\\Model\\Customer\\Attribute\\Backend\\Store', 'static', NULL, NULL, 'select', 'Create In', NULL, 'Magento\\Customer\\Model\\Customer\\Attribute\\Source\\Store', 1, 0, NULL, 0, NULL),
(3, 1, 'created_in', NULL, NULL, 'static', NULL, NULL, 'text', 'Created From', NULL, NULL, 0, 0, NULL, 0, NULL),
(4, 1, 'prefix', NULL, NULL, 'static', NULL, NULL, 'text', 'Prefix', NULL, NULL, 0, 0, NULL, 0, NULL),
(5, 1, 'firstname', NULL, NULL, 'static', NULL, NULL, 'text', 'First Name', NULL, NULL, 1, 0, NULL, 0, NULL),
(6, 1, 'middlename', NULL, NULL, 'static', NULL, NULL, 'text', 'Middle Name/Initial', NULL, NULL, 0, 0, NULL, 0, NULL),
(7, 1, 'lastname', NULL, NULL, 'static', NULL, NULL, 'text', 'Last Name', NULL, NULL, 1, 0, NULL, 0, NULL),
(8, 1, 'suffix', NULL, NULL, 'static', NULL, NULL, 'text', 'Suffix', NULL, NULL, 0, 0, NULL, 0, NULL),
(9, 1, 'email', NULL, NULL, 'static', NULL, NULL, 'text', 'Email', NULL, NULL, 1, 0, NULL, 0, NULL),
(10, 1, 'group_id', NULL, NULL, 'static', NULL, NULL, 'select', 'Group', NULL, 'Magento\\Customer\\Model\\Customer\\Attribute\\Source\\Group', 1, 0, NULL, 0, NULL),
(11, 1, 'dob', NULL, 'Magento\\Eav\\Model\\Entity\\Attribute\\Backend\\Datetime', 'static', NULL, 'Magento\\Eav\\Model\\Entity\\Attribute\\Frontend\\Datetime', 'date', 'Date of Birth', NULL, NULL, 0, 0, NULL, 0, NULL),
(12, 1, 'password_hash', NULL, 'Magento\\Customer\\Model\\Customer\\Attribute\\Backend\\Password', 'static', NULL, NULL, 'hidden', NULL, NULL, NULL, 0, 0, NULL, 0, NULL),
(13, 1, 'rp_token', NULL, NULL, 'static', NULL, NULL, 'hidden', NULL, NULL, NULL, 0, 0, NULL, 0, NULL),
(14, 1, 'rp_token_created_at', NULL, NULL, 'static', NULL, NULL, 'date', NULL, NULL, NULL, 0, 0, NULL, 0, NULL),
(15, 1, 'default_billing', NULL, 'Magento\\Customer\\Model\\Customer\\Attribute\\Backend\\Billing', 'static', NULL, NULL, 'text', 'Default Billing Address', NULL, NULL, 0, 0, NULL, 0, NULL),
(16, 1, 'default_shipping', NULL, 'Magento\\Customer\\Model\\Customer\\Attribute\\Backend\\Shipping', 'static', NULL, NULL, 'text', 'Default Shipping Address', NULL, NULL, 0, 0, NULL, 0, NULL),
(17, 1, 'taxvat', NULL, NULL, 'static', NULL, NULL, 'text', 'Tax/VAT Number', NULL, NULL, 0, 0, NULL, 0, NULL),
(18, 1, 'confirmation', NULL, NULL, 'static', NULL, NULL, 'text', 'Is Confirmed', NULL, NULL, 0, 0, NULL, 0, NULL),
(19, 1, 'created_at', NULL, NULL, 'static', NULL, NULL, 'date', 'Created At', NULL, NULL, 0, 0, NULL, 0, NULL),
(20, 1, 'gender', NULL, NULL, 'static', NULL, NULL, 'select', 'Gender', NULL, 'Magento\\Eav\\Model\\Entity\\Attribute\\Source\\Table', 0, 0, NULL, 0, NULL),
(21, 1, 'disable_auto_group_change', NULL, 'Magento\\Customer\\Model\\Attribute\\Backend\\Data\\Boolean', 'static', NULL, NULL, 'boolean', 'Disable Automatic Group Change Based on VAT ID', NULL, NULL, 0, 0, NULL, 0, NULL),
(22, 2, 'prefix', NULL, NULL, 'static', NULL, NULL, 'text', 'Prefix', NULL, NULL, 0, 0, NULL, 0, NULL),
(23, 2, 'firstname', NULL, NULL, 'static', NULL, NULL, 'text', 'First Name', NULL, NULL, 1, 0, NULL, 0, NULL),
(24, 2, 'middlename', NULL, NULL, 'static', NULL, NULL, 'text', 'Middle Name/Initial', NULL, NULL, 0, 0, NULL, 0, NULL),
(25, 2, 'lastname', NULL, NULL, 'static', NULL, NULL, 'text', 'Last Name', NULL, NULL, 1, 0, NULL, 0, NULL),
(26, 2, 'suffix', NULL, NULL, 'static', NULL, NULL, 'text', 'Suffix', NULL, NULL, 0, 0, NULL, 0, NULL),
(27, 2, 'company', NULL, NULL, 'static', NULL, NULL, 'text', 'Company', NULL, NULL, 0, 0, NULL, 0, NULL),
(28, 2, 'street', NULL, 'Magento\\Eav\\Model\\Entity\\Attribute\\Backend\\DefaultBackend', 'static', NULL, NULL, 'multiline', 'Street Address', NULL, NULL, 1, 0, NULL, 0, NULL),
(29, 2, 'city', NULL, NULL, 'static', NULL, NULL, 'text', 'City', NULL, NULL, 1, 0, NULL, 0, NULL),
(30, 2, 'country_id', NULL, NULL, 'static', NULL, NULL, 'select', 'Country', NULL, 'Magento\\Customer\\Model\\ResourceModel\\Address\\Attribute\\Source\\Country', 1, 0, NULL, 0, NULL),
(31, 2, 'region', NULL, 'Magento\\Customer\\Model\\ResourceModel\\Address\\Attribute\\Backend\\Region', 'static', NULL, NULL, 'text', 'State/Province', NULL, NULL, 0, 0, NULL, 0, NULL),
(32, 2, 'region_id', NULL, NULL, 'static', NULL, NULL, 'hidden', 'State/Province', NULL, 'Magento\\Customer\\Model\\ResourceModel\\Address\\Attribute\\Source\\Region', 0, 0, NULL, 0, NULL),
(33, 2, 'postcode', NULL, NULL, 'static', NULL, NULL, 'text', 'Zip/Postal Code', NULL, NULL, 0, 0, NULL, 0, NULL),
(34, 2, 'telephone', NULL, NULL, 'static', NULL, NULL, 'text', 'Phone Number', NULL, NULL, 1, 0, NULL, 0, NULL),
(35, 2, 'fax', NULL, NULL, 'static', NULL, NULL, 'text', 'Fax', NULL, NULL, 0, 0, NULL, 0, NULL),
(36, 2, 'vat_id', NULL, NULL, 'static', NULL, NULL, 'text', 'VAT number', NULL, NULL, 0, 0, NULL, 0, NULL),
(37, 2, 'vat_is_valid', NULL, NULL, 'static', NULL, NULL, 'text', 'VAT number validity', NULL, NULL, 0, 0, NULL, 0, NULL),
(38, 2, 'vat_request_id', NULL, NULL, 'static', NULL, NULL, 'text', 'VAT number validation request ID', NULL, NULL, 0, 0, NULL, 0, NULL),
(39, 2, 'vat_request_date', NULL, NULL, 'static', NULL, NULL, 'text', 'VAT number validation request date', NULL, NULL, 0, 0, NULL, 0, NULL),
(40, 2, 'vat_request_success', NULL, NULL, 'static', NULL, NULL, 'text', 'VAT number validation request success', NULL, NULL, 0, 0, NULL, 0, NULL),
(41, 1, 'updated_at', NULL, NULL, 'static', NULL, NULL, 'date', 'Updated At', NULL, NULL, 0, 0, NULL, 0, NULL),
(42, 1, 'failures_num', NULL, NULL, 'static', NULL, NULL, 'hidden', 'Failures Number', NULL, NULL, 0, 0, NULL, 0, NULL),
(43, 1, 'first_failure', NULL, NULL, 'static', NULL, NULL, 'date', 'First Failure Date', NULL, NULL, 0, 0, NULL, 0, NULL),
(44, 1, 'lock_expires', NULL, NULL, 'static', NULL, NULL, 'date', 'Failures Number', NULL, NULL, 0, 0, NULL, 0, NULL),
(45, 3, 'name', NULL, NULL, 'varchar', NULL, NULL, 'text', 'Name', NULL, NULL, 1, 0, NULL, 0, NULL),
(46, 3, 'is_active', NULL, NULL, 'int', NULL, NULL, 'select', 'Is Active', NULL, 'Magento\\Eav\\Model\\Entity\\Attribute\\Source\\Boolean', 1, 0, NULL, 0, NULL),
(47, 3, 'description', NULL, NULL, 'text', NULL, NULL, 'textarea', 'Description', NULL, NULL, 0, 0, NULL, 0, NULL),
(48, 3, 'image', NULL, 'Magento\\Catalog\\Model\\Category\\Attribute\\Backend\\Image', 'varchar', NULL, NULL, 'image', 'Image', NULL, NULL, 0, 0, NULL, 0, NULL),
(49, 3, 'meta_title', NULL, NULL, 'varchar', NULL, NULL, 'text', 'Page Title', NULL, NULL, 0, 0, NULL, 0, NULL),
(50, 3, 'meta_keywords', NULL, NULL, 'text', NULL, NULL, 'textarea', 'Meta Keywords', NULL, NULL, 0, 0, NULL, 0, NULL),
(51, 3, 'meta_description', NULL, NULL, 'text', NULL, NULL, 'textarea', 'Meta Description', NULL, NULL, 0, 0, NULL, 0, NULL),
(52, 3, 'display_mode', NULL, NULL, 'varchar', NULL, NULL, 'select', 'Display Mode', NULL, 'Magento\\Catalog\\Model\\Category\\Attribute\\Source\\Mode', 0, 0, NULL, 0, NULL),
(53, 3, 'landing_page', NULL, NULL, 'int', NULL, NULL, 'select', 'CMS Block', NULL, 'Magento\\Catalog\\Model\\Category\\Attribute\\Source\\Page', 0, 0, NULL, 0, NULL),
(54, 3, 'is_anchor', NULL, NULL, 'int', NULL, NULL, 'select', 'Is Anchor', NULL, 'Magento\\Eav\\Model\\Entity\\Attribute\\Source\\Boolean', 0, 0, '1', 0, NULL),
(55, 3, 'path', NULL, NULL, 'static', NULL, NULL, 'text', 'Path', NULL, NULL, 0, 0, NULL, 0, NULL),
(56, 3, 'position', NULL, NULL, 'static', NULL, NULL, 'text', 'Position', NULL, NULL, 0, 0, NULL, 0, NULL),
(57, 3, 'all_children', NULL, NULL, 'text', NULL, NULL, 'text', NULL, NULL, NULL, 0, 0, NULL, 0, NULL),
(58, 3, 'path_in_store', NULL, NULL, 'text', NULL, NULL, 'text', NULL, NULL, NULL, 0, 0, NULL, 0, NULL),
(59, 3, 'children', NULL, NULL, 'text', NULL, NULL, 'text', NULL, NULL, NULL, 0, 0, NULL, 0, NULL),
(60, 3, 'custom_design', NULL, NULL, 'varchar', NULL, NULL, 'select', 'Custom Design', NULL, 'Magento\\Theme\\Model\\Theme\\Source\\Theme', 0, 0, NULL, 0, NULL),
(61, 3, 'custom_design_from', 'Magento\\Catalog\\Model\\ResourceModel\\Eav\\Attribute', 'Magento\\Catalog\\Model\\Attribute\\Backend\\Startdate', 'datetime', NULL, 'Magento\\Eav\\Model\\Entity\\Attribute\\Frontend\\Datetime', 'date', 'Active From', NULL, NULL, 0, 0, NULL, 0, NULL),
(62, 3, 'custom_design_to', NULL, 'Magento\\Eav\\Model\\Entity\\Attribute\\Backend\\Datetime', 'datetime', NULL, NULL, 'date', 'Active To', NULL, NULL, 0, 0, NULL, 0, NULL),
(63, 3, 'page_layout', NULL, NULL, 'varchar', NULL, NULL, 'select', 'Page Layout', NULL, 'Magento\\Catalog\\Model\\Category\\Attribute\\Source\\Layout', 0, 0, NULL, 0, NULL),
(64, 3, 'custom_layout_update', NULL, 'Magento\\Catalog\\Model\\Attribute\\Backend\\Customlayoutupdate', 'text', NULL, NULL, 'textarea', 'Custom Layout Update', NULL, NULL, 0, 0, NULL, 0, NULL),
(65, 3, 'level', NULL, NULL, 'static', NULL, NULL, 'text', 'Level', NULL, NULL, 0, 0, NULL, 0, NULL),
(66, 3, 'children_count', NULL, NULL, 'static', NULL, NULL, 'text', 'Children Count', NULL, NULL, 0, 0, NULL, 0, NULL),
(67, 3, 'available_sort_by', NULL, 'Magento\\Catalog\\Model\\Category\\Attribute\\Backend\\Sortby', 'text', NULL, NULL, 'multiselect', 'Available Product Listing Sort By', NULL, 'Magento\\Catalog\\Model\\Category\\Attribute\\Source\\Sortby', 1, 0, NULL, 0, NULL),
(68, 3, 'default_sort_by', NULL, 'Magento\\Catalog\\Model\\Category\\Attribute\\Backend\\Sortby', 'varchar', NULL, NULL, 'select', 'Default Product Listing Sort By', NULL, 'Magento\\Catalog\\Model\\Category\\Attribute\\Source\\Sortby', 1, 0, NULL, 0, NULL),
(69, 3, 'include_in_menu', NULL, NULL, 'int', NULL, NULL, 'select', 'Include in Navigation Menu', NULL, 'Magento\\Eav\\Model\\Entity\\Attribute\\Source\\Boolean', 1, 0, '1', 0, NULL),
(70, 3, 'custom_use_parent_settings', NULL, NULL, 'int', NULL, NULL, 'select', 'Use Parent Category Settings', NULL, 'Magento\\Eav\\Model\\Entity\\Attribute\\Source\\Boolean', 0, 0, NULL, 0, NULL),
(71, 3, 'custom_apply_to_products', NULL, NULL, 'int', NULL, NULL, 'select', 'Apply To Products', NULL, 'Magento\\Eav\\Model\\Entity\\Attribute\\Source\\Boolean', 0, 0, NULL, 0, NULL),
(72, 3, 'filter_price_range', NULL, NULL, 'decimal', NULL, NULL, 'text', 'Layered Navigation Price Step', NULL, NULL, 0, 0, NULL, 0, NULL),
(73, 4, 'name', NULL, NULL, 'varchar', NULL, NULL, 'text', 'Product Name', 'validate-length maximum-length-255', NULL, 1, 0, NULL, 0, NULL),
(74, 4, 'sku', NULL, 'Magento\\Catalog\\Model\\Product\\Attribute\\Backend\\Sku', 'static', NULL, NULL, 'text', 'SKU', 'validate-length maximum-length-64', NULL, 1, 0, NULL, 1, NULL),
(75, 4, 'description', NULL, NULL, 'text', NULL, NULL, 'textarea', 'Description', NULL, NULL, 0, 0, NULL, 0, NULL),
(76, 4, 'short_description', NULL, NULL, 'text', NULL, NULL, 'textarea', 'Short Description', NULL, NULL, 0, 0, NULL, 0, NULL),
(77, 4, 'price', NULL, 'Magento\\Catalog\\Model\\Product\\Attribute\\Backend\\Price', 'decimal', NULL, NULL, 'price', 'Price', NULL, NULL, 1, 0, NULL, 0, NULL),
(78, 4, 'special_price', NULL, 'Magento\\Catalog\\Model\\Product\\Attribute\\Backend\\Price', 'decimal', NULL, NULL, 'price', 'Special Price', NULL, NULL, 0, 0, NULL, 0, NULL),
(79, 4, 'special_from_date', NULL, 'Magento\\Catalog\\Model\\Attribute\\Backend\\Startdate', 'datetime', NULL, NULL, 'date', 'Special Price From Date', NULL, NULL, 0, 0, NULL, 0, NULL),
(80, 4, 'special_to_date', NULL, 'Magento\\Eav\\Model\\Entity\\Attribute\\Backend\\Datetime', 'datetime', NULL, NULL, 'date', 'Special Price To Date', NULL, NULL, 0, 0, NULL, 0, NULL),
(81, 4, 'cost', NULL, 'Magento\\Catalog\\Model\\Product\\Attribute\\Backend\\Price', 'decimal', NULL, NULL, 'price', 'Cost', NULL, NULL, 0, 1, NULL, 0, NULL),
(82, 4, 'weight', NULL, 'Magento\\Catalog\\Model\\Product\\Attribute\\Backend\\Weight', 'decimal', NULL, NULL, 'weight', 'Weight', NULL, NULL, 0, 0, NULL, 0, NULL),
(83, 4, 'manufacturer', NULL, NULL, 'int', NULL, NULL, 'select', 'Manufacturer', NULL, NULL, 0, 1, NULL, 0, NULL),
(84, 4, 'meta_title', NULL, NULL, 'varchar', NULL, NULL, 'text', 'Meta Title', NULL, NULL, 0, 0, NULL, 0, NULL),
(85, 4, 'meta_keyword', NULL, NULL, 'text', NULL, NULL, 'textarea', 'Meta Keywords', NULL, NULL, 0, 0, NULL, 0, NULL),
(86, 4, 'meta_description', NULL, NULL, 'varchar', NULL, NULL, 'textarea', 'Meta Description', NULL, NULL, 0, 0, NULL, 0, 'Maximum 255 chars. Meta Description should optimally be between 150-160 characters'),
(87, 4, 'image', NULL, NULL, 'varchar', NULL, 'Magento\\Catalog\\Model\\Product\\Attribute\\Frontend\\Image', 'media_image', 'Base', NULL, NULL, 0, 0, NULL, 0, NULL),
(88, 4, 'small_image', NULL, NULL, 'varchar', NULL, 'Magento\\Catalog\\Model\\Product\\Attribute\\Frontend\\Image', 'media_image', 'Small', NULL, NULL, 0, 0, NULL, 0, NULL),
(89, 4, 'thumbnail', NULL, NULL, 'varchar', NULL, 'Magento\\Catalog\\Model\\Product\\Attribute\\Frontend\\Image', 'media_image', 'Thumbnail', NULL, NULL, 0, 0, NULL, 0, NULL),
(90, 4, 'media_gallery', NULL, NULL, 'static', NULL, NULL, 'gallery', 'Media Gallery', NULL, NULL, 0, 0, NULL, 0, NULL),
(91, 4, 'old_id', NULL, NULL, 'int', NULL, NULL, 'text', NULL, NULL, NULL, 0, 0, NULL, 0, NULL),
(92, 4, 'tier_price', NULL, 'Magento\\Catalog\\Model\\Product\\Attribute\\Backend\\Tierprice', 'decimal', NULL, NULL, 'text', 'Tier Price', NULL, NULL, 0, 0, NULL, 0, NULL),
(93, 4, 'color', NULL, NULL, 'int', NULL, NULL, 'select', 'Color', NULL, NULL, 0, 1, '', 0, NULL),
(94, 4, 'news_from_date', NULL, 'Magento\\Catalog\\Model\\Attribute\\Backend\\Startdate', 'datetime', NULL, NULL, 'date', 'Set Product as New from Date', NULL, NULL, 0, 0, NULL, 0, NULL),
(95, 4, 'news_to_date', NULL, 'Magento\\Eav\\Model\\Entity\\Attribute\\Backend\\Datetime', 'datetime', NULL, NULL, 'date', 'Set Product as New to Date', NULL, NULL, 0, 0, NULL, 0, NULL),
(96, 4, 'gallery', NULL, NULL, 'varchar', NULL, NULL, 'gallery', 'Image Gallery', NULL, NULL, 0, 0, NULL, 0, NULL),
(97, 4, 'status', NULL, NULL, 'int', NULL, NULL, 'select', 'Enable Product', NULL, 'Magento\\Catalog\\Model\\Product\\Attribute\\Source\\Status', 0, 0, '1', 0, NULL),
(98, 4, 'minimal_price', NULL, NULL, 'decimal', NULL, NULL, 'price', 'Minimal Price', NULL, NULL, 0, 0, NULL, 0, NULL),
(99, 4, 'visibility', NULL, NULL, 'int', NULL, NULL, 'select', 'Visibility', NULL, 'Magento\\Catalog\\Model\\Product\\Visibility', 0, 0, '4', 0, NULL),
(100, 4, 'custom_design', NULL, NULL, 'varchar', NULL, NULL, 'select', 'New Theme', NULL, 'Magento\\Theme\\Model\\Theme\\Source\\Theme', 0, 0, NULL, 0, NULL),
(101, 4, 'custom_design_from', NULL, 'Magento\\Catalog\\Model\\Attribute\\Backend\\Startdate', 'datetime', NULL, NULL, 'date', 'Active From', NULL, NULL, 0, 0, NULL, 0, NULL),
(102, 4, 'custom_design_to', NULL, 'Magento\\Eav\\Model\\Entity\\Attribute\\Backend\\Datetime', 'datetime', NULL, NULL, 'date', 'Active To', NULL, NULL, 0, 0, NULL, 0, NULL),
(103, 4, 'custom_layout_update', NULL, 'Magento\\Catalog\\Model\\Attribute\\Backend\\Customlayoutupdate', 'text', NULL, NULL, 'textarea', 'Layout Update XML', NULL, NULL, 0, 0, NULL, 0, NULL),
(104, 4, 'page_layout', NULL, NULL, 'varchar', NULL, NULL, 'select', 'Layout', NULL, 'Magento\\Catalog\\Model\\Product\\Attribute\\Source\\Layout', 0, 0, NULL, 0, NULL),
(105, 4, 'category_ids', NULL, 'Magento\\Catalog\\Model\\Product\\Attribute\\Backend\\Category', 'static', NULL, NULL, 'text', 'Categories', NULL, NULL, 0, 0, NULL, 0, NULL),
(106, 4, 'options_container', NULL, NULL, 'varchar', NULL, NULL, 'select', 'Display Product Options In', NULL, 'Magento\\Catalog\\Model\\Entity\\Product\\Attribute\\Design\\Options\\Container', 0, 0, 'container2', 0, NULL),
(107, 4, 'required_options', NULL, NULL, 'static', NULL, NULL, 'text', NULL, NULL, NULL, 0, 0, NULL, 0, NULL),
(108, 4, 'has_options', NULL, NULL, 'static', NULL, NULL, 'text', NULL, NULL, NULL, 0, 0, NULL, 0, NULL),
(109, 4, 'image_label', NULL, NULL, 'varchar', NULL, NULL, 'text', 'Image Label', NULL, NULL, 0, 0, NULL, 0, NULL),
(110, 4, 'small_image_label', NULL, NULL, 'varchar', NULL, NULL, 'text', 'Small Image Label', NULL, NULL, 0, 0, NULL, 0, NULL),
(111, 4, 'thumbnail_label', NULL, NULL, 'varchar', NULL, NULL, 'text', 'Thumbnail Label', NULL, NULL, 0, 0, NULL, 0, NULL),
(112, 4, 'created_at', NULL, NULL, 'static', NULL, NULL, 'date', NULL, NULL, NULL, 1, 0, NULL, 0, NULL),
(113, 4, 'updated_at', NULL, NULL, 'static', NULL, NULL, 'date', NULL, NULL, NULL, 1, 0, NULL, 0, NULL),
(114, 4, 'country_of_manufacture', NULL, NULL, 'varchar', NULL, NULL, 'select', 'Country of Manufacture', NULL, 'Magento\\Catalog\\Model\\Product\\Attribute\\Source\\Countryofmanufacture', 0, 0, NULL, 0, NULL),
(115, 4, 'quantity_and_stock_status', NULL, 'Magento\\Catalog\\Model\\Product\\Attribute\\Backend\\Stock', 'int', NULL, NULL, 'select', 'Quantity', NULL, 'Magento\\CatalogInventory\\Model\\Source\\Stock', 0, 0, '1', 0, NULL),
(116, 4, 'custom_layout', NULL, NULL, 'varchar', NULL, NULL, 'select', 'New Layout', NULL, 'Magento\\Catalog\\Model\\Product\\Attribute\\Source\\Layout', 0, 0, NULL, 0, NULL),
(117, 3, 'url_key', NULL, NULL, 'varchar', NULL, NULL, 'text', 'URL Key', NULL, NULL, 0, 0, NULL, 0, NULL),
(118, 3, 'url_path', NULL, NULL, 'varchar', NULL, NULL, 'text', NULL, NULL, NULL, 0, 0, NULL, 0, NULL),
(119, 4, 'url_key', NULL, NULL, 'varchar', NULL, NULL, 'text', 'URL Key', NULL, NULL, 0, 0, NULL, 0, NULL),
(120, 4, 'url_path', NULL, NULL, 'varchar', NULL, NULL, 'text', NULL, NULL, NULL, 0, 0, NULL, 0, NULL),
(121, 4, 'msrp', NULL, 'Magento\\Catalog\\Model\\Product\\Attribute\\Backend\\Price', 'decimal', NULL, NULL, 'price', 'Manufacturers Suggested Retail Price', NULL, NULL, 0, 0, NULL, 0, NULL),
(122, 4, 'msrp_display_actual_price_type', NULL, 'Magento\\Catalog\\Model\\Product\\Attribute\\Backend\\Boolean', 'varchar', NULL, NULL, 'select', 'Display Actual Price', NULL, 'Magento\\Msrp\\Model\\Product\\Attribute\\Source\\Type\\Price', 0, 0, '0', 0, NULL),
(123, 4, 'price_type', NULL, NULL, 'int', NULL, NULL, 'boolean', 'Dynamic Price', NULL, NULL, 1, 0, '0', 0, NULL),
(124, 4, 'sku_type', NULL, NULL, 'int', NULL, NULL, 'boolean', 'Dynamic SKU', NULL, NULL, 1, 0, '0', 0, NULL),
(125, 4, 'weight_type', NULL, NULL, 'int', NULL, NULL, 'boolean', 'Dynamic Weight', NULL, NULL, 1, 0, '0', 0, NULL),
(126, 4, 'price_view', NULL, NULL, 'int', NULL, NULL, 'select', 'Price View', NULL, 'Magento\\Bundle\\Model\\Product\\Attribute\\Source\\Price\\View', 1, 0, NULL, 0, NULL),
(127, 4, 'shipment_type', NULL, NULL, 'int', NULL, NULL, 'select', 'Ship Bundle Items', NULL, 'Magento\\Bundle\\Model\\Product\\Attribute\\Source\\Shipment\\Type', 1, 0, '0', 0, NULL),
(128, 4, 'links_purchased_separately', NULL, NULL, 'int', NULL, NULL, NULL, 'Links can be purchased separately', NULL, NULL, 1, 0, NULL, 0, NULL),
(129, 4, 'samples_title', NULL, NULL, 'varchar', NULL, NULL, NULL, 'Samples title', NULL, NULL, 1, 0, NULL, 0, NULL),
(130, 4, 'links_title', NULL, NULL, 'varchar', NULL, NULL, NULL, 'Links title', NULL, NULL, 1, 0, NULL, 0, NULL),
(131, 4, 'links_exist', NULL, NULL, 'int', NULL, NULL, NULL, NULL, NULL, NULL, 0, 0, '0', 0, NULL),
(132, 4, 'swatch_image', NULL, NULL, 'varchar', NULL, 'Magento\\Catalog\\Model\\Product\\Attribute\\Frontend\\Image', 'media_image', 'Swatch', NULL, NULL, 0, 0, NULL, 0, NULL),
(133, 4, 'tax_class_id', NULL, NULL, 'int', NULL, NULL, 'select', 'Tax Class', NULL, 'Magento\\Tax\\Model\\TaxClass\\Source\\Product', 0, 0, '2', 0, NULL),
(134, 4, 'gift_message_available', NULL, 'Magento\\Catalog\\Model\\Product\\Attribute\\Backend\\Boolean', 'varchar', NULL, NULL, 'select', 'Allow Gift Message', NULL, 'Magento\\Catalog\\Model\\Product\\Attribute\\Source\\Boolean', 0, 0, NULL, 0, NULL),
(135, 3, 'thumb_popular', NULL, 'Magento\\Catalog\\Model\\Category\\Attribute\\Backend\\Image', 'varchar', NULL, NULL, 'image', 'Thumbnail Popular', NULL, NULL, 0, 0, NULL, 0, NULL),
(136, 3, 'cate_popular', NULL, NULL, 'int', NULL, NULL, 'select', 'Show Category Popular', NULL, 'Magento\\Eav\\Model\\Entity\\Attribute\\Source\\Boolean', 0, 0, NULL, 0, NULL),
(137, 4, 'featured', NULL, NULL, 'int', NULL, NULL, 'select', 'Featured', NULL, 'Magento\\Eav\\Model\\Entity\\Attribute\\Source\\Boolean', 0, 0, '0', 0, NULL),
(138, 3, 'thumb_nail', NULL, 'Magento\\Catalog\\Model\\Category\\Attribute\\Backend\\Image', 'varchar', NULL, NULL, 'image', 'Thumbnail', NULL, NULL, 0, 0, NULL, 0, NULL),
(139, 3, 'is_new', NULL, NULL, 'int', NULL, NULL, 'select', 'Is New', NULL, 'Magento\\Eav\\Model\\Entity\\Attribute\\Source\\Boolean', 1, 0, NULL, 0, NULL),
(140, 3, 'is_sale', NULL, NULL, 'int', NULL, NULL, 'select', 'Is Sale', NULL, 'Magento\\Eav\\Model\\Entity\\Attribute\\Source\\Boolean', 1, 0, NULL, 0, NULL),
(141, 3, 'thumb_nail_hover', NULL, 'Magento\\Catalog\\Model\\Category\\Attribute\\Backend\\Image', 'varchar', NULL, NULL, 'image', 'Thumbnail Hover', NULL, NULL, 0, 0, NULL, 0, NULL),
(142, 4, 'show_countdown', NULL, NULL, 'varchar', NULL, NULL, 'select', 'Show Price Countdown', NULL, 'Magento\\Catalog\\Model\\Product\\Attribute\\Source\\Boolean', 0, 0, '1', 0, NULL),
(143, 4, 'rotary_image', NULL, NULL, 'varchar', NULL, 'Magento\\Catalog\\Model\\Product\\Attribute\\Frontend\\Image', 'media_image', 'Rotary Image', NULL, NULL, 0, 0, NULL, 0, NULL),
(144, 4, 'composition', NULL, NULL, 'text', NULL, NULL, 'textarea', 'Composition', NULL, NULL, 0, 1, NULL, 0, NULL),
(145, 4, 'dosage', NULL, NULL, 'text', NULL, NULL, 'textarea', 'Dosage', NULL, NULL, 0, 1, NULL, 0, NULL),
(146, 4, 'disease_usage', NULL, NULL, 'text', NULL, NULL, 'textarea', 'Disease/Usage', NULL, NULL, 0, 1, NULL, 0, NULL),
(147, 4, 'packaging', NULL, NULL, 'int', NULL, NULL, 'select', 'Packaging', NULL, 'Magento\\Eav\\Model\\Entity\\Attribute\\Source\\Table', 0, 1, '', 0, NULL),
(150, 4, 'dollarprice', NULL, 'Magento\\Catalog\\Model\\Product\\Attribute\\Backend\\Price', 'decimal', NULL, NULL, 'price', 'Price in Dollar ($)', NULL, NULL, 0, 1, NULL, 0, NULL),
(151, 4, 'europrice', NULL, 'Magento\\Catalog\\Model\\Product\\Attribute\\Backend\\Price', 'decimal', NULL, NULL, 'price', 'Price in Euro', NULL, NULL, 0, 1, NULL, 0, NULL),
(152, 4, 'kumkumadioil_100_ml', NULL, NULL, 'int', NULL, NULL, 'select', 'kumkumadioil 100 ml', NULL, 'Magento\\Eav\\Model\\Entity\\Attribute\\Source\\Table', 0, 1, NULL, 0, NULL);

-- --------------------------------------------------------

--
-- Table structure for table `sgp_eav_attribute_group`
--

CREATE TABLE `sgp_eav_attribute_group` (
  `attribute_group_id` smallint(5) UNSIGNED NOT NULL COMMENT 'Attribute Group Id',
  `attribute_set_id` smallint(5) UNSIGNED NOT NULL DEFAULT '0' COMMENT 'Attribute Set Id',
  `attribute_group_name` varchar(255) DEFAULT NULL COMMENT 'Attribute Group Name',
  `sort_order` smallint(6) NOT NULL DEFAULT '0' COMMENT 'Sort Order',
  `default_id` smallint(5) UNSIGNED DEFAULT '0' COMMENT 'Default Id',
  `attribute_group_code` varchar(255) NOT NULL COMMENT 'Attribute Group Code',
  `tab_group_code` varchar(255) DEFAULT NULL COMMENT 'Tab Group Code'
) ENGINE=InnoDB DEFAULT CHARSET=utf8 COMMENT='Eav Attribute Group';

--
-- Dumping data for table `sgp_eav_attribute_group`
--

INSERT INTO `sgp_eav_attribute_group` (`attribute_group_id`, `attribute_set_id`, `attribute_group_name`, `sort_order`, `default_id`, `attribute_group_code`, `tab_group_code`) VALUES
(1, 1, 'General', 1, 1, 'general', NULL),
(2, 2, 'General', 1, 1, 'general', NULL),
(3, 3, 'General', 10, 1, 'general', NULL),
(4, 3, 'General Information', 2, 0, 'general-information', NULL),
(5, 3, 'Display Settings', 20, 0, 'display-settings', NULL),
(6, 3, 'Custom Design', 30, 0, 'custom-design', NULL),
(7, 4, 'General', 1, 1, 'product-details', 'basic'),
(8, 4, 'Advanced Pricing', 6, 0, 'advanced-pricing', 'advanced'),
(9, 4, 'Search Engine Optimization', 5, 0, 'search-engine-optimization', 'basic'),
(10, 4, 'Images', 4, 0, 'image-management', 'basic'),
(11, 4, 'Design', 7, 0, 'design', 'advanced'),
(12, 4, 'Autosettings', 9, 0, 'autosettings', 'advanced'),
(13, 4, 'Content', 2, 0, 'content', 'basic'),
(14, 4, 'Schedule Design Update', 8, 0, 'schedule-design-update', 'advanced'),
(15, 4, 'Bundle Items', 3, 0, 'bundle-items', NULL),
(16, 5, 'General', 1, 1, 'general', NULL),
(17, 6, 'General', 1, 1, 'general', NULL),
(18, 7, 'General', 1, 1, 'general', NULL),
(19, 8, 'General', 1, 1, 'general', NULL),
(20, 4, 'Gift Options', 10, 0, 'gift-options', NULL);

-- --------------------------------------------------------

--
-- Table structure for table `sgp_eav_attribute_label`
--

CREATE TABLE `sgp_eav_attribute_label` (
  `attribute_label_id` int(10) UNSIGNED NOT NULL COMMENT 'Attribute Label Id',
  `attribute_id` smallint(5) UNSIGNED NOT NULL DEFAULT '0' COMMENT 'Attribute Id',
  `store_id` smallint(5) UNSIGNED NOT NULL DEFAULT '0' COMMENT 'Store Id',
  `value` varchar(255) DEFAULT NULL COMMENT 'Value'
) ENGINE=InnoDB DEFAULT CHARSET=utf8 COMMENT='Eav Attribute Label';

--
-- Dumping data for table `sgp_eav_attribute_label`
--

INSERT INTO `sgp_eav_attribute_label` (`attribute_label_id`, `attribute_id`, `store_id`, `value`) VALUES
(31, 151, 1, 'In Euro'),
(32, 144, 1, 'Composition'),
(33, 145, 1, 'Dosage'),
(34, 146, 1, 'Disease/Usage'),
(39, 150, 1, 'In USD'),
(52, 147, 1, 'Packaging');

-- --------------------------------------------------------

--
-- Table structure for table `sgp_eav_attribute_option`
--

CREATE TABLE `sgp_eav_attribute_option` (
  `option_id` int(10) UNSIGNED NOT NULL COMMENT 'Option Id',
  `attribute_id` smallint(5) UNSIGNED NOT NULL DEFAULT '0' COMMENT 'Attribute Id',
  `sort_order` smallint(5) UNSIGNED NOT NULL DEFAULT '0' COMMENT 'Sort Order'
) ENGINE=InnoDB DEFAULT CHARSET=utf8 COMMENT='Eav Attribute Option';

--
-- Dumping data for table `sgp_eav_attribute_option`
--

INSERT INTO `sgp_eav_attribute_option` (`option_id`, `attribute_id`, `sort_order`) VALUES
(1, 20, 0),
(2, 20, 1),
(3, 20, 3),
(4, 147, 1),
(5, 147, 2),
(6, 93, 1),
(7, 93, 2),
(8, 93, 3),
(10, 147, 3),
(11, 147, 4),
(12, 147, 5),
(13, 147, 6),
(14, 147, 7),
(15, 147, 8),
(16, 147, 9),
(17, 147, 10),
(18, 147, 11),
(19, 147, 12),
(20, 147, 13),
(21, 147, 14),
(22, 147, 15),
(23, 147, 16),
(24, 147, 17),
(25, 147, 18),
(26, 147, 19),
(27, 147, 20),
(28, 147, 21),
(29, 147, 22);

-- --------------------------------------------------------

--
-- Table structure for table `sgp_eav_attribute_option_swatch`
--

CREATE TABLE `sgp_eav_attribute_option_swatch` (
  `swatch_id` int(10) UNSIGNED NOT NULL COMMENT 'Swatch ID',
  `option_id` int(10) UNSIGNED NOT NULL COMMENT 'Option ID',
  `store_id` smallint(5) UNSIGNED NOT NULL COMMENT 'Store ID',
  `type` smallint(5) UNSIGNED NOT NULL COMMENT 'Swatch type: 0 - text, 1 - visual color, 2 - visual image',
  `value` varchar(255) DEFAULT NULL COMMENT 'Swatch Value'
) ENGINE=InnoDB DEFAULT CHARSET=utf8 COMMENT='Magento Swatches table';

-- --------------------------------------------------------

--
-- Table structure for table `sgp_eav_attribute_option_value`
--

CREATE TABLE `sgp_eav_attribute_option_value` (
  `value_id` int(10) UNSIGNED NOT NULL COMMENT 'Value Id',
  `option_id` int(10) UNSIGNED NOT NULL DEFAULT '0' COMMENT 'Option Id',
  `store_id` smallint(5) UNSIGNED NOT NULL DEFAULT '0' COMMENT 'Store Id',
  `value` varchar(255) DEFAULT NULL COMMENT 'Value'
) ENGINE=InnoDB DEFAULT CHARSET=utf8 COMMENT='Eav Attribute Option Value';

--
-- Dumping data for table `sgp_eav_attribute_option_value`
--

INSERT INTO `sgp_eav_attribute_option_value` (`value_id`, `option_id`, `store_id`, `value`) VALUES
(1, 1, 0, 'Male'),
(2, 2, 0, 'Female'),
(3, 3, 0, 'Not Specified'),
(8, 6, 0, 'B'),
(9, 7, 0, 'S'),
(10, 8, 0, 'W'),
(12, 4, 1, '100ML'),
(13, 4, 0, '100ML'),
(14, 5, 1, '200ML'),
(15, 5, 0, '200ML'),
(16, 10, 1, '500ML'),
(17, 10, 0, '500ML'),
(18, 11, 1, '1000ML'),
(19, 11, 0, '1000ML'),
(20, 12, 1, '100GM'),
(21, 12, 0, '100GM'),
(22, 13, 0, '500GM'),
(23, 14, 0, '250GM'),
(24, 15, 0, '1KG'),
(25, 16, 0, '100GM'),
(26, 17, 0, '50GM'),
(27, 18, 0, '25GM'),
(28, 19, 0, '200GM'),
(29, 20, 0, '400ML'),
(30, 21, 0, '50ML'),
(31, 22, 0, '120TAB'),
(32, 23, 0, '180TAB'),
(33, 24, 0, '100TAB'),
(34, 25, 0, '200TAB'),
(35, 26, 0, '50TAB'),
(36, 27, 0, '10gm'),
(37, 28, 0, '60TAB'),
(38, 29, 0, '10ML');

-- --------------------------------------------------------

--
-- Table structure for table `sgp_eav_attribute_set`
--

CREATE TABLE `sgp_eav_attribute_set` (
  `attribute_set_id` smallint(5) UNSIGNED NOT NULL COMMENT 'Attribute Set Id',
  `entity_type_id` smallint(5) UNSIGNED NOT NULL DEFAULT '0' COMMENT 'Entity Type Id',
  `attribute_set_name` varchar(255) DEFAULT NULL COMMENT 'Attribute Set Name',
  `sort_order` smallint(6) NOT NULL DEFAULT '0' COMMENT 'Sort Order'
) ENGINE=InnoDB DEFAULT CHARSET=utf8 COMMENT='Eav Attribute Set';

--
-- Dumping data for table `sgp_eav_attribute_set`
--

INSERT INTO `sgp_eav_attribute_set` (`attribute_set_id`, `entity_type_id`, `attribute_set_name`, `sort_order`) VALUES
(1, 1, 'Default', 2),
(2, 2, 'Default', 2),
(3, 3, 'Default', 1),
(4, 4, 'Default', 1),
(5, 5, 'Default', 1),
(6, 6, 'Default', 1),
(7, 7, 'Default', 1),
(8, 8, 'Default', 1);

-- --------------------------------------------------------

--
-- Table structure for table `sgp_eav_entity`
--

CREATE TABLE `sgp_eav_entity` (
  `entity_id` int(10) UNSIGNED NOT NULL COMMENT 'Entity Id',
  `entity_type_id` smallint(5) UNSIGNED NOT NULL DEFAULT '0' COMMENT 'Entity Type Id',
  `attribute_set_id` smallint(5) UNSIGNED NOT NULL DEFAULT '0' COMMENT 'Attribute Set Id',
  `increment_id` varchar(50) DEFAULT NULL COMMENT 'Increment Id',
  `parent_id` int(10) UNSIGNED NOT NULL DEFAULT '0' COMMENT 'Parent Id',
  `store_id` smallint(5) UNSIGNED NOT NULL DEFAULT '0' COMMENT 'Store Id',
  `created_at` timestamp NOT NULL DEFAULT CURRENT_TIMESTAMP COMMENT 'Created At',
  `updated_at` timestamp NOT NULL DEFAULT CURRENT_TIMESTAMP ON UPDATE CURRENT_TIMESTAMP COMMENT 'Updated At',
  `is_active` smallint(5) UNSIGNED NOT NULL DEFAULT '1' COMMENT 'Defines Is Entity Active'
) ENGINE=InnoDB DEFAULT CHARSET=utf8 COMMENT='Eav Entity';

-- --------------------------------------------------------

--
-- Table structure for table `sgp_eav_entity_attribute`
--

CREATE TABLE `sgp_eav_entity_attribute` (
  `entity_attribute_id` int(10) UNSIGNED NOT NULL COMMENT 'Entity Attribute Id',
  `entity_type_id` smallint(5) UNSIGNED NOT NULL DEFAULT '0' COMMENT 'Entity Type Id',
  `attribute_set_id` smallint(5) UNSIGNED NOT NULL DEFAULT '0' COMMENT 'Attribute Set Id',
  `attribute_group_id` smallint(5) UNSIGNED NOT NULL DEFAULT '0' COMMENT 'Attribute Group Id',
  `attribute_id` smallint(5) UNSIGNED NOT NULL DEFAULT '0' COMMENT 'Attribute Id',
  `sort_order` smallint(6) NOT NULL DEFAULT '0' COMMENT 'Sort Order'
) ENGINE=InnoDB DEFAULT CHARSET=utf8 COMMENT='Eav Entity Attributes';

--
-- Dumping data for table `sgp_eav_entity_attribute`
--

INSERT INTO `sgp_eav_entity_attribute` (`entity_attribute_id`, `entity_type_id`, `attribute_set_id`, `attribute_group_id`, `attribute_id`, `sort_order`) VALUES
(1, 1, 1, 1, 1, 10),
(2, 1, 1, 1, 2, 20),
(3, 1, 1, 1, 3, 20),
(4, 1, 1, 1, 4, 30),
(5, 1, 1, 1, 5, 40),
(6, 1, 1, 1, 6, 50),
(7, 1, 1, 1, 7, 60),
(8, 1, 1, 1, 8, 70),
(9, 1, 1, 1, 9, 80),
(10, 1, 1, 1, 10, 25),
(11, 1, 1, 1, 11, 90),
(12, 1, 1, 1, 12, 81),
(13, 1, 1, 1, 13, 115),
(14, 1, 1, 1, 14, 120),
(15, 1, 1, 1, 15, 82),
(16, 1, 1, 1, 16, 83),
(17, 1, 1, 1, 17, 100),
(18, 1, 1, 1, 18, 85),
(19, 1, 1, 1, 19, 86),
(20, 1, 1, 1, 20, 110),
(21, 1, 1, 1, 21, 121),
(22, 2, 2, 2, 22, 10),
(23, 2, 2, 2, 23, 20),
(24, 2, 2, 2, 24, 30),
(25, 2, 2, 2, 25, 40),
(26, 2, 2, 2, 26, 50),
(27, 2, 2, 2, 27, 60),
(28, 2, 2, 2, 28, 70),
(29, 2, 2, 2, 29, 80),
(30, 2, 2, 2, 30, 90),
(31, 2, 2, 2, 31, 100),
(32, 2, 2, 2, 32, 100),
(33, 2, 2, 2, 33, 110),
(34, 2, 2, 2, 34, 120),
(35, 2, 2, 2, 35, 130),
(36, 2, 2, 2, 36, 131),
(37, 2, 2, 2, 37, 132),
(38, 2, 2, 2, 38, 133),
(39, 2, 2, 2, 39, 134),
(40, 2, 2, 2, 40, 135),
(41, 1, 1, 1, 41, 87),
(42, 1, 1, 1, 42, 100),
(43, 1, 1, 1, 43, 110),
(44, 1, 1, 1, 44, 120),
(45, 3, 3, 4, 45, 1),
(46, 3, 3, 4, 46, 2),
(47, 3, 3, 4, 47, 4),
(48, 3, 3, 4, 48, 5),
(49, 3, 3, 4, 49, 6),
(50, 3, 3, 4, 50, 7),
(51, 3, 3, 4, 51, 8),
(52, 3, 3, 5, 52, 10),
(53, 3, 3, 5, 53, 20),
(54, 3, 3, 5, 54, 30),
(55, 3, 3, 4, 55, 12),
(56, 3, 3, 4, 56, 13),
(57, 3, 3, 4, 57, 14),
(58, 3, 3, 4, 58, 15),
(59, 3, 3, 4, 59, 16),
(60, 3, 3, 6, 60, 10),
(61, 3, 3, 6, 61, 30),
(62, 3, 3, 6, 62, 40),
(63, 3, 3, 6, 63, 50),
(64, 3, 3, 6, 64, 60),
(65, 3, 3, 4, 65, 24),
(66, 3, 3, 4, 66, 25),
(67, 3, 3, 5, 67, 40),
(68, 3, 3, 5, 68, 50),
(69, 3, 3, 4, 69, 10),
(70, 3, 3, 6, 70, 5),
(71, 3, 3, 6, 71, 6),
(72, 3, 3, 5, 72, 51),
(90, 4, 4, 7, 91, 6),
(96, 4, 4, 8, 98, 8),
(105, 4, 4, 7, 107, 14),
(106, 4, 4, 7, 108, 15),
(107, 4, 4, 7, 109, 16),
(108, 4, 4, 7, 110, 17),
(109, 4, 4, 7, 111, 18),
(110, 4, 4, 7, 112, 19),
(111, 4, 4, 7, 113, 20),
(115, 3, 3, 4, 117, 3),
(116, 3, 3, 4, 118, 17),
(118, 4, 4, 7, 120, 11),
(126, 4, 4, 7, 128, 111),
(127, 4, 4, 7, 129, 112),
(128, 4, 4, 7, 130, 113),
(129, 4, 4, 7, 131, 114),
(133, 3, 3, 4, 135, 5),
(134, 3, 3, 4, 136, 5),
(136, 3, 3, 4, 138, 50),
(137, 3, 3, 4, 139, 51),
(138, 3, 3, 4, 140, 52),
(139, 3, 3, 4, 141, 50),
(561, 4, 4, 7, 73, 3),
(563, 4, 4, 7, 74, 4),
(565, 4, 4, 7, 77, 6),
(567, 4, 4, 7, 82, 12),
(569, 4, 4, 7, 93, 21),
(571, 4, 4, 7, 94, 16),
(573, 4, 4, 7, 95, 17),
(575, 4, 4, 7, 97, 2),
(577, 4, 4, 7, 99, 15),
(579, 4, 4, 7, 105, 14),
(581, 4, 4, 7, 114, 18),
(583, 4, 4, 7, 115, 11),
(585, 4, 4, 7, 123, 9),
(587, 4, 4, 7, 124, 5),
(589, 4, 4, 7, 125, 13),
(591, 4, 4, 7, 133, 10),
(593, 4, 4, 7, 137, 19),
(595, 4, 4, 7, 143, 1),
(597, 4, 4, 7, 147, 20),
(599, 4, 4, 7, 150, 7),
(601, 4, 4, 7, 151, 8),
(603, 4, 4, 13, 75, 2),
(605, 4, 4, 13, 76, 1),
(607, 4, 4, 13, 144, 3),
(609, 4, 4, 13, 145, 4),
(611, 4, 4, 13, 146, 5),
(613, 4, 4, 15, 127, 1),
(615, 4, 4, 10, 87, 1),
(617, 4, 4, 10, 88, 2),
(619, 4, 4, 10, 89, 3),
(621, 4, 4, 10, 90, 5),
(623, 4, 4, 10, 96, 6),
(625, 4, 4, 10, 132, 4),
(627, 4, 4, 9, 84, 2),
(629, 4, 4, 9, 85, 3),
(631, 4, 4, 9, 86, 4),
(633, 4, 4, 9, 119, 1),
(635, 4, 4, 8, 78, 1),
(637, 4, 4, 8, 79, 2),
(639, 4, 4, 8, 80, 3),
(641, 4, 4, 8, 81, 4),
(643, 4, 4, 8, 92, 5),
(645, 4, 4, 8, 121, 6),
(647, 4, 4, 8, 122, 7),
(649, 4, 4, 8, 126, 8),
(651, 4, 4, 8, 142, 9),
(653, 4, 4, 11, 103, 3),
(655, 4, 4, 11, 104, 1),
(657, 4, 4, 11, 106, 2),
(659, 4, 4, 14, 100, 3),
(661, 4, 4, 14, 101, 1),
(663, 4, 4, 14, 102, 2),
(665, 4, 4, 14, 116, 4),
(667, 4, 4, 20, 134, 1);

-- --------------------------------------------------------

--
-- Table structure for table `sgp_eav_entity_datetime`
--

CREATE TABLE `sgp_eav_entity_datetime` (
  `value_id` int(11) NOT NULL COMMENT 'Value Id',
  `entity_type_id` smallint(5) UNSIGNED NOT NULL DEFAULT '0' COMMENT 'Entity Type Id',
  `attribute_id` smallint(5) UNSIGNED NOT NULL DEFAULT '0' COMMENT 'Attribute Id',
  `store_id` smallint(5) UNSIGNED NOT NULL DEFAULT '0' COMMENT 'Store Id',
  `entity_id` int(10) UNSIGNED NOT NULL DEFAULT '0' COMMENT 'Entity Id',
  `value` datetime DEFAULT NULL COMMENT 'Attribute Value'
) ENGINE=InnoDB DEFAULT CHARSET=utf8 COMMENT='Eav Entity Value Prefix';

-- --------------------------------------------------------

--
-- Table structure for table `sgp_eav_entity_decimal`
--

CREATE TABLE `sgp_eav_entity_decimal` (
  `value_id` int(11) NOT NULL COMMENT 'Value Id',
  `entity_type_id` smallint(5) UNSIGNED NOT NULL DEFAULT '0' COMMENT 'Entity Type Id',
  `attribute_id` smallint(5) UNSIGNED NOT NULL DEFAULT '0' COMMENT 'Attribute Id',
  `store_id` smallint(5) UNSIGNED NOT NULL DEFAULT '0' COMMENT 'Store Id',
  `entity_id` int(10) UNSIGNED NOT NULL DEFAULT '0' COMMENT 'Entity Id',
  `value` decimal(12,4) NOT NULL DEFAULT '0.0000' COMMENT 'Attribute Value'
) ENGINE=InnoDB DEFAULT CHARSET=utf8 COMMENT='Eav Entity Value Prefix';

-- --------------------------------------------------------

--
-- Table structure for table `sgp_eav_entity_int`
--

CREATE TABLE `sgp_eav_entity_int` (
  `value_id` int(11) NOT NULL COMMENT 'Value Id',
  `entity_type_id` smallint(5) UNSIGNED NOT NULL DEFAULT '0' COMMENT 'Entity Type Id',
  `attribute_id` smallint(5) UNSIGNED NOT NULL DEFAULT '0' COMMENT 'Attribute Id',
  `store_id` smallint(5) UNSIGNED NOT NULL DEFAULT '0' COMMENT 'Store Id',
  `entity_id` int(10) UNSIGNED NOT NULL DEFAULT '0' COMMENT 'Entity Id',
  `value` int(11) NOT NULL DEFAULT '0' COMMENT 'Attribute Value'
) ENGINE=InnoDB DEFAULT CHARSET=utf8 COMMENT='Eav Entity Value Prefix';

-- --------------------------------------------------------

--
-- Table structure for table `sgp_eav_entity_store`
--

CREATE TABLE `sgp_eav_entity_store` (
  `entity_store_id` int(10) UNSIGNED NOT NULL COMMENT 'Entity Store Id',
  `entity_type_id` smallint(5) UNSIGNED NOT NULL DEFAULT '0' COMMENT 'Entity Type Id',
  `store_id` smallint(5) UNSIGNED NOT NULL DEFAULT '0' COMMENT 'Store Id',
  `increment_prefix` varchar(20) DEFAULT NULL COMMENT 'Increment Prefix',
  `increment_last_id` varchar(50) DEFAULT NULL COMMENT 'Last Incremented Id'
) ENGINE=InnoDB DEFAULT CHARSET=utf8 COMMENT='Eav Entity Store';

-- --------------------------------------------------------

--
-- Table structure for table `sgp_eav_entity_text`
--

CREATE TABLE `sgp_eav_entity_text` (
  `value_id` int(11) NOT NULL COMMENT 'Value Id',
  `entity_type_id` smallint(5) UNSIGNED NOT NULL DEFAULT '0' COMMENT 'Entity Type Id',
  `attribute_id` smallint(5) UNSIGNED NOT NULL DEFAULT '0' COMMENT 'Attribute Id',
  `store_id` smallint(5) UNSIGNED NOT NULL DEFAULT '0' COMMENT 'Store Id',
  `entity_id` int(10) UNSIGNED NOT NULL DEFAULT '0' COMMENT 'Entity Id',
  `value` text NOT NULL COMMENT 'Attribute Value'
) ENGINE=InnoDB DEFAULT CHARSET=utf8 COMMENT='Eav Entity Value Prefix';

-- --------------------------------------------------------

--
-- Table structure for table `sgp_eav_entity_type`
--

CREATE TABLE `sgp_eav_entity_type` (
  `entity_type_id` smallint(5) UNSIGNED NOT NULL COMMENT 'Entity Type Id',
  `entity_type_code` varchar(50) NOT NULL COMMENT 'Entity Type Code',
  `entity_model` varchar(255) NOT NULL COMMENT 'Entity Model',
  `attribute_model` varchar(255) DEFAULT NULL COMMENT 'Attribute Model',
  `entity_table` varchar(255) DEFAULT NULL COMMENT 'Entity Table',
  `value_table_prefix` varchar(255) DEFAULT NULL COMMENT 'Value Table Prefix',
  `entity_id_field` varchar(255) DEFAULT NULL COMMENT 'Entity Id Field',
  `is_data_sharing` smallint(5) UNSIGNED NOT NULL DEFAULT '1' COMMENT 'Defines Is Data Sharing',
  `data_sharing_key` varchar(100) DEFAULT 'default' COMMENT 'Data Sharing Key',
  `default_attribute_set_id` smallint(5) UNSIGNED NOT NULL DEFAULT '0' COMMENT 'Default Attribute Set Id',
  `increment_model` varchar(255) DEFAULT NULL COMMENT 'Increment Model',
  `increment_per_store` smallint(5) UNSIGNED NOT NULL DEFAULT '0' COMMENT 'Increment Per Store',
  `increment_pad_length` smallint(5) UNSIGNED NOT NULL DEFAULT '8' COMMENT 'Increment Pad Length',
  `increment_pad_char` varchar(1) NOT NULL DEFAULT '0' COMMENT 'Increment Pad Char',
  `additional_attribute_table` varchar(255) DEFAULT NULL COMMENT 'Additional Attribute Table',
  `entity_attribute_collection` varchar(255) DEFAULT NULL COMMENT 'Entity Attribute Collection'
) ENGINE=InnoDB DEFAULT CHARSET=utf8 COMMENT='Eav Entity Type';

--
-- Dumping data for table `sgp_eav_entity_type`
--

INSERT INTO `sgp_eav_entity_type` (`entity_type_id`, `entity_type_code`, `entity_model`, `attribute_model`, `entity_table`, `value_table_prefix`, `entity_id_field`, `is_data_sharing`, `data_sharing_key`, `default_attribute_set_id`, `increment_model`, `increment_per_store`, `increment_pad_length`, `increment_pad_char`, `additional_attribute_table`, `entity_attribute_collection`) VALUES
(1, 'customer', 'Magento\\Customer\\Model\\ResourceModel\\Customer', 'Magento\\Customer\\Model\\Attribute', 'customer_entity', NULL, NULL, 1, 'default', 1, 'Magento\\Eav\\Model\\Entity\\Increment\\NumericValue', 0, 8, '0', 'customer_eav_attribute', 'Magento\\Customer\\Model\\ResourceModel\\Attribute\\Collection'),
(2, 'customer_address', 'Magento\\Customer\\Model\\ResourceModel\\Address', 'Magento\\Customer\\Model\\Attribute', 'customer_address_entity', NULL, NULL, 1, 'default', 2, NULL, 0, 8, '0', 'customer_eav_attribute', 'Magento\\Customer\\Model\\ResourceModel\\Address\\Attribute\\Collection'),
(3, 'catalog_category', 'Magento\\Catalog\\Model\\ResourceModel\\Category', 'Magento\\Catalog\\Model\\ResourceModel\\Eav\\Attribute', 'catalog_category_entity', NULL, NULL, 1, 'default', 3, NULL, 0, 8, '0', 'catalog_eav_attribute', 'Magento\\Catalog\\Model\\ResourceModel\\Category\\Attribute\\Collection'),
(4, 'catalog_product', 'Magento\\Catalog\\Model\\ResourceModel\\Product', 'Magento\\Catalog\\Model\\ResourceModel\\Eav\\Attribute', 'catalog_product_entity', NULL, NULL, 1, 'default', 4, NULL, 0, 8, '0', 'catalog_eav_attribute', 'Magento\\Catalog\\Model\\ResourceModel\\Product\\Attribute\\Collection'),
(5, 'order', 'Magento\\Sales\\Model\\ResourceModel\\Order', NULL, 'sales_order', NULL, NULL, 1, 'default', 5, 'Magento\\Eav\\Model\\Entity\\Increment\\NumericValue', 1, 8, '0', NULL, NULL),
(6, 'invoice', 'Magento\\Sales\\Model\\ResourceModel\\Order', NULL, 'sales_invoice', NULL, NULL, 1, 'default', 6, 'Magento\\Eav\\Model\\Entity\\Increment\\NumericValue', 1, 8, '0', NULL, NULL),
(7, 'creditmemo', 'Magento\\Sales\\Model\\ResourceModel\\Order\\Creditmemo', NULL, 'sales_creditmemo', NULL, NULL, 1, 'default', 7, 'Magento\\Eav\\Model\\Entity\\Increment\\NumericValue', 1, 8, '0', NULL, NULL),
(8, 'shipment', 'Magento\\Sales\\Model\\ResourceModel\\Order\\Shipment', NULL, 'sales_shipment', NULL, NULL, 1, 'default', 8, 'Magento\\Eav\\Model\\Entity\\Increment\\NumericValue', 1, 8, '0', NULL, NULL);

-- --------------------------------------------------------

--
-- Table structure for table `sgp_eav_entity_varchar`
--

CREATE TABLE `sgp_eav_entity_varchar` (
  `value_id` int(11) NOT NULL COMMENT 'Value Id',
  `entity_type_id` smallint(5) UNSIGNED NOT NULL DEFAULT '0' COMMENT 'Entity Type Id',
  `attribute_id` smallint(5) UNSIGNED NOT NULL DEFAULT '0' COMMENT 'Attribute Id',
  `store_id` smallint(5) UNSIGNED NOT NULL DEFAULT '0' COMMENT 'Store Id',
  `entity_id` int(10) UNSIGNED NOT NULL DEFAULT '0' COMMENT 'Entity Id',
  `value` varchar(255) DEFAULT NULL COMMENT 'Attribute Value'
) ENGINE=InnoDB DEFAULT CHARSET=utf8 COMMENT='Eav Entity Value Prefix';

-- --------------------------------------------------------

--
-- Table structure for table `sgp_eav_form_element`
--

CREATE TABLE `sgp_eav_form_element` (
  `element_id` int(10) UNSIGNED NOT NULL COMMENT 'Element Id',
  `type_id` smallint(5) UNSIGNED NOT NULL COMMENT 'Type Id',
  `fieldset_id` smallint(5) UNSIGNED DEFAULT NULL COMMENT 'Fieldset Id',
  `attribute_id` smallint(5) UNSIGNED NOT NULL COMMENT 'Attribute Id',
  `sort_order` int(11) NOT NULL DEFAULT '0' COMMENT 'Sort Order'
) ENGINE=InnoDB DEFAULT CHARSET=utf8 COMMENT='Eav Form Element';

--
-- Dumping data for table `sgp_eav_form_element`
--

INSERT INTO `sgp_eav_form_element` (`element_id`, `type_id`, `fieldset_id`, `attribute_id`, `sort_order`) VALUES
(1, 1, NULL, 23, 0),
(2, 1, NULL, 25, 1),
(3, 1, NULL, 27, 2),
(4, 1, NULL, 9, 3),
(5, 1, NULL, 28, 4),
(6, 1, NULL, 29, 5),
(7, 1, NULL, 31, 6),
(8, 1, NULL, 33, 7),
(9, 1, NULL, 30, 8),
(10, 1, NULL, 34, 9),
(11, 1, NULL, 35, 10),
(12, 2, NULL, 23, 0),
(13, 2, NULL, 25, 1),
(14, 2, NULL, 27, 2),
(15, 2, NULL, 9, 3),
(16, 2, NULL, 28, 4),
(17, 2, NULL, 29, 5),
(18, 2, NULL, 31, 6),
(19, 2, NULL, 33, 7),
(20, 2, NULL, 30, 8),
(21, 2, NULL, 34, 9),
(22, 2, NULL, 35, 10),
(23, 3, NULL, 23, 0),
(24, 3, NULL, 25, 1),
(25, 3, NULL, 27, 2),
(26, 3, NULL, 28, 3),
(27, 3, NULL, 29, 4),
(28, 3, NULL, 31, 5),
(29, 3, NULL, 33, 6),
(30, 3, NULL, 30, 7),
(31, 3, NULL, 34, 8),
(32, 3, NULL, 35, 9),
(33, 4, NULL, 23, 0),
(34, 4, NULL, 25, 1),
(35, 4, NULL, 27, 2),
(36, 4, NULL, 28, 3),
(37, 4, NULL, 29, 4),
(38, 4, NULL, 31, 5),
(39, 4, NULL, 33, 6),
(40, 4, NULL, 30, 7),
(41, 4, NULL, 34, 8),
(42, 4, NULL, 35, 9);

-- --------------------------------------------------------

--
-- Table structure for table `sgp_eav_form_fieldset`
--

CREATE TABLE `sgp_eav_form_fieldset` (
  `fieldset_id` smallint(5) UNSIGNED NOT NULL COMMENT 'Fieldset Id',
  `type_id` smallint(5) UNSIGNED NOT NULL COMMENT 'Type Id',
  `code` varchar(64) NOT NULL COMMENT 'Code',
  `sort_order` int(11) NOT NULL DEFAULT '0' COMMENT 'Sort Order'
) ENGINE=InnoDB DEFAULT CHARSET=utf8 COMMENT='Eav Form Fieldset';

-- --------------------------------------------------------

--
-- Table structure for table `sgp_eav_form_fieldset_label`
--

CREATE TABLE `sgp_eav_form_fieldset_label` (
  `fieldset_id` smallint(5) UNSIGNED NOT NULL COMMENT 'Fieldset Id',
  `store_id` smallint(5) UNSIGNED NOT NULL COMMENT 'Store Id',
  `label` varchar(255) NOT NULL COMMENT 'Label'
) ENGINE=InnoDB DEFAULT CHARSET=utf8 COMMENT='Eav Form Fieldset Label';

-- --------------------------------------------------------

--
-- Table structure for table `sgp_eav_form_type`
--

CREATE TABLE `sgp_eav_form_type` (
  `type_id` smallint(5) UNSIGNED NOT NULL COMMENT 'Type Id',
  `code` varchar(64) NOT NULL COMMENT 'Code',
  `label` varchar(255) NOT NULL COMMENT 'Label',
  `is_system` smallint(5) UNSIGNED NOT NULL DEFAULT '0' COMMENT 'Is System',
  `theme` varchar(64) DEFAULT NULL COMMENT 'Theme',
  `store_id` smallint(5) UNSIGNED NOT NULL COMMENT 'Store Id'
) ENGINE=InnoDB DEFAULT CHARSET=utf8 COMMENT='Eav Form Type';

--
-- Dumping data for table `sgp_eav_form_type`
--

INSERT INTO `sgp_eav_form_type` (`type_id`, `code`, `label`, `is_system`, `theme`, `store_id`) VALUES
(1, 'checkout_onepage_register', 'checkout_onepage_register', 1, '', 0),
(2, 'checkout_onepage_register_guest', 'checkout_onepage_register_guest', 1, '', 0),
(3, 'checkout_onepage_billing_address', 'checkout_onepage_billing_address', 1, '', 0),
(4, 'checkout_onepage_shipping_address', 'checkout_onepage_shipping_address', 1, '', 0);

-- --------------------------------------------------------

--
-- Table structure for table `sgp_eav_form_type_entity`
--

CREATE TABLE `sgp_eav_form_type_entity` (
  `type_id` smallint(5) UNSIGNED NOT NULL COMMENT 'Type Id',
  `entity_type_id` smallint(5) UNSIGNED NOT NULL COMMENT 'Entity Type Id'
) ENGINE=InnoDB DEFAULT CHARSET=utf8 COMMENT='Eav Form Type Entity';

--
-- Dumping data for table `sgp_eav_form_type_entity`
--

INSERT INTO `sgp_eav_form_type_entity` (`type_id`, `entity_type_id`) VALUES
(1, 1),
(2, 1),
(1, 2),
(2, 2),
(3, 2),
(4, 2);

-- --------------------------------------------------------

--
-- Table structure for table `sgp_email_template`
--

CREATE TABLE `sgp_email_template` (
  `template_id` int(10) UNSIGNED NOT NULL COMMENT 'Template ID',
  `template_code` varchar(150) NOT NULL COMMENT 'Template Name',
  `template_text` text NOT NULL COMMENT 'Template Content',
  `template_styles` text COMMENT 'Templste Styles',
  `template_type` int(10) UNSIGNED DEFAULT NULL COMMENT 'Template Type',
  `template_subject` varchar(200) NOT NULL COMMENT 'Template Subject',
  `template_sender_name` varchar(200) DEFAULT NULL COMMENT 'Template Sender Name',
  `template_sender_email` varchar(200) DEFAULT NULL COMMENT 'Template Sender Email',
  `added_at` timestamp NOT NULL DEFAULT CURRENT_TIMESTAMP COMMENT 'Date of Template Creation',
  `modified_at` timestamp NOT NULL DEFAULT CURRENT_TIMESTAMP ON UPDATE CURRENT_TIMESTAMP COMMENT 'Date of Template Modification',
  `orig_template_code` varchar(200) DEFAULT NULL COMMENT 'Original Template Code',
  `orig_template_variables` text COMMENT 'Original Template Variables'
) ENGINE=InnoDB DEFAULT CHARSET=utf8 COMMENT='Email Templates';

-- --------------------------------------------------------

--
-- Table structure for table `sgp_flag`
--

CREATE TABLE `sgp_flag` (
  `flag_id` int(10) UNSIGNED NOT NULL COMMENT 'Flag Id',
  `flag_code` varchar(255) NOT NULL COMMENT 'Flag Code',
  `state` smallint(5) UNSIGNED NOT NULL DEFAULT '0' COMMENT 'Flag State',
  `flag_data` text COMMENT 'Flag Data',
  `last_update` timestamp NOT NULL DEFAULT CURRENT_TIMESTAMP ON UPDATE CURRENT_TIMESTAMP COMMENT 'Date of Last Flag Update'
) ENGINE=InnoDB DEFAULT CHARSET=utf8 COMMENT='Flag';

--
-- Dumping data for table `sgp_flag`
--

INSERT INTO `sgp_flag` (`flag_id`, `flag_code`, `state`, `flag_data`, `last_update`) VALUES
(1, 'report_order_aggregated', 0, NULL, '2020-04-16 14:51:11'),
(2, 'report_tax_aggregated', 0, NULL, '2020-04-16 14:51:12'),
(3, 'report_shipping_aggregated', 0, NULL, '2020-04-16 14:51:12'),
(4, 'report_invoiced_aggregated', 0, NULL, '2020-04-16 14:51:13'),
(5, 'report_refunded_aggregated', 0, NULL, '2020-04-16 14:51:13'),
(6, 'report_coupons_aggregated', 0, NULL, '2020-04-16 14:51:14'),
(7, 'report_bestsellers_aggregated', 0, NULL, '2020-04-16 14:51:16'),
(8, 'report_product_viewed_aggregated', 0, NULL, '2020-04-16 14:51:17');

-- --------------------------------------------------------

--
-- Table structure for table `sgp_gift_message`
--

CREATE TABLE `sgp_gift_message` (
  `gift_message_id` int(10) UNSIGNED NOT NULL COMMENT 'GiftMessage Id',
  `customer_id` int(10) UNSIGNED NOT NULL DEFAULT '0' COMMENT 'Customer id',
  `sender` varchar(255) DEFAULT NULL COMMENT 'Sender',
  `recipient` varchar(255) DEFAULT NULL COMMENT 'Registrant',
  `message` text COMMENT 'Message'
) ENGINE=InnoDB DEFAULT CHARSET=utf8 COMMENT='Gift Message';

-- --------------------------------------------------------

--
-- Table structure for table `sgp_googleoptimizer_code`
--

CREATE TABLE `sgp_googleoptimizer_code` (
  `code_id` int(10) UNSIGNED NOT NULL COMMENT 'Google experiment code id',
  `entity_id` int(10) UNSIGNED NOT NULL COMMENT 'Optimized entity id product id or catalog id',
  `entity_type` varchar(50) DEFAULT NULL COMMENT 'Optimized entity type',
  `store_id` smallint(5) UNSIGNED NOT NULL COMMENT 'Store id',
  `experiment_script` text COMMENT 'Google experiment script'
) ENGINE=InnoDB DEFAULT CHARSET=utf8 COMMENT='Google Experiment code';

-- --------------------------------------------------------

--
-- Table structure for table `sgp_hozmegamenu`
--

CREATE TABLE `sgp_hozmegamenu` (
  `hozmegamenu_id` int(10) UNSIGNED NOT NULL COMMENT 'hozmegamenu ID',
  `status` smallint(6) NOT NULL DEFAULT '1' COMMENT 'hozmegamenu status',
  `type_menu` smallint(6) NOT NULL DEFAULT '1' COMMENT 'hozmegamenu type_menu',
  `is_home` smallint(6) NOT NULL DEFAULT '1' COMMENT 'hozmegamenu is_home',
  `is_mobile` smallint(6) NOT NULL DEFAULT '1' COMMENT 'hozmegamenu is_home',
  `is_new` varchar(255) DEFAULT '' COMMENT 'hozmegamenu is_new',
  `is_sale` varchar(255) DEFAULT '' COMMENT 'hozmegamenu is_sale',
  `is_level` varchar(255) DEFAULT '' COMMENT 'hozmegamenu Level',
  `is_column` varchar(255) DEFAULT '' COMMENT 'hozmegamenu Column',
  `items` varchar(255) DEFAULT '' COMMENT 'hozmegamenu items',
  `is_link` varchar(255) DEFAULT '' COMMENT 'hozmegamenu is_link',
  `effect` varchar(255) DEFAULT '' COMMENT 'hozmegamenu Effect',
  `image` varchar(255) DEFAULT NULL COMMENT 'hozmegamenu image',
  `store` smallint(6) NOT NULL DEFAULT '0' COMMENT 'store',
  `items_show` varchar(255) DEFAULT NULL COMMENT 'Items Show'
) ENGINE=InnoDB DEFAULT CHARSET=utf8 COMMENT='sgp_hozmegamenu';

--
-- Dumping data for table `sgp_hozmegamenu`
--

INSERT INTO `sgp_hozmegamenu` (`hozmegamenu_id`, `status`, `type_menu`, `is_home`, `is_mobile`, `is_new`, `is_sale`, `is_level`, `is_column`, `items`, `is_link`, `effect`, `image`, `store`, `items_show`) VALUES
(1, 1, 1, 1, 1, NULL, NULL, '4', '1', '[\"cms_20\",\"category_100\",\"category_105\",\"category_8\",\"category_13\",\"category_106\",\"category_102\"]', '[\"5\"]', '0', NULL, 0, '40');

-- --------------------------------------------------------

--
-- Table structure for table `sgp_importexport_importdata`
--

CREATE TABLE `sgp_importexport_importdata` (
  `id` int(10) UNSIGNED NOT NULL COMMENT 'Id',
  `entity` varchar(50) NOT NULL COMMENT 'Entity',
  `behavior` varchar(10) NOT NULL DEFAULT 'append' COMMENT 'Behavior',
  `data` longtext COMMENT 'Data'
) ENGINE=InnoDB DEFAULT CHARSET=utf8 COMMENT='Import Data Table';

-- --------------------------------------------------------

--
-- Table structure for table `sgp_import_history`
--

CREATE TABLE `sgp_import_history` (
  `history_id` int(10) UNSIGNED NOT NULL COMMENT 'History record Id',
  `started_at` timestamp NOT NULL DEFAULT CURRENT_TIMESTAMP COMMENT 'Started at',
  `user_id` int(10) UNSIGNED NOT NULL DEFAULT '0' COMMENT 'User ID',
  `imported_file` varchar(255) DEFAULT NULL COMMENT 'Imported file',
  `execution_time` varchar(255) DEFAULT NULL COMMENT 'Execution time',
  `summary` varchar(255) DEFAULT NULL COMMENT 'Summary',
  `error_file` varchar(255) NOT NULL COMMENT 'Imported file with errors'
) ENGINE=InnoDB DEFAULT CHARSET=utf8 COMMENT='Import history table';

-- --------------------------------------------------------

--
-- Table structure for table `sgp_indexer_state`
--

CREATE TABLE `sgp_indexer_state` (
  `state_id` int(10) UNSIGNED NOT NULL COMMENT 'Indexer State Id',
  `indexer_id` varchar(255) DEFAULT NULL COMMENT 'Indexer Id',
  `status` varchar(16) DEFAULT 'invalid' COMMENT 'Indexer Status',
  `updated` datetime DEFAULT NULL COMMENT 'Indexer Status',
  `hash_config` varchar(32) NOT NULL COMMENT 'Hash of indexer config'
) ENGINE=InnoDB DEFAULT CHARSET=utf8 COMMENT='Indexer State';

--
-- Dumping data for table `sgp_indexer_state`
--

INSERT INTO `sgp_indexer_state` (`state_id`, `indexer_id`, `status`, `updated`, `hash_config`) VALUES
(1, 'design_config_grid', 'valid', '2020-06-03 09:21:03', '27baa8fe6a5369f52c8b7cbd54a3c3c4'),
(2, 'customer_grid', 'valid', '2019-01-01 06:22:15', 'd572ea00944c9e3f517b3f46bad058a4'),
(3, 'catalog_category_product', 'valid', '2019-01-01 06:22:16', '57b48d3cf1fcd64abe6b01dea3173d02'),
(4, 'catalog_product_category', 'valid', '2019-01-01 06:22:16', '9957f66909342cc58ff2703dcd268bf4'),
(5, 'catalog_product_price', 'valid', '2019-01-01 06:22:17', '15a819a577a149220cd0722c291de721'),
(6, 'catalog_product_attribute', 'invalid', '2019-04-04 12:24:36', '77eed0bf72b16099d299d0ab47b74910'),
(7, 'cataloginventory_stock', 'valid', '2019-01-01 06:22:18', '78a405fd852458c326c85096099d7d5e'),
(8, 'catalogrule_rule', 'valid', '2019-01-01 06:22:18', '5afe3cacdcb52ec3a7e68dc245679021'),
(9, 'catalogrule_product', 'invalid', '2019-01-07 10:39:57', '0ebee9e52ed424273132e8227fe646f3'),
(10, 'catalogsearch_fulltext', 'valid', '2019-01-01 06:22:22', '4486b57e2021aa78b526c68c9af2dcab');

-- --------------------------------------------------------

--
-- Table structure for table `sgp_integration`
--

CREATE TABLE `sgp_integration` (
  `integration_id` int(10) UNSIGNED NOT NULL COMMENT 'Integration ID',
  `name` varchar(255) NOT NULL COMMENT 'Integration name is displayed in the admin interface',
  `email` varchar(255) NOT NULL COMMENT 'Email address of the contact person',
  `endpoint` varchar(255) DEFAULT NULL COMMENT 'Endpoint for posting consumer credentials',
  `status` smallint(5) UNSIGNED NOT NULL COMMENT 'Integration status',
  `consumer_id` int(10) UNSIGNED DEFAULT NULL COMMENT 'Oauth consumer',
  `created_at` timestamp NOT NULL DEFAULT CURRENT_TIMESTAMP COMMENT 'Creation Time',
  `updated_at` timestamp NOT NULL DEFAULT '0000-00-00 00:00:00' ON UPDATE CURRENT_TIMESTAMP COMMENT 'Update Time',
  `setup_type` smallint(5) UNSIGNED NOT NULL DEFAULT '0' COMMENT 'Integration type - manual or config file',
  `identity_link_url` varchar(255) DEFAULT NULL COMMENT 'Identity linking Url'
) ENGINE=InnoDB DEFAULT CHARSET=utf8 COMMENT='sgp_integration';

-- --------------------------------------------------------

--
-- Table structure for table `sgp_layout_link`
--

CREATE TABLE `sgp_layout_link` (
  `layout_link_id` int(10) UNSIGNED NOT NULL COMMENT 'Link Id',
  `store_id` smallint(5) UNSIGNED NOT NULL DEFAULT '0' COMMENT 'Store Id',
  `theme_id` int(10) UNSIGNED NOT NULL COMMENT 'Theme id',
  `layout_update_id` int(10) UNSIGNED NOT NULL DEFAULT '0' COMMENT 'Layout Update Id',
  `is_temporary` tinyint(1) NOT NULL DEFAULT '0' COMMENT 'Defines whether Layout Update is Temporary'
) ENGINE=InnoDB DEFAULT CHARSET=utf8 COMMENT='Layout Link';

-- --------------------------------------------------------

--
-- Table structure for table `sgp_layout_update`
--

CREATE TABLE `sgp_layout_update` (
  `layout_update_id` int(10) UNSIGNED NOT NULL COMMENT 'Layout Update Id',
  `handle` varchar(255) DEFAULT NULL COMMENT 'Handle',
  `xml` text COMMENT 'Xml',
  `sort_order` smallint(6) NOT NULL DEFAULT '0' COMMENT 'Sort Order',
  `updated_at` timestamp NULL DEFAULT '0000-00-00 00:00:00' ON UPDATE CURRENT_TIMESTAMP COMMENT 'Last Update Timestamp'
) ENGINE=InnoDB DEFAULT CHARSET=utf8 COMMENT='Layout Updates';

-- --------------------------------------------------------

--
-- Table structure for table `sgp_mview_state`
--

CREATE TABLE `sgp_mview_state` (
  `state_id` int(10) UNSIGNED NOT NULL COMMENT 'View State Id',
  `view_id` varchar(255) DEFAULT NULL COMMENT 'View Id',
  `mode` varchar(16) DEFAULT 'disabled' COMMENT 'View Mode',
  `status` varchar(16) DEFAULT 'idle' COMMENT 'View Status',
  `updated` datetime DEFAULT NULL COMMENT 'View updated time',
  `version_id` int(10) UNSIGNED DEFAULT NULL COMMENT 'View Version Id'
) ENGINE=InnoDB DEFAULT CHARSET=utf8 COMMENT='View State';

-- --------------------------------------------------------

--
-- Table structure for table `sgp_newsletter_problem`
--

CREATE TABLE `sgp_newsletter_problem` (
  `problem_id` int(10) UNSIGNED NOT NULL COMMENT 'Problem Id',
  `subscriber_id` int(10) UNSIGNED DEFAULT NULL COMMENT 'Subscriber Id',
  `queue_id` int(10) UNSIGNED NOT NULL DEFAULT '0' COMMENT 'Queue Id',
  `problem_error_code` int(10) UNSIGNED DEFAULT '0' COMMENT 'Problem Error Code',
  `problem_error_text` varchar(200) DEFAULT NULL COMMENT 'Problem Error Text'
) ENGINE=InnoDB DEFAULT CHARSET=utf8 COMMENT='Newsletter Problems';

-- --------------------------------------------------------

--
-- Table structure for table `sgp_newsletter_queue`
--

CREATE TABLE `sgp_newsletter_queue` (
  `queue_id` int(10) UNSIGNED NOT NULL COMMENT 'Queue Id',
  `template_id` int(10) UNSIGNED NOT NULL DEFAULT '0' COMMENT 'Template ID',
  `newsletter_type` int(11) DEFAULT NULL COMMENT 'Newsletter Type',
  `newsletter_text` text COMMENT 'Newsletter Text',
  `newsletter_styles` text COMMENT 'Newsletter Styles',
  `newsletter_subject` varchar(200) DEFAULT NULL COMMENT 'Newsletter Subject',
  `newsletter_sender_name` varchar(200) DEFAULT NULL COMMENT 'Newsletter Sender Name',
  `newsletter_sender_email` varchar(200) DEFAULT NULL COMMENT 'Newsletter Sender Email',
  `queue_status` int(10) UNSIGNED NOT NULL DEFAULT '0' COMMENT 'Queue Status',
  `queue_start_at` timestamp NULL DEFAULT NULL COMMENT 'Queue Start At',
  `queue_finish_at` timestamp NULL DEFAULT NULL COMMENT 'Queue Finish At'
) ENGINE=InnoDB DEFAULT CHARSET=utf8 COMMENT='Newsletter Queue';

-- --------------------------------------------------------

--
-- Table structure for table `sgp_newsletter_queue_link`
--

CREATE TABLE `sgp_newsletter_queue_link` (
  `queue_link_id` int(10) UNSIGNED NOT NULL COMMENT 'Queue Link Id',
  `queue_id` int(10) UNSIGNED NOT NULL DEFAULT '0' COMMENT 'Queue Id',
  `subscriber_id` int(10) UNSIGNED NOT NULL DEFAULT '0' COMMENT 'Subscriber Id',
  `letter_sent_at` timestamp NULL DEFAULT NULL COMMENT 'Letter Sent At'
) ENGINE=InnoDB DEFAULT CHARSET=utf8 COMMENT='Newsletter Queue Link';

-- --------------------------------------------------------

--
-- Table structure for table `sgp_newsletter_queue_store_link`
--

CREATE TABLE `sgp_newsletter_queue_store_link` (
  `queue_id` int(10) UNSIGNED NOT NULL DEFAULT '0' COMMENT 'Queue Id',
  `store_id` smallint(5) UNSIGNED NOT NULL DEFAULT '0' COMMENT 'Store Id'
) ENGINE=InnoDB DEFAULT CHARSET=utf8 COMMENT='Newsletter Queue Store Link';

-- --------------------------------------------------------

--
-- Table structure for table `sgp_newsletter_subscriber`
--

CREATE TABLE `sgp_newsletter_subscriber` (
  `subscriber_id` int(10) UNSIGNED NOT NULL COMMENT 'Subscriber Id',
  `store_id` smallint(5) UNSIGNED DEFAULT '0' COMMENT 'Store Id',
  `change_status_at` timestamp NULL DEFAULT NULL COMMENT 'Change Status At',
  `customer_id` int(10) UNSIGNED NOT NULL DEFAULT '0' COMMENT 'Customer Id',
  `subscriber_email` varchar(150) DEFAULT NULL COMMENT 'Subscriber Email',
  `subscriber_status` int(11) NOT NULL DEFAULT '0' COMMENT 'Subscriber Status',
  `subscriber_confirm_code` varchar(32) DEFAULT 'NULL' COMMENT 'Subscriber Confirm Code'
) ENGINE=InnoDB DEFAULT CHARSET=utf8 COMMENT='Newsletter Subscriber';

--
-- Dumping data for table `sgp_newsletter_subscriber`
--

INSERT INTO `sgp_newsletter_subscriber` (`subscriber_id`, `store_id`, `change_status_at`, `customer_id`, `subscriber_email`, `subscriber_status`, `subscriber_confirm_code`) VALUES
(1, 1, '2019-03-04 15:40:24', 24, 'sofitel9@yahoo.com', 1, '6iixemmdyuey69eaa22ieayym9yy6euc'),
(2, 1, '2019-03-16 20:59:01', 38, 'info@vitahome.be', 1, 'qai12qyqiloq2cuviznm2l4dmk63amje'),
(3, 1, '2019-03-31 06:05:07', 52, 'AMOLSINGHLODHI@YAHOO.IN', 1, 'u079lkxmiyab2yqu2yaubb89auy7ura2'),
(4, 1, '2019-03-31 08:36:07', 54, 'gargamou@hotmail.com', 1, 'q9uaeladif4wqm62a3e8q6iquzvbueay'),
(5, 1, '2019-04-10 12:33:41', 66, 'Rajansinghrkl@gmail.com', 1, 'mm32eml2dqqyx3maubuy3dq20nu3qmg0'),
(6, 1, '2019-04-17 18:53:53', 74, 'a-plus@vip.163.com', 1, '5qpe6y6uhfapma2iw6yaaei7mbryemf4'),
(7, 1, '2019-04-17 21:13:29', 75, 'Zmp55511967@126.com', 1, 'ms6ih6qy6m2eeaaqmeyxawar24qkz2a5'),
(8, 1, '2019-04-17 23:25:25', 76, 'sh_sz@sh.cebbank.com', 1, 'owyemqm3a6i6u02qmmq6ebmutmqy0w5i'),
(9, 1, '2019-04-23 06:37:45', 91, 'quanbang1688@163.com', 1, '6e65yib6lvik2v2p26y0ma6ujurme6yx'),
(10, 1, '2019-04-23 07:19:59', 92, '782621802@qq.com', 1, 'samc2emi6f2hbir3urg41h6gjoyo9im2'),
(11, 1, '2019-04-23 10:32:39', 93, 'rocky.su@flightcentre.com.cn', 1, 'aihey6avmueectm2uqxf6uqiq5i5e5qa'),
(12, 1, '2019-04-23 12:35:16', 94, 'sljsjy@126.com', 1, '4oq49m0m68b24mlii3ui0ey6re6ey2ea'),
(13, 1, '2019-04-23 15:00:20', 95, '103595008@qq.com', 1, 'sieqm6kmq66i6gyqj6mqm24udvye7wfi'),
(14, 1, '2019-04-23 17:34:47', 97, '541596785@qq.com', 1, 'lpsgyaou62ifyqqm26j0e96256my2qe8'),
(15, 1, '2019-04-23 19:13:48', 98, '1540242147@qq.com', 1, 'ptla6e2s8c3mmwyt0ulyuu0ruq6yu2ee'),
(16, 1, '2019-04-23 20:46:16', 99, '1193009657@qq.com', 1, 'yaeu82iw6tifih6qdyjuh27i2y4cm2x6'),
(17, 1, '2019-04-23 22:15:22', 100, 'web@4508908.com', 1, 'irvyyob1wmhmciaiq6csi6q8zoywy27z'),
(18, 1, '2019-04-23 23:46:59', 101, '306085444@qq.com', 1, 'q68ayu4aej3xmkyemquq60x4u1meimyu'),
(19, 1, '2019-04-24 01:20:27', 102, '411586662@qq.com', 1, 'qteaxrrmq21ie64pp5t6em3uy2ieuex2'),
(20, 1, '2019-04-24 03:00:43', 104, 'wilson161718@126.com', 1, '3uuij8qooieee7eymy6oee26rnasneig'),
(21, 1, '2019-04-24 04:46:55', 105, '781824184@qq.com', 1, 'a03eieqskifure1mac32f776u26qy9we'),
(22, 1, '2019-04-24 06:45:09', 106, '2548079342@qq.com', 1, 'va6607925is2mua6qykxaeiy85eq6yar'),
(23, 1, '2019-04-24 08:38:13', 107, '997985895@qq.com', 1, 'iqf022lv6auiaouq6qasy68aejgmiu22'),
(24, 1, '2019-04-24 10:24:40', 108, '41984476@qq.com', 1, 'peqzcpjy62s2i26u2e6yugkl4i0aqxka'),
(25, 1, '2019-04-24 12:27:36', 109, '18926192069@163.com', 1, 'z0ji3a9zqc8qyia2268fmaj2jaeqreqa'),
(26, 1, '2019-04-24 14:48:50', 110, '2353844871@qq.com', 1, 'b20i6v66iuaxqmfi68x6e2g7viu2i622'),
(27, 1, '2019-04-24 17:10:15', 111, 'DWZ@GGTTGROUP.COM', 1, '3ubeekaqewom2uq29ueeuurravrjql2o'),
(28, 1, '2019-04-24 18:59:32', 112, '1363996888@126.com', 1, 'b6yqkvuefua2iqiyhkmamnidqaniqd6z'),
(29, 1, '2019-04-24 20:33:17', 113, '393746356@qq.com', 1, 'egq2im54jleyeqdwtd6i2wimvk6lm32a'),
(30, 1, '2019-04-24 22:01:46', 114, 'yaojinzhi123@126.com', 1, '11m629yyexuqyf2mkaeu2u8ejn67h5r6'),
(31, 1, '2019-04-24 23:35:13', 115, 'sailhf2004@163.com', 1, 'expir72q6yxmfzi2am6ebqy9xe1vyzla'),
(32, 1, '2019-04-25 01:14:29', 116, 'lnfx@petrochina.com', 1, 'qmtmmxfvx8ujegy6lyi2ru1im3u2mrom'),
(33, 1, '2019-04-25 02:57:02', 118, 'C3137315@163.com', 1, 'iyi1miy6p2uouiq23zay2i22ea263iki'),
(34, 1, '2019-04-25 04:41:59', 120, '13853084818@126.com', 1, 'yueyq6geemk2m2pyufsbifuimm642emm'),
(35, 1, '2019-04-25 06:47:01', 121, 'zgjjhzs@sina.com', 1, '22m42mq64a72aife624542m2zm62cif6'),
(36, 1, '2019-04-25 08:42:39', 122, 'jr62172725@163.com', 1, 'clafal6sdxmboy2mnonk0u6u6v1mqe1i'),
(37, 1, '2019-04-25 10:29:18', 124, 'andapost@163.com', 1, 'ah5u6mfxyzymuu6vmv0eaqdzuwaz2qq1'),
(38, 1, '2019-04-25 12:19:24', 125, '1964245317@qq.com', 1, 'o2iam2qq9q66qxvu2wuc3myi2qae7msy'),
(39, 1, '2019-04-25 14:34:38', 126, '18922745260@139.com', 1, '6v6yiz6fm6a8yeqgwgcmieiyppx62jee'),
(40, 1, '2019-04-25 17:07:25', 127, '415059153@qq.com', 1, 'xe12ypeuzaaeyaeyiu2ha6yeamwik6u6'),
(41, 1, '2019-04-25 18:51:23', 129, 'txyj315@sohu.com', 1, '664gqz8hytm4un2iuecmsa6amu2yz9b8'),
(42, 1, '2019-04-25 20:24:38', 130, 'fadia@seznam.cz', 1, 'c66emt7ayfymuq24t61yyawi2q8tpdsy'),
(43, 1, '2019-04-25 21:53:50', 131, '125369532@qq.com', 1, 'rm8jsujmyaue14a2ym5yrm6uiimiexmp'),
(44, 1, '2019-04-25 23:25:10', 132, '57133171@qq.com', 1, '662qdvq8yoek468o0ein0tuyuuyhloqu'),
(45, 1, '2019-04-26 00:57:19', 133, '392292335@qq.com', 1, '99iiaa6qe4l2669c6qa53zmaqi2y1yei'),
(46, 1, '2019-04-26 02:32:44', 135, '37589688@qq.com', 1, 'y6amduni0ivei71uyy7bcqxyuzu2yqiq'),
(47, 1, '2019-04-26 04:08:45', 136, 'HAIKOUHuangLI@163.com', 1, 'defg3qn6j6duo8aiq2u369u6keuhiuin'),
(48, 1, '2019-04-26 05:57:00', 137, '690243907@qq.com', 1, '7mm6umwikaummu43yude7yq6kjmhma09'),
(49, 1, '2019-04-26 07:46:33', 138, '18669910766@qq.com', 1, '0e2m4oze0aiyy22qyhviiwiu25arghga'),
(50, 1, '2019-04-26 09:33:20', 139, '514737970@qq.com', 1, 'c1eq54uveyuqu6aeea66uuu2aks6e3um'),
(51, 1, '2019-04-26 11:22:54', 140, 'EVERSMARTER@163.NET', 1, 'mi2m2qp6iebe22eu7eqm8dqvay62qaad'),
(52, 1, '2019-04-26 13:32:15', 141, '305431604@qq.com', 1, 'q4qmuviuzlritiiu22q5i262m62b2te9'),
(53, 1, '2019-04-26 15:58:43', 142, '582608907@qq.com', 1, 'rn2iuc62wkaemu0omeduyamu32tu2yn2'),
(54, 1, '2019-04-26 17:57:12', 143, 'qiaol@dteg.com.cn', 1, 'ajysmm6afm3abu04y6ky1d92iam2vqyi'),
(55, 1, '2019-04-26 19:36:37', 144, '18511863486@139.com', 1, '5lcmm0uzzr2b65li2iaer62um6w626o2'),
(56, 1, '2019-04-26 21:13:15', 145, 'gejf@newhope.cn', 1, 'uv2mn3auh27uiqhyysal26aijyyeo2qi'),
(57, 1, '2019-04-26 22:47:40', 146, '1225166792@qq.com', 1, 'aiuhumtimetuw4a9eij2amvqpzcyimey'),
(58, 1, '2019-04-27 00:24:13', 147, '800123885@b.qq.com', 1, 'm25ea0yagmxiesgqu3ulm2qaehlqjz06'),
(59, 1, '2019-04-27 02:11:14', 148, 'tywl3512310@sina.com', 1, '2niiia6c4ecie2uyai4q26uun6mu2qi2'),
(60, 1, '2019-04-27 04:07:59', 149, '1422659067@qq.com', 1, 'yyie6hio27dmiqa6e86onvbzeq6lrmaa'),
(61, 1, '2019-04-27 05:52:08', 150, '13863382197@163.COM', 1, '6f9uaamee6uypmq66rwyyuauv12aljja'),
(62, 1, '2019-04-27 07:45:52', 151, '86889355@qq.com', 1, '6aq2um092yyibadmfzmyqr8oymi66evu'),
(63, 1, '2019-04-27 09:36:30', 152, 'nlxwwys@126.com', 1, 'e6wm1neqqi2ukmmtlwy5sdepeeayeem2'),
(64, 1, '2019-04-27 11:17:15', 153, 'canaanhk@hotmail.com', 1, 'swu4aaypqaaqxnye6q1cuajwi1aycigy'),
(65, 1, '2019-04-27 13:06:04', 154, '455094660@QQ.com', 1, '2ijeem2i3e1jeyqewauf7pepygruuuqs'),
(66, 1, '2019-04-27 15:05:04', 155, 'wangshuping-1971@163.com', 1, 'hqy6ii2ri2iixeikstm2nm6wpf2lmzeg'),
(67, 1, '2019-04-27 17:03:22', 156, 'yanglihui@newhope.cn', 1, 'iya0p9qa6vfqgi2a1iyeygcaq2bmunuw'),
(68, 1, '2019-04-27 18:42:23', 157, '120750941@qq.com', 1, 'qyba5hlyi1y0yuyqyym8ei62baq9gior'),
(69, 1, '2019-04-27 20:00:48', 158, '34807863@qq.com', 1, 'amkmgqr5nr55k6quuq6mmam2uy8av3ai'),
(70, 1, '2019-04-27 23:06:50', 160, '645134975@qq.com', 1, 'oiimeiy3loqiawkvbn5xha2a66ilwr2x'),
(71, 1, '2019-04-28 02:06:10', 161, '19550315@163.com', 1, 'ea02qadykgmjeiavnmxiapi6ufkani22'),
(72, 1, '2019-04-28 04:59:06', 162, 'hnlsjz2010@126.com', 1, '2lziia6ctua6z0ucq22yyiqx9xqqia2e'),
(73, 1, '2019-04-28 07:57:02', 163, 'wkm6325542@163.com', 1, '6rjf0am22kitqasea2muvbzum2eqz4a2'),
(74, 1, '2019-04-28 10:53:36', 164, '2317277294@qq.com', 1, 'r2eaaq5q2u9duemwii6um26ciqxqeque'),
(75, 1, '2019-04-28 16:59:17', 165, '1184491441@qq.com', 1, 'nyaboayxuyfyu3su2yy38eswuluqamzu'),
(76, 1, '2019-05-05 02:50:53', 176, 'fuyangshiye@aliyun.com', 1, 'oave6q6tcy2lq465go4uiq63ag6oyqow'),
(77, 1, '2019-05-05 04:59:35', 177, '18237837707@163.com', 1, 'q5umge4yk3n6yqqeyyeoyds2iqmyyxai'),
(78, 1, '2019-05-05 07:21:09', 178, '326489753@QQ.com', 1, 'eu6axf2ihjx0669a2aaiappvmzvutf6e'),
(79, 1, '2019-05-05 09:25:41', 180, '1559570540@qq.com', 1, 'qnu2e686hlcmeuya63adme2yyamin7m2'),
(80, 1, '2019-05-05 11:23:32', 181, '28320605@qq.com', 1, 'enuamy7ca2eqqezuemueqlaiaj6jue7d'),
(81, 1, '2019-05-05 13:19:45', 182, '2851186355@qq.com', 1, '2a9da2kvlvz4a0ik42uic1yuiqaq62ki'),
(82, 1, '2019-05-05 15:32:30', 183, '1448078914@qq.com', 1, 'j6ymm6kpl2rum15666hioiklelmy9e2m'),
(83, 1, '2019-05-05 17:38:49', 184, '85195261@qq.com', 1, 'uala1ymq1qiveye2q8na6q40kzmemapi'),
(84, 1, '2019-05-05 19:13:46', 185, '369898946@qq.com', 1, '4ja5c1oeipi9fmhpay7eqil6qixqembb'),
(85, 1, '2019-05-05 20:45:42', 186, 'zhtshjh@163.com', 1, 'ioe6ceseuqam7nfy2m5aqm6cdkiv2gie'),
(86, 1, '2019-05-05 22:16:22', 187, '775441473@qq.com', 1, 'yie5seu4myziu2pipiz9yycy22sm21yy'),
(87, 1, '2019-05-05 23:52:40', 188, '1025919610@qq.com', 1, '5m26umma8m0he24o7y6my826yheoe92m'),
(88, 1, '2019-05-06 01:34:45', 189, '1576504616@qq.com', 1, 'tir1adueseq6layam682euquuz2nmeie'),
(89, 1, '2019-05-06 03:25:05', 190, '171747607@qq.com', 1, '3y6eqehuloamgb2iamie6yoau4yamree'),
(90, 1, '2019-05-06 05:39:33', 191, '33264216@qq.com', 1, 'h0ulsiqaqm624qey6qmq1o8ea4tymdte'),
(91, 1, '2019-05-06 07:50:59', 192, '125622376@qq.com', 1, 'vqhea2ei87eu2hm2jyeqmm6r6arcacup'),
(92, 1, '2019-05-06 10:00:09', 193, 'kofand888@163.com', 1, 'q4alsrqy82i2yyacuqhqq3gi9a266aqm'),
(93, 1, '2019-05-06 11:55:30', 194, 'JDR19561217@QQ.COM', 1, 'jqme2iuwu46qoxey2icyeomzlav2oy2t'),
(94, 1, '2019-05-06 14:19:05', 195, '778333217@qq.com', 1, 'b0vku4al662y1uduyfvqzlyd65376auq'),
(95, 1, '2019-05-06 16:41:24', 196, '346479470@qq.com', 1, 'k0uyg4yaaa21661emq6msxkaa6eejym0'),
(96, 1, '2019-05-06 18:48:27', 197, '978668127@qq.com', 1, 'qqix9tqajiuquh06yqjyhybq7q3em67i'),
(97, 1, '2019-05-06 20:44:35', 198, '844324528@qq.com', 1, 'axl282ehx6qybenflali6k3kyee6y2ic'),
(98, 1, '2019-05-06 22:25:35', 199, '27245914@qq.com', 1, 'm0me1q3z6mudiqyulmu2e26iautg8zvm'),
(99, 1, '2019-05-07 00:21:31', 200, '13851851749@qq.com', 1, 'uwesh2iljqwx3hidqoqy626itaqieum2'),
(100, 1, '2019-05-07 02:26:55', 201, '657118646@qq.com', 1, 'ha02uqaemhava62e62mecvbixy6axyi8'),
(101, 1, '2019-05-07 04:22:40', 202, '262874467@qq.com', 1, 'eo60eucwi33m1q2mefeim6eqamamhida'),
(102, 1, '2019-05-07 06:27:08', 203, '55244388@qq.com', 1, 'qmiui4u410wi0laiqc8ewybumeqa2uem'),
(103, 1, '2019-05-07 08:42:00', 206, '782844229@qq.com', 1, 'iil6eqmvmia6cqiaeacausqyinmkidim'),
(104, 1, '2019-05-07 10:35:28', 207, 'PJ33231976@163.com', 1, 'eonu26au8yu3z2tshna4quuceq6faaim'),
(105, 1, '2019-05-07 10:44:22', 208, 'vksankhawar@gmail.com', 1, 'k2uibyqmlnbie1beyym6yzqemiuavu36'),
(106, 1, '2019-05-07 12:31:36', 210, '3376613185@qq.com', 1, '2uzz17qyinf7mqmriya2euye3miuehem'),
(107, 1, '2019-05-07 14:48:38', 211, '13791586888@163.com', 1, 'w6te2agiwmai2aana22362rhog3u4bma'),
(108, 1, '2019-05-07 17:07:30', 213, 'chjiyysfnah@abchina.com', 1, '6eiwc6y2ej27mejxz36fyy266h2uu4im'),
(109, 1, '2019-05-07 18:57:25', 214, 'yy7711@163.com', 1, 'mauiuqa01iiyvujbai6z0uimuqqws2aw'),
(110, 1, '2019-05-07 20:29:28', 215, '369006824@QQ.com', 1, '2iiv6ia6i6l26ie6zaqumugl7syeqaey'),
(111, 1, '2019-05-07 22:01:42', 216, '5254552@QQ.COM', 1, 'wc1yvh28qqsi9e3mi2k2u58inea0q6j2'),
(112, 1, '2019-05-07 23:36:39', 217, '744355701junhua@163.com', 1, '2wqyp62kicyqiuuiuz2ge20fu72bii0t'),
(113, 1, '2019-05-08 01:15:39', 218, '15552523888@qq.com', 1, 'umygcbuiqupaycq8eamgn7a035m6ms2q'),
(114, 1, '2019-05-08 03:08:56', 219, 'chqjchy183@163.com', 1, '3wank0yyqrem0a2ui75qudtnqqk2qyny'),
(115, 1, '2019-05-08 05:18:08', 220, '472873152@qq.com', 1, '2in6e1eia1uamrjvylaxmikwjruuqd5y'),
(116, 1, '2019-05-08 07:48:52', 221, '1789848750@qq.com', 1, '1yveqoi03ec2u7i6vamle4ry7htakuwi'),
(117, 1, '2019-05-08 09:49:16', 222, '344264398@qq.com', 1, 'zqqaikmeq6t2u2amy5m5elfmmdxamueq'),
(118, 1, '2019-05-08 11:48:08', 223, '278979601@qq.com', 1, 'nriiydyiaeqpai2ia3t7ayqeqm3yqm69'),
(119, 1, '2019-05-08 13:57:39', 224, 'tjxyfdc@163.com', 1, 'vuefrlnm2ium0i2mulcaqycezyey9u5q'),
(120, 1, '2019-05-08 16:22:35', 225, '442433369@qq.com', 1, 'myuqq7e4ueui6eqhip2uqeqa2l4em0ma'),
(121, 1, '2019-05-08 18:16:26', 226, '187173075@qq.com', 1, 'muwryna646vqo42igmx22nmybuin7wma'),
(122, 1, '2019-05-08 19:50:53', 227, '6130767@qq.com', 1, '9vme1twi9gjiqaaac1ukcismuady95am'),
(123, 1, '2019-05-08 21:22:02', 228, 'lxf0315@126.com', 1, '9aqemaleeeyyaumqr27q8c6qnkfbee2c'),
(124, 1, '2019-05-08 22:54:43', 229, '1441566552@qq.com', 1, 'haif9ah6q2mnau36m6i6q6ezwu1fm64y'),
(125, 1, '2019-05-09 00:30:51', 230, '392704496@qq.com', 1, 'pimiymhyq6e0v2q6q1z1e1iouxiximqo'),
(126, 1, '2019-05-09 02:14:37', 231, '874927020@qq.com', 1, '5eyyi6uiinyqw5xzuameai65eqmfy5i6'),
(127, 1, '2019-05-09 04:02:17', 233, '541798971@qq.com', 1, 'xqqmuyyp6ylseqgxaanye2iev6e2f9qb'),
(128, 1, '2019-05-09 06:13:28', 234, '53539866@qq.com', 1, 'yre20kvyx5qi6k2ezyye8iyusapcx5ml'),
(129, 1, '2019-05-09 08:16:21', 235, '226300242@qq.com', 1, 'qryf76qe1ahy6ak6pi2ye16ule2e4amm'),
(130, 1, '2019-05-09 10:21:33', 236, '2355868159@qq.com', 1, 'tayimqu22meiayeai0dc0chx86ya2myq'),
(131, 1, '2019-05-09 12:11:58', 237, 'xiedan0888@sina.com', 1, 'oae7nqpnyv6muhziwym2gml26qmay2ad'),
(132, 1, '2019-05-09 14:23:03', 238, '499691770@qq.com', 1, '1l2eq6q0usu1qrioufr9q86iye7smv73'),
(133, 1, '2019-05-09 16:51:52', 239, '840780017@qq.com', 1, '2guee866uamtnu3uy3iqu6muda7gphva'),
(134, 1, '2019-05-09 18:54:04', 240, '510704000031740@163.com', 1, 'khqy1v6fi217qaktjaureu6u1qcymsye'),
(135, 1, '2019-05-09 19:39:31', 241, '305239159@qq.com', 1, 'm1q6uuqegiiuu2be262hi8legiyqwmel'),
(136, 1, '2019-05-09 22:17:53', 242, '819226302@qq.com', 1, 'ah2u4y70bax1qqq02g2i225e8oui6926'),
(137, 1, '2019-05-12 13:10:02', 244, 'march_0868@mail.ru', 1, 'kmec6qu0y6qa6ey6m8adaieimmeme6m6'),
(138, 1, '2019-05-13 01:56:33', 246, '330510825@QQ.COM', 1, 'au6i2a26i2m02eu217qaqge4bqim7lqf'),
(139, 1, '2019-05-13 03:50:53', 247, '13105308166@126.com', 1, 'jmbysyqkw3egvlu2yxue6b6esqbimmmg'),
(140, 1, '2019-05-13 05:51:46', 248, '666123@163.com', 1, 'mqmw3wir6eyyqo7ilmiqzf12mm4aa02e'),
(141, 1, '2019-05-13 07:47:13', 250, 'jinyueliang-1981@163.com', 1, 'an8l66eastemvamiy8utq2cydymuamum'),
(142, 1, '2019-05-13 10:00:13', 251, '3854721468@163.com', 1, 'yqu23eo6d86e6i2n2eim0saqyijaacin'),
(143, 1, '2019-05-13 11:48:27', 252, '476244629@qq.com', 1, '2eiuaauw221jnyriyqgk2yu153s9dahz'),
(144, 1, '2019-05-13 13:45:15', 253, '3074246994@qq.com', 1, 'm27n67ssf6qaj5m28cay0u9ywaiah9i2'),
(145, 1, '2019-05-13 16:11:53', 254, '18654617761@163.com', 1, 'uqq3e9me4ia6ukwp4qy52aaluy2665i2'),
(146, 1, '2019-05-13 18:16:10', 255, '18053027888@163.com', 1, 'aq4ira0iyywimmbe6acveitmay2idqrq'),
(147, 1, '2019-05-13 19:53:08', 257, '151666047@qq.com', 1, 'fuulaei6324uju02y2i26qum86iq762g'),
(148, 1, '2019-05-13 21:30:05', 258, '13869792216@163.com', 1, 'aveolye6mdpgum7y56iiqqim0a2y6qy8'),
(149, 1, '2019-05-13 23:10:04', 259, '1825303658@139.com', 1, '66aoe6nu6smr6cak5aeuiauwyuefuyyu'),
(150, 1, '2019-05-14 00:54:39', 260, 'dexhfjc@163.com', 1, 'aj62tqoznwqwyuaouyiqy02al6sk24xy'),
(151, 1, '2019-05-14 02:41:14', 261, '13863552388@163.com', 1, '7j3me66qiy466ygq0u2yxep7u57mysmy'),
(152, 1, '2019-05-14 06:45:30', 262, '308443704@qq.com', 1, 'o6md1m6e7m1e6aimef4imyquyyiw6zey'),
(153, 1, '2019-05-14 08:52:32', 263, '864735600qq@163.COM', 1, 'b2ay2rgqtaajrtz22miy0ayu0j690o4m'),
(154, 1, '2019-05-14 10:39:43', 264, '18553157612@163.com', 1, 'xiq7z6siqmypy2xtsemhjrmymanj68xe'),
(155, 1, '2019-05-14 12:25:38', 265, '754008939@qq.com', 1, 'p8x22rm79udonlm7eiueudfyze2xkeku'),
(156, 1, '2019-05-14 14:42:32', 266, '892512517@qq.com', 1, '9zomg76ebpyeqqq6i1teymdugaukuinw'),
(157, 1, '2019-05-14 17:14:59', 267, '12326558@qq.com', 1, 'h2eqmvqeay6v6auzii6h810ge6nq156p'),
(158, 1, '2019-05-14 19:02:23', 269, '1753480922@qq.com', 1, 'p6fq2ltyaaamnqqe10gfoy34bg9hoi2e'),
(159, 1, '2019-05-14 20:37:17', 270, 'huaweinongye@126.com', 1, 't62ym2emq5u2z3mhyazaeapwe86afi6q'),
(160, 1, '2019-05-14 22:10:39', 271, 'yishenggongsi123@163.com', 1, 'ukawkmeq22kv26mq3eqm8e66yeu6sfma'),
(161, 1, '2019-05-14 23:48:55', 272, '97866@qq.com', 1, 'li2wy6vuydtm7uuvxjdqgepxmukba2is'),
(162, 1, '2019-05-15 01:29:13', 273, '1380632336@163.com', 1, 'ynuyimaau2amugtpaxuq21c6aauexnep'),
(163, 1, '2019-05-15 03:23:47', 274, '690006276@qq.com', 1, 'kuyeutmyigzy8um2im9iemmmm23hhydz'),
(164, 1, '2019-05-15 05:28:20', 275, '18315614717@163.com', 1, 'q6a34imzfquqpvgoay9q6quu6qu46i3i'),
(165, 1, '2019-05-15 07:30:51', 276, '1563010488@qq.com', 1, '1xqur6o2b95jxqjabuqiiufimqve2auu'),
(166, 1, '2019-05-15 09:22:43', 277, '717215887@qq.com', 1, 'i6zanm6um6ey2cse2m0fm2mkhmi780k8'),
(167, 1, '2019-05-15 11:14:04', 278, '710419357@163.com', 1, 'biyummn2lmqeuy6wuxywnjivc7q0n1i2'),
(168, 1, '2019-05-15 13:13:15', 279, '1574546039@qq.com', 1, 'ajhkjhrowyl1ngfbuau2sqnzpmm28u5u'),
(169, 1, '2019-05-15 15:29:32', 280, '879935542@qq.com', 1, '2i2mnmzpimm9u3iqym0g2ik2n6hdeaw9'),
(170, 1, '2019-05-15 17:41:19', 281, 'aoling222@163.com', 1, '6mixeaeehm6eq6cypxe7blt95ycmq2ca'),
(171, 1, '2019-05-15 19:17:26', 282, 'shandongjichu@126.com', 1, 'm67ixyu9u6ompuqquuieiizu3zeyz4ze'),
(172, 1, '2019-05-15 20:51:42', 283, '915606110@qq.com', 1, 'sqqayy6ihe6ap29uii2iialdzvuime54'),
(173, 1, '2019-05-15 22:22:15', 284, '1442329521@qq.com', 1, 'o71u6aumigim2myei9a6qrdeqizalsnk'),
(174, 1, '2019-05-15 23:56:40', 285, 'gaoxueying@163.com', 1, 'fz26lqv52yx9x56ksqnq62rxyz2lympa'),
(175, 1, '2019-05-16 01:32:32', 286, '310946969@QQ.com', 1, '8kiymzusyi2fqzxn6hmqaxi7yuc26bnc'),
(176, 1, '2019-05-16 03:11:37', 287, '13696332256@qq.com', 1, 'tye2yy9qu5nmlaex7myiqz66udgr7iqa'),
(177, 1, '2019-05-16 04:56:53', 288, '1328798900@163.com', 1, 'y2mrq2jommvgy4dnqm76muyuq6qcjb6t'),
(178, 1, '2019-05-16 06:50:36', 289, '1515358684@QQ.COM', 1, '1iu5leiaw1ui1xb7dpaj4eeii2l6mybc'),
(179, 1, '2019-05-16 08:37:22', 291, '18853580000@163.com', 1, 'im1em8lueamqeo5r69ic1ybc228umu2r'),
(180, 1, '2019-05-16 10:25:49', 292, 'moyou16@163.com', 1, '6iyuu2amjq6uluum6ayzizqy62mdqyf6'),
(181, 1, '2019-05-16 12:12:41', 293, '358086016@qq.com', 1, '6bqiqey68o2y2y3k6za3us6e2iiqihzq'),
(182, 1, '2019-05-16 14:27:52', 294, '37643202@qq.com', 1, 'ham4vae7momi6iy8rsd9ap22mye2yzoq'),
(183, 1, '2019-05-16 17:04:18', 295, '18766690999@qq.com', 1, 'xiqiey2uutae67uiui1iyemz6veqcjye'),
(184, 1, '2019-05-16 18:51:25', 297, '348671576@qq.com', 1, 'qua24yeu42cqeeqkm69ueit26y6ue2qd'),
(185, 1, '2019-05-16 20:24:53', 298, '185536706732@163.com', 1, '616y62a026e962quuei2y9e0sq1z920i'),
(186, 1, '2019-05-16 22:00:26', 299, '331475301@qq.com', 1, '7zqsqb6i6rciam6myeu23iema1naieuy'),
(187, 1, '2019-05-16 23:35:56', 300, '13853147073@163.com', 1, 'e6jmxy82ysitb22qumu56zm1a55eriki'),
(188, 1, '2019-05-17 01:12:35', 301, 'sucaixia0532@163.com', 1, 'eri7q8bqeekyuo2qvqilyiwi22nhici2'),
(189, 1, '2019-05-17 02:50:46', 303, '15610163969@126.com', 1, 'i2mf64iiiimeszuwmeq018bnqisfmm00'),
(190, 1, '2019-05-17 04:37:12', 304, '281416184@qq.com', 1, 'oi622ma516bauy2yp8lyy8u26ut58la2'),
(191, 1, '2019-05-17 06:33:41', 305, '807111237@qq.com', 1, 'etu9yuc7e2e0y9v2466repuiwnaa52uq'),
(192, 1, '2019-05-17 08:25:27', 306, '936391064@qq.com', 1, '2o0iurehrumica6ay506al3yatdexqyq'),
(193, 1, '2019-05-17 10:13:00', 307, 'sanqingsm@163.com', 1, 'i66qa2l22rpeu6iiramy262ejuqorc4g'),
(194, 1, '2019-05-17 12:02:51', 308, '125232147@qq.com', 1, '4ae6qq22m3iiuyuvafxzaaukaoa1lo6p'),
(195, 1, '2019-05-17 14:12:49', 309, '15275200486@163.com', 1, '6gtekuc6qyi2ae28mo66ilnioqiua5o8'),
(196, 1, '2019-05-17 16:45:04', 310, 'zyl@sdana.com.cn', 1, 'qulmf6myapi8iya69hm280i7l2s2ajcv'),
(197, 1, '2019-05-17 18:56:10', 311, 'xuandeji@162.com', 1, '2xhyue2yaua26emaaqmuuziv99im6mm5'),
(198, 1, '2019-05-17 20:31:52', 312, 'l_x_yang@126.com', 1, 'm2imuawye9i3wexyjeupxqy99pdiquec'),
(199, 1, '2019-05-17 22:03:40', 313, '15092198659@163.com', 1, 'eguyqd32mbtcboaareyxiuu6y6ma6a92'),
(200, 1, '2019-05-17 23:46:46', 314, 'zhongjianhaide@126.com', 1, 'f6q2ia6g276mta06zuqeihe6aa02ele2'),
(201, 1, '2019-05-18 01:38:35', 315, '1039018057@qq.com', 1, 'feyat6i4x07vluiq9cmmffm3eysva2ym'),
(202, 1, '2019-05-18 03:33:56', 316, '8546231@qq.com', 1, 'wim0a0i3ame0yiuimiii2xuukqnx6ys9'),
(203, 1, '2019-05-18 05:28:11', 317, '15900763653@163.COM', 1, 'u2hqema67b023oke2ax3ymj7v24qmuum'),
(204, 1, '2019-05-18 07:57:59', 318, 'rev00119@163.com', 1, 'qatbimqxu26cmqk20qdy5uweeaahqafm'),
(205, 1, '2019-05-18 10:01:45', 319, '135054296@163.com', 1, 're3iudy2gee7cqju23ea2qmjym0ezc6n'),
(206, 1, '2019-05-18 11:49:43', 320, '13953210999@163.com', 1, 'mavyic6f6yieu6eq25dmbiulmbzp2j2y'),
(207, 1, '2019-05-18 13:52:09', 322, '18661965551@163.com', 1, 'vrytu5jmmq2xeuamwa7o9uy62qhy2u2y'),
(208, 1, '2019-05-18 16:46:06', 323, '18753259136@163.COM', 1, 'qrakme2ceiiibz5di6iukaye6ouhaiex'),
(209, 1, '2019-05-18 19:06:24', 324, 'qingdaohaiao@126.com', 1, 'uhsoujli4qxi2e2q2ymzymapaum626ma'),
(210, 1, '2019-05-18 20:53:16', 325, '297785047@qq.com', 1, 'm42ivmb2swm2zeva2is2mmuujq72yyhq'),
(211, 1, '2019-05-18 22:35:21', 326, '279023776@qq.com', 1, '8i6jplqyymhtzsiyx6umm69zqzy2mp46'),
(212, 1, '2019-05-19 00:31:35', 327, 'tengdafangshui@163.com', 1, 'id0wa2ymisyypuqqf6umw5jumuc2ir66'),
(213, 1, '2019-05-19 02:49:32', 328, '13863003381@163.com', 1, '7qqlz5eqy8e2wgl1y2im1xvhasaiu62a'),
(214, 1, '2019-05-19 05:00:03', 329, 'hgjczw@163.com', 1, 'kmqy6q6mi3097i21pqmv6eqqdiqmy8lk'),
(215, 1, '2019-05-19 07:11:28', 330, 'jinguan8996@163.com', 1, 'iayg2tqielmi0e6d2uquqa7ml7umueyy'),
(216, 1, '2019-05-19 10:02:57', 332, '30118607@qq.com', 1, 'adr2i7yidyim2gejweaeyaya2al64u46'),
(217, 1, '2019-05-19 12:48:04', 333, '13563523881@163.com', 1, 'iua62ux2pqeau6qiazihy623hsl9jcue'),
(218, 1, '2019-05-19 15:33:19', 334, '13869453650@163.com', 1, 'o2m8a22hz6m5uifiub4emsev36le63lv'),
(219, 1, '2019-05-19 18:15:00', 335, '18053936789@163.com', 1, 'pq6t2uioe4a9rzuk6xsd9ymiquyyaza2'),
(220, 1, '2019-05-19 20:24:39', 337, 'sd_hanhe@163.com', 1, 'cllriha00u5q4mqq86wazlbtqnoa6mi8'),
(221, 1, '2019-05-19 22:34:59', 338, '18053437997@163.com', 1, 'qykm6yy6yn52yzqi6baiqixkq2aeusmu'),
(222, 1, '2019-05-20 03:08:28', 340, '309696486@qq.com', 1, 'uumyqei4aeiyu0l6ihuue9whi25tx2d6'),
(223, 1, '2019-05-20 05:38:35', 341, 'lfy_qd@126.com', 1, 'ay66myxqjuiriyym2e2dlwyxe3u6acyw'),
(224, 1, '2019-05-22 03:43:15', 345, '714006532@qq.com', 1, '6apvpi222q643zq6i3q7ia9q7e1ci08i'),
(225, 1, '2019-05-22 05:35:12', 346, '458729686@qq.com', 1, 'aq6uuastqzua3xy7nayeeuey9c3iqm4a'),
(226, 1, '2019-05-22 07:23:02', 347, '396754031@qq.cn', 1, 'eqq1mmqkk4129ail2qzam4i62pietyea'),
(227, 1, '2019-05-22 09:14:54', 348, 'xiancjdl@163.com', 1, 'ysfmwmmouay3p1un8wvaymbmmyp3njob'),
(228, 1, '2019-05-22 10:58:27', 351, 'rex_chang@126.com', 1, 'q4u6e2qvuhe2iiiuidbqx2yv556mv6ai'),
(229, 1, '2019-05-22 12:51:05', 353, '13428953891@qq.com', 1, 'aqmni402i6ucm2zeqcboqhy79aqmgen3'),
(230, 1, '2019-05-22 14:56:05', 354, 'XA017@ajisen.net', 1, 'i9yayai6qaqq21yaeqeu2a2a8eemia8v'),
(231, 1, '2019-05-22 17:25:08', 355, '1051377012@qq.com', 1, '6pdzu62eyrp2yxamq0jmzh6q6mmoo2kq'),
(232, 1, '2019-05-22 19:12:57', 356, '413379337@qq.com', 1, 'umu6h6ainr6axiuqy9xav1uumvvms6u0'),
(233, 1, '2019-05-22 20:44:32', 357, '1540683357@qq.com', 1, 'yjqy2yyfh2mimgj28i5eyy6vmgi99ah6'),
(234, 1, '2019-05-22 22:16:39', 358, '244941331@qq.com', 1, 'uqxqyues6aanipmojs0iaeii2kjxa1qj'),
(235, 1, '2019-05-22 23:51:46', 360, '21320012@qq.com', 1, 'gvyfqa2l2mmy9nuit3f63a2mevi3qj6q'),
(236, 1, '2019-05-23 01:31:05', 361, '2629897776@qq.com', 1, '6qyhlyuea4mmxy7meeai1231q62ec2q0'),
(237, 1, '2019-05-23 03:14:08', 362, '347113795@qq.com', 1, 'lihgtubuauqandusi69iqfdv6ikv6rae'),
(238, 1, '2019-05-23 04:57:17', 363, '986541258@qq.com', 1, '66qixyfuki0x266yagreo6ipaebpy2fu'),
(239, 1, '2019-05-23 06:52:03', 364, '137682963@qq.com', 1, '67e6qvquyh284e2ajhi5tg0mf8u426i9'),
(240, 1, '2019-05-23 08:37:56', 365, 'huangshaofeng@sziqh.com', 1, 'w6mqdim9mihu8mqujcqmwcbjaw5m8rgi'),
(241, 1, '2019-05-23 10:17:25', 366, '2355712296@qq.com', 1, 'eeq20fdeqqm6yq2avidqaqimw6y6df2z'),
(242, 1, '2019-05-23 12:09:18', 368, '434861807@qq.com', 1, 'i22je66urfafaqe9on2uoky2aygwxi36'),
(243, 1, '2019-05-23 16:47:08', 369, '1327492374@qq.com', 1, 'iabhpr6ueya1uieba0q7kieq6yfok98y'),
(244, 1, '2019-05-23 18:37:24', 370, '115425919@qq.com', 1, 'er03am7msq6yy3ip2uaisaiu6u66icq3'),
(245, 1, '2019-05-23 20:09:30', 371, 'operation@tomtop.net', 1, 'sb9j3z5m6xmfmme5q1mya6yoeymazkci'),
(246, 1, '2019-05-23 21:41:26', 372, '15013692610@163.com', 1, 'yc6rmm1u0iedkyaxqqal6u3eaqa1eyc6'),
(247, 1, '2019-05-23 23:14:25', 373, '1043362426@qq.com', 1, '1vqyqfn2uamqui6hv29egye2m9e63cun'),
(248, 1, '2019-05-24 00:48:12', 374, '1796393521@qq.com', 1, '6lib5gipk2xzeigaqqtsspimjy6a2i26'),
(249, 1, '2019-05-24 02:23:56', 375, '386880729@qq.com', 1, 'phrwu9inagn6ueya6iixshcaymqefxpy'),
(250, 1, '2019-05-24 04:13:38', 376, '115427070@qq.com', 1, 'ikqhcmrg9a2eeeayambay0mam21dnyue'),
(251, 1, '2019-05-24 06:12:56', 377, '512518481@qq.com', 1, 'q22caar7ux57bm6m6x6a6iuyqel2mg3e'),
(252, 1, '2019-05-24 08:03:02', 378, '448481964@qq.com', 1, 'i8abxuc2b0yw9yvaduzqy6mi6tu6uyu4'),
(253, 1, '2019-05-24 09:55:56', 379, '2355717039@qq.com', 1, 'kzndj2q20g2u6auvqeimqiquyaigebqm'),
(254, 1, '2019-05-24 11:34:00', 380, '561280023@qq.com', 1, '33zuemu6yqtwtu9y6yqeai5h2m7e52e6'),
(255, 1, '2019-05-24 13:18:20', 381, '13992365585@qq.com', 1, 'ib1ezetaxreq6aq86leuaz6uaqai3aaz'),
(256, 1, '2019-05-24 15:41:04', 382, '798496292@qq.com', 1, 'iamv4ixx2ka6iq4h5u3etuipdipuatbv'),
(257, 1, '2019-05-24 19:43:28', 383, '13823186805@139.com', 1, 'qi2au9qeuqpdkmqa3i6emyqmssirhktm'),
(258, 1, '2019-05-24 21:12:27', 384, '550887718@qq.com', 1, 'z6t6pc076yc1omqlqgyexmekqyvea5p6'),
(259, 1, '2019-05-24 22:51:30', 385, '382719905@qq.com', 1, 'q0rms8euqyn6eqmmskm2punov1y1uie5'),
(260, 1, '2019-05-25 00:31:53', 386, '415197017@qq.com', 1, 'gqa2myqn2ketocyaeui40l2iaezfmy66'),
(261, 1, '2019-05-25 02:14:22', 387, '368545012@qq.com', 1, 'qee6ahqu6mtkxuy8cubumbjh2sm39q8k'),
(262, 1, '2019-05-25 04:08:17', 389, '18680466688@139.com', 1, 'q2q6iuaa6aqi0e8vzw8mikjhiqtiuaay'),
(263, 1, '2019-05-25 06:05:11', 391, '1531916477@qq.com', 1, 'yamzyymqzi8tmq6qmpunnxy5yy2fquqm'),
(264, 1, '2019-05-25 07:59:59', 392, '52719015@qq.com', 1, 'uy2i5qxeiu2mqycuiw261n8kqijke8b6'),
(265, 1, '2019-05-25 09:48:59', 393, '15110998681@163.com', 1, '8wqf5lj2eizammp5leaikuqmowmime6s'),
(266, 1, '2019-05-25 11:29:50', 394, '944569438@qq.com', 1, 'uam2um1eeefpuv2utifup0aiybeuu9a6'),
(267, 1, '2019-05-25 13:23:12', 395, '956233904@qq.com', 1, '3u7my026ie0mmge60ci6kfweciinaele'),
(268, 1, '2019-05-25 15:27:24', 396, '16058616@qq.com', 1, 'u8uqa6yml692u12ski8au7tmyyymu4ym'),
(269, 1, '2019-05-25 17:36:31', 397, 'guiguzi800@hotmail.com', 1, 'pu86tfx6ktsqrmeu6iy9patzm3y6a69y'),
(270, 1, '2019-05-25 19:19:44', 398, '34131228@qq.com', 1, '7l3yae8um4qhzummqk0muo9aei7uitm0'),
(271, 1, '2019-05-25 20:51:09', 399, '1101081960hf@sina.com', 1, 'h6ekyuz2q5yimvyimauhi4etex26rhq9'),
(272, 1, '2019-05-25 22:22:08', 400, '255461356@qq.com', 1, 'cnmt6vyhm86qq14kuqmcxvxq9msqmpuu'),
(273, 1, '2019-05-25 23:56:04', 401, '2424851500@qq.com', 1, '6n64lya6ume7722cmptzdwyomu6ery6u'),
(274, 1, '2019-05-26 01:37:38', 402, '705480702@qq.com', 1, '8m4cmseu4eeiqyeigabimem8a6z76uaa'),
(275, 1, '2019-05-26 03:23:29', 403, '10679604862@QQ.COM', 1, '6j3mmewghujfyuweeuycerqys2ptih8m'),
(276, 1, '2019-05-26 05:09:39', 404, 'nzfzmc@163.com', 1, 'ai220i1yeez1qeo2iu7fue6usbmaskun'),
(277, 1, '2019-05-26 07:01:24', 405, '1198714616@qq.com', 1, '6qawlieizkdug6uz2gi019eiuimceylu'),
(278, 1, '2019-05-26 09:45:08', 406, '1352096001@qq.com', 1, 'c2261hb3xo2h64aer4zrrieyf338u5ju'),
(279, 1, '2019-05-26 12:05:27', 407, 'lzyien@163.com', 1, 'aeyac6hy66aoyu2jeuji2maoemn2syis'),
(280, 1, '2019-05-26 14:36:51', 408, 'Szweiye86@126.com', 1, 'myq6qmxugm8iylpijqm36sstitiqmim9'),
(281, 1, '2019-05-26 17:13:06', 409, 'yingya88@vip.163.com', 1, '0kgegkmp6k2maim2qteysqlyue6k2eq7'),
(282, 1, '2019-05-26 19:24:35', 410, '816274668@qq.com', 1, '2ufakl5ud6qqiyx7qqnui2tyirymuqfe'),
(283, 1, '2019-05-26 21:31:14', 411, 'shyuwendong@163.com', 1, '66m6yumaaiijz6seui12petyqicq4gq6'),
(284, 1, '2019-05-26 23:38:08', 412, 'lianhengbiaoshi@126.com', 1, 'uieqiqqe9ui2h6ematuy3acepau6ea6q'),
(285, 1, '2019-05-27 01:47:22', 413, '343491696@qq.com', 1, 'sa7mmenu2paqqi6gx02muenqp00m2gr6'),
(286, 1, '2019-05-27 04:01:16', 414, '670931089@qq.com', 1, '1uqy4vksqo2q0xkmiuwigihyympfoqgj'),
(287, 1, '2019-05-27 06:33:47', 415, '1012757126@qq.com', 1, 'qqvgimi9yh8g6l0i6gu5ksqemqyct6ey'),
(288, 1, '2019-05-27 08:57:04', 416, '52184486@qq.com', 1, 'xhaeuyiqppto6u0a522eyqyh6mq3im20'),
(289, 1, '2019-05-27 11:18:46', 417, '18609082288@qq.com', 1, 'iqye6eceaa66ekmm6ytwijfqyxu7pi58'),
(290, 1, '2019-05-27 18:32:29', 420, 'wuyunni@163.com', 1, 'hjbg6fx4jmcfimqye602qmeh2m86u5h1'),
(291, 1, '2019-05-27 23:17:03', 422, '465239545@qq.com', 1, '0x5ai7uspfo22iuyrqepbzqaqy2ma8ue'),
(292, 1, '2019-06-05 09:11:48', 437, 'nadeemahmad_126@yahoo.co.in', 1, '6um6k7xqaqm64y6vut850u25upa0mq5x'),
(293, 1, '2019-06-10 09:34:26', 443, 'as7y@yahoo.com', 1, 'q266xbi6ueqakabible5xm22bqyq8uy3'),
(294, 1, '2019-06-14 16:59:31', 450, 'dfengineer@gmail.com', 1, 'bbtnaix6uiai6ugefgie226b6imi5w3i'),
(295, 1, '2019-07-01 03:37:39', 456, 'npfl75@yeah.net', 1, 'xeie722o2ymsmmbae92ntif6napmwoii'),
(296, 1, '2019-07-03 04:40:42', 458, 'yliu1198@vip.163.com', 1, '2lyyru6zzq6qi6zqaju6m6edh031vya1'),
(297, 1, '2019-07-03 07:20:42', 459, 'WXF.WP@163.COM', 1, 'e222creiiuq2phumuzn628ycysemyqmq'),
(298, 1, '2019-07-03 09:43:58', 460, '15365343364@189.cn', 1, '2ykgmjqya2iu0kjivey20um22arh2je2'),
(299, 1, '2019-07-03 11:49:22', 461, '12040277724@qq.com', 1, '2akpz6ea2uqigxlauy66kamedmin62r5'),
(300, 1, '2019-07-03 14:36:01', 462, '860460308@qq.com', 1, 'u4ev32qoxaocqy2me667hue4lwqowg66'),
(301, 1, '2019-07-03 18:02:13', 464, '646612820@qq.com', 1, '66fyq286sdzeuurwmap6y2dzi8ma86ae'),
(302, 1, '2019-07-03 20:14:33', 465, '907977032@qq.com', 1, '8saely256ilimi7021u6d62meaaanu4m'),
(303, 1, '2019-07-03 22:15:51', 466, '359754205@qq.com', 1, 'q2zm6ezmramyeuiiy2fmfe245edgwyyh'),
(304, 1, '2019-07-04 00:32:04', 468, '277831013@qq.com', 1, '6y28myq6mnemsqlhn8mqc6m90d6ieare'),
(305, 1, '2019-07-04 02:39:11', 469, '105636584@qq.com', 1, 'hyp6quam0yw6qjotiyuz4xiyuuuea7dy'),
(306, 1, '2019-07-04 04:52:48', 470, '15851632932@qq.com', 1, 'ru7ahayorveyum2v69dtmy7mmdg0iva3'),
(307, 1, '2019-07-04 07:26:41', 471, '13914939363@139.COM', 1, 'zuo6xpuqq2y2eemy2rqrexfsime2tynu'),
(308, 1, '2019-07-05 00:46:45', 473, '697399087@qq.com', 1, '8ef4iuife06mc9ay5e20y6dldeyuqm8p'),
(309, 1, '2019-07-05 03:07:28', 474, '1075866879@qq.com', 1, 'ckna3auze2m4duleibmmyy262gq9yqmy'),
(310, 1, '2019-07-05 05:25:54', 475, '34650609@qq.com', 1, 'iiisiamswuyqalmm4qym5o67i7qyrq3i'),
(311, 1, '2019-07-05 07:54:48', 476, '767910973@qq.com', 1, '6uzmmk269qqyyo3xcd2ayzu6cem7yc26'),
(312, 1, '2019-07-05 10:06:50', 477, 'dingzhihua2007@163.com', 1, 'ylm6ptmqnqbtqbmumobefo6yeaug4e4j'),
(313, 1, '2019-07-05 12:10:57', 478, 'sales@yxhnhj.com', 1, 'qefeypm233uq63a6mmyxsqiteivt5m4m'),
(314, 1, '2019-07-05 14:55:19', 479, 'wxjcclcn@126.com', 1, 'iiaiuuhegnuqo12wjyqcv6mia36uim3i'),
(315, 1, '2019-07-05 18:00:59', 480, '78435273@qq.com', 1, 'q186qyuui3yai0649jo96lmimefv92hp'),
(316, 1, '2019-07-05 20:07:41', 481, '15105202339@163.com', 1, '2a6aaqz6xmihyhmetmoumt28aiatdski'),
(317, 1, '2019-07-05 22:02:14', 482, '18052111659@139.com', 1, 'osj8iqqm3bux6tylrmy7gy4eamud69u5'),
(318, 1, '2019-07-06 00:04:06', 483, '15312650000@163.com', 1, 'c9uewiy8eeayqbem2qoiyqpimmee6id6'),
(319, 1, '2019-07-06 01:59:03', 484, '502043167@qq.com', 1, 'qy8liq6q62zk7mb0a9q4xwvep6u6eyac'),
(320, 1, '2019-07-06 04:04:38', 485, 'daisyyang@stc.group', 1, 'ueiumi2aimqiy661e589ipyi2u620qu8'),
(321, 1, '2019-07-06 06:20:31', 486, 'czsljd@163.com', 1, 'haobewm27ma65g2zmixirymq56se2aqb'),
(322, 1, '2019-07-06 08:37:06', 487, '38300861@qq.com', 1, 'ia5y6aeja3vlqfqxea3e6a5nu96uyiu0'),
(323, 1, '2019-07-06 10:37:17', 488, 'yingzhao24@creditease.cn', 1, 'a2i5y6zaatihymw6mr6q71yl2qlqouaq'),
(324, 1, '2019-07-06 12:31:38', 489, '417126598@qq.com', 1, 'qu3aiqiafum8fgfantur0ral8mi16yge'),
(325, 1, '2019-07-06 14:52:46', 491, 'jsdsgs@163.com', 1, 'ugu62amyz6deaiu2eqyavb2n2ahe2t2r'),
(326, 1, '2019-07-06 17:41:19', 492, '1309133793@qq.com', 1, 'uiquk2xlyisyss63yfay0ma2bir6evu2'),
(327, 1, '2019-07-06 19:36:29', 493, 'enquiry@jsdtty.com', 1, '62m06apu6giaua256ixeqwo920yqr8yi'),
(328, 1, '2019-07-06 21:14:40', 494, '996724337@qq.com', 1, 'yynqq3wqy2iefiaj96yi2qyuukmyuie0'),
(329, 1, '2019-07-07 00:41:41', 495, 'chang36971@163.com', 1, 'meia2p9qimg6522sue22tq6by6i7jaa1'),
(330, 1, '2019-07-07 02:43:28', 496, '3076283986@qq.com', 1, 'hm666ma98luvivxw6ugeme2yimrysas6'),
(331, 1, '2019-07-07 04:46:55', 497, '877170765@qq.com', 1, 'imm24uiiq8ya5aq43zsvanag6qy6frly'),
(332, 1, '2019-07-07 07:15:35', 498, '516900860@qq.com', 1, 'uh6antmik5ysa2pti92eitlc6mjkvyqi'),
(333, 1, '2019-07-07 09:25:59', 499, 'smyx-f@163.com', 1, 'ji3r2mi2uduixuyh6uaq2iu62m4aqumz'),
(334, 1, '2019-07-07 11:29:05', 500, '18451076790@163.com', 1, 'kie2d6tfqnyqeemtq6mqq3bays3y6y6m'),
(335, 1, '2019-07-07 13:28:43', 502, '605848363@qq.com', 1, 'q5zkeiebusiar2qe5yq8n2z2umamag6e'),
(336, 1, '2019-07-07 16:06:51', 503, '18796728197@189.com', 1, 'gt2mqghehtu9mmqn6um7yyewy0yuu21a'),
(337, 1, '2019-07-07 18:27:28', 504, '898729686@qq.com', 1, 'aaztqmuu7mmiy6a2xiymui3quawcm0aa'),
(338, 1, '2019-07-07 20:08:06', 505, '1363916818@qq.com', 1, '2ayuc36jvqkaif5l6uysg3u9w6q7yx4m'),
(339, 1, '2019-07-07 21:45:49', 506, 'saeed@asiandavinci.com', 1, 'y0uueumwm316jiuh6mbeyzmnfqq4rzfu'),
(340, 1, '2019-07-07 23:24:36', 507, '13902314175@qq.com', 1, 'qqs2bkv36m6y66u6oer2muqmeu3ic5qq'),
(341, 1, '2019-07-08 01:08:22', 508, '403134667@qq.com', 1, 'rkmqaykeiey6yumev6itnqx41a22p0c2'),
(342, 1, '2019-07-08 02:58:39', 510, '85525972@qq.com', 1, 'ey2oiegaii2ou6z7af2uuvyr2zl69bam'),
(343, 1, '2019-07-08 04:51:31', 511, '13951400007@163.com', 1, 'nl6meyfmlv9jye02newe96im9emdie3m'),
(344, 1, '2019-07-08 07:08:59', 512, 'Pro.arch@vip.163.com', 1, 'e6k5ieaqeuymujya1lrgr1yziunsiiua'),
(345, 1, '2019-07-08 09:15:50', 514, 'yajun@126.com', 1, '7my7rizyam4yb2jkumz1mn0ie8vt9e2m'),
(346, 1, '2019-07-08 11:10:49', 515, 'cdy65123@163.com', 1, 'mr6miyiadg2haoag4mqdaqty2mw2v12a'),
(347, 1, '2019-07-08 13:10:27', 516, 'jsblkm@163.com', 1, 'am7ql9i2mmsyiku2myr9k2ae2val1ae1'),
(348, 1, '2019-07-08 15:17:49', 517, '17312658657@sin.cn', 1, '6idm2a2a0ar60qjmbuey3qoaq0adanip'),
(349, 1, '2019-07-08 18:32:06', 519, '13400015266@163.com', 1, '5iiy2uv6vfbviyqiyii36iqdj6ufmehy'),
(350, 1, '2019-07-08 20:39:33', 520, '86825418@qq.com', 1, 'rmayeiepzq4c4ahq6mf6qz2uyy0ua6ap'),
(351, 1, '2019-07-08 22:48:33', 521, '418025076@qq.com', 1, 'qxga8fqnuq5aoijiuy3cy8m2uaaci0ue'),
(352, 1, '2019-07-09 00:59:51', 522, '1694087041@qq.com', 1, '6uq5mmaa0366121rauq62maui22ia6qq'),
(353, 1, '2019-07-09 03:25:55', 523, '791722591@qq.com', 1, 'e6khqeffiymn6uee6yhuq2q2u7qfyise'),
(354, 1, '2019-07-09 05:55:07', 524, 'dengying9696@163.com', 1, '22f2piz224a6a2yisahai28jotzi5pnm'),
(355, 1, '2019-07-09 08:42:12', 525, '13809080449@163.com', 1, 'e85eaaafrq6eurmuyod2maiq266aeuyy'),
(356, 1, '2019-07-09 11:32:57', 526, 'cy490490@126.com', 1, 'qksamrd9e2leq6tuuw6ynism2mua9eyt'),
(357, 1, '2019-07-09 15:37:01', 528, '15850947723@139.com', 1, 'mfykgwaoquruaopl5zxhnyeumakmc1ry'),
(358, 1, '2019-07-09 19:02:11', 529, '13539333598@135.com', 1, '4pl0kpir6wu7mieaqyzau32ommzuqqrh'),
(359, 1, '2019-07-09 21:16:22', 530, '13861352410@139.com', 1, 'le56qdqiyyommfuummveuelsidyxzara'),
(360, 1, '2019-07-09 23:31:05', 531, 'vshaojianbin@126.com', 1, 'f4vekbeme1px82ymyxkv7f2jyyu6yebe'),
(361, 1, '2019-07-10 01:16:14', 532, 'dingzhiguo126@126.com', 1, 'rqu4vmq6lhm5hqivtbezmc2jw6ioieus'),
(362, 1, '2019-07-10 05:11:02', 533, 'daniel@connection.cn', 1, '2euqtefclzje26uirmquimmyals6yu7p'),
(363, 1, '2019-07-10 14:01:24', 534, 'lshhf@nanhaibank.com', 1, 'u692eiq7piu2on3y4mca64qm962ya5s6'),
(364, 1, '2019-07-10 18:43:46', 535, '102045383@qq.com', 1, 'a1yyu2pjg492mv223mm2dhuuyumo8imz'),
(365, 1, '2019-07-10 20:39:59', 536, '654021462@qq.com', 1, '0yimreyuligbwmigmieec57qyilo6m2u'),
(366, 1, '2019-07-11 01:44:43', 537, '13551599333@139.com', 1, 'eunuesl2eqzqeik61ya3s66u76qus3yu'),
(367, 1, '2019-07-11 08:39:11', 538, 'zhongda758@sohu.com', 1, '6iqyauaaamaa6aovmkmaqi6y12za4p6r'),
(368, 1, '2019-07-11 18:23:10', 539, '529000563@qq.com', 1, '9m6vmjiuuecu2uimemiyxa428tygpaue'),
(369, 1, '2019-07-12 04:06:42', 541, '13952062079@qq.com', 1, 'ymamyylm2q6e8qa6en3rmo6mdafmaavq'),
(370, 1, '2019-07-12 06:16:38', 542, '287466872@qq.com', 1, 'uyy2nwamg29msr2ihyyx0qhdfiiimu6i'),
(371, 1, '2019-07-12 08:22:17', 543, 'zcb@v-grass.com', 1, 'iqb6nbeulef7ij6qwie6uwimsihyq5qa'),
(372, 1, '2019-07-12 10:58:35', 544, 'martificer@rambler.ru', 1, 'aea0o7a6qqa2qe1uuik4cbzcuymukbbe'),
(373, 1, '2019-07-12 10:23:47', 545, '526075132@QQ.COM', 1, 'ame3as6mlqa12wii7qeqaaqa7c6am622'),
(374, 1, '2019-07-12 12:20:43', 546, '563719714@qq.com', 1, 'mkqwvgab40ey267yl316i6kms5yifiyq'),
(375, 1, '2019-07-12 14:53:18', 547, '1814709786@qq.com', 1, '6ravene72rubybeeiae7gleylumumrc9'),
(376, 1, '2019-07-12 17:45:20', 548, '736063115@qq.com', 1, '2zxvmcimuuayqiyyhavaanrywiri2d2y'),
(377, 1, '2019-07-12 19:37:47', 549, 'xdkb@kuaibao.net', 1, 'yqu8geduux21igm6aquqbmi6u6n50iyu'),
(378, 1, '2019-07-12 21:19:13', 550, '2804871778@qq.com', 1, 'equpqb28q6i8vuqi4yu75uum80vmz46x'),
(379, 1, '2019-07-12 23:02:34', 551, '329607294@qq.com', 1, 'ie2a2l6w6kpwuk8mjaqao7dyyla2vbzt'),
(380, 1, '2019-07-13 00:51:36', 552, 'njdhkj@aliyun.com', 1, 'hjkb22au6m6eeu30k7aexqxeimpn1fmq'),
(381, 1, '2019-07-13 02:45:46', 553, '1974627549@qq.com', 1, 'i2oy9uqu6h642o2qie211uu2qmq2jkm2'),
(382, 1, '2019-07-13 04:00:22', 554, '15366062014@139.com', 1, 'yl5uzkiii28qum2j0ibiuuq6zr232cai'),
(383, 1, '2019-07-13 08:55:51', 555, '1312955662@qq.com', 1, 'aecuomi9s8wrims8brrup6oh8su6i6mm'),
(384, 1, '2019-07-13 16:47:15', 556, '16813054@QQ.COM', 1, 'rmnueaeq0ygmuyipfm6ya6yydyue126e'),
(385, 1, '2019-07-13 18:40:40', 558, '1350782282@qq.com', 1, 'ii6upeaz2nqd1miuxa22y5ea2rmu25d9'),
(386, 1, '2019-07-13 21:40:51', 559, 'ryszard.bednarek@op.pl', 1, 'xsrqc7ar6wqeyh6aqyny6iy5cym6i9aa'),
(387, 1, '2019-07-18 06:48:20', 563, 'hewittdelapuelba@gmail.com', 1, '2ciiay29iiev52i6qia6di0il8236u26'),
(388, 1, '2019-07-18 14:01:16', 564, 'lynneab565@aol.com', 1, 'wyualuduomymewe1mde20y625nqmuetq'),
(389, 1, '2019-07-18 14:43:28', 565, 'peterivcf@gmail.com', 1, 'q77famggya6ue05qpebykd7vmwqqqm1n'),
(390, 1, '2019-07-18 15:25:47', 566, 'manuman888@yahoo.com', 1, '4zaqzeyuyop92we4jarwt2gaenai8iuq'),
(391, 1, '2019-07-18 20:52:18', 567, 'mimi2many@sbcglobal.net', 1, 'am22pp7vymgu7t8z9iehem5meeadx2dz'),
(392, 1, '2019-07-18 22:11:54', 568, 'shermy_banister@yahoo.com', 1, 'ziyae6ewenjkeuzviermeb4zy2efq2e2'),
(393, 1, '2019-07-19 06:45:30', 569, 'battelgreen@gmail.com', 1, 'qt6eyu9e6kzityuuqy8kadul19urq87y'),
(394, 1, '2019-07-19 09:35:09', 570, 'skeiran@comcast.net', 1, 'tqdfdu5urmiriay9eiua6j3jmqqeqm2u'),
(395, 1, '2019-07-19 09:42:45', 571, 'sdgdhgjfj@outlook.com', 1, 'caaq6e0neaylq2a920ey6usu6e6qyxy2'),
(396, 1, '2019-07-19 10:13:56', 572, 'ami.n.alvarado@gmail.com', 1, 'ki2my7u25p4uwsu42ea6qa92qt1ekexm'),
(397, 1, '2019-07-19 10:16:06', 573, 'vinnyvents@yahoo.com', 1, 'uio2s2ifauaajseea4fqtom2aa72i24p'),
(398, 1, '2019-07-19 11:41:49', 574, 'indigo1219@yahoo.com', 1, 'l2hjeu969qqiq63w6jry1iyup7mui8mm'),
(399, 1, '2019-07-19 11:58:20', 575, 'angelhrn304@yahoo.com', 1, 'yqoyaiujqmsum6aumqhq2m6qry5262a3'),
(400, 1, '2019-07-19 13:21:27', 576, 'giacomarodriguez@aol.com', 1, 'a63q6kvia2pqyimuikcte242mmec6f3y'),
(401, 1, '2019-07-22 11:07:59', 579, 'emmottrv25phk@hotmail.com', 1, '6ogxdie2yl82smc7mqqha2yyi2uaurum'),
(402, 1, '2019-07-22 12:40:38', 580, 'thomkinsonbobby@gmail.com', 1, 'iviauo2ekq6moa6hyq6meiyeda26geq4'),
(403, 1, '2019-07-22 13:46:59', 581, 'slipknot4me@yahoo.com', 1, 'biuo961yukeiv6e2xxolsu2a2hxmoeui'),
(404, 1, '2019-07-22 13:54:58', 582, 'pj_jackson_210@yahoo.com', 1, 'oyaxgeoayq64a6iz6ieqt26qci28jryu'),
(405, 1, '2019-07-22 15:54:56', 584, 'groser36@yahoo.com', 1, 'syaumzqpai26uaiyugumrfitar2t9rme'),
(406, 1, '2019-07-22 16:16:09', 585, 'dpmrsgundy@yahoo.com', 1, 'aqd2m6m5ireon342yyltui2ati882m6q'),
(407, 1, '2019-07-22 17:08:09', 586, 'prtesrus@aol.com', 1, 'yi2dt8uq6he3mmycuxs5yg2vghaubfm6'),
(408, 1, '2019-07-22 17:10:52', 587, 'scara_a@hotmail.com', 1, 'qmveqqlmcf6iuhuz0aniyqei6nmau2l2'),
(409, 1, '2019-07-22 18:16:50', 588, '2sisters1932@att.net', 1, 'p6gy566wqy8i45ase0xgequixlumri2s'),
(410, 1, '2019-07-22 18:28:41', 589, 'dianakothapally@yahoo.com', 1, 'aciaeytha7bmwazyam766iuuuksu8i5m'),
(411, 1, '2019-07-22 19:33:19', 590, 'matthias828831@yahoo.com.hk', 1, 'y7miq1ma6fu3uy0mqy2l0uamp8lu32qa'),
(412, 1, '2019-07-22 20:42:36', 591, 'ocinpgh@comcast.net', 1, 'iauamiuqagavqoyce6y2zi6v3kcit9mr'),
(413, 1, '2019-07-22 21:21:18', 592, 'rheasunshine319@yahoo.com', 1, 'aumfv4u6t2e6e35we3buyeyiutqmt2qa'),
(414, 1, '2019-07-22 21:29:30', 593, 'evelinelm@gmail.com', 1, 'da2qesee1ys20r6yes142qeimiij2a2j'),
(415, 1, '2019-07-22 21:56:51', 594, 'dimmahenderson@gmail.com', 1, '2eitr6w2yri6reuue2upz2baemaau2uf'),
(416, 1, '2019-07-22 21:57:05', 595, 'oessister1995@yahoo.com', 1, 'iz9yheoty189qe5mj6hm2mmibz85yu6x'),
(417, 1, '2019-07-22 22:56:16', 596, 'xincer@att.net', 1, 'qu6k0yge3usq1a22cyweo62qr4q5ajie'),
(418, 1, '2019-07-22 23:25:10', 597, 'hastaranto@verizon.net', 1, '2dp6y7q6yl3iyzewuamhqe9a8iaugale'),
(419, 1, '2019-07-23 01:58:34', 598, 'emcintyre1965@yahoo.com', 1, 'u2wh6i653aa2pea26aecy2f6ae3mcwtx'),
(420, 1, '2019-07-23 10:20:32', 599, 'kthuynh86@gmail.com', 1, '26saa8uycmale24q4wyyxtmx6ex4mveq'),
(421, 1, '2019-07-23 10:21:22', 600, 'kimhuntadams@msn.com', 1, 'qyvqiw6gqaa51ied0w262ek12ri3zbwf'),
(422, 1, '2019-07-23 10:28:45', 601, 'ron@merlefm.com', 1, 'ib2utqbuey6e7iq5m0i2sy6eygrcy2ee'),
(423, 1, '2019-07-23 10:29:35', 602, 'gtemailbox-495t@yahoo.com', 1, 'i2amtywvzyeddieqvs09mmaqqtulinx2'),
(424, 1, '2019-07-23 13:49:33', 603, 'christieally@gmail.com', 1, 'iama24umy6eiui2cwoqmvzyjdaagwqyk'),
(425, 1, '2019-07-23 13:50:08', 604, 'dtheuret50@yahoo.com', 1, '3ym7eiayeqecy44usxmmzqeiiq6a2uad'),
(426, 1, '2019-07-23 14:47:50', 605, 'kungfucaptain007@aol.com', 1, 'uq8i2awi2664wby6ae1jlem8h2meu0pv'),
(427, 1, '2019-07-23 14:58:05', 606, 'khudson4986@aol.com', 1, 'iawm7qiqynkyi6k2txsceigxyeauyq6y'),
(428, 1, '2019-07-23 15:09:11', 607, 'amyhoog2002@yahoo.com', 1, 'mm8a6pqyuuju9i25eda65nu2iq5e21ee'),
(429, 1, '2019-07-23 16:56:50', 608, 'ameliacompton@hotmail.com', 1, 'r84yma63mauupv9qwmqoya0yi6mtqde6'),
(430, 1, '2019-07-23 18:01:12', 609, 'morreaaa@yahoo.com', 1, 'eju6acqgvaeyei7a3ez6mbmfuekmui6a'),
(431, 1, '2019-07-23 18:09:04', 610, 'duckyg11@aol.com', 1, 'utctm94m2uj5iquuiima2uhe7eqa1qm2'),
(432, 1, '2019-07-23 19:09:26', 611, 'voelkel1@att.net', 1, 'm25jyalidq6yim52xsc92m2cogem1nur'),
(433, 1, '2019-07-23 19:59:32', 612, 'vividevie@gmail.com', 1, 'ahe2ieqgbdty22qnummeai6mxxaw6aa8'),
(434, 1, '2019-07-23 21:26:09', 613, 'kibblette@att.net', 1, 'bqj29a802l2c4bam62uifl6qgay8yyma'),
(435, 1, '2019-07-23 21:49:06', 614, 'j.rivera98@yahoo.com', 1, 'y92qiq765imeqwlki2yi632qak8r74kq'),
(436, 1, '2019-07-23 22:17:45', 615, 'rvsalas@comcast.net', 1, '2yzeii7ao24yiig2imswu2u267q2uibi'),
(437, 1, '2019-07-24 00:08:00', 616, 'loreleits@sbcglobal.net', 1, 'aiqiy6maq4i2m23jwqgu9j2q6pnmh26e'),
(438, 1, '2019-07-24 01:41:52', 617, 'ciacia2003@yahoo.com', 1, 'g66sqmqqg3m132q6yfxxqoveofseai4y'),
(439, 1, '2019-07-24 02:58:24', 618, 'airamab@gmail.com', 1, 'ig2iey46qqe2429u2yyayblb6jqyjqeu'),
(440, 1, '2019-07-24 04:50:19', 619, 'cj.childers@yahoo.com', 1, '9myeuqaj369j70i2zttmeyweuqe0rnma'),
(441, 1, '2019-07-24 05:57:50', 620, '1234sake@gmail.com', 1, 'l2g6pi6i8i66hqeyq8sqhgsm8cyiyy7r'),
(442, 1, '2019-07-24 10:15:38', 621, 'npowilliams@yahoo.com', 1, 'aaz2ie22pal9m2i22s6yqnay6yaya4uk'),
(443, 1, '2019-07-24 11:21:48', 622, 'mhmeckl@aol.com', 1, '26uinsc6ecyjma6am6m6s0q4ioyeyewe'),
(444, 1, '2019-07-24 11:23:42', 623, 'guerita33@aol.com', 1, 'ya2ymeyyqes3yteh2ul6imm66uvou06p'),
(445, 1, '2019-07-24 13:31:21', 624, 'deniseharden@cox.net', 1, '2ieam6szk6mhqgqnuem6ujfie8uq92uf'),
(446, 1, '2019-07-24 17:00:39', 625, 'eleyt@aol.com', 1, 'hu6y2smho6psajiupr5q0a6i276hfjv5'),
(447, 1, '2019-07-24 19:51:47', 626, 'janet.weyand@att.net', 1, 's63aquekdaymje66n5gm89awzaeumwaq'),
(448, 1, '2019-07-24 20:00:47', 627, 'spenc84@gmail.com', 1, 'a1eojupaimy2aj8mgsald0en3ma6fqy2'),
(449, 1, '2019-07-24 21:34:41', 628, 'natalietx@att.net', 1, 'aw6m2uvhmucyfm2e2o1i6q0l3y7i6ywh'),
(450, 1, '2019-07-24 21:58:02', 629, 'jjdeut@gmail.com', 1, 'ylzuuiqua29t8qm55cluaamfyd5jq6q6'),
(451, 1, '2019-07-24 22:12:08', 630, 'andy.m.townshend@gmail.com', 1, 'qvfua9b2qv4qwegmmmsyy6mt33afemzw'),
(452, 1, '2019-07-24 22:57:03', 631, 'j06cece@yahoo.com', 1, '9em22ix1aij2eeq2ueylyaib69u8eimq'),
(453, 1, '2019-07-24 23:50:19', 632, 'gatordawg88@yahoo.com', 1, '9ysiu5xe9kxqy6m6up4wqyy20iimwr7j'),
(454, 1, '2019-07-25 00:09:46', 633, 'meiyanha@gmail.com', 1, 'u6qyaq1mi0w2amaime2f2qytzzmyqmyv'),
(455, 1, '2019-07-25 00:39:53', 634, 'ap.medstudent@gmail.com', 1, '2yu4q2mmim662e8q6vin2dvu7qcy5v6q'),
(456, 1, '2019-07-25 03:34:09', 635, 'urbanrootsdc@windstream.net', 1, 'qn9obsau2cq2em2eesq6zmi7qjtq6u9a'),
(457, 1, '2019-07-25 03:46:10', 636, 'mmuse82@comcast.net', 1, '64layu6e6j9lu5p4baqqm26oj2qnpie1'),
(458, 1, '2019-07-25 03:56:52', 637, 'sonyacrystalleehamilton@yahoo.com', 1, 'su2itm2ct2myica7daeq267maae2a66u'),
(459, 1, '2019-07-25 04:02:32', 639, 'wesleyub5rt6d9u@hotmail.com', 1, 'ek8n6m86uf5d42i2emm5qhqugm0hjmim'),
(460, 1, '2019-07-25 04:22:48', 640, 'bgb816@aol.com', 1, 'm9qeeabjin4uult6i2jaeceu1yfm6uia'),
(461, 1, '2019-07-25 07:34:17', 641, 'saffaedwardbobor@gmail.com', 1, '1woyuqq3oaminues8i7a223imzqncu4s'),
(462, 1, '2019-07-25 07:35:31', 642, 'nutrajus2006@yahoo.com', 1, 'vyb49e6meueuwmy5muvauxmak2d2mayq'),
(463, 1, '2019-07-25 07:40:13', 643, 'heysus63@aol.com', 1, 'jaayziayryafwmm2m2mym7igqadaam4i'),
(464, 1, '2019-07-25 10:24:11', 644, 'valaya@sbcglobal.net', 1, 'inuajteq7v9imiv26uiyviem6bui6g1m'),
(465, 1, '2019-07-25 10:36:12', 645, 'smcgeachy-jreed@msn.com', 1, 'u6wqui2eyqx6y0vqj6626qabjik1iyi2'),
(466, 1, '2019-07-25 10:48:42', 646, 'abailey4@charter.net', 1, '6uaalmud27ywpyziqaqegq26qwe7uemq'),
(467, 1, '2019-07-25 10:54:15', 647, 'kennethkyle.kk@gmail.com', 1, 'zz2vqictmuc6mei68av6y6tyumqaa2rx'),
(468, 1, '2019-07-25 11:11:48', 648, 'abdavis1118@yahoo.com', 1, 'haq2l6udkqix6yuf72m42m6wmi2iuyp2'),
(469, 1, '2019-07-25 11:56:03', 649, 'j.bradyjr@comcast.net', 1, 'eymi8eoie2ae8t22yue3s1tqiumajiil'),
(470, 1, '2019-07-25 13:12:11', 650, 'mrwitt45@comcast.net', 1, 'aqii2e6kybiqemq92fmqiuaa26p673pq'),
(471, 1, '2019-07-25 13:34:38', 651, 'jlsmithdamon@gmail.com', 1, 'zw0iuqq6otemfazqe8ag5eyy2e268q2j'),
(472, 1, '2019-07-25 14:13:49', 652, 'engler878@att.net', 1, 'ma8jeee526ilbquueu2wtya26qea62u0'),
(473, 1, '2019-07-25 14:38:03', 653, 'gocards74@att.net', 1, '36qd6aqu2qm2puolqbt2uiueq26ilo2p'),
(474, 1, '2019-07-25 14:39:21', 654, 'dannyjackson2529@yahoo.com', 1, 'vq26u66u7vmd2v6ifdqeqp0iamfas6zz'),
(475, 1, '2019-07-25 14:41:30', 655, 'jodee1981@gmail.com', 1, 'zinl3tz18ig5gq6y6piium26auqy6aw2'),
(476, 1, '2019-07-25 15:36:31', 656, 'soccersteven11@gmail.com', 1, '2nsees5iiyki8s2uqph42z622inqailc'),
(477, 1, '2019-07-25 16:18:40', 657, 'victoriasboutique@att.net', 1, 'luhk6maerlja2sey2bh2iavug46m5mii'),
(478, 1, '2019-07-25 16:42:38', 658, 'olalak_lui@yahoo.com', 1, 'm1e1ieaztzvrauytyqybmrmtq6caayuc'),
(479, 1, '2019-07-25 16:56:41', 659, 'relo2nj@aol.com', 1, 'aagmxye6yq6eselo2y646uk3pse6iq2w'),
(480, 1, '2019-07-25 17:36:50', 660, 'keithawashington@yahoo.com', 1, 'fba6e61y2u6mquxum2ocujcfnjewuelk'),
(481, 1, '2019-07-25 17:52:35', 661, 'tsnuff@gmail.com', 1, '1nea694u26mm1aweqq2q26euukrqn5q2'),
(482, 1, '2019-07-25 18:31:52', 662, 'markbreit@online.no', 1, 'i6a26qqfpld22yyvv3of9eihl26euy2o'),
(483, 1, '2019-07-25 19:05:18', 663, 'craigandsheila@bellsouth.net', 1, 'amueul76ec42i0heebdem2ngu5qgtii6'),
(484, 1, '2019-07-25 19:30:15', 664, 'xxjuanita14xx@gmail.com', 1, 'i4euyymmmyc26ukem2x1iauvt26y81qq'),
(485, 1, '2019-07-25 20:43:54', 665, 'peepsy_014@hotmail.com', 1, '666i2mmyw2ubuayq6pyeb6vqi8quaiqq'),
(486, 1, '2019-07-25 20:56:28', 666, 'hoodb74@yahoo.com', 1, 'qmk32bauyz2eiu56pcyqacy25mcuasiu'),
(487, 1, '2019-07-25 22:00:33', 667, 'lucianeoliva@hotmail.com', 1, 's6it6vkqfmnv7622226y2cywz7aeyvq2'),
(488, 1, '2019-07-25 22:24:49', 668, 'paola.fusaro@euroimaging.it', 1, '2pq33yyu2h9iy7ef9e377eripyya2e5s'),
(489, 1, '2019-07-25 22:43:35', 669, 'tomtheduck2014@gmail.com', 1, 'mczwg2u2mxm21a2jqfymumxi2e2u7myr'),
(490, 1, '2019-07-25 22:44:35', 670, 'lmsingleton@mediacombb.net', 1, '2igyyuuks6omuiqqguvpfo6humqmima4'),
(491, 1, '2019-07-25 23:13:19', 671, 'newnhammoshe3@gmail.com', 1, 'umqwqu066cuaulixke2u3qlaay223pua'),
(492, 1, '2019-07-26 00:04:01', 672, 'kimberlyrcubero@hotmail.com', 1, 'k2amys4qyy6qt126zymbsyaiq227j542'),
(493, 1, '2019-07-26 00:17:06', 673, 'mperegrina@comcast.net', 1, '6izm85uu2cugehqix0l6v00ae606xhmu'),
(494, 1, '2019-07-26 00:29:20', 674, 'mannun@comcast.net', 1, 'amceb566taeymyxaqt6wjwq2226ay1ld'),
(495, 1, '2019-07-26 01:21:20', 675, 'wellsrk@yahoo.com', 1, '4imu22qo253aqemmmwji266v3ciuxa2e'),
(496, 1, '2019-07-26 04:27:41', 676, 'nb1anmlvr@hotmail.com', 1, '8l6awz88anqdu2vqra2auo7qi6uxa36y'),
(497, 1, '2019-07-26 05:42:04', 677, 'kate117@rocketmail.com', 1, 'mma3ea2a2gqtzy22qu7xoumaxj3z26q2'),
(498, 1, '2019-08-02 10:04:42', 683, 'v.massotte@hotmail.fr', 1, 'yw8i4m2mzraanif0g7r0m2u2aaqm29i6'),
(499, 1, '2019-08-13 07:41:57', 694, '1322458318@qq.com', 1, 'dqueadui5yxwewi3m4p0henm0ayxaou7'),
(500, 1, '2019-08-13 09:47:43', 695, '562903713@QQ.com', 1, 'qaem3aiy6aj6ouydr1eeaymd2spqeref'),
(501, 1, '2019-08-13 11:51:40', 696, '1249932842@qq.com', 1, '2l3xeqq262yeumqe9qbqmews2i68q5ya'),
(502, 1, '2019-08-13 14:00:18', 697, '17296096888@QQ.COM', 1, 'mu7u5ipfuflhpuqbyhigrbii662y1u4d'),
(503, 1, '2019-08-13 16:19:20', 698, '939421420@qq.com', 1, 'oxamdouompem0oigwemeyva2xyyyqry2'),
(504, 1, '2019-08-13 18:22:14', 699, 'dingliwuye@sina.com', 1, 'ksi93qu8yiie1ioiq2t6d40mlfyiiiza'),
(505, 1, '2019-08-13 22:13:44', 700, '1170673491@qq.com', 1, '6mggm3q2jhqipyhmeqm2x0e69qmb7fmm'),
(506, 1, '2019-08-14 00:11:01', 701, 'bjydqx@163.com', 1, 'qaynmlqaw6ij4q66m27ieeie6eleoymi'),
(507, 1, '2019-08-14 02:10:17', 702, '457850232@qq.com', 1, 'u6aqamifa3oewzre23mu66m5fm86k26n'),
(508, 1, '2019-08-14 04:14:06', 703, 'sightplan@126.com', 1, 'mac6yupcirq1mqhd3e29240p10bj27mk'),
(509, 1, '2019-08-14 06:37:45', 704, 'zhuqq@aoyou.com', 1, '9a67amqhy1mggaamduo91i72kezmeleu'),
(510, 1, '2019-08-14 08:50:18', 707, '13810137320@126.com', 1, '64aq3lim6i26ky6eqmfeuu6qquhie6mq'),
(511, 1, '2019-08-14 11:02:03', 708, 'tiannig601@126.com', 1, 'ai21iqyyku2mm2aeywiqqe7226bm6u6m'),
(512, 1, '2019-08-14 13:17:48', 709, '13701110589@139.com', 1, 'faeq2eaq6ya61iu7um29285i2qyeimuy'),
(513, 1, '2019-08-14 15:52:58', 710, 'wuyumiao166@163.com', 1, 'j6ageyyne7r2k668ainweimumhykci76'),
(514, 1, '2019-08-14 18:11:19', 711, 'wanxiling@sian.com', 1, 'yeai6widyrsfenmmmamxqu5mpniqu2pa');
INSERT INTO `sgp_newsletter_subscriber` (`subscriber_id`, `store_id`, `change_status_at`, `customer_id`, `subscriber_email`, `subscriber_status`, `subscriber_confirm_code`) VALUES
(515, 1, '2019-08-14 20:07:06', 712, '704660917@qq.com', 1, 'qvyxmqckwsa1czi7k2te3e268uejgqmy'),
(516, 1, '2019-08-14 22:01:19', 713, '13810034586@139.com', 1, 'tqtgdtyxgyagaaembyeu0ahe2idqzqpm'),
(517, 1, '2019-08-14 23:58:13', 714, 'manage@zkingcai.com', 1, 'ixem2vw246ay76aq635neiy226uly2tq'),
(518, 1, '2019-08-15 01:54:15', 715, '540626267@qq.com', 1, 'yqui5a5myirdiakmee81amjlyey6ag6s'),
(519, 1, '2019-08-15 03:56:47', 716, 'zhanning.zhang@dataful.cn', 1, 'q3t0yxtv1wimca6ihias8qmm1qk1at27'),
(520, 1, '2019-08-15 06:12:23', 718, '1277840241@qq.com', 1, 'mwxgy066qa5ye6j8cteru1v3umc2c8ya'),
(521, 1, '2019-08-15 08:35:10', 719, '37760349@qq.com', 1, 'c22um9snayywyf5qsay2a9eqqqqmmlpd'),
(522, 1, '2019-08-15 10:44:44', 720, 'shuangao888@sina.com', 1, '2meqw62oxscmq2mzhgve5uyq2e6sya62'),
(523, 1, '2019-08-15 12:54:18', 721, '15011272088@126.com', 1, 'euimeyqm6yefiiqefq6bjiyqqiu6eycz'),
(524, 1, '2019-08-15 15:20:23', 722, '4616@qq.com', 1, 'xiyxiuv23u572aquwyyaym0i9ymqnapw'),
(525, 1, '2019-08-15 17:44:00', 723, '861648893@qq.com', 1, '2osl6tiyaqxsetn5i6s7umufui6dqqb6'),
(526, 1, '2019-08-15 19:37:33', 724, 'yyyzlt@yeah.net', 1, 'qqqme29iyab01om61ieya3hsi6cabia9'),
(527, 1, '2019-08-15 21:22:16', 725, 'hardwork@vip.126.com', 1, 'niee2i2b5wmemmi966her06xuyaq9yjm'),
(528, 1, '2019-08-15 23:07:41', 726, 'bjchuangsiheng@163.com', 1, 'iioayiuw7j6yyiqieajidqmyo3uy7m63'),
(529, 1, '2019-08-16 00:57:10', 727, '907989493@qq.com', 1, 'a1212imexfye7egruqlurmy6eupyq3rg'),
(530, 1, '2019-08-16 02:55:49', 729, '547358838@qq.com', 1, 'imaiwiyamyweq1sf75vmqrcrveh6idav'),
(531, 1, '2019-08-16 05:23:17', 730, 'rrwrz99@163.com', 1, 'ylkauye7gi66eiibb0uim6yqrs1ii662'),
(532, 1, '2019-08-16 07:59:04', 732, 'tengxiaomei777@126.com', 1, 'yx6km2pqn80o6127deilqi9yra7miij2'),
(533, 1, '2019-08-16 10:24:47', 733, '532177122@qq.com', 1, '6qeln6qja66uyylm65jqb2aq2iaweesq'),
(534, 1, '2019-08-16 12:38:09', 734, '361727523@qq.com', 1, 'yh2i2aabyqn7eeiyu0mqymo6ayniy2ea'),
(535, 1, '2019-08-16 15:02:12', 735, '464677732@qq.com', 1, 'aqyiea6qyt61v2yy6mugeifuuuya4aa2'),
(536, 1, '2019-08-16 17:49:53', 736, 'chengzhixue@263.com', 1, 'q9iu08q1da9iy6em6hakma9l31870zuy'),
(537, 1, '2019-08-16 19:59:43', 738, '111164411@qq.com', 1, 'apyq820uz6qiy2q6yqy63iqouemqeiqq'),
(538, 1, '2019-08-16 22:00:11', 739, '15650736072@163.com', 1, 'yyquxp4joqea6q666ie6zj822aux62mm'),
(539, 1, '2019-08-17 00:05:01', 740, '525660126@qq.com', 1, 'my84oym6rqy7ma1y1apyp2mam6fl6iyq'),
(540, 1, '2019-08-17 02:23:49', 741, 'jiajianong2013@sina.com', 1, '3zo2y9ae2uu8ecmqimm66t2ai17ttqrd'),
(541, 1, '2019-08-17 04:41:57', 742, '51452273@qq.com', 1, '356imueymuiyqyciaf2xagl7qsm66uqj'),
(542, 1, '2019-08-17 06:54:58', 743, 'xiaoyan.hu@skystone.com.cn', 1, '2mhrmbbqht6i2msu596bmic8gdaj2a3a'),
(543, 1, '2019-08-17 08:47:44', 744, 'amzagato66@gmail.com', 1, 'r5wquyyqmixql2qmeueuiqquaqq2e19u'),
(544, 1, '2019-08-17 09:17:29', 745, 'tzjz@vip.qq.com', 1, 'iy0iem6dulh6vmh5eysuiymyiermef62'),
(545, 1, '2019-08-17 11:30:12', 746, '2285780263@qq.com', 1, '29e7qmactphte2vt2h79qyda2vqa69ve'),
(546, 1, '2019-08-17 13:52:31', 747, '15910992306@163.com', 1, 'iuacaunyii276q6zdqc2qmiqye6unfme'),
(547, 1, '2019-08-17 16:20:06', 748, 'zhongkai76@163.com', 1, 'q9m2v7u2tw2ijdmem6yeofeec69mesvq'),
(548, 1, '2019-08-17 18:28:45', 749, '18031168771@126.com', 1, '5ehyqf0eyspaxsat0zyfo2ycenqnuym2'),
(549, 1, '2019-08-17 20:18:34', 750, 'tulip1214@163.com', 1, 'yglxqykau3miaeqq6imeku6a6ez9df85'),
(550, 1, '2019-08-17 22:01:36', 751, '15711309285@163.com', 1, 'eyu252i2a2g6jyhqu6qx6bys2s1ceym5'),
(551, 1, '2019-08-17 23:50:27', 752, '2022492985@qq.com', 1, 'udy7e5mq2kebyaqob3ii54gm3e1f22im'),
(552, 1, '2019-08-18 01:46:50', 754, '11j@qq.com', 1, 'auiulzueq9td6i7j76ulyteoimm6mq7l'),
(553, 1, '2019-08-18 03:53:50', 755, '596716875@qq.com', 1, 'e70iqi3sy6eg2u62a2i9mv21c56ueuvy'),
(554, 1, '2019-08-18 06:01:58', 757, 'asan-ad@hotmail.com', 1, 'eyq6ammqfu24qnq2ae4mmieyqeuyq64u'),
(555, 1, '2019-08-18 06:45:55', 758, '1486190338@qq.com', 1, '6bmm6unaayf72ytaagqyy2tuuayy3ay2'),
(556, 1, '2019-08-18 09:20:49', 759, '2433163914@qq.com', 1, '6nhaau0c62amiu62tuge6q96uug9em5w'),
(557, 1, '2019-08-18 11:41:58', 760, 'gaowensheng501@163.com', 1, 'aoyu7ar6hmcdm6uc866yy2f2h6eayy46'),
(558, 1, '2019-08-18 14:21:46', 761, '2735025979@qq.com', 1, 'ydrq6ky2w2p4mqq6yp9mfijwm0mwhg6y'),
(559, 1, '2019-08-18 17:03:46', 762, 'yanshiwork@sina.com', 1, '374eysl2i6aqeqk1sya2gwauub022x66'),
(560, 1, '2019-08-18 19:18:55', 763, '328956976@qq.com', 1, 'ueie6emia2ygi44qseiz0uut6ynd2a0i'),
(561, 1, '2019-08-18 21:23:53', 764, '13681515768@126.com', 1, 'amqgai2t5yu247y5ymh66216imeguhxt'),
(562, 1, '2019-08-18 23:31:41', 765, 'fuyuanbida@163.com', 1, 'u5yvsmiu72q2iuileeeiipxa7qc606um'),
(563, 1, '2019-08-19 01:41:01', 766, 'shengshilongyuan@sina.com', 1, '9iz2iim1e46maq2vu2i6ah2y66iqkvn2'),
(564, 1, '2019-08-19 03:54:03', 767, 'bj@photomechina.com', 1, 'a6uujtu2agkeacfgl55iy1uayncqrwtb'),
(565, 1, '2019-08-19 06:22:18', 768, '296071818@qq.com', 1, '6mpqa6umsaot2yaiqywufzyutmm66m3l'),
(566, 1, '2019-08-19 08:55:40', 769, '2493119562@qq.com', 1, '2iy0fqnpu2t2ecmu206cu9attycmqv2q'),
(567, 1, '2019-08-19 11:25:49', 770, 'wangwei@linkdt.cn', 1, '2tmake6uqqtqmi62me6yu065v2qr2ae6'),
(568, 1, '2019-08-19 14:03:39', 771, '382139334@qq.com', 1, 'yu3uh7ecztuhmls86ym06au2yasuaiy6'),
(569, 1, '2019-08-19 16:49:39', 772, 'zpct@qq.com', 1, '2hmlpyhtc2laq27ameyrd5m8qmeaumru'),
(570, 1, '2019-08-19 19:08:21', 774, '15652345550@163.com', 1, 'h93q92ypqawl82q6itql6pe69c6uoeyd'),
(571, 1, '2019-08-19 21:18:44', 775, '13910090951@163.com', 1, 'mqcy1wftpap1e891ueyykupoeyp80ae2'),
(572, 1, '2019-08-19 23:30:10', 776, 'bjtiandixiangrui@163.com', 1, 'qvo6y9feq2oa2w61rmafeym6u2yczym6'),
(573, 1, '2019-08-20 01:44:18', 777, '1047653935@qq.com', 1, '2epsa22uz2ecpnmqyuquin56ieuea7xo'),
(574, 1, '2019-08-20 04:04:14', 778, '1034071605@qq.com', 1, 'yyfaq263p26euxyefyhqxey8y6y2aaux'),
(575, 1, '2019-08-20 07:20:53', 780, 'gaodengli@cwtc.com', 1, '0qoifqemke6i022aq1mdujjoyq8am2qt'),
(576, 1, '2019-08-20 10:48:05', 781, 'tomfan18@163.com', 1, 'aya9iy4mih6icm3mapmiaq2iaq0xeme4'),
(577, 1, '2019-08-20 14:22:51', 782, '18911553322@126.com', 1, 'aya23yyefmythqvns6m2uiijy8iqh0im'),
(578, 1, '2019-08-20 17:52:47', 783, 'maqin@rzmed.cn', 1, 'u6rcpisihyahtmuu4yu22ljjxuqr6rmx'),
(579, 1, '2019-08-20 20:56:36', 784, 'zhihuihuanwei@sina.com', 1, 'j9q6tye6eajmtyirqyiyvi3yeu2dimfd'),
(580, 1, '2019-08-20 23:50:06', 785, '447820812@qq.com', 1, '3mt6auo29qgaiqgmaqeuxdu7asu2eqiq'),
(581, 1, '2019-08-21 02:51:50', 786, '13601146482@163.com', 1, 'meiea6i6miahe2ey3aubzamae0gjeisi'),
(582, 1, '2019-08-21 06:10:23', 787, 'UPS0086@126.COM', 1, 'iur6ie9yiu9tm6uqau717gbpe2auhi72'),
(583, 1, '2019-08-21 08:11:47', 788, 'huifengguangyuan@163.com', 1, 'miat6amiaaaevdueqqq2ifsgrqylyew7'),
(584, 1, '2019-08-21 13:26:37', 791, 'karol@jolly.plus', 1, 'm2y5yeki2a2uqmayu2ai2j0tcmp6y70e'),
(585, 1, '2019-08-21 18:45:46', 792, '13640206921@163.cOm', 1, 'my7560zaqf2aqwqcummq643myne7lcmi'),
(586, 1, '2019-08-21 23:58:24', 793, 'oudini008@163.com', 1, 'a6aeabb8qvmz2uxmir6ybumy0lixq62a'),
(587, 1, '2019-08-22 14:16:03', 795, '136144866@qq.com', 1, 'mj1a67ujut9i2r9m22f1o64mu2yql6mz'),
(588, 1, '2019-09-27 10:26:37', 805, 'Nspari25@gmail.com', 1, '6q7teiq6bc6lsi0yciuewny6mmbipeh6'),
(589, 1, '2019-09-02 07:21:31', 811, 'annharrington7150@gmail.com', 1, 'm66u66qie2qqimdm1nmnddqp1q2aea6a'),
(590, 1, '2019-09-02 07:51:10', 812, 'anupkrsna108@gmail.com', 1, '22myeeycm7ymkameixmbqvaiewrm8yd2'),
(591, 1, '2019-09-07 23:49:42', 824, 'fredericamccarthy8196@gmail.com', 1, '04hqryeahim2uveiib6y6iqu1u0mu6ex'),
(592, 1, '2019-09-16 14:50:20', 833, 'nspari25.ns@gmail.com', 1, 'y8iue9oymiq2lmaiicie92nu8nieeymm'),
(593, 1, '2019-09-16 15:37:10', 834, 'oxana_babina@mail.ru', 1, 'e6ayqmwsvx6qn66ma21aul9u5ui6va20'),
(594, 1, '2019-09-19 07:26:29', 838, '13597391771@139.com', 1, 'e2hpuiqeamyqplmuwie6w2memebw96o4'),
(595, 1, '2019-09-19 09:51:27', 840, 'developer@sandboxgame.cn', 1, 'xs6s62ihq7e2uyq65jcam96unssd2ife'),
(596, 1, '2019-09-19 12:08:45', 841, '710968857@qq.com', 1, 'xricmxatmja6uzwtyyuyequfmq8pe2vy'),
(597, 1, '2019-09-21 04:24:35', 842, '17762556726@189.com', 1, '1ld0w9qe39m3e7aqyiz97ruaqezfeay5'),
(598, 1, '2019-09-21 06:57:49', 843, '1820419262@qq.com', 1, 'iqxl6ymr22sfyq9y6zweqhu04quaeauf'),
(599, 1, '2019-09-21 09:17:20', 844, '570564803@qq.com', 1, 'reiy602e120y4396b22u2iaxq266feaf'),
(600, 1, '2019-09-21 11:33:15', 845, '928358265@qq.com', 1, 'aimgxdkeihb6uexlnuim1yw2xyttvgw9'),
(601, 1, '2019-09-21 14:19:48', 846, '173354760@qq.com', 1, 'lqm6cauy6wzyq6aax3qvbdvuylyli2ue'),
(602, 1, '2019-09-21 17:25:10', 848, '1147774802@qq.com', 1, 'ymamy6iaeileerpmyaf6maq6lk1ia2az'),
(603, 1, '2019-09-21 19:27:13', 849, '297432054@qq.com', 1, 'aj6iuyim7qieryeeyfxmabyqm9xa2m05'),
(604, 1, '2019-09-21 21:13:04', 850, '871862378@qq.com', 1, 'ujuycume25r3ye36quzb3bpuqd63yvbe'),
(605, 1, '2019-09-21 22:59:12', 851, '396411620@qq.com', 1, 'e6ed6g2y2uuyclhzuaymmao6q8q4q6w9'),
(606, 1, '2019-09-22 00:56:56', 852, '15138241888@163.COM', 1, 'ze4cyy8g6a6aiuq4cqse36yx2aq64ha5'),
(607, 1, '2019-09-22 03:08:13', 853, '506449269@qq.com', 1, 'pcb08tea1yahupy3e6uauo2uqmiyw66o'),
(608, 1, '2019-09-22 05:31:58', 854, 'jiaying.liu@youmifinance.com', 1, 'i02yoiaubyias1uh8iemm7q2qms7a124'),
(609, 1, '2019-09-22 08:04:30', 855, '13603503343@163.com', 1, '8yaauyumqigia6ymk2tecemilniio67c'),
(610, 1, '2019-09-22 10:35:25', 856, 'du-an-gang@sohu.com', 1, 'e6imqg2l3xeqy5aqas22a0g161di7ymt'),
(611, 1, '2019-09-22 13:00:43', 858, '981440899@qq.com', 1, 'p9uq9fi46iiia6s5a6qi8hbyaaizi6nq'),
(612, 1, '2019-09-22 16:05:39', 859, '3167073235@qq.com', 1, 'wqui3hjjrfnee2iuiqumqap66nboyaje'),
(613, 1, '2019-09-22 18:30:22', 860, '15539396554@139.com', 1, 'ieiiq7aiasytm6ul6ae26w86smcxni12'),
(614, 1, '2019-09-22 20:16:32', 862, '330774502@qq.com', 1, '26a3myn2qld1n1buyu3iiekuae6i8qum'),
(615, 1, '2019-09-22 21:59:38', 863, '1049571680@qq.com', 1, 'vz6leqnym1875sumyyvbaqi24qce6aue'),
(616, 1, '2019-09-22 23:50:19', 864, '953257501@qq.com', 1, 'iouqbhebugk991qaiw96ehyrwoq9lu65'),
(617, 1, '2019-09-23 01:46:02', 865, 'songxiao123@163.com', 1, 'u1iusqveqqygqqa2cqe624hyautjeeae'),
(618, 1, '2019-09-23 03:44:01', 866, '378941787@qq.com', 1, 'aediuu3jemcei2ubyq6giqmdm6wepmay'),
(619, 1, '2019-09-23 05:59:57', 867, 'wj18@gf.com.cn', 1, 'acw22uubssaqfm3enssr6quw8erugiz6'),
(620, 1, '2019-09-23 08:14:58', 868, 'cyhjgs@163.com', 1, '6056squ3ym0ayj822eq68n2m4ay2mzqq'),
(621, 1, '2019-09-23 10:41:44', 869, '15023086409@163.com', 1, '0nlwe2y5uauyqq2ki6i6mwtojoqqaaga'),
(622, 1, '2019-09-24 08:13:58', 871, '13636051886@163.com', 1, 'iyu7s82hm8vmudie2nq24q6za26qxa6q'),
(623, 1, '2019-09-24 10:54:52', 872, '13853919389@163.com', 1, '4aykaickpuigzeiameaqxmuy5q2mqqyu'),
(624, 1, '2019-09-24 13:47:31', 874, '475421762@qq.com', 1, 'ma6cbenpi2v28rffiee90brlq1ekonpq'),
(625, 1, '2019-09-24 17:05:45', 876, '1115422616@qq.com', 1, '2pes1m12ji2hu2wdru3qkaqqjieuoiiu'),
(626, 1, '2019-09-24 19:20:31', 877, 'huashengsuzhou@126.com', 1, 'unaup63menu6qm6meqqz8ue2ijcrzmuy'),
(627, 1, '2019-09-24 21:16:46', 878, '2931036286@qq.com', 1, 'i0qqiuequjy75gqaad22af26iix66gea'),
(628, 1, '2019-09-24 23:21:10', 880, '447423927@qq.com', 1, 'zmcmd78tywou1vkgeri6iqi72mno8ey7'),
(629, 1, '2019-09-25 01:31:31', 881, '13422221211@163.com', 1, 'uaen6bzc6fiamimia2inka8i2abq9iye'),
(630, 1, '2019-09-25 03:46:48', 882, '410859675@qq.com', 1, '7ep7are1edmtqq6vkum4iiy8ym2yxiqt'),
(631, 1, '2019-09-25 06:03:20', 883, '330557422@qq.com', 1, 'emzc9j2sahybyxmpiuwjeo5a0clmm5jq'),
(632, 1, '2019-09-25 09:16:19', 884, '2664126351@qq.com', 1, 'yhubp1kqiypr0fm3emi2m1u9qee8alj9'),
(633, 1, '2019-09-25 12:14:05', 885, 'heshouhuakang@163.com', 1, '6znaauadk103ri6ymmy3yu2q2y06y304'),
(634, 1, '2019-09-25 16:04:13', 886, '510437311@qq.com', 1, 'yay26niaaxu2w2muvuv1waakukgerqb6'),
(635, 1, '2019-09-25 19:08:41', 887, '120521863@qq.com', 1, 'liqju92yu608q62quq3qeey8muriuuxt'),
(636, 1, '2019-09-25 20:58:36', 888, '280973432@qq.com', 1, '0m5qyu2imzyeqqelu16zux66o2yakeu2'),
(637, 1, '2019-09-26 00:50:48', 889, 'dhl188@163.com', 1, 'qaar2dqz9ue38ygu82era262qye20rng'),
(638, 1, '2019-10-02 16:52:06', 913, 'nftt355@163.com', 1, 'm1aia52a8pmuyeuhofq62xq3uaeye9he'),
(639, 1, '2019-10-03 10:25:06', 917, 'ashish1978@hotmail.com', 1, 'wdqtmilm2b22mxo236u25uq6q4y2gdpr'),
(640, 1, '2019-10-10 10:24:07', 949, 'bankseustacia@gmail.com', 1, 'a24q4wfp2yy2t2jetmaaiezt9u6wipia'),
(641, 1, '2019-10-12 11:51:17', 951, '13803472966@qq.com', 1, 'dwaqcw3qtm0sedqyhbz6uiq68lug602h'),
(642, 1, '2019-10-12 14:25:56', 952, '13833586894@sohu.com', 1, 'iqeaeipkb27qk6e2mlhtuyt7eazn6edb'),
(643, 1, '2019-10-12 16:49:46', 953, '83338623@qq.com', 1, 'ceku6f61y2yaq262eunbtmppil96ummf'),
(644, 1, '2019-10-13 02:40:07', 954, 'durimei@163.com', 1, 'gehqi7inx3hquaxn3i0u6qo6emwi2ja7'),
(645, 1, '2019-10-14 05:36:56', 957, 'Av6691023@gmail.com', 1, 'ieu3qay82nq721ycq6tqqam6xqen3awy'),
(646, 1, '2019-10-18 05:11:59', 964, '1303437669@qq.com', 1, 'yem7sx2yeq9umcq5itzqui8iahe0uha6'),
(647, 1, '2019-10-18 07:08:46', 965, '18715598000@163.com', 1, 'a62ecftqmmp2yaa8m7f0jgujz6y2aqai'),
(648, 1, '2019-10-18 08:48:40', 966, '963184311@QQ.COM', 1, 'dput266ya0ax2uaihiqe81u3bjuiiuhm'),
(649, 1, '2019-10-18 10:28:35', 967, '282815117@qq.com', 1, 'imx3wikmi5ips2u16943qmzmw46ktze6'),
(650, 1, '2019-10-18 12:13:48', 969, '2533993002@qq.com', 1, 'i2qitrafximusia7n3jqab82286g2a84'),
(651, 1, '2019-10-18 14:10:53', 970, '48838742@qq.com', 1, '2z22mm3uw42k5oez76zymu56xamiiii7'),
(652, 1, '2019-10-18 16:11:56', 971, '32354343@qq.com', 1, 'a4suqwy28upig3eu2iiimiaseuyyb75k'),
(653, 1, '2019-10-18 18:02:38', 972, 'akhk2016@163.com', 1, 'uhddadqqhuef2uzxceina2amiiahiyfe'),
(654, 1, '2019-10-18 19:27:36', 973, '948142561@qq.com', 1, 'vioa23an24qquq52vq28dvqcq6a6urea'),
(655, 1, '2019-10-18 20:47:42', 974, 'stone.xu@dream-finder.net', 1, 'z6t42wsqey4aym3325mqekalsiuyuzet'),
(656, 1, '2019-10-18 22:06:49', 975, '83195718@qq.com', 1, 'lezeyegiqme9z36uecm8aqyyyma7af1q'),
(657, 1, '2019-10-18 23:29:11', 976, '657034762@qq.com', 1, '6a6as8mm6zu6iiue9u76cek6wim16ciu'),
(658, 1, '2019-10-19 01:00:09', 978, '2768572197@qq.com', 1, 'qie22qbj3uimg76y2eeha2i7m6eiu2qx'),
(659, 1, '2019-10-19 02:50:41', 979, '228118299@qq.com', 1, 'ya9in72vkpyume72mt9eq4qjqh8bmiym'),
(660, 1, '2019-10-19 04:56:40', 980, '463291466@qq.com', 1, 'yadeqm6e5a222q3m762aila61nn125y6'),
(661, 1, '2019-10-19 12:57:14', 981, 'jamesrussell2622@gmail.com', 1, 'qju6spz2u2qzq1uu6ng2aeuqkh8yqm26'),
(662, 1, '2019-10-19 15:35:46', 982, 'royvanwinkle33@gmail.com', 1, 's69fgz6uia4ycv666bnbj96aramn62y6'),
(663, 1, '2019-10-20 00:01:53', 983, 'mosswordsworth@yahoo.com', 1, 'q1yiu5mimahm92g1y3w6a1wcu66847ko'),
(664, 1, '2019-10-20 09:55:30', 984, 'kinglakebail@yahoo.com', 1, 'q6ace6n6em66a2wem823e25aqkxdbnzr'),
(665, 1, '2019-10-21 02:31:57', 985, '1591273394@qq.com', 1, 'm0d2mqaul8q62inr1meuqqurqqnuiame'),
(666, 1, '2019-10-21 03:52:47', 986, '15615903687@163.COM', 1, 'm8jayu26optejv8at6iueuayx26re9ax'),
(667, 1, '2019-10-21 05:09:41', 987, '39950462@qq.com', 1, '9a76qxucahe2aiqymemilw6ceu66h2xq'),
(668, 1, '2019-10-21 06:34:19', 988, 'XSW8344@163.COM', 1, 'uy2aak3a6evw2616n592p4ukjy2t24tm'),
(669, 1, '2019-10-21 07:54:11', 989, '1574402404@qq.com', 1, '9iumaoefuquimuh1y9xf6a6mmq8x3ixm'),
(670, 1, '2019-10-21 09:11:22', 990, '504459890@qq.com', 1, '48viamncm3mc6qc67uj6n6buifefsi32'),
(671, 1, '2019-10-21 10:26:13', 991, '18613713258@163.com', 1, 'lq8ebmfyybafm8ey0immaev5uv2uras6'),
(672, 1, '2019-10-21 11:41:29', 992, '598216570@qq.com', 1, 'sbiayym72div3quiv26euz0zaen6mqml'),
(673, 1, '2019-10-21 13:03:13', 993, 'lyrb2007@sina.com', 1, 'miejb3qvqud26v2leqes6yemzmieikqv'),
(674, 1, '2019-10-21 14:32:04', 994, '39513747@qq.com', 1, 'fqhifyteyuanyosyaqhiviea1b3ur8mj'),
(675, 1, '2019-10-21 16:05:21', 995, '18837675493@126.com', 1, 'htay2oqziqi1q25uybe3giey6qlyp6iu'),
(676, 1, '2019-10-21 16:06:08', 996, 'dollycolombia3@gmail.com', 1, '9oe6m6599vgquy1v9kj2muiyuyjtybd7'),
(677, 1, '2019-10-21 17:33:04', 999, 'yssdct@163.com', 1, 'e2x6izw2gamybueta6m4u2e5i5zwy6qq'),
(678, 1, '2019-10-21 18:50:21', 1000, '289132519@qq.com', 1, '6kn8ai6dpvas2mq2mqdyeem64aky5yv2'),
(679, 1, '2019-10-21 19:34:21', 1001, 'devil305@hotmail.fr', 1, 'yecypzq8bc60k02qzhniqzqe2gq26ah2'),
(680, 1, '2019-10-21 19:55:57', 1002, '1017459251@qq.com', 1, 'uym0yjiulay30uvqk4ou4ypb8aymi2pa'),
(681, 1, '2019-10-21 22:06:04', 1003, '13770690012@163.com', 1, 'w66muq8q46uf2qi8weu1i4tmiaamra6f'),
(682, 1, '2019-10-21 23:12:57', 1005, '2246881951@qq.com', 1, '65noenqiu2ykztlqjuo0miap9uwmguiy'),
(683, 1, '2019-10-22 00:20:28', 1006, 'regner@merinox.se', 1, 'jm5uay2auinyq21ae6aqu2eza2bm3evb'),
(684, 1, '2019-10-22 01:29:55', 1008, 'hr@zte-it.com', 1, 'j2eeu6jymgs9b8fq0qlaq5ei3ue2siaw'),
(685, 1, '2019-10-22 02:40:10', 1009, '605599983@qq.com', 1, '2mqm2ugaa4kqqyi0d8p62md0622ar9a2'),
(686, 1, '2019-10-22 03:51:27', 1010, '3087461535@qq.com', 1, '26u8q7emytbkhaozueee1fc2t6aqedt6'),
(687, 1, '2019-10-22 05:04:43', 1011, '13797702388@163.com', 1, '566q62l2ry7aimm7lqm8u3eo2ppeeayh'),
(688, 1, '2019-10-22 06:23:46', 1012, '510276174@qq.com', 1, 'p2u494qeha3eeypm6h1vyz2yyw6bioc2'),
(689, 1, '2019-10-22 07:42:34', 1014, 'Dfcargs@126.com', 1, '22b2kt6abnueyxu21eaatcuqna2ae3pe'),
(690, 1, '2019-10-22 09:06:25', 1015, 'guilingongsi2015@sina.com', 1, 'hkqa66xjahe65gia1ut6aapemzal0eam'),
(691, 1, '2019-10-22 10:21:56', 1016, '345559403@qq.com', 1, '2g64raudyya2yl6zirimkquuu6lmm9iq'),
(692, 1, '2019-10-22 11:36:29', 1017, '280692445@qq.com', 1, 'ul6iqqigembey866eee22q624ae1uuiy'),
(693, 1, '2019-10-22 13:04:34', 1018, '2466106735@QQ.COM', 1, '365astez6qiuui2ua6hwa8bm6vayy2qq'),
(694, 1, '2019-10-22 13:27:26', 1019, 'ptxl597@163.com', 1, 'en156a6xi02n8qyqifa688yuqqui25au'),
(695, 1, '2019-10-22 14:36:54', 1021, '912106006737873704@lnpost.cn', 1, 'i0d2eiume8ry6u2uumm21qsuy6iquzli'),
(696, 1, '2019-10-22 16:12:49', 1023, '751660841@qq.com', 1, 'aamyvqsfw6m6j62eeuf6oy2eioi13miq'),
(697, 1, '2019-10-22 17:34:51', 1024, '13829171519@163.com', 1, 'sypwj2yy6aeaay146cy0viyjieiym6vq'),
(698, 1, '2019-10-22 18:44:39', 1025, 'luozhiyong@anxuan-china.com', 1, '66ed6uhqiwrlwxpgyyquuqesea2262vu'),
(699, 1, '2019-10-22 19:50:33', 1026, '578368687@qq.com', 1, 'dp4wwmumu6mwiiyeuhwiu2uevaamq9ar'),
(700, 1, '2019-10-22 20:56:03', 1027, '413941406@qq.com', 1, 'u62kmz1eq28yay2g9q2iqy5a3ohq8qay'),
(701, 1, '2019-10-22 22:01:16', 1028, '553518223@qq.com', 1, 'i7mhmfam8mymqoiq3yorunnmq2eyaemy'),
(702, 1, '2019-10-22 23:07:50', 1029, '570608934@qq.com', 1, 'nu8uiaqm52ebuakcosyyuyyzylkd1u2q'),
(703, 1, '2019-10-23 00:14:53', 1030, 'lyc7671161@163.com', 1, 'etvmqe2abyihesmu6luqiukyfuyuk2wi'),
(704, 1, '2019-10-23 01:23:03', 1031, '18769958598@163.com', 1, '5uixleeooqie22ex351yeqfqmuudaae6'),
(705, 1, '2019-10-23 02:11:55', 1032, 'allistirsarginson@yahoo.com', 1, 'g9iuyy82y91uekcuuxeek24365qqvqyu'),
(706, 1, '2019-10-23 02:32:33', 1033, 'ytmpgywy.1983@163.com', 1, 'etrykle2pe66me959qifuhdy366mtvgm'),
(707, 1, '2019-10-23 03:44:51', 1034, '13707726510@163.com', 1, 'mpaimeqiaevmugex6y6ub40m6morwsus'),
(708, 1, '2019-10-23 05:04:23', 1035, 'wjianhua@163.com', 1, 'vikmmmnmqy23yfgf8hb8js5i66rwm9mc'),
(709, 1, '2019-10-23 06:25:29', 1036, '492066652@qq.com', 1, '6uxigajieaeuedi3ruu6q6hqeqq6hcw2'),
(710, 1, '2019-10-23 07:45:57', 1037, '996892740@qq.com', 1, 'ieamqmqmhquisa1ybcgq66iaga6aq24q'),
(711, 1, '2019-10-23 09:13:40', 1038, 'cibleasing@cib-leasing.com.cn', 1, '0qi23m46amakiqa9fouy0une8mziqq8o'),
(712, 1, '2019-10-23 10:27:30', 1039, '1181441334@qq.com', 1, 'ufi1yqy2ook7iutsv2y2i6eaiyi1myit'),
(713, 1, '2019-10-23 11:43:51', 1040, '331961672@qq.com', 1, 'q6gycq5yea2bif26mcqmm22iqqy7meo0'),
(714, 1, '2019-10-23 13:07:09', 1041, 'zj@zhongsui.cc', 1, 'f6ams2av3u2a0qu2dmdomyrlyde2zadc'),
(715, 1, '2019-10-23 14:38:56', 1042, 'lin15806689218@163.com', 1, '3jid6neq2oxa2oalyl3eum66qaqi68pf'),
(716, 1, '2019-10-23 15:31:32', 1043, 'benmassaoudnada80@gmail.com', 1, 'yi33ke5ameye22eeyh5mm6qumi2ifrsr'),
(717, 1, '2019-10-23 16:16:12', 1044, '838255973@qq.com', 1, 'q2ruiaatgnum6asvuehouipgeey66qt2'),
(718, 1, '2019-10-23 17:39:57', 1045, 'zbj58117@yahoo.com.cn', 1, 'senve4e9xqylygye6fe6qnu6i2yyy0v8'),
(719, 1, '2019-10-23 17:40:59', 1046, 'dara4u@mail.ru', 1, 'g64eidquyeex9au6zym6ke8lx4gyq6oy'),
(720, 1, '2019-10-23 18:49:39', 1047, 'zhonglingjituan@126.com', 1, 'kdnq3smql8ei228m64ps6h2h6esymi99'),
(721, 1, '2019-10-23 19:56:12', 1048, '470043691@qq.com', 1, 'yuj1q2ato4ie4y2iaqaat5xuai25ieqe'),
(722, 1, '2019-10-23 20:18:52', 1049, 'gaylord2821@comcast.net', 1, '2n2epaarks16zrmrym82eid5q2yoqmeh'),
(723, 1, '2019-10-23 21:01:45', 1050, '494138373@qq.com', 1, 'biau26uii2mnx462ck6emmiueqyuqstj'),
(724, 1, '2019-10-23 22:07:11', 1051, '13588828087@139.com', 1, 'kmjiyyqya6xdmtyymm9d62an1hmwgkey'),
(725, 1, '2019-10-23 23:13:25', 1052, 'linfei.tan@56qq.com', 1, '3eiaumm1eb2qcq6m5i2a7i9maaeoveae'),
(726, 1, '2019-10-24 00:19:53', 1053, '9999999@qq.com', 1, '2itu2hq262jua2uayq626swyy2bnague'),
(727, 1, '2019-10-24 00:43:33', 1054, 'rick.newman@postalfleetsvs.com', 1, 'zyqy6fbqx02u6mqe2yea4auumcuyiq3i'),
(728, 1, '2019-10-24 01:27:23', 1055, '331865518@qq.com', 1, 'vk5shm4csnaamiei5mi4e6maaq6e68n3'),
(729, 1, '2019-10-24 02:38:01', 1056, '13935302608@qq.com', 1, 'i6ui3rzsmqeie6q2r44duagq7eadvc6f'),
(730, 1, '2019-10-24 03:30:14', 1057, 'rdomarketing@comcast.net', 1, 'iefedlquq2ea2a2tm9b6kivq9imuou8u'),
(731, 1, '2019-10-24 03:47:10', 1058, 'lwjyfm@163.com', 1, 'pxahqfj9npmx7moi6juiaa2i62ijqaub'),
(732, 1, '2019-10-24 05:12:49', 1059, 'model@huiguliang.com.cn', 1, 'tyqeqy7cane1y6a0tiiiqmzinmaiay7a'),
(733, 1, '2019-10-24 06:35:00', 1060, '358716311@QQ.COM', 1, 's1iiq2unj5maaewhu6yeqd5a6eqs64mm'),
(734, 1, '2019-10-24 07:52:07', 1061, 'jqlspts@126.com', 1, '6im8t9ae6iyqa6gz0emfuycdqmfqeapb'),
(735, 1, '2019-10-24 09:15:46', 1062, 'meiyingchuiju@126.com', 1, 'puymc2qi1yqgu82ueaadu0h6hmfsiejv'),
(736, 1, '2019-10-24 10:28:53', 1063, '002776@qq.com', 1, 'ex6qmd2n56qq22fyawq2isusxemmqye1'),
(737, 1, '2019-10-24 13:34:16', 1064, 'wamplerg@adw.org', 1, 'i2yfp2qu2yg166m3bla62nhmgy6lpib4'),
(738, 1, '2019-10-24 17:57:49', 1065, 'josh@lowcountryaudiosc.com', 1, 'xeocgeiiqqi4b4yibebxq6yo7jx06yme'),
(739, 1, '2019-10-24 22:03:26', 1066, 'herve_grascom@yahoo.com', 1, '28ni4y0dyuql2mm921mnib2ani2d2a8t'),
(740, 1, '2019-10-24 22:38:35', 1067, 'belldolphin@comcast.net', 1, 'exm84iqyihzu8armgi22ym6465y0mhu6'),
(741, 1, '2019-10-24 23:33:54', 1068, 'djkwisc@gmail.com', 1, 'd5ee9mwg5uu9kqd5clyqq3ayeiumjm86'),
(742, 1, '2019-10-25 00:10:23', 1069, 'bhdistribution18058@gmail.com', 1, '5m6lbabeqiq2uhgux12whh6umy68e0lb'),
(743, 1, '2019-10-25 00:16:31', 1070, 'pabflying@cox.net', 1, '9mayy2yilm6yj4cy6gq9yxje69qe08m0'),
(744, 1, '2019-10-25 03:06:29', 1071, 'anthony@xerxesathletics.com', 1, 'agqeu1k2yeakiiqgesayqx6iuiyyfuea'),
(745, 1, '2019-10-25 16:31:00', 1073, 'davidbathurst27@gmail.com', 1, 'wqei7pnmymm96ui6ayn7qqa6i2wneblq'),
(746, 1, '2019-10-25 17:55:18', 1074, 'ksdz4fam@gmail.com', 1, 'yyqa16o6hy2e4m2yim2ecqmgaiqu2yx6'),
(747, 1, '2019-10-25 18:24:50', 1075, 'stephen.roccia@vzw.com', 1, 'q7y54ua6qjsohmeiaz4it3yeq6zguqvo'),
(748, 1, '2019-10-26 02:13:01', 1076, 'thines@mlholdings.com', 1, 'm3mqmqymyqlpdmqu62incmmvnmfnamy3'),
(749, 1, '2019-10-26 05:03:23', 1077, 'sabrina.francoeur@hotmail.com', 1, '9uqa8zuruu62i5egbyyaraosymjedpwo'),
(750, 1, '2019-10-26 08:48:43', 1078, 'bmoorefield@gmail.com', 1, 'aami6l1mu5uq65q616q6yy6mimmuy6m0'),
(751, 1, '2019-10-26 12:16:05', 1080, 'ronda.masanotti@stpete.org', 1, 'd3cvulqoezypusiaviy7b0ft821h5m1e'),
(752, 1, '2019-10-27 01:08:15', 1082, 'hooverrobert623@gmail.com', 1, 'ie049h1eyy5yu0i2jmasyq27um6upyey'),
(753, 1, '2019-10-27 08:52:50', 1083, 'brockyacklam@yahoo.com', 1, 'iiae8iyiuaou2t82yu9qureumfx636uv'),
(754, 1, '2019-10-27 14:21:37', 1084, 'ucwm640@163.com', 1, '6c6u1uiq3vya2yw8qle6aqi6mgmeu6yx'),
(755, 1, '2019-10-27 19:42:22', 1086, 'ethanmoore3981@gmail.com', 1, 'akndeim62eiuk6a6yewaqalmuiqave2v'),
(756, 1, '2019-10-28 16:34:04', 1091, 'gh6489316@gmail.com', 1, 'aa6yaqef6ak66uus2jqyc2wmikf02iic'),
(757, 1, '2019-10-28 17:02:42', 1092, 'johnnewman8295@gmail.com', 1, '8q8my2lzmmpiiiq12owa0891u6o3aya4'),
(758, 1, '2019-10-28 22:38:54', 1093, 'hacksonkonstantine@yahoo.com', 1, 'muu3h6iiy39ty0f5sx2knoiuyieu9hqj'),
(759, 1, '2019-10-29 02:17:13', 1095, 'williamjohnson3253@gmail.com', 1, 'aayqamevy65lautmqat8i6mxmlm6mi66'),
(760, 1, '2019-10-29 20:57:58', 1098, 'bowers.jessey@yahoo.com', 1, 'qyyfi6veyaz63a6mq456njt8imm1a6z6'),
(761, 1, '2019-10-31 02:29:10', 1099, 'camronthornton2@gmail.com', 1, 'jta66qu21uy2q37p2muejbbey66yqukv'),
(762, 1, '2019-11-01 02:42:38', 1103, 'davidjames7246@gmail.com', 1, '2eqyizym11giepq5a7za7mjqua6266mi'),
(763, 1, '2019-10-31 16:14:30', 1104, 'corbie_norwood@yahoo.com', 1, 'q62eyme0az3uxmurqqkq62ixmoxyakw4'),
(764, 1, '2019-11-01 05:00:57', 1106, 'akyo022@163.com', 1, 'yyqyym2ae7ylfyzm2zul0nuyj2a86uui'),
(765, 1, '2019-11-01 07:24:55', 1107, 'brnababackman@yahoo.com', 1, 'ya6weauwgfaqa4reamzudaicaqaamqdq'),
(766, 1, '2019-11-02 00:18:05', 1108, 'd28kdsj1rsbj@inbox.ru', 1, 'elyrup2e2a1bqzy2d6e2q6quuiewiim0'),
(767, 1, '2019-11-04 00:19:41', 1111, 'roddie_kitchen@yahoo.com', 1, 'imy2yjie212ukpgeugayme9maaus8vy2'),
(768, 1, '2019-11-05 18:19:53', 1112, 'heathhermann@yahoo.com', 1, 'ii4aua2imlxqemr6qd6gmueerfvahwt6'),
(769, 1, '2019-11-06 07:26:53', 1113, 'wmjds@153.com', 1, '6af6mmu6eielxuqumwnf949af7u7igap'),
(770, 1, '2019-11-06 09:27:53', 1115, 'gongvivi@163.com', 1, 'sqefcyi4iuqy22ykwza27qn6iamuh6b6'),
(771, 1, '2019-11-06 11:16:35', 1117, 'subul@126.com', 1, 'fani0boecu6u1sp6jql84qu0jy6uy14e'),
(772, 1, '2019-11-06 13:04:12', 1118, 'sales@ahmte.com', 1, 'uxymriequb0qidilanq3jra9auaqkayy'),
(773, 1, '2019-11-06 14:36:07', 1119, 'nikolai.inston@yahoo.com', 1, 'aiaalaezq77ebmny6am08hgy639muguc'),
(774, 1, '2019-11-06 15:38:29', 1120, '25986235@qq.com', 1, '73ejt2mp5asi42ythob4lnou6meg5rmj'),
(775, 1, '2019-11-06 16:12:36', 1121, 'nmnydv20@gmail.com', 1, '6mpxtm4b4qu0auimwiuk16fmtaieqnme'),
(776, 1, '2019-11-06 17:38:19', 1122, '349196277@163.com', 1, 'eyya02owiyqqeqw6uaeuiiluq2i3ivv6'),
(777, 1, '2019-11-06 19:08:15', 1123, '916387722@qq.com', 1, 'ti2uqcaaaerw2uq67kiyiyvk3vmin4d2'),
(778, 1, '2019-11-06 20:33:09', 1124, '18054508779@163.com', 1, 'p2cauy966uao2iupyo6ku8n2027vuuum'),
(779, 1, '2019-11-06 21:44:39', 1125, 'troupherb@yahoo.com', 1, 'eq6y2rmhy9y1qeu4qqsamymvu2mia631'),
(780, 1, '2019-11-06 21:56:38', 1126, 'ybty@ybty.com', 1, '6ae2kuz1843qiwoe3yy2mm2r7eay623q'),
(781, 1, '2019-11-06 23:21:41', 1127, '1304630290@qq.com', 1, 'uy2aag6qkizai3edrg6ivc2sgeacaa2x'),
(782, 1, '2019-11-07 00:50:13', 1128, '1132688870@qq.com', 1, 'u1e3lsqbc2j6thaeu2yie06iunmr0twa'),
(783, 1, '2019-11-07 02:27:30', 1129, '1973169120@qq.com', 1, 'myiueayw6jmu31e48uqu5iuoeaj6ajym'),
(784, 1, '2019-11-07 04:09:47', 1130, 'marketing@saturnecofarm.cn', 1, 'm8qeq6ipn06eruqw60uqkxxme0aq22ma'),
(785, 1, '2019-11-07 07:44:44', 1131, '1418656273@qq.com', 1, 'bqix5mi682qmmiiuiy6xyfi2jq20q22j'),
(786, 1, '2019-11-07 09:30:15', 1132, 'lhsj.hhy@126.com', 1, 'aia7a5a42kwfym2q33eequhbuymya6qy'),
(787, 1, '2019-11-07 11:19:40', 1133, '251468196@qq.com', 1, 'mxym62yo1z4mp6qge46ameqjnga6a6qk'),
(788, 1, '2019-11-07 13:17:38', 1135, '412539325@qq.com', 1, 'aynkduyr5j2d2mwm7e2yqyee1a6qaqa6'),
(789, 1, '2019-11-07 15:35:26', 1136, '381359864@qq.com', 1, 'yww26pm1a6ei0mqalk222uyaeaq22cq3'),
(790, 1, '2019-11-07 17:35:14', 1137, '117635627@qq.com', 1, '8ywqcqi6q1uui7uzaam9i42qt6qmi8k9'),
(791, 1, '2019-11-07 17:35:35', 1138, 'eat6dxkirnk9y@inbox.ru', 1, 'pyqzqeyaibae1mu620jkj76uemyuqkxu'),
(792, 1, '2019-11-07 19:04:19', 1139, '304705532@qq.com', 1, 'huee6w2q6eqmulo2neemm6ihp9gqygum'),
(793, 1, '2019-11-07 20:27:59', 1140, '13367230248@qq.com', 1, 'bqe2aeeeameuqkemoa6dauazauuqaypi'),
(794, 1, '2019-11-07 20:35:56', 1141, 'digglesrutter@yahoo.com', 1, 'i2m6xm2vie7iici16pagtquhanju16q4'),
(795, 1, '2019-11-07 21:51:13', 1142, 'm229640413@qq.com', 1, 'niumeysyne7fm6ieq2mq63awa22gebqv'),
(796, 1, '2019-11-07 23:14:43', 1143, '548696510@qq.com', 1, 'i2wo0y6efl27awuxmarcepyk268lmy0i'),
(797, 1, '2019-11-08 00:45:16', 1144, 'ihy4491193@163.com', 1, 'qkmi799q9jbyi6gelib6a6remd2ip2wy'),
(798, 1, '2019-11-08 02:22:48', 1145, '449834699@qq.com', 1, '61eou171qqiyqyvqx95aml23i6ae2uq4'),
(799, 1, '2019-11-08 04:00:18', 1146, 'xa320381@163.com', 1, 'vev1qkuia5ypqii6i0hhi6yqoi8ntw0e'),
(800, 1, '2019-11-08 05:48:33', 1147, '2068186421@qq.com', 1, 'u4hilq6lu2yi6mia6yjqlyme6a92ukvq'),
(801, 1, '2019-11-08 07:44:08', 1148, 'lzl@gdadc.com', 1, '6yiae08r9eiyeuctv6jqtyure1gxudu8'),
(802, 1, '2019-11-08 09:30:32', 1149, 'dgdxx@yahoo.cn', 1, 'qhzi428j9ieya45uiayu22ximtfyhjmy'),
(803, 1, '2019-11-08 10:48:39', 1150, 'caipate@163.com', 1, 'is2sqyimeljqa2jeauyeau6qii2yiswk'),
(804, 1, '2019-11-08 11:16:07', 1151, '1205584626@qq.com', 1, 'mpeim5ar5g62umii65ysau62e5v7a6oq'),
(805, 1, '2019-11-08 15:35:44', 1153, 'smxqx@163.com', 1, 'lf0qem2qujjajqibeqx0mmzmqi2ueguv'),
(806, 1, '2019-11-08 19:13:13', 1155, '448626060@qq.com', 1, 'vbu96fu2eevqirmdeh0guqi6nyi72e6t'),
(807, 1, '2019-11-08 20:35:15', 1157, 'dnezzwc@163.com', 1, 'eumi2xq0id2x7uye2m991e2quq26262m'),
(808, 1, '2019-11-08 21:56:39', 1158, '505694897@qq.com', 1, 'rg2552aax296mbeja5j6rluteqm2maab'),
(809, 1, '2019-11-08 23:20:34', 1159, 'ayxww@126.com', 1, 'aeoe22qnl0equi2t22iytqq783mqe2e8'),
(810, 1, '2019-11-09 00:49:01', 1160, '15037888880@139.com', 1, '36u3yepxyjvu3d6rj212amey2ymumbd9'),
(811, 1, '2019-11-09 02:30:40', 1162, 'xiangyu_xue@sina.com.cn', 1, 'eepokiudmirzum9nm3asbymiyyahqh7q'),
(812, 1, '2019-11-09 04:15:03', 1163, '945649768@qq.com', 1, '6yel6f5ueazegqmea2me6kqyiuzs66i5'),
(813, 1, '2019-11-09 06:09:26', 1164, '04819@qq.com', 1, 'bd6nq6nlyiauue26uiq5u0sqei6a92ql'),
(814, 1, '2019-11-09 08:08:28', 1165, '280015635@qq.com', 1, 'ml4i2kgm0qtcmie5aa2ak7im2ewfck6u'),
(815, 1, '2019-11-09 09:57:35', 1167, '1013354878@qq.com', 1, 'd26r2ya2na82dd2izf636eik2e6y76fi'),
(816, 1, '2019-11-09 11:44:14', 1169, '5645603002@qq.com', 1, 'ke2h6kui2zaaigl86yqqluuvuc6eex6n'),
(817, 1, '2019-11-09 13:49:28', 1170, 'JUURRA@163.COM', 1, 'mqy7bqve6yimyeciwdi2iu64srigepr2'),
(818, 1, '2019-11-09 15:30:40', 1168, 'lacko17@gmail.com', 1, 'oehwsq0wbfu34eeen6qpge663e7iujbq'),
(819, 1, '2019-11-09 16:11:35', 1171, 'hjgdfwgs888@126.com', 1, '6beimy25awqaq2uyaki2a0a8c0itny6q'),
(820, 1, '2019-11-09 18:04:12', 1172, 'Geroge.Jiang@coview.net.cn', 1, 'ammeq9coqu2zsyl3yfm66yiiymjyye66'),
(821, 1, '2019-11-09 20:57:01', 1173, 'laberry@126.com', 1, '31ae0pif2gyaduqeuqyscyg8qi1qqeuu'),
(822, 1, '2019-11-09 22:19:58', 1174, '18912612395@189.cn', 1, 'iaah2z6uu7z6qu36r6ei0wbrea67kmcy'),
(823, 1, '2019-11-09 23:47:21', 1175, 'victor.fu@sh-slec.com', 1, 'e4ibm6o649ikve1y2gvtaqituij692cn'),
(824, 1, '2019-11-10 00:59:36', 1176, 'sheild.maddy@yahoo.com', 1, 'n2e6q7cly2vywiayi16yv21ieuei2qaq'),
(825, 1, '2019-11-10 01:24:49', 1177, '912239402@qq.com', 1, '12xhjqm05ah6iuu0iilimaauwaa6am6p'),
(826, 1, '2019-11-10 03:12:20', 1178, '478854917@qq.com', 1, 'igi82q6uuxeif267biu9iygezwqu9uum'),
(827, 1, '2019-11-10 04:59:32', 1179, '2316547946@qq.com', 1, 'qkjf6k4m6mm8u40j696swy56hef0u1za'),
(828, 1, '2019-11-10 07:00:48', 1180, '306734798@qq.com', 1, 'qhmqq7q5au69taymieaqm6ukje2aeii6'),
(829, 1, '2019-11-10 09:00:59', 1181, '252932364@qq.com', 1, '6bqye2lqikqyaymauiih2fek2aqucu7q'),
(830, 1, '2019-11-10 10:50:45', 1182, '89923188@qq.com', 1, '1vie2pny6erm01iqiy2kiqmameiayhz6'),
(831, 1, '2019-11-10 12:38:25', 1183, '1603140339@qq.com', 1, 'u6ouyc6qca8uimmmtr6myky5unumiaa2'),
(832, 1, '2019-11-10 14:37:26', 1184, '421968606@qq.com', 1, 'm6ebxipdu2q2yyyymhier85ix56a6vuu'),
(833, 1, '2019-11-10 16:41:50', 1185, '13317957855@189.cn', 1, 'aiu6aqm62p4m96o6ue9azuma0oel66qi'),
(834, 1, '2019-11-10 18:21:04', 1186, '106539354@qq.com', 1, '7mieyqyaayry2m3u634qhybeni9yj6ya'),
(835, 1, '2019-11-10 19:47:13', 1187, '316687581@qq.com', 1, 'u6mly0rer22qmup1cuju0i2piee6mmeo'),
(836, 1, '2019-11-10 21:09:02', 1188, '13193726379@qq.com', 1, 'qhup4yjumoy67i6a6bsq1l1mk46q2qyq'),
(837, 1, '2019-11-10 22:41:04', 1189, 'shanshui.jingguan@163.com', 1, 'c2uiq1ceycuim6qusmfadbmuds9airo2'),
(838, 1, '2019-11-11 00:10:04', 1191, 'BAIJIANQING2009@163.COM', 1, 'ubnttei2wq7qmuy62hu8omyaer22aa82'),
(839, 1, '2019-11-11 00:24:15', 1192, 'rain.bryon@yahoo.com', 1, 'e2gzx2guy2m6iqem26meakuuleiguqvm'),
(840, 1, '2019-11-11 01:47:51', 1194, '50818566@qq.com', 1, 'muzqvi5qq8e96qy1x892y80emx2ujeeu'),
(841, 1, '2019-11-11 05:08:22', 1195, '986263210@qq.com', 1, 'y6ym6aktlmd3q6yubeki2t6u96quodt6'),
(842, 1, '2019-11-11 06:55:09', 1196, 'chenmo@txr-s.com', 1, '4l2nvy94uaueoao6mk9vf257iqmaqamy'),
(843, 1, '2020-03-21 14:42:40', 1197, 'marina.lanina@mail.ru', 1, 'jhu20m69v2em6ivieua2yk9e59ace8sm'),
(844, 1, '2019-11-11 08:36:50', 1198, '526340903@qq.com', 1, 'x4deuaiiucovqmeu2nq2y4k2r663ih88'),
(845, 1, '2019-11-11 10:25:18', 1199, '978445163@qq.com', 1, '26m4jyqa2zma8exe4iiymy66qeamyyim'),
(846, 1, '2019-11-11 12:06:54', 1200, '195679351@QQ.com', 1, 'euaahmmm21i22xyqugti5ywk6jxepue0'),
(847, 1, '2019-11-11 13:59:40', 1202, 'sdtc@126.cm', 1, 'deru66f5imemeyquiui2vplq4e6361yq'),
(848, 1, '2019-11-11 14:52:36', 1203, '13236402881@139.com', 1, 'mni6wsk2u8yqy8u9k2uymioek6x6q2ye'),
(849, 1, '2019-11-11 17:14:50', 1205, '569029600@qq.com', 1, 'yyyaw62qspymyuii6ihd2kjyumwmleb8'),
(850, 1, '2019-11-11 19:15:00', 1206, '694457587@qq.com', 1, 'u8itm8d5rp3r3mlaakokkbm6mhyqmx7k'),
(851, 1, '2019-11-11 20:09:00', 1207, 'vladimir.bechtal@yahoo.com', 1, '62tqbyeazy852omu2215qlaeaa2i2dqg'),
(852, 1, '2019-11-11 21:06:05', 1208, 'hnrggs@163.com', 1, 'aix6umqw27amqrs83imvq2enyqe6mmu2'),
(853, 1, '2019-11-11 22:56:23', 1209, '280150550@qq.com', 1, 'uaqib5ycmqomt6gmitqequi6mhy2qmmi'),
(854, 1, '2019-11-12 00:56:51', 1210, 'hr@xuewendao.com', 1, 'y5cuawqrpim5266ey7c6t367yfeesju6'),
(855, 1, '2019-11-12 03:04:20', 1212, '844139077@qq.com', 1, 'yfmq297uql4siryeym669eea8l2ieeya'),
(856, 1, '2019-11-12 07:30:07', 1213, '709529856@qq.com', 1, 'ds769ux6iyyioida5qombu4amuzrb3bu'),
(857, 1, '2019-11-12 09:42:38', 1214, '14369739@qq.com', 1, 'p2p6me66piqiyna2d12u7uaaaiquu2eu'),
(858, 1, '2019-11-12 11:58:25', 1215, '1090179574@sohu.com', 1, 'aiatmzqhydya3bcvfmjdq6as71aapema'),
(859, 1, '2019-11-12 14:27:52', 1216, 'yygcwb@126.com', 1, '6eqtav2y7mmy4ora2nu6kr0m3emu1ij6'),
(860, 1, '2019-11-12 17:00:11', 1217, 'chen15522335736@163.com', 1, 'ht6a6uxza66a9ue7im7u21vnayuoeq6f'),
(861, 1, '2019-11-12 19:02:21', 1219, '15854306411@qq.com', 1, 'p2xim2ggyyk7qvytmmuq4e9exwmxydf6'),
(862, 1, '2019-11-12 20:53:52', 1220, '441403652@qq.com', 1, 'gmib2msun2siv9rua65yayi6ldakq87i'),
(863, 1, '2019-11-12 23:42:27', 1221, '236808176@qq.com', 1, 'wqnqq27yeu2aeyceimqeeeeynb3hxaqm'),
(864, 1, '2019-11-13 03:59:05', 1222, 'fuyuan1211@126.com', 1, 'm6b0mye5vuefhru0a8yu6ymms52masie'),
(865, 1, '2019-11-13 08:06:14', 1223, '124214995@qq.com', 1, 'a3l6qraqocgyuq6eqk22yq4uzuu2yfj2'),
(866, 1, '2019-11-13 12:07:51', 1224, '13897369202@136.com', 1, '6uey4u0ebwo2mvsz1iawyq5sv1noed25'),
(867, 1, '2019-11-13 16:41:36', 1225, '1046555365@qq.com', 1, 'qdwluyiegemg8e524vnoqy5um6y9v1ou'),
(868, 1, '2019-11-14 21:54:55', 1227, 'jaredprecious@yahoo.com', 1, 'kymm6tmpej6od61a2suk2m2unpq22ryd'),
(869, 1, '2019-11-14 22:24:45', 1228, 'mclachlanlanny@yahoo.com', 1, 'eguyaij66a3vh6hi0m6uy6j2qmaf3am7'),
(870, 1, '2019-11-16 03:12:54', 1231, 'wismereldredge@yahoo.com', 1, 'z2u1ae78emsyiqp2ep0aqt2iimakm1uh'),
(871, 1, '2019-11-16 04:10:05', 1232, 'feuerhelm.lindy@yahoo.com', 1, 'leadktcp094syym2tlay5nnmme2ayf1z'),
(872, 1, '2019-11-17 00:51:42', 1233, 'boydambrose468@gmail.com', 1, 'i2qemge0zmmzea61mqektb6ahqi6hium'),
(873, 1, '2019-11-18 05:30:31', 1237, 'everettlightburn@yahoo.com', 1, 'uuq5aqhuquayim4mahae8ay9id6jkbuk'),
(874, 1, '2019-11-19 03:46:20', 1239, 'karin.o.neves@gmail.com', 1, 'fyf6l6zg6ah2v4ikjqumy62m2eeui2d2'),
(875, 1, '2019-12-17 08:20:23', 1241, 'sanketsnavadiya@gmail.com', 1, 'i2zuaxa2uixddyeeyi0q1qe2pieecqui'),
(876, 1, '2019-11-20 00:35:26', 1244, 'brennandkort@yahoo.com', 1, 'aiezc6e2qukg62960iq4kemyxhgakaae'),
(877, 1, '2019-11-20 06:50:40', 1246, 'mitton.lyle@yahoo.com', 1, 'qemxeaaruz2qmwriv28umpiu5ie662tu'),
(878, 1, '2019-12-05 15:12:48', 1249, 'rech.dara@mail.ru', 1, 'yumuemmmuuf0159a2u4auy20vimao632'),
(879, 1, '2019-11-22 14:27:20', 1255, 'harry_pillingneetaylor@yahoo.com', 1, '8fq4c8qc2x08ia7oy51de7m2iqapu67e'),
(880, 1, '2019-11-23 11:41:07', 1258, 'claus.mcruar@yahoo.com', 1, 'ybuhuxedwumtqs6dws2ysq2qaa4aauyl'),
(881, 1, '2019-11-25 16:13:46', 1263, 'hopkinmilty@yahoo.com', 1, 'a2ywvqeqqjapfsigy2uirqti122mlebm'),
(882, 1, '2019-11-25 17:08:27', 1264, 'merwin_walton@yahoo.com', 1, 'nui2mvqaen6eia2io56itqyneey2iee6'),
(883, 1, '2019-11-26 05:36:16', 1266, 'lockart.jayne@yahoo.com', 1, '3uqpitmuoydjecc66xey31qaeaijiavq'),
(884, 1, '2019-11-26 08:43:24', 1268, 'dtashina@yahoo.com', 1, 'ep6qpymy2xwi6mya67ks9emuqta69yyh'),
(885, 1, '2019-11-29 04:49:54', 1276, 'gertrudismackinnon@yahoo.com', 1, 'auygim5m8oiak6i2wmjda1v86dauleym'),
(886, 1, '2019-11-29 23:35:28', 1278, 'willoughby.jeanette@yahoo.com', 1, 'y3y2uq2astty3axm2qu9y42uaqz9mgye'),
(887, 1, '2019-11-30 00:29:56', 1279, 'hh137h@yeah.net', 1, 'yanad26qmpmmhqmiyqne39kq2me77me6'),
(888, 1, '2019-11-30 13:03:28', 1280, 'q92uc1n3f@inbox.ru', 1, 'i0mqe6fwasc6blgqa61rzyfrlf6sae2f'),
(889, 1, '2019-12-01 14:16:03', 1282, 'ptp1jb@yeah.net', 1, 'v2luy6eualazsboyuw7vkaeyepaynybj'),
(890, 1, '2019-12-04 10:18:15', 1285, 'marthwilcox@yahoo.com', 1, 'p6qyf2a29iqe0ekqe6qaam3idauyzeaq'),
(891, 1, '2019-12-04 19:39:10', 1288, 'vincenzachampagne@yahoo.com', 1, 'uax6lcgqeqq5fypmmmmt8wafmu24eqay'),
(892, 1, '2019-12-05 04:27:28', 1289, 'jd348707@gmail.com', 1, 'ywau9qu6bu0udmpemyx6xslpieasamjm'),
(893, 1, '2019-12-05 08:35:35', 1291, 'jdtt917@163.com', 1, 'yiyuainlqx2wtumz0thh1seqbpyauiem'),
(894, 1, '2019-12-05 15:30:13', 1292, 'yujeep@hotmail.com', 1, '2xbzuiadefyylayiuimaz706tn61iv7e'),
(895, 1, '2019-12-05 15:41:59', 1293, 'clntaxum@cox.net', 1, 'mmei7p4u62nw2axiqmaqmk2qi2i4yc98'),
(896, 1, '2019-12-05 19:53:52', 1294, 'rsodermmd@gmail.com', 1, 'tvrh4yfamuiui2p7qumhorqz9li2mvz9'),
(897, 1, '2019-12-06 08:25:10', 1295, 'genna.brittain@yahoo.com', 1, 'q7o6m7ylc6ee6ea5zqk1emib4yq726em'),
(898, 1, '2019-12-06 16:42:56', 1296, 'jim_smallwood@ajg.com', 1, 'qm62rqmbguyucum5xqjema2nmla3qra9'),
(899, 1, '2019-12-07 01:57:49', 1297, 'anthonjohnson10@gmail.com', 1, 'xih6dym2aql30i2i423aw6iuqnab66ou'),
(900, 1, '2019-12-08 15:38:11', 1299, 'niteshchawla5@gmail.com', 1, 'ivg1guele6iaua8su8teyq2jadtm2y26'),
(901, 1, '2019-12-08 17:05:55', 1300, 'samuele.martini94@gmail.com', 1, '27qp2u3ex3fe2y6u2aju2u2ba9igeq47'),
(902, 1, '2019-12-08 17:14:25', 1301, 'marina.lanina44@gmail.com', 1, '6s9e4i266y2uf6qzqmnmqa1e29qowian'),
(903, 1, '2019-12-08 18:49:08', 1302, 'djohnson@olympiccompanies.com', 1, 'asr6uayu26puetsaqzaae0p6kyqmiikm'),
(904, 1, '2019-12-09 18:24:27', 1305, 'palmy1808@gmail.com', 1, '6yuhauk2gy6ufgi822y699e1mx6m7iug'),
(905, 1, '2019-12-09 19:07:16', 1306, 'kramttam410@gmail.com', 1, 'anaqx2rea626ihuwwau2yb4iqad4tuyv'),
(906, 1, '2019-12-10 06:27:03', 1307, 'sanketsnavadiya27@gmail.com', 1, 'a6geyviq82hi66e2zete2oaedxi21eay'),
(907, 1, '2019-12-10 18:55:39', 1309, 'cdoyle22@msn.com', 1, 'c66rqima1ui46e2e2uiqm1mliddibapa'),
(908, 1, '2019-12-11 00:06:44', 1311, 'maryannazevedo@gmail.com', 1, 'eiggeau8eqmyma9glmm25mteyaegou26'),
(909, 1, '2019-12-11 02:11:31', 1312, 'bwoosley@heritageeng.com', 1, 'iumqifqmyr6yaialinmosmyfmd6p4ey5'),
(910, 1, '2019-12-11 16:06:04', 1314, 'wolfboymason2@gmail.com', 1, '2mqa2ai5tqqaam2664k565x6i642uibe'),
(911, 1, '2019-12-12 22:55:44', 1319, 'janeramsey10275@gmail.com', 1, 'nm2qmpu98a9el6i2a2a2mipkdil466fv'),
(912, 1, '2019-12-12 23:05:41', 1320, 'cjsandknop@hotmail.com', 1, 'iinoh6cyuxaqnypyqjqjowhu743u6iy6'),
(913, 1, '2019-12-12 23:27:32', 1322, 'greeneanissa@gmail.com', 1, 'i1796m2ogyeyou6m0b67mluiuuv631sh'),
(914, 1, '2019-12-13 03:44:51', 1326, 'susannah.barber@gmail.com', 1, 'q2tc876ufyu2yammelu2gcai2jmia6ey'),
(915, 1, '2019-12-13 16:19:13', 1327, 'carlile.dorine@yahoo.com', 1, 'q62qnl62xsehvz99ayn6veahuimlmq2g'),
(916, 1, '2019-12-13 19:25:53', 1328, 'coles.ximenes@yahoo.com', 1, 'yi5dz7qyeei51ziasxai1ei8z2itu2ma'),
(917, 1, '2019-12-14 01:21:52', 1329, 'bondgarey010@gmail.com', 1, 'qe2kxkyhig2217ueznaqmuxayjg1iu5t'),
(918, 1, '2019-12-14 20:57:47', 1330, '19unclej58@gmail.com', 1, 'jp6eiuni86eluemaqjze23oq6tsyu1rx'),
(919, 1, '2019-12-15 00:06:55', 1332, 'admin@mtval.com', 1, 'imqmqm2rgnt1n2y7maaqj6pq0a6um286'),
(920, 1, '2019-12-20 08:46:26', 1334, 'mike.scharber@scharbers.com', 1, 'v2ieynmal0bu9yief0c3u2vd26yg8qjq'),
(921, 1, '2019-12-15 13:14:59', 1336, 'tamib_31@comcast.net', 1, 'qqiyqe6qz2ye2km6ynieuimqjeu5icz2'),
(922, 1, '2019-12-15 15:09:04', 1337, 'jamesaray2016@gmail.com', 1, 'ywjdfhurbm1gu5mmu3222iyyo6c4km3m'),
(923, 1, '2019-12-16 06:35:35', 1338, 'nts_mmv@rambler.ru', 1, 'uy22w6wcqlexd2qha4va2e7fy4y7uz6u'),
(924, 1, '2019-12-17 02:49:45', 1339, 'oibssa01@gmail.com', 1, 'iqmrp9es1ziuqe2by66gea6uqfpbquom'),
(925, 1, '2019-12-16 21:22:43', 1340, 'rbwood43@carolina.rr.com', 1, '21eimhy5myqxieeqmysyuq6byxikixit'),
(926, 1, '2019-12-22 06:20:10', 1341, 'bmena@argusinformation.com', 1, '6m2yxeirvecmue6zev6wpaq6iui9axey'),
(927, 1, '2019-12-17 09:23:46', 1342, 'davec@valleyplating.com', 1, 'ekq1anuquiqgeutuzuromhou4muruwvo'),
(928, 1, '2019-12-17 10:34:46', 1343, 'tylerpopple@gmail.com', 1, 'y2a9ulhyeiup44a7mynue2uhgitakuud'),
(929, 1, '2019-12-17 12:42:29', 1344, 'brooke164@hotmail.com', 1, 'xqskvejah2u6vwyys2vqaviqha826e22'),
(930, 1, '2019-12-18 01:47:31', 1345, 'mikescharber@mnequip.com', 1, '666cmwmq68qiul6u8j6ehe68y8u6mmme'),
(931, 1, '2019-12-18 06:10:45', 1347, 'biambn26@suny.oneonta.edu', 1, 'uwey64q0cme5bvd6a7rzd9paqdfqpuje'),
(932, 1, '2019-12-18 12:44:12', 1348, 'todd_carroll404@comcast.net', 1, '8qmeqae2u2yzp6mxm2uupvqc8uymqf6i'),
(933, 1, '2019-12-18 12:48:18', 1349, 'jran01@gmail.com', 1, 'aqi2y8202qei1maum2t2uyiu3mu27ky3'),
(934, 1, '2019-12-22 05:11:55', 1350, 'semuelle@uci.edu', 1, '06a22mejfeaquynau6i2da070iw68mhe'),
(935, 1, '2019-12-18 20:45:07', 1351, 'danielle.casarella@outlook.com', 1, 'vfitqqxap2yfyoee9uiy2t5amaeutlxo'),
(936, 1, '2019-12-18 23:30:43', 1352, 'danielle.casarella@gmail.com', 1, 'eiaekhiqmeia6b4u9zmkic9p6keecjih'),
(937, 1, '2019-12-19 03:51:47', 1354, 'richardson.michal@yahoo.com', 1, 'sq2emukktn3b6zec8ly6qm9au6tdteq6'),
(938, 1, '2019-12-21 12:28:28', 1356, 'colerobertson22@gmail.com', 1, 'ffyexvajemaij5atepelu7m6wouyeuia'),
(939, 1, '2019-12-19 05:58:00', 1357, 'tiffanyleung8@gmail.com', 1, 'e92qabmeayh5ymmqtiy92c06gqmqep2a'),
(940, 1, '2019-12-19 18:10:37', 1360, 'nancy_helton@outlook.com', 1, 'qa6yra1ea5tqt2rmymui2o6mwimmc2jy'),
(941, 1, '2019-12-20 03:28:58', 1362, 'joseph.r.gonzales@mail.com', 1, '6uubo26ymyv66yommak6iq6jeku5ayue'),
(942, 1, '2019-12-20 10:47:57', 1363, 'mickyla2003@hotmail.com', 1, 'qm2q0q1nlyyy0qiwiyq2aa6ia2o2e9tp'),
(943, 1, '2019-12-20 12:32:38', 1364, 'vikate833@gmail.com', 1, 'nuwrmti2mui7nxk4ak6yq6dpr36cijie'),
(944, 1, '2019-12-20 17:03:18', 1365, 'martinezrachel956@gmail.com', 1, 'ogqu2yejam6o9uii2bqmc53kog3qi6yp'),
(945, 1, '2019-12-20 17:30:21', 1366, 'beth.z@gmx.us', 1, 'hiyyv6a9xy5tji6mii6mijiy6fu8mt8u'),
(946, 1, '2019-12-20 21:43:45', 1368, 'bob_a@co.lake.ca.us', 1, 'zijmpium26nie2a6ui2wqtfeqq22760i'),
(947, 1, '2019-12-21 05:37:55', 1369, 'alexanstolyar@gmail.com', 1, 'vva24xitaazo9ayctisxxjv9e2wrqw4c'),
(948, 1, '2019-12-21 16:30:27', 1370, 'dsortino@amfam.com', 1, 'c55mya7nqf8aqmifz1ee4vparag5eli4'),
(949, 1, '2019-12-21 16:48:22', 1372, 'raina.stalker@yahoo.com', 1, 'yqu6zyegyy4usr2im2m0pi5am7zma0xm'),
(950, 1, '2019-12-21 22:40:42', 1373, 'elizabethjoseph3123@gmail.com', 1, '3m6eb66qei2aaqmnxawq3ey6weigmfi2'),
(951, 1, '2019-12-21 23:37:05', 1374, 'johnmaxwell10435@gmail.com', 1, 'hde0vm2aut3t2cy6afleytv12qnmm6e9'),
(952, 1, '2019-12-23 17:50:22', 1379, 'cpshook@gmail.com', 1, 'ed2u6uzq3eveagucv6lb9uy0kyywmusu'),
(953, 1, '2019-12-23 21:27:31', 1381, 'siddonsceleste@yahoo.com', 1, 'vikmal2yhi62f2juiiag6iyzeaby6mhh'),
(954, 1, '2019-12-24 03:01:05', 1382, 'floretta_wheelton@yahoo.com', 1, 'uq2aomyftt2ae66f6iysye2btj6oea22'),
(955, 1, '2019-12-25 13:45:56', 1388, 'cidmeador@gmail.com', 1, 'y4eeuqsituqeeeui6qy6nqytazaa48ei'),
(956, 1, '2019-12-26 19:05:04', 1390, 'bfitzgerald331@gmail.com', 1, '55a2uufeeikeebef4nckystyps9buk4a'),
(957, 1, '2019-12-27 21:44:21', 1392, 'r.yeshe@gmail.com', 1, '5aqpuee6si5qamma2d35am2veibqqdey'),
(958, 1, '2019-12-29 19:26:30', 1396, 'fqe6948law3uf@inbox.ru', 1, '0264t6a8um0au61mytkyeu2sej2ee6a8'),
(959, 1, '2020-01-02 05:20:19', 1403, 'w284240@163.com', 1, 'qqg3m6lmyau42ca5fiez69qmgimdnuha'),
(960, 1, '2020-01-02 06:56:43', 1404, 'benham.eldridge@yahoo.com', 1, 'u66ep6iypiaq3m38yqw1280juq2ydwra'),
(961, 1, '2020-01-02 08:25:21', 1405, 'tribhuwan2035@gmail.com', 1, 'jcu666m9dtvq06vh1tkhqq16ay3t2yie'),
(962, 1, '2020-01-02 18:08:03', 1406, 'despencerkenn@yahoo.com', 1, 'e2vmbwuumehmeaiisricqut6cadmeqny'),
(963, 1, '2020-01-02 20:17:50', 1407, 'jamskib@hotmail.com', 1, 'zyavdqusywqygu3w6aqhzyni6biez1ce'),
(964, 1, '2020-01-03 19:22:40', 1408, 'g@tm.org.ua', 1, 'uauy0672mqmbcytecmaaa2y72q96dmei'),
(965, 1, '2020-01-04 06:57:47', 1409, 'abbey_waygarth@yahoo.com', 1, '3qevra67evz62auumdne6eamui4i8qui'),
(966, 1, '2020-01-13 20:17:24', 1410, 'gspadari@yahoo.com.br', 1, 'uueq0viyiqvalur7r9u29hmimmmheyqu'),
(967, 1, '2020-01-07 03:15:22', 1418, 'farris.lyman@yahoo.com', 1, 'g5heludune9q22xu23rqiihy2oqwaual'),
(968, 1, '2020-01-08 12:52:36', 1421, 'wcwm844@163.com', 1, 'rzqegqunfni2iyi6ypi0yml6e1962ueq'),
(969, 1, '2020-01-10 21:04:13', 1426, 'mzfndx6s3@inbox.ru', 1, 'yp921guququa6eqmienuclamathinsa5'),
(970, 1, '2020-01-10 22:06:38', 1428, 'stanislavmoi1u2z@mail.ru', 1, 'eqnh2qb1g3wufnqyraazyur2z2q622ma'),
(971, 1, '2020-01-13 10:56:22', 1433, 'pramitkumarray@gmail.com', 1, 'nudeon0pysqdiuscliq3qteyyayi6ymq'),
(972, 1, '2020-01-14 17:16:40', 1436, 'rhnp175@163.com', 1, 'i6uyymame96ei9ibymimi6qjqiqidq3e'),
(973, 1, '2020-01-16 04:36:23', 1437, 'gorton.emmery@yahoo.com', 1, 'c6jy29z66ueaa82dgyizesaqikyibp1i'),
(974, 1, '2020-01-17 18:48:03', 1440, 'elwinmacdonald793@yahoo.com', 1, 'timmxmmqsq98eutn6piivjnyoe1uahyi'),
(975, 1, '2020-01-19 09:37:07', 1442, 'jnbh357@163.com', 1, 'eda260okd0agnqeeiigmi6y6y2yz33bi'),
(976, 1, '2020-01-20 08:03:23', 1446, 'dallis_leadle@yahoo.com', 1, '7youxmqeebyyamtesfv36k6eiequau6f'),
(977, 1, '2020-01-20 08:09:29', 1447, 'alisonjones8531@gmail.com', 1, 'dii2662jpzqi6lo8qsa70aqe7msuquvr'),
(978, 1, '2020-01-21 00:07:08', 1448, 'ybarrowcliff@yahoo.com', 1, 'qua6qhycitqrmhgq2fei2a76iiezih35'),
(979, 1, '2020-01-24 10:49:52', 1457, 'a-vardanyan@bk.ru', 1, 'uqnk67nay64rgy6oa1iyv69dxmlj962q'),
(980, 1, '2020-01-28 02:33:16', 1465, 'keefer.livick@yahoo.com', 1, 'isspyveeqkuyswuraq42vuu076iq7y2p'),
(981, 1, '2020-01-28 07:06:05', 1466, 'marven_plowman@yahoo.com', 1, 'uehylayfm1m3yqauyqiyzqiumn9oaqix'),
(982, 1, '2020-01-29 15:36:36', 1467, 'vsnpatnaik09@gmail.com', 1, 'iltqjh4q21qq6qu2mo6iiaceunqpuinn'),
(983, 1, '2020-01-29 20:40:57', 1468, 'markscott2670@gmail.com', 1, '6j2h4u9ae129yau5e6imm6emgyhqgma6'),
(984, 1, '2020-01-31 06:51:30', 1473, 'stokes_ferdinand@yahoo.com', 1, '6icoamalbqx61oymzyyeyq2umuqo2eah'),
(985, 1, '2020-02-01 20:41:52', 1479, 'dionysus_parkerdd@yahoo.com', 1, 'ni6462qimupbrzdikm0ckqamqiymq6br'),
(986, 1, '2020-02-02 01:09:20', 1480, 'celleycrichton@yahoo.com', 1, 'guby46eeeu1i6wyayyqelihm7ivqi224'),
(987, 1, '2020-02-04 03:08:50', 1486, 'blythelaunce@yahoo.com', 1, 'oq1y6mc83egm9n6ny8x6ym7a67sevm3j'),
(988, 1, '2020-02-07 01:22:36', 1491, 'shearsmithglynis@yahoo.com', 1, 'cy36nqheea2vuqq6epey8102ur6i7qe2'),
(989, 1, '2020-02-07 10:56:37', 1494, 'glily3306@gmail.com', 1, '6q2u6y5iekj2okxa52kt7me2xv6miymb'),
(990, 1, '2020-02-08 17:43:22', 1496, 'neerajstonecomp@gmail.com', 1, '5acbynpam6amiu3qw26o7eeupa15mmmi'),
(991, 1, '2020-02-14 16:36:08', 1501, 'teal.hilly@yahoo.com', 1, '7fame3yb2m34yz4ai74zxmcg691i6sma'),
(992, 1, '2020-02-16 08:35:19', 1503, 'hdvh197@163.com', 1, 'm2tegy767akju9p6n4ydyq2u6a9iebmq'),
(993, 1, '2020-02-20 01:07:24', 1506, 'popepiers@gmail.com', 1, '66iuu96q9jemeu7esmm5myqz6tkrliku'),
(994, 1, '2020-02-20 11:18:35', 1507, 'swinhowe.cos@yahoo.com', 1, '0al6u4y2uteh59ruridevd66ugh0egat'),
(995, 1, '2020-02-24 19:03:36', 1511, 'yjgg65@yeah.net', 1, 'ay7u00eauqoi6ysmcyuml6ai4yq6f6q6'),
(996, 1, '2020-02-25 02:09:15', 1512, 'harrison.cout@yahoo.com', 1, 'umew9omq2immxhoast6ixf2y6caqe2z8'),
(997, 1, '2020-02-25 12:47:50', 1513, 'pk.hse121@gmail.com', 1, 'qa9qmyli0ytu2t6a6kg8qmejquiaqf6u'),
(998, 1, '2020-02-26 23:53:55', 1515, 'ysoo022@163.com', 1, '0ayieiyueae2h0andm76jlwyi3m2d0d6'),
(999, 1, '2020-02-27 10:49:00', 1516, 'anny-may-lily@mail.ru', 1, 'y2amaz5ry22aufql3ruyhpusdea2ajue'),
(1000, 1, '2020-02-27 21:56:57', 1517, 'jemmerson21@yahoo.com', 1, 'umrgziy22uuexuuvqf1uq23m32ea20iu'),
(1001, 1, '2020-02-28 12:58:01', 1518, 'lfvz371@163.com', 1, '560y1q6yeay0xqda8iw4y44i4kto728s'),
(1002, 1, '2020-02-29 06:13:24', 1520, 'bldn173@163.com', 1, 'iuymimsipf4yseimvoum7yyqjh5ymfyu'),
(1003, 1, '2020-03-01 09:27:06', 1522, 'emlen_joy@yahoo.com', 1, 'uiowyuvxyfiwdiuyh3qiepz8uu66ma63'),
(1004, 1, '2020-03-01 11:04:40', 1523, '654817003@qq.com', 1, 'fme2bhmysecmqu1aye2aq3q6mmqmrukf'),
(1005, 1, '2020-03-01 12:37:52', 1524, 'yinzuoshengfudian@163.com', 1, 'qq2ya62y6a7etgy7miuya61fad544aiu'),
(1006, 1, '2020-03-01 14:19:02', 1525, '95358378@qq.com', 1, 'ieo0hhb72us9iv8i2e2y3aqvim0miyge'),
(1007, 1, '2020-03-01 16:46:42', 1526, '523075694@qq.com', 1, '2ziilyqamul1yh369i1xyi20iqm6bm0y'),
(1008, 1, '2020-03-01 19:00:36', 1527, 'mahanandkumare46@gmail.com', 1, '486z2nqgde76iismbshmm832r2jaez8j'),
(1009, 1, '2020-03-04 10:10:55', 1530, 'egwm428@163.com', 1, '6ypy2zs6a9aima6meqm0yic6aiwaylu2'),
(1010, 1, '2020-03-06 12:04:17', 1533, 'dorofeeva-marina@mail.ru', 1, 'yvieqyisuqsiueeqe7giqri2se2xq6y2'),
(1011, 1, '2020-03-06 18:31:25', 1534, 'jules.rondan@gmail.com', 1, 'maip6a8baarn86u6fz6aew27i6cae7ym'),
(1012, 1, '2020-03-07 15:29:21', 1538, 'peteranthony2847@gmail.com', 1, 'luys2evouvaqwtaujmae4f2ca3u6tmuu'),
(1013, 1, '2020-03-10 04:17:22', 1542, 'tonnie.dick@yahoo.com', 1, 'ia66aae4qiwmaoyqdae686muujaukkv6'),
(1014, 1, '2020-03-11 20:27:16', 1544, 'nnzj557@163.com', 1, 't2ba45226illel68auueethmwvbyim2n'),
(1015, 1, '2020-03-13 12:26:27', 1546, 'gardy_g@yahoo.com', 1, 'myeiicsu2iw4cq31ivc1yf2au3se2eu1'),
(1016, 1, '2020-03-15 13:38:34', 1547, 'xxrj537@163.com', 1, 'wi6yyo3qimimniaabu546oi2u2afq6qy'),
(1017, 1, '2020-03-15 17:15:26', 1548, '1872718617@qq.com', 1, 'n68ea282jk92qan3i206elv6ufrfa66r');
INSERT INTO `sgp_newsletter_subscriber` (`subscriber_id`, `store_id`, `change_status_at`, `customer_id`, `subscriber_email`, `subscriber_status`, `subscriber_confirm_code`) VALUES
(1018, 1, '2020-03-15 18:12:30', 1549, '1729203860@qq.com', 1, 'yi8b2mn868n61qhonu9s2guuf6e6ifum'),
(1019, 1, '2020-03-15 18:56:43', 1550, '1714625377@qq.com', 1, '2euuin2neneuaihacfe24gaiuub9cqkq'),
(1020, 1, '2020-03-15 19:37:15', 1551, '1946381754@qq.com', 1, '264i2iafsqsy7qi50u9yapu6vud6qmsu'),
(1021, 1, '2020-03-15 20:15:52', 1552, '1244371604@qq.com', 1, 'eyjyma666yiv68muskneey1ck4ku9784'),
(1022, 1, '2020-03-15 20:53:30', 1554, '1595060957@qq.com', 1, 'meso3gccxefamm7szeirzdqivgm5f9ew'),
(1023, 1, '2020-03-15 21:31:18', 1555, '1318297966@qq.com', 1, '3g2emaem7oeappxfepyh226q86j6inmq'),
(1024, 1, '2020-03-15 22:09:01', 1556, '1139248589@qq.com', 1, '2e2pa6aio6m2eq2610m0ecaroyq5yeqa'),
(1025, 1, '2020-03-15 22:48:11', 1557, '1217913871@qq.com', 1, 'i9tyrri1a5b8mub68usyicaq1egi2iam'),
(1026, 1, '2020-03-16 02:59:42', 1558, '1154107781@qq.com', 1, 'iiseqqteq6uhdj0t2amym7yfcq91qii2'),
(1027, 1, '2020-03-16 03:48:02', 1559, '1416989694@qq.com', 1, 'u6ewilkk2oiaqeid39yt67u7mimmdasn'),
(1028, 1, '2020-03-16 04:36:21', 1560, '1074649442@qq.com', 1, 'i66iam6ul686qy6614c2yhe655y622e7'),
(1029, 1, '2020-03-16 05:29:15', 1561, '1939039196@qq.com', 1, '3ai2zg1v2u56iaz2qab2pk7m2subcbit'),
(1030, 1, '2020-03-16 06:21:53', 1563, '1287435821@qq.com', 1, 'mybv6u862o6i675qyqon2uc742uwkebo'),
(1031, 1, '2020-03-16 07:16:59', 1565, '1879230754@qq.com', 1, 'xqz2oa156mmqmympzuaiu2g60zyyx48e'),
(1032, 1, '2020-03-16 08:10:43', 1566, '1543057382@qq.com', 1, '16im27igvsevmaanqoummqm6imq2m6yj'),
(1033, 1, '2020-03-16 09:04:47', 1567, '1065571591@qq.com', 1, 'iy2ra52eiaqw2ueaq6ku46o6zn0eiuw9'),
(1034, 1, '2020-03-16 09:58:02', 1568, '1540019279@qq.com', 1, '2mmiu2hhu3i5m9urzyfem4yxxqeqmgz6'),
(1035, 1, '2020-03-16 10:47:58', 1569, '1935346549@qq.com', 1, 'qgxaspe2avmpbmiq6gzw12qq35uq6heh'),
(1036, 1, '2020-03-16 11:39:52', 1570, '1799363337@qq.com', 1, '7mjiuyjnq22qyumsrmyqyuyak2y4byuq'),
(1037, 1, '2020-03-16 12:32:10', 1572, '1372071650@qq.com', 1, '6q2qradsq6m2s6e1uuy4l7sm4268nemi'),
(1038, 1, '2020-03-16 13:29:22', 1573, '1034318363@qq.com', 1, 'nzumqyojuemyqqa6mj627q2m2ybmz62i'),
(1039, 1, '2020-03-16 14:37:04', 1574, '1652393456@qq.com', 1, '25qqqlg2bepa3inrvyquil23qjm2d2my'),
(1040, 1, '2020-03-16 18:45:43', 1575, '1589759802@qq.com', 1, 'wi2t2ual7ti6uwbeeawaid6yyifg8ecm'),
(1041, 1, '2020-03-16 19:28:03', 1576, '1163947649@qq.com', 1, 'op40eieoaym2inyuh4y8bpwuqwbq626a'),
(1042, 1, '2020-03-16 20:09:48', 1577, '13733430@qq.com', 1, 'iwwiequ6eeyummudmq78636uyiqlj2wi'),
(1043, 1, '2020-03-16 20:48:55', 1578, '1196856318@qq.com', 1, 'yqivudee21q9m6ce8imqfre9asyuqeiy'),
(1044, 1, '2020-03-16 21:27:43', 1579, '190240236@qq.com', 1, '62u6iknjxaysz2ma22emfsmy6qodt051'),
(1045, 1, '2020-03-16 22:05:54', 1580, '1208625467@qq.com', 1, 'y2c2ycii5zuqmub56hmmf70y6ea6yblp'),
(1046, 1, '2020-03-16 22:45:02', 1581, '12450663@qq.com', 1, 'iuagquq6elgey8uv0mu36etqam6q8s5m'),
(1047, 1, '2020-03-16 23:26:19', 1582, '1786168@qq.com', 1, 'eqiygw6euj7rpuy224qomyamj6i6wl6m'),
(1048, 1, '2020-03-17 00:08:39', 1583, '11433168@qq.com', 1, '4puu2q6mmfmq4mmpin2uu8yu1mhaq62m'),
(1049, 1, '2020-03-17 00:52:27', 1584, '199120599@qq.com', 1, 'yeij2qi2fuz0smov6me4qmmy08imq2ui'),
(1050, 1, '2020-03-17 01:39:11', 1585, '158506517@qq.com', 1, '1abaet2emy26gm6qgaium12jcx7eqe2t'),
(1051, 1, '2020-03-17 02:27:18', 1586, '179911936@qq.com', 1, 'bxamayqwmmqyei8hfiymeylfiv6ex36m'),
(1052, 1, '2020-03-17 03:16:35', 1588, '115866936@qq.com', 1, 'yi6eyhyydaevk6dl2c266qe6iauu8g6y'),
(1053, 1, '2020-03-17 04:05:54', 1589, '154635944@qq.com', 1, 'm3uediqq36ef4ojxq6t2maajpybbicxo'),
(1054, 1, '2020-03-17 05:01:49', 1590, '123913715@qq.com', 1, 'cq6wy6yq61yeyiqi8ird1acybtxymuaa'),
(1055, 1, '2020-03-17 05:57:35', 1591, '195672844@qq.com', 1, 'v6qyta2tq5sa669mg906ax6uiavl23q2'),
(1056, 1, '2020-03-17 06:56:17', 1592, '109173224@qq.com', 1, 'qm1e6fpy5xj9ajaieqmn0naqqefa2d2i'),
(1057, 1, '2020-03-17 07:51:48', 1593, '187355155@qq.com', 1, 'qy2gecufa7y6qemimiqmyuiiui6zr2qy'),
(1058, 1, '2020-03-17 08:46:23', 1594, '191095082@qq.com', 1, 'aavijz8fekcauakiaiusrojyv6em0mny'),
(1059, 1, '2020-03-17 09:37:37', 1595, '1045665700@qq.com', 1, '11urgmau37uuy05rhi2z2xkseaniiyuo'),
(1060, 1, '2020-03-17 10:24:28', 1596, '14040053@qq.com', 1, 'u2a6y9m16cmi666862qqgo46ehfxuiyf'),
(1061, 1, '2020-03-17 11:59:58', 1598, '157769499@qq.com', 1, 'bib2nql3mqi6byreuequpi441a66a0im'),
(1062, 1, '2020-03-17 12:04:40', 1599, 'llloyd57@yahoo.com', 1, '2el2yxw22je5i9n4yis2q6quzawqea01'),
(1063, 1, '2020-03-17 12:51:36', 1600, '1258758489@qq.com', 1, 'q298ueunenu2y32aa6m2eezyuurqqq6u'),
(1064, 1, '2020-03-17 13:50:15', 1601, '103502996@qq.com', 1, 'zm2t2w222v2vy0jymumvjkj2tdheq13m'),
(1065, 1, '2020-03-17 14:56:49', 1602, '154839653@qq.com', 1, 'ubswiiieylutdiu76iqtyyh622w6ia65'),
(1066, 1, '2020-03-17 16:06:33', 1603, '179309786@qq.com', 1, '89cmq3via68x966e8oiqnheq3uw25a2m'),
(1067, 1, '2020-03-17 17:10:39', 1604, '179418506@qq.com', 1, 'emw9iaqi2hi9oditqoy6j2kiymg3r2yq'),
(1068, 1, '2020-03-17 18:03:32', 1605, '1356140283@qq.com', 1, 'aorfq2ae6keynm6lye2y60aau6g2u2ie'),
(1069, 1, '2020-03-17 18:48:43', 1606, '1176022840@qq.com', 1, 'preqe62am2al3ukylmqca5q29q926ewe'),
(1070, 1, '2020-03-17 19:29:56', 1607, '1614443541@qq.com', 1, 'i4t2rmijdiujrm6pxqt2giu1jw8ah25y'),
(1071, 1, '2020-03-17 20:09:12', 1608, '1173555968@qq.com', 1, 'ieh2aaqe2eknzk2fe1uy7mmqe6u6mevm'),
(1072, 1, '2020-03-17 20:49:00', 1609, '1750795776@qq.com', 1, '38mabue2u142bx6cuamyaukmqmz43nac'),
(1073, 1, '2020-03-17 21:27:05', 1610, '181677397@qq.com', 1, 'r72itu8imjqi2qj6uqua28athusatgti'),
(1074, 1, '2020-03-17 22:05:32', 1611, '1842284466@qq.com', 1, 'u2yqe8u6at2f6niuiyr2eyr53yag6222'),
(1075, 1, '2020-03-17 22:44:42', 1612, '178904797@qq.com', 1, '1tqvma2m66ltemiqflyb05aayxemui6q'),
(1076, 1, '2020-03-17 23:25:42', 1614, '1204543313@qq.com', 1, '7mdqeinmqm43yjynjee9m66pg2aauyun'),
(1077, 1, '2020-03-18 00:07:00', 1615, '1493308582@qq.com', 1, 's33qaytmm69aidkyuptf92ahe9mi4mey'),
(1078, 1, '2020-03-18 00:49:56', 1616, '1562488945@qq.com', 1, 'imawymiq9yyq02ef7mqykkzvuyly6ui6'),
(1079, 1, '2020-03-18 01:34:24', 1617, '1095133646@qq.com', 1, 'ammhu6wqy2aexezeriipy9qcqs6x3e65'),
(1080, 1, '2020-03-18 02:20:03', 1618, '1281231305@qq.com', 1, 'm6mqfa37my2yuynhhr2e6q9pueapize6'),
(1081, 1, '2020-03-18 03:06:44', 1619, '1014453392@qq.com', 1, 'ahm66ebqbhu4jeobfin2pw2miamaba0a'),
(1082, 1, '2020-03-18 03:52:26', 1620, '17020237@qq.com', 1, '2qq2vka6ewo8quo9uu52qhkaiceqfife'),
(1083, 1, '2020-03-18 03:59:06', 1621, 'rohrabacher.hobard@yahoo.com', 1, 'suqfx8yrjh26ysxzbyv1qyq32iaa4yeq'),
(1084, 1, '2020-03-18 04:37:47', 1622, '1599335293@qq.com', 1, '056p2a9hpu2qauekioziicy1ije9ycrt'),
(1085, 1, '2020-03-18 05:28:51', 1623, '178716015@qq.com', 1, '25ny420ymm2608e2y6ydys62q9abimpa'),
(1086, 1, '2020-03-18 06:22:04', 1624, '1286116809@qq.com', 1, 'p9kwedlqbriaua20u3uomay22uwxluiz'),
(1087, 1, '2020-03-18 07:16:19', 1625, '1521682346@qq.com', 1, 'atvedypl8qem6d9bl6yyb2qwfree0cq2'),
(1088, 1, '2020-03-18 08:13:14', 1627, '1720273094@qq.com', 1, 'i7qieqfa2gijzrq2qmei3q1eaeuiqaqm'),
(1089, 1, '2020-03-18 09:03:31', 1628, '1820589786@qq.com', 1, 'a6ycvemlix6sfi26ay2habeuf5ajuea0'),
(1090, 1, '2020-03-18 09:52:51', 1629, '1454674036@qq.com', 1, 'ymu3a6ie4276uyfmic2e6m3x2mm7ofqm'),
(1091, 1, '2020-03-18 10:38:42', 1630, '1229593055@qq.com', 1, '4y22fj2emcbqe2zpa2vvn1iumaqymemk'),
(1092, 1, '2020-03-18 11:23:56', 1631, '1664408815@qq.com', 1, 'adui89jes2jq6q6ykqye96qyqmsyb2ay'),
(1093, 1, '2020-03-18 12:10:18', 1632, '1294182637@qq.com', 1, 'aqk9auiiqsriva28f20frgii2pu6u1um'),
(1094, 1, '2020-03-18 13:00:41', 1633, '181824286@qq.com', 1, 'qed0yyz4aeaj35xxqmemh6umqmbh0iya'),
(1095, 1, '2020-03-18 13:03:19', 1634, 'ktifreitas@gmail.com', 1, 'drp66tip0ua22zeevudizue28ymmdmy2'),
(1096, 1, '2020-03-18 13:59:22', 1635, '1144270403@qq.com', 1, 'av026guft6m4uua7qfiq7m272aa66bh6'),
(1097, 1, '2020-03-18 15:12:16', 1636, '193392209@qq.com', 1, 'yniu6gmgiyjhiqemcyyq2jqxcyiejql6'),
(1098, 1, '2020-03-18 16:27:02', 1637, '1198572219@qq.com', 1, 'ndiamraq2t06y7dteaza2qa0igquievq'),
(1099, 1, '2020-03-18 17:35:58', 1638, '1228483044@qq.com', 1, '5ue9mvna272am6reqizqlmae9uilu0r6'),
(1100, 1, '2020-03-18 18:32:17', 1639, '1143351202@qq.com', 1, '7piq6gy2ri6u5e6cuju22q8a5fr7acyu'),
(1101, 1, '2020-03-18 19:20:29', 1640, '1360564605@qq.com', 1, '6ymilpryq2hq92feasqq2u6gn1ai212e'),
(1102, 1, '2020-03-18 20:02:00', 1641, '1339326674@qq.com', 1, 'w60eau0qauajymmim2pvqiiqm6k26aqe'),
(1103, 1, '2020-03-18 20:41:03', 1642, '1603877418@qq.com', 1, '4ias2yzr64dieacpqah02qes4dg24oeu'),
(1104, 1, '2020-03-18 21:20:13', 1643, '1294815582@qq.com', 1, 'y9a2yeeimmnx95g8q2r6euamemx1m6e2'),
(1105, 1, '2020-03-18 21:59:49', 1644, '1512454220@qq.com', 1, 'oq57ygweaaufa6eap6f8mmmaaqq2nmel'),
(1106, 1, '2020-03-18 22:41:14', 1645, '1227362283@qq.com', 1, 'wm2ucmy5iebavjr6dpde7iaa6oaa5a42'),
(1107, 1, '2020-03-18 23:25:00', 1646, '181992077@qq.com', 1, '6jruymqvuu2aaraaiynd9ueg5ii609ev'),
(1108, 1, '2020-03-19 00:10:04', 1647, '1162594418@qq.com', 1, 'wapdcei37a75mi82zodn7x802hqy2mlo'),
(1109, 1, '2020-03-19 00:55:21', 1648, '1165494508@qq.com', 1, 'a26iz6u71lqww0ya96viiedyh6kqa3q2'),
(1110, 1, '2020-03-19 01:43:38', 1649, '1847813960@qq.com', 1, 'mumlqa122ico62ghikj6memome66r62m'),
(1111, 1, '2020-03-19 02:34:24', 1650, '1048392765@qq.com', 1, 'm6aqm2682es7ika623m6mazqy22qi1i6'),
(1112, 1, '2020-03-19 03:23:40', 1651, '1821799734@qq.com', 1, 'ckat1m368u6uve6ymuyh226k2yez4uym'),
(1113, 1, '2020-03-19 04:13:08', 1652, '1658820735@qq.com', 1, 'uqfl7xe4ieanb23u4v42ki2soab2l2a6'),
(1114, 1, '2020-03-19 05:08:10', 1653, '1511748914@qq.com', 1, '6w7k426eyqareaeeuumrduusiuqu3wim'),
(1115, 1, '2020-03-19 05:55:55', 1654, '1270647829@qq.com', 1, 'ubumm6auh26qg62arayqjyu2ru2bpjdd'),
(1116, 1, '2020-03-19 06:42:57', 1656, '121186154@qq.com', 1, '2qiessa6meb05uajhmwaead59w6v3oag'),
(1117, 1, '2020-03-19 07:30:20', 1657, '1079352039@qq.com', 1, 'eyjh4equ1yiyx1oytaeuyymi615qa2iu'),
(1118, 1, '2020-03-19 08:20:26', 1658, '1160988688@qq.com', 1, '2ae0yta6q12qiqk9ehy16qcyi6lieu69'),
(1119, 1, '2020-03-19 09:07:23', 1659, '1993135381@qq.com', 1, 'e5eiamrqpicad2p6633bxqq005i01n4l'),
(1120, 1, '2020-03-19 09:54:10', 1660, '1944380562@qq.com', 1, '3ayee3smqeyqaquaey3ut6ky1mqv6aie'),
(1121, 1, '2020-03-19 10:40:06', 1661, '1931994157@qq.com', 1, '0qm673a6kjyryqiauva6immjyd62msi6'),
(1122, 1, '2020-03-19 11:22:40', 1662, '1737505207@qq.com', 1, 'yv5aim6uh1v6emyu5cum6vviucn2k3m2'),
(1123, 1, '2020-03-19 12:07:07', 1663, '1156797530@qq.com', 1, 'q6oueqam29y23m0qe23iyaenihbd8em5'),
(1124, 1, '2020-03-19 12:52:22', 1664, '1847767811@qq.com', 1, 'isyelu6y2i26m36u2yai01uxcgd0x7ia'),
(1125, 1, '2020-03-19 13:40:07', 1665, '1179009367@qq.com', 1, 'qeqq1q6xi2qq31mfu2aeayeinxmwjdy9'),
(1126, 1, '2020-03-19 14:33:49', 1666, '1009703261@qq.com', 1, 'dsvuwu5y6ym9xiie124saam2yyadfgq8'),
(1127, 1, '2020-03-19 15:31:11', 1667, '17433347@qq.com', 1, 'ncyu6m6xg2x9mmidi9uia215e7asimur'),
(1128, 1, '2020-03-19 16:31:49', 1668, '1321428831@qq.com', 1, 'eyeobsqerfci6mwp3ui9ih22we3e0thm'),
(1129, 1, '2020-03-19 17:27:46', 1669, '1025077367@qq.com', 1, 'aau6quqmwkwyii6867cmeayababmiide'),
(1130, 1, '2020-03-19 18:11:34', 1670, '1064061434@qq.com', 1, '6axgyefthhu2yyibb6rm4y26l6xuf03e'),
(1131, 1, '2020-03-19 18:52:25', 1671, '1049592232@qq.com', 1, 'h6am2ume7nipgieuvem6ceq2x244uw2s'),
(1132, 1, '2020-03-19 19:32:23', 1672, '1162012815@qq.com', 1, '2u2q5aqpazbbeq00ahpqlyy5zi2dujco'),
(1133, 1, '2020-03-19 20:11:14', 1673, '1123440089@qq.com', 1, 'va2yyimie6e6fqybrurm566m2e84zqyi'),
(1134, 1, '2020-03-19 20:49:08', 1674, '112620206@qq.com', 1, '16mwaxiq7ui1rwrdeuqm2y2ehyei67ie'),
(1135, 1, '2020-03-19 21:27:03', 1675, '197014972@qq.com', 1, 'uewae3mafvtybiuh336t6yueay6qpy6q'),
(1136, 1, '2020-03-19 22:04:51', 1676, '151442173@qq.com', 1, 'ajy66ees3wkqq67d16yb5aoa1p39ei4y'),
(1137, 1, '2020-03-19 22:42:31', 1677, '199003259@qq.com', 1, 'dve0eiuuyw5m6yyas42yym6a2eiymw2n'),
(1138, 1, '2020-03-19 23:21:05', 1678, '147586332@qq.com', 1, 'q7iie2ie4eqmiennunxzl7ifiegyo6c6'),
(1139, 1, '2020-03-20 00:00:05', 1679, '1548041269@qq.com', 1, 'mm6qqvwlqbq2mvjj7ya2q4yequmayomy'),
(1140, 1, '2020-03-20 00:40:14', 1680, '1256136778@qq.com', 1, 'sifzmqqwriyigegh6zy6ypye7um9ey12'),
(1141, 1, '2020-03-20 01:21:19', 1681, '1144270608@qq.com', 1, 'aj8nh8ut9yfiay9l2ka2uuo2ztm2jqe2'),
(1142, 1, '2020-03-20 02:02:13', 1682, '1057563191@qq.com', 1, 'slem1ggy9z6q9y2ey2iq4rl35egs9jyu'),
(1143, 1, '2020-03-20 02:46:56', 1683, '1002648489@qq.com', 1, 'uiygq6ap7ea5yyy0zuu2keudye5bg1sm'),
(1144, 1, '2020-03-20 03:29:30', 1685, '1504550282@qq.com', 1, 'heeg2kyaa3wu8eaiyiuxmraa0eygnt66'),
(1145, 1, '2020-03-20 04:10:20', 1686, '1152955428@qq.com', 1, 'f1it2a1xj02qiiyq2timqlvy80qfmd0e'),
(1146, 1, '2020-03-20 04:50:38', 1687, '1724726985@qq.com', 1, 'airoqaqu9yyeque8ian7z2im21t9wom5'),
(1147, 1, '2020-03-20 05:33:44', 1688, '173859739@qq.com', 1, 'eyxguaeh82um6ftuxmayuly7m40wzm67'),
(1148, 1, '2020-03-20 06:19:57', 1690, '19403216@qq.com', 1, 'a2ayhequ0d0oidgiu0biiyaqzq62cqau'),
(1149, 1, '2020-03-20 07:05:17', 1691, '122386257@qq.com', 1, '8bueququci9ylaelu6uiam5tyh2amoye'),
(1150, 1, '2020-03-20 07:49:45', 1692, '1090831262@qq.com', 1, 'g4mivimaicuepc29yneekuq7e66xuixa'),
(1151, 1, '2020-03-20 08:34:07', 1693, '1273930883@qq.com', 1, 'ye6mwaimcma2i6zwpqapsaei5q6ya1cq'),
(1152, 1, '2020-03-20 09:18:38', 1694, '157831141@qq.com', 1, '39a6mbqiei661qk2ic62u42aqrbqmwuq'),
(1153, 1, '2020-03-20 10:01:18', 1695, '124304483@qq.com', 1, 'fl2l8rde0z9jivd2e6u666evfmk1ydao'),
(1154, 1, '2020-03-20 10:44:15', 1696, '1156204068@qq.com', 1, '2mie6gyutuar968yqma2mr6aio6ui2t8'),
(1155, 1, '2020-03-20 11:25:25', 1697, '156398372@qq.com', 1, 'y2y2gbrtyiusq5d2hipyp1aaq0xqvace'),
(1156, 1, '2020-03-20 12:12:01', 1698, '1050440804@qq.com', 1, 'ma6y3vzyh7oiest20yymau6t6ae26fuq'),
(1157, 1, '2020-03-20 12:57:14', 1699, '1053951005@qq.com', 1, 'qkkea2q17shyiq9ci12aim45eimouat2'),
(1158, 1, '2020-03-20 13:44:15', 1700, '1059580391@qq.com', 1, '1jsvyi2yje2an6uvwi6uuyqsqsouuemy'),
(1159, 1, '2020-03-20 14:33:55', 1701, 'ebig055@163.com', 1, '2aqi6e6gehuiu644kaaa36uu2q4aeuyq'),
(1160, 1, '2020-03-20 14:40:17', 1702, '1506179111@qq.com', 1, 'yiauaqli16af2uwimup6mymmq9uimtl2'),
(1161, 1, '2020-03-20 15:42:10', 1703, '1146678165@qq.com', 1, 'uyal2e2iyr76ujnh4ee6myj217yau2oy'),
(1162, 1, '2020-03-20 16:38:49', 1704, '13366171@qq.com', 1, 'qu5ieh2qeualxvvip0h8utmp90h4opns'),
(1163, 1, '2020-03-20 17:30:53', 1705, '176061959@qq.com', 1, '2iilyufvyvlca6miqut4ulky4oiiiev2'),
(1164, 1, '2020-03-20 18:16:08', 1707, '107502709@qq.com', 1, 'rqa6a5mq4ltuapqyeu2peaa60y0eiuqx'),
(1165, 1, '2020-03-20 18:57:06', 1708, '1084091825@qq.com', 1, 'iymwajyim2hejmqayu1i2s5e2exie9ge'),
(1166, 1, '2020-03-20 19:37:41', 1709, '107441506@qq.com', 1, 'xb49u8msqa1di2m6uq236zi20621ytut'),
(1167, 1, '2020-03-20 20:16:17', 1710, '11366819@qq.com', 1, 'p7ne6yiikaqmvteudmiioamrqkuoq6le'),
(1168, 1, '2020-03-20 20:55:19', 1711, '10168506@qq.com', 1, 'm02jc8m216f35iyuoaeeyueze0z2pje6'),
(1169, 1, '2020-03-21 05:12:48', 1712, '236503041@qq.com', 1, 'mkehaqukrqee66cematiqvae1puqf6qu'),
(1170, 1, '2020-03-21 06:01:34', 1713, '285508984@qq.com', 1, 'uetv622mqybyqmso86amcqad2byv6aae'),
(1171, 1, '2020-03-21 06:47:11', 1714, '28173789@qq.com', 1, 'aenyemqqsiheemie8uavxd702ayeqaql'),
(1172, 1, '2020-03-21 07:33:06', 1715, '287253539@qq.com', 1, 'gadlrhjad6qneuixb8sehyibqalq4yry'),
(1173, 1, '2020-03-21 08:21:40', 1716, '23041670@qq.com', 1, 'ywmfm2yen99smyq7eygmuymiy262jumb'),
(1174, 1, '2020-03-21 09:08:48', 1717, '24042988@qq.com', 1, 'etcfqemeeatha2iiyawi9ulmyaaamaim'),
(1175, 1, '2020-03-21 09:51:37', 1718, '298111271@qq.com', 1, 'o2qbeet6uzotsa6s2uebofuyydmkmy5u'),
(1176, 1, '2020-03-21 10:33:05', 1720, '2396953160@qq.com', 1, 'ymf3ycq6eoei6eofq7ymqqiuar11ifau'),
(1177, 1, '2020-03-21 11:17:41', 1721, '2413297604@qq.com', 1, 'kru6y6ry66i9qo26ya1rixoi9lq8oihy'),
(1178, 1, '2020-03-21 12:01:18', 1722, '2542208016@qq.com', 1, '6yei2airtynmahayt2zm5uand3qp7dee'),
(1179, 1, '2020-03-21 12:45:56', 1723, '286835658@qq.com', 1, 'mn8emqoeaci96uiqmmqee12alvpaim2v'),
(1180, 1, '2020-03-21 13:33:38', 1724, '2595596721@qq.com', 1, 'my8r2yaa6fu2ioqow5yc8u2hci3iz61r'),
(1181, 1, '2020-03-21 14:26:14', 1726, '2586897098@qq.com', 1, '2c2wq20tj2huq5ec6uturgetg2m7i26h'),
(1182, 1, '2020-03-21 15:16:55', 1727, '283690202@qq.com', 1, 'ym2quir6bm58atq2qiiue9rbyaa6mc5a'),
(1183, 1, '2020-03-21 16:09:21', 1729, '2530542472@qq.com', 1, 'm9q6i6j6qa6imq2a60uay60apz64q2uk'),
(1184, 1, '2020-03-21 17:02:13', 1730, '249375189@qq.com', 1, '6k49yayynium226ml6a6dsemj2ve8dmm'),
(1185, 1, '2020-03-21 17:50:01', 1731, '2881475604@qq.com', 1, '0a56de4miojurul2mc30yamzawcbf3yy'),
(1186, 1, '2020-03-21 18:33:36', 1732, '2300438165@qq.com', 1, '26e8mqugqh6ru76cqayavamyya6y66ea'),
(1187, 1, '2020-03-21 19:14:55', 1733, '284203010@qq.com', 1, 'icsby5e29qm8zaas60eb62uumbrejx3e'),
(1188, 1, '2020-03-21 19:54:16', 1734, '270012161@qq.com', 1, '6zyja92qqqo6le6cyh62ymyale6ewe9s'),
(1189, 1, '2020-03-21 20:33:36', 1735, '2419765485@qq.com', 1, 'rfxyyamis2uer07qpizh6uy5ulickisq'),
(1190, 1, '2020-03-21 21:11:27', 1736, '243467542@qq.com', 1, 'eyad6seyw6ayq96eix7eb1yye5imru20'),
(1191, 1, '2020-03-21 21:49:58', 1738, '2841812614@qq.com', 1, 'e96cyl39aamae12iajaywmm6a5a4eeas'),
(1192, 1, '2020-03-21 22:29:02', 1739, '2374400433@qq.com', 1, 'a16uemfax4i0iqww88uqabe6lvyir6mx'),
(1193, 1, '2020-03-21 23:08:20', 1740, '2722748092@qq.com', 1, 'atle6kesz3wezuypam40miay34ii2i2a'),
(1194, 1, '2020-03-21 23:48:24', 1741, '254509508@qq.com', 1, 'yy663yzvu2xz486m2vz40o22ue6apmy2'),
(1195, 1, '2020-03-22 00:30:30', 1742, '295566956@qq.com', 1, 'maumy2atqb2a1yuy0ci1a6962yp52iae'),
(1196, 1, '2020-03-22 01:11:30', 1743, '2312434147@qq.com', 1, 'aaqncql3uq22aslgmmi2aav274quatef'),
(1197, 1, '2020-03-22 01:53:04', 1744, '2908700889@qq.com', 1, 'utzneyqmmilk4hbwaej07quhapaq6suj'),
(1198, 1, '2020-03-22 02:36:20', 1745, '2584706732@qq.com', 1, 'zm8a2mfuu0ur6eq229emj8q6u6m0m8sb'),
(1199, 1, '2020-03-22 03:18:24', 1746, '2506272549@qq.com', 1, 'uiuaiukyahp8bruyemyyammqeaa7o7ou'),
(1200, 1, '2020-03-22 04:01:38', 1747, '2312993022@qq.com', 1, 'epsyysegauaq2ycwmu6mzjzhifeq6q6z'),
(1201, 1, '2020-03-22 04:45:08', 1748, '292936837@qq.com', 1, '9ee6univ2ye6umybqyiyqz7eqe3aexaq'),
(1202, 1, '2020-03-22 05:31:31', 1749, '245569237@qq.com', 1, 'hwgx4a26uuqmrir9mhr32yu4lml0pia1'),
(1203, 1, '2020-03-22 06:17:23', 1751, '277675744@qq.com', 1, 'eq0t2odmqa7aamimqiyaqxntev2hterl'),
(1204, 1, '2020-03-22 07:05:00', 1752, '294387152@qq.com', 1, 'ae22q3jujejm2bt6ugy61qyd23xcy5x6'),
(1205, 1, '2020-03-22 07:51:42', 1753, '2872959367@qq.com', 1, 'j66mpiawe6a2i2pi2paoqys2doyu06kq'),
(1206, 1, '2020-03-22 08:37:32', 1754, '2759528510@qq.com', 1, '1q1faa876y9geiiu2q6io6m9iirvynb2'),
(1207, 1, '2020-03-22 09:26:47', 1755, '2598371838@qq.com', 1, 'i12irbyeeeqaev26yqq26eu2yj7r5wmj'),
(1208, 1, '2020-03-22 10:17:53', 1756, '2604893374@qq.com', 1, 'l7ci63ah67iguzya6mbq6e7uu3dumuyk'),
(1209, 1, '2020-03-22 11:05:38', 1757, '2665569457@qq.com', 1, 'k9e4o65ufn2ae28g0u6yuygbyglwmqqu'),
(1210, 1, '2020-03-22 11:52:49', 1758, '2819224930@qq.com', 1, 'qmq6uagzvyjwa66iisayaeavyy29bxdi'),
(1211, 1, '2020-03-22 12:39:54', 1759, '237522296@qq.com', 1, 'wy623eiouqeqr226i926j2ucq2qge466'),
(1212, 1, '2020-03-22 13:28:01', 1760, '281952788@qq.com', 1, '6etyyxuejmyygfi2w2zxuvsf5yammmvi'),
(1213, 1, '2020-03-22 14:16:13', 1761, '290059079@qq.com', 1, 'e6e3iti56q232eiqj8qy2yuq32mbu6e0'),
(1214, 1, '2020-03-22 15:11:49', 1762, '251158017@qq.com', 1, 'ehemjeq6x66d466ki6u2eyyd7r2a2668'),
(1215, 1, '2020-03-22 16:04:35', 1763, '215779701@qq.com', 1, 'n2agq2ia262e2b1y2ey1iueu2qagywqp'),
(1216, 1, '2020-03-22 17:51:38', 1765, '275839590@qq.com', 1, 'm8a60eref2e2udlam3qq266zaiqleiyi'),
(1217, 1, '2020-03-22 18:32:50', 1766, '251585721@qq.com', 1, '2lpaye0qa3nvyz2e2eq2yeqm6mb6zmab'),
(1218, 1, '2020-03-22 19:11:52', 1767, 'paituzi@163.com', 1, 'eyaun6aqiaamk2uy2eskqiey6ri5w4aa'),
(1219, 1, '2020-03-22 19:12:06', 1768, '229550452@qq.com', 1, 'q2siquaeqdywuh4qsqelrqoz6vm2yidr'),
(1220, 1, '2020-03-22 19:49:49', 1769, '250959440@qq.com', 1, '6miieq7q6667eids5c63yxex6uauu63a'),
(1221, 1, '2020-03-22 20:26:16', 1770, '269923624@qq.com', 1, 'mgui4mzydawyymuey65rlybuhy67amec'),
(1222, 1, '2020-03-22 21:01:57', 1771, '2226328726@qq.com', 1, 'dk2seku6a2ic676y2656e6urqewuq6uy'),
(1223, 1, '2020-03-22 21:37:48', 1772, '289028475@qq.com', 1, 'u7vdezyey4mbpmievm24m2qi6ria2dna'),
(1224, 1, '2020-03-22 22:13:44', 1773, '252028154@qq.com', 1, 'ryansqay9ua13416emaqn1tje7ie6au0'),
(1225, 1, '2020-03-22 22:49:41', 1774, '279955137@qq.com', 1, '22ek2a62weiizomsadqvfe16z66ga4yr'),
(1226, 1, '2020-03-22 23:26:26', 1775, '2468819154@qq.com', 1, 'y63n1mmi62wifyqyiqe6i2qa78emawne'),
(1227, 1, '2020-03-23 00:03:43', 1776, '2395807256@qq.com', 1, 'yje72a21x53q2y5q2qiush2cziaur2o6'),
(1228, 1, '2020-03-23 00:41:00', 1777, '276698981@qq.com', 1, '6iuqp2inyieo9iy2uo7juynqiabiquad'),
(1229, 1, '2020-03-23 01:19:03', 1778, '275778477@qq.com', 1, 'meiqiyv1zgq6yqratmpqyudafaueqeqg'),
(1230, 1, '2020-03-23 01:57:11', 1779, '252029248@qq.com', 1, 'uyimykh0e2usl2keaim24ivq69wflzin'),
(1231, 1, '2020-03-23 02:36:30', 1780, '282389674@qq.com', 1, '6adfnuqns969myyljqee2v6ehyazq2ai'),
(1232, 1, '2020-03-23 03:19:16', 1781, '28218507@qq.com', 1, 'oe0iimqui2upla5ey2na54zi2f2cas66'),
(1233, 1, '2020-03-23 03:57:44', 1782, '235152051@qq.com', 1, 'myf2z8uefemyreesz6ukimi26fqeq0ky'),
(1234, 1, '2020-03-23 04:37:03', 1783, '242420615@qq.com', 1, 'agi6zg6i1eaamrcm0um2cgmqee6i1wbh'),
(1235, 1, '2020-03-23 05:17:52', 1784, '294300189@qq.com', 1, 'dv64yy6s5ahuaj28vmcp20ix2qtuhu62'),
(1236, 1, '2020-03-23 06:00:40', 1785, '276918514@qq.com', 1, '6qqu5ufx2e9huxam811t3ialemnq666y'),
(1237, 1, '2020-03-23 06:43:31', 1786, '23744128@qq.com', 1, 'v2fu2ywunjymqmyy2iu2bmuuirtkpa2e'),
(1238, 1, '2020-03-23 07:25:36', 1787, '277847096@qq.com', 1, '8sllz42yamuqq2osqhau7obcu7ayepyx'),
(1239, 1, '2020-03-23 08:06:15', 1788, '21690323@qq.com', 1, 'xjq2jrm5q6uaam6jutebuyaqm6mqpa22'),
(1240, 1, '2020-03-23 08:46:50', 1789, '272134266@qq.com', 1, '6m8uq7yurmu6u0rgqs5q0uuey497lnyc'),
(1241, 1, '2020-03-23 09:27:57', 1790, '282469273@qq.com', 1, 'eumfmjmauby2yfavermqk22pn2an95ui'),
(1242, 1, '2020-03-23 10:11:07', 1792, '229255661@qq.com', 1, 'u60q24diaqwy2ggem2miy68222afqm1x'),
(1243, 1, '2020-03-23 10:59:20', 1793, '276080660@qq.com', 1, 'mmgi6ytyek4ufu7947uislqk5g6uge3a'),
(1244, 1, '2020-03-23 11:39:29', 1794, '275873700@qq.com', 1, 'yue5q2uw2iml97mm2k744uujumipvq0y'),
(1245, 1, '2020-03-23 12:22:34', 1795, '273730616@qq.com', 1, 'naufzti5w1f2tmecb2wayiqitum2y2ee'),
(1246, 1, '2020-03-23 13:05:13', 1796, '289178550@qq.com', 1, 'asamkbihuyteia6c6m6uvw6t61py7dh8'),
(1247, 1, '2020-03-23 13:48:37', 1797, '292554237@qq.com', 1, '0p22maymjyq6a5aw2ym02u6q2qu6qy6d'),
(1248, 1, '2020-03-23 14:37:28', 1798, '278033191@qq.com', 1, 'uy2m2duexyehgm6easem61ji6yabmebw'),
(1249, 1, '2020-03-23 15:33:32', 1799, '232662044@qq.com', 1, 'mdwfy2ia66udya6zi66uuvqc38nn98xm'),
(1250, 1, '2020-03-23 16:27:20', 1800, '250525066@qq.com', 1, 'yaany2z26m2a6xaqae52eehqaojyiacm'),
(1251, 1, '2020-03-23 17:14:51', 1801, '229489337@qq.com', 1, 'ft78o200y6aqxt7c5acyy4vj609itapc'),
(1252, 1, '2020-03-23 17:58:02', 1802, '287551896@qq.com', 1, 'e2pae2k60e6n3vyamt2imq7mcy0e7a4q'),
(1253, 1, '2020-03-23 18:36:50', 1803, '240088014@qq.com', 1, 'dqkadmeezcesqkioef0uqns2dusm2ei0'),
(1254, 1, '2020-03-23 19:13:59', 1804, '237530721@qq.com', 1, '6qeea2tmim266qyus2qcmeg42auki63h'),
(1255, 1, '2020-03-23 19:51:36', 1805, '270019588@qq.com', 1, 'qu3ikepwxojgmyz2q9mqbiy602mm6ri2'),
(1256, 1, '2020-03-23 20:27:52', 1806, '20606121@qq.com', 1, 'euay6z8cipkmiemmybnaeia2dzuj2aj2'),
(1257, 1, '2020-03-23 21:04:05', 1807, '274632387@qq.com', 1, 'q2iiz77aq1t92re6eq26gyiameqae2uk'),
(1258, 1, '2020-03-23 21:40:04', 1809, '2820039700@qq.com', 1, 'tmu2e66a7hf3621ae4equyeqwom6qcic'),
(1259, 1, '2020-03-23 22:15:59', 1811, '271208508@qq.com', 1, 'euy2bzarmyua2uuh9waaiaaygquaav8w'),
(1260, 1, '2020-03-23 22:51:44', 1812, '3002116034@qq.com', 1, 's1heamoceimeryhnqmiele1qiq7atcsr'),
(1261, 1, '2020-03-23 23:29:57', 1813, '3217298164@qq.com', 1, '6yme9aok2iyu2q4uxuf09uur6ihneyuy'),
(1262, 1, '2020-03-24 00:07:01', 1814, '3565391422@qq.com', 1, '94bequ1p61hiauayw762umkm7eu3ii6o'),
(1263, 1, '2020-03-24 00:44:15', 1815, '3411123975@qq.com', 1, '5mxdmurnimmqswya6uzlucxquc2umuiq'),
(1264, 1, '2020-03-24 01:21:45', 1816, '389867358@qq.com', 1, 'uq0ca63yl0maosimuq66e39qfa4usmqa'),
(1265, 1, '2020-03-24 01:59:38', 1817, '3318511746@qq.com', 1, '66uea1nujw2qqbkiy48e2cyhmzoumqay'),
(1266, 1, '2020-03-24 02:39:15', 1818, '3375343197@qq.com', 1, 'qf3666qp5qbyaecimamaxmy82ame2xaw'),
(1267, 1, '2020-03-24 03:18:43', 1819, '332087277@qq.com', 1, '3iquva6ysj8py68elr3e22fsi1d6c2qn'),
(1268, 1, '2020-03-24 03:56:40', 1820, '3422167764@qq.com', 1, 'amwyjef2w25nuhe6qmqqumqm6m65qmse'),
(1269, 1, '2020-03-24 04:35:04', 1821, '3349709293@qq.com', 1, 'itpriaaewqdwu7762u3guth31q2ya2au'),
(1270, 1, '2020-03-24 05:20:32', 1822, '3430126562@qq.com', 1, '2miuimhqy6y7vml82emqmqmykc2pqijy'),
(1271, 1, '2020-03-24 06:16:10', 1824, '380947591@qq.com', 1, '0y22cai2evtqgmjacdi64uyr2qr2epe4'),
(1272, 1, '2020-03-24 06:59:29', 1825, 'ecroydgery@yahoo.com', 1, 'qu62e8a3aeamcaeaq6e8q6pw2iqmdhae'),
(1273, 1, '2020-03-24 07:09:05', 1826, '3526727787@qq.com', 1, 'eyaqyq3ui2hzciybhmme4qfo26ieyky2'),
(1274, 1, '2020-03-24 07:55:15', 1827, '3174213651@qq.com', 1, '30wyy622d9a2enmdn6itm2iq6223y8w2'),
(1275, 1, '2020-03-24 08:37:52', 1828, '395828824@qq.com', 1, 'imqzyme2j2kaunq2m4bm6ymp3y6amas6'),
(1276, 1, '2020-03-24 09:19:24', 1829, '313548340@qq.com', 1, 'idqml2ehaqmqy4m6ra9e6wi6meigmqdm'),
(1277, 1, '2020-03-24 09:59:30', 1830, '353927844@qq.com', 1, '8i22m2yr2qt3dduqbmq2osavyukgy2yr'),
(1278, 1, '2020-03-24 10:39:59', 1831, '397207281@qq.com', 1, 'iurvem0eek2x6mipyuyiyim2uy537miy'),
(1279, 1, '2020-03-24 11:18:36', 1832, '346108224@qq.com', 1, 'afyqyuf3gmbmaj5r6y226xnqg6qx0r7v'),
(1280, 1, '2020-03-24 12:01:06', 1833, '370652637@qq.com', 1, 'mpy68i4itwvqieycz24auy6qc3yeidji'),
(1281, 1, '2020-03-24 12:53:00', 1834, 'johnniesettle@yahoo.com', 1, 'whpawwqqjsqqz6u2um2ma16xe4y91r6q'),
(1282, 1, '2020-03-24 12:55:43', 1835, '330948178@qq.com', 1, '6eimujiue8tu62upqq00wzq6y0vi4ily'),
(1283, 1, '2020-03-24 13:13:33', 1836, 'amerigodow@aol.com', 1, '6yeamb7w5yum7cq3uaeium6lcammqam2'),
(1284, 1, '2020-03-24 13:42:43', 1837, '378041252@qq.com', 1, '32yyhetirunagq6s6m2y2wkea5mqq6ma'),
(1285, 1, '2020-03-24 14:29:26', 1838, '329581@qq.com', 1, '2uy03qwgapicipju64t8keqy2lomy6cn'),
(1286, 1, '2020-03-24 15:27:43', 1839, '371630733@qq.com', 1, 'dse2z9s2tsyyf6qma4xpmftkape1bem3'),
(1287, 1, '2020-03-24 16:20:05', 1840, '303520779@qq.com', 1, 'a3mek35elqi69a5m9e26ab2hi7989mi6'),
(1288, 1, '2020-03-24 17:07:21', 1841, '317960624@qq.com', 1, 'qrau7a962imua1qsuu2aiie2tq2yg7m0'),
(1289, 1, '2020-03-24 17:50:06', 1842, '351470534@qq.com', 1, 'zum69zqqa96m3cieneaemay42umy92zy'),
(1290, 1, '2020-03-24 18:29:30', 1843, '369862639@qq.com', 1, 'pi0lm262eoix6umyq70e6b6cym36yez1'),
(1291, 1, '2020-03-24 19:06:58', 1844, '304274169@qq.com', 1, 'q6yqva7tejqgiy9jmye1azaweaua6um2'),
(1292, 1, '2020-03-24 19:44:17', 1845, '305690626@qq.com', 1, '66ayutm0626m7mua26a3a2thiii2anpm'),
(1293, 1, '2020-03-24 20:20:45', 1846, '365887005@qq.com', 1, 'aurq9q1aim2u1621ui6aa100saq14suz'),
(1294, 1, '2020-03-24 20:57:25', 1847, '38516776@qq.com', 1, 'tp7siai2ubmj6uuji6qmv12yzv6qexio'),
(1295, 1, '2020-03-24 21:34:09', 1848, '370015814@qq.com', 1, 'azrtqam7zwmyux2qo6yre8weeyim3rim'),
(1296, 1, '2020-03-24 22:10:48', 1849, '340191699@qq.com', 1, '29oi265gikwftzw2if2uml52mr6ve2mf'),
(1297, 1, '2020-03-24 22:47:48', 1850, '360381953@qq.com', 1, 'd02yyb6y93ieoii7cleyd362eyebu76y'),
(1298, 1, '2020-03-24 23:24:53', 1851, '332547225@qq.com', 1, 'tm62rq5mu8mixiyee34fmau2eaifjh2y'),
(1299, 1, '2020-03-25 00:00:48', 1852, 'thomasinewatson175@gmail.com', 1, 'a66coghkeny6ifi63tmia6e1q6yeftei'),
(1300, 1, '2020-03-25 00:02:31', 1853, '327795011@qq.com', 1, 'hvaiuyqau2say97oavr3iemyfxyu2d6m'),
(1301, 1, '2020-03-25 00:40:22', 1854, '358319834@qq.com', 1, 'yyqqur6aqi6ua8ufm6q6aamiuyyuuq0o'),
(1302, 1, '2020-03-25 01:19:01', 1855, '392617003@qq.com', 1, '26u6al3oeyz6qm2eyqy6a8amgyduqmyy'),
(1303, 1, '2020-03-25 01:57:00', 1856, '399536411@qq.com', 1, 'mm2oaia2mkmaie0ehaeyrl5ru65sftii'),
(1304, 1, '2020-03-25 02:35:54', 1857, '3036025715@qq.com', 1, 'mvdymld2wpa363ia5uakhpafiyardami'),
(1305, 1, '2020-03-25 03:15:56', 1858, '3150404594@qq.com', 1, '6qsqsemai62y4qmrui5i529ucimla4y6'),
(1306, 1, '2020-03-25 03:55:15', 1859, '345318797@qq.com', 1, 'uitumxeimym6mruieceeagx4rtcloqc6'),
(1307, 1, '2020-03-25 04:36:45', 1860, '350524323@qq.com', 1, 'he9vmiaydeiz3i7u6yyi6qimfmmdaubp'),
(1308, 1, '2020-03-25 05:23:03', 1861, '370426386@qq.com', 1, 'eta62xtmieacm2uv5ml2o2omdu6ibw4b'),
(1309, 1, '2020-03-25 06:05:57', 1862, '361457916@qq.com', 1, '6qkmc4ynyus5qqebiqwyuu2a3uqijc9u'),
(1310, 1, '2020-03-25 06:59:13', 1863, '304464442@qq.com', 1, 'i0e6am2k6qfjfigsuny3qukm6ya7qaj6'),
(1311, 1, '2020-03-25 07:48:19', 1864, '3339534583@qq.com', 1, 'suqamya6i6nm9ueise6iki6qeixauaqi'),
(1312, 1, '2020-03-25 08:31:28', 1865, '3326457593@qq.com', 1, '6ui4mi7l5byemgu6vk62oy16mya9njei'),
(1313, 1, '2020-03-25 09:13:35', 1866, '379986452@qq.com', 1, 'u2aecuvqx2uoqyy6jc8sep33569plh1y'),
(1314, 1, '2020-03-25 09:54:58', 1867, '3579581086@qq.com', 1, 'uavhcgwapoe82ata2mmiiyhi66ataiue'),
(1315, 1, '2020-03-25 10:35:19', 1868, '308455650@qq.com', 1, '6amt7txs66qmzu8eu6uoyyeeumu92au1'),
(1316, 1, '2020-03-25 11:16:09', 1869, '31829874@qq.com', 1, 'a5ip22kiu21222rmeqgqq4vy6qacfem6'),
(1317, 1, '2020-03-25 11:59:38', 1870, '3059588048@qq.com', 1, '6qumemmy6um6au7uzous7yyce1q6am86'),
(1318, 1, '2020-03-25 12:46:14', 1871, '325146370@qq.com', 1, '12usiaquaeaeuq2a26y2zmq6ai6akaum'),
(1319, 1, '2020-03-25 13:31:30', 1872, '3254657189@qq.com', 1, 'uavi67a6igsuaounua6qintlm9adqiea'),
(1320, 1, '2020-03-25 13:47:14', 1873, 'jcobb7318@yahoo.com', 1, 'ri55d0aoqawicqha68sj66ietiaqgxwy'),
(1321, 1, '2020-03-25 14:22:40', 1874, '343411625@qq.com', 1, 'ie9py6t2p8eq7h02y9my2zmcueu7quue'),
(1322, 1, '2020-03-25 15:18:22', 1875, '3468441311@qq.com', 1, 'mi6q862q2j2aqriqywiu1qqqt6v6qt10'),
(1323, 1, '2020-03-25 16:14:18', 1876, '364915381@qq.com', 1, 'y8qw272h8eiyiem6sdesa6qmm2wi3j66'),
(1324, 1, '2020-03-25 16:16:02', 1877, 'space2dog@aol.com', 1, 'b1fmvcpq7je2u28qxuamq2u0y23ymyjn'),
(1325, 1, '2020-03-25 17:05:18', 1878, '3163451734@qq.com', 1, 'yhawfyw2u6s064a2mummyqi0fa0jmu8l'),
(1326, 1, '2020-03-25 21:19:59', 1879, 'chuckerboy@aol.com', 1, '2s62q2ygtquey6uimue2usf2yteyyezq'),
(1327, 1, '2020-03-25 20:51:03', 1880, 'cogguns_casper@yahoo.com', 1, 'leem6wd3peqqqmp6y6i2f61uyku0q2ue'),
(1328, 1, '2020-03-25 21:27:33', 1881, 'bostinq@yahoo.com', 1, 'uma5qsjmhmem2cphqmumgmiern22f7m2'),
(1329, 1, '2020-03-25 21:35:21', 1882, 'boakes66@yahoo.com', 1, 'miilpe0suaiqqb6iqua5q2qip2eiy9mf'),
(1330, 1, '2020-03-26 00:39:04', 1884, 'trayc1412@aol.com', 1, 'yhhti9im4i3qxauqt8qi4o9a7bi66eji'),
(1331, 1, '2020-03-26 05:38:32', 1885, 'nealtous@aol.com', 1, 'm72ayuqmwm2jnjifmmyxyjymviyh6e54'),
(1332, 1, '2020-03-26 09:59:39', 1886, 'shak.white@yahoo.com', 1, 'u6veblaizyae72e6ujmmcyohs6cu9bgy'),
(1333, 1, '2020-03-26 12:49:04', 1887, 'tkdboxcar@yahoo.com', 1, 'icqq7r6c2366meo2auaxupu3waqj4iqf'),
(1334, 1, '2020-03-26 16:12:13', 1889, 'mathisjohnnie@aol.com', 1, 'qyy1tobyiww2i7uq6aqiapii66ew277o'),
(1335, 1, '2020-03-26 19:58:16', 1890, 'james398us@yahoo.com', 1, '6desmk9y1aaler7julai4muniezbcuem'),
(1336, 1, '2020-03-26 20:24:51', 1892, 'macintoshgrant@aol.com', 1, 'paqmns4k3uyn6eia6nqhawz4kmq0ye3a'),
(1337, 1, '2020-03-26 23:48:13', 1893, 'rick0813@yahoo.com', 1, 'ae24ytumqcyiyzeuio46u2gygumsteaa'),
(1338, 1, '2020-03-27 00:47:08', 1894, 'eargueta94@aol.com', 1, 'lvpeejiadgq7jy62mz4s46e2n4uevl9u'),
(1339, 1, '2020-03-27 00:55:27', 1895, 'timilad_777@yahoo.com', 1, 'iyyc2mzeae2a5yy5qicufqmquq1z1zep'),
(1340, 1, '2020-03-27 10:06:42', 1897, 'suditun@163.com', 1, 'ma2i6eba47ait1pey6s2ebis976qma0x'),
(1341, 1, '2020-03-27 11:09:19', 1898, 'ashshook@yahoo.com', 1, 'jqp7rytiwhmce6u6uwby4qq2m2qm61ue'),
(1342, 1, '2020-03-27 19:10:53', 1899, 'alan.jimenez@yahoo.com', 1, 'mva5y3k2ueuye2yyqmimi1qaam12jx26'),
(1343, 1, '2020-03-27 12:19:56', 1900, 'kikileek@yahoo.com', 1, '76miay8zueumrx22mmiuu2qmeiciuaeh'),
(1344, 1, '2020-03-27 12:38:17', 1902, 'rlowe82@aol.com', 1, 'd2ni12uuwu0m0i0n6g22cykeeieqm98l'),
(1345, 1, '2020-03-27 13:54:44', 1903, 'andrea.palermo@verizon.net', 1, '9e2qyoi2m20qx245eh9um7uu6x05dym6'),
(1346, 1, '2020-03-27 15:26:58', 1904, 'jnm1125@aol.com', 1, '2iyaedeuiyy6z1f965w8yv412awmqqpc'),
(1347, 1, '2020-03-27 16:07:57', 1905, 'kbfiredup08@yahoo.com', 1, '2pv6mq4bqe2yz2yiuqmye6yhi2jumaiu'),
(1348, 1, '2020-03-27 17:43:06', 1906, 'gi.joeson@yahoo.com', 1, 'vu66225x6txtsu66pyuma0quv3tt6mw6'),
(1349, 1, '2020-03-27 17:50:07', 1907, 'queenc45@yahoo.com', 1, 'te2qgm656d2i7uuviifcy6u2qaa9h6m6'),
(1350, 1, '2020-03-27 18:41:02', 1908, 'johanesto@yahoo.com', 1, 'y65y6i3w9ayu2qw261v36tee6nr6my2g'),
(1351, 1, '2020-03-27 22:01:45', 1910, 'hjbplx@yeah.net', 1, 'ieomy5q02a3upezuz6gu2d8wyauly2qe'),
(1352, 1, '2020-03-27 23:13:17', 1911, 'wendyswing@yahoo.com', 1, 'aty2iaqraegjaliyvhri7x24dk6gyayq'),
(1353, 1, '2020-03-28 04:18:22', 1912, 'creedsgal@aol.com', 1, 'm2bu226giwbi0keac2x0mkua6f7iyyya'),
(1354, 1, '2020-03-28 07:30:25', 1914, 'sadiqmerchant@yahoo.com', 1, 'ku82lxin279lahtipa5q2i6y6aea66q2'),
(1355, 1, '2020-03-28 10:09:33', 1915, 'sly.ellis@yahoo.com', 1, 'xyuzji1eku6quiely6mi7yaydfccn1d6'),
(1356, 1, '2020-03-28 10:48:52', 1916, 'ggstolinski@yahoo.ca', 1, 'om9q6e2x2a8cmieqsyqmm2eukeiabya3'),
(1357, 1, '2020-03-28 10:56:26', 1917, 'randolph.donaugh@yahoo.com', 1, 'qdeeyiqusx2ak2iy8ukylkteiqdundpq'),
(1358, 1, '2020-03-30 01:50:46', 1920, 'livespeaker@aol.com', 1, 'mi6aymwwj6gm2imiyiu1yaau9i1uxeau'),
(1359, 1, '2020-03-30 06:46:04', 1921, 'dllnxfk@163.com', 1, 'k6uua3i6nfqu6lqygib6viqimqueyqmu'),
(1360, 1, '2020-03-30 07:45:19', 1922, '549381790@qq.com', 1, 'yexaiwa662zl6a5w6wp62em93mswei5a'),
(1361, 1, '2020-03-30 08:38:13', 1924, '641043613@qq.com', 1, 'euruui2pcugm7moyy6vdaqorenmed39e'),
(1362, 1, '2020-03-30 09:27:55', 1925, 'wxms_fy@126.com', 1, 'qha6emae6me2ik2uqaafgoow1mroyy9o'),
(1363, 1, '2020-03-30 10:15:05', 1926, 'whfuyou@163.com', 1, '02qs6i7am8eq66iwey06x4bf4kecqqya'),
(1364, 1, '2020-03-30 11:02:14', 1927, 'zhanyan@szxfcy.cn', 1, 'izmavase2rmaqu79mhe7ai79smcs6q6g'),
(1365, 1, '2020-03-30 11:47:59', 1928, '530049881@qq.com', 1, 'yqpm2ama4yum6cjqi6ia5yrazuuah42t'),
(1366, 1, '2020-03-30 12:40:07', 1930, '345063007@qq.com', 1, 'y6q9myeeh2i6qmcewi2uybymmu6i4093'),
(1367, 1, '2020-03-30 13:32:10', 1931, 'gdxjxny@600795.com.cn', 1, 'mvu36cqy6yard2iaya2mewqaq9mi938m'),
(1368, 1, '2020-03-30 14:27:18', 1932, '15244370092@163.com', 1, 'mat6eiu6ehl97namz2sbieey6asavyi5'),
(1369, 1, '2020-03-30 15:25:12', 1933, 'xia.liu@sippr-tj.com', 1, 'qmj6v3iyrum6wiu7cii6ua226ameoyzt'),
(1370, 1, '2020-03-30 16:27:27', 1934, '1319986669@qq.com', 1, 'kadu0z6ynqut6k2224ueiyi6evejoqrt'),
(1371, 1, '2020-03-30 17:20:28', 1935, '15014720572@qq.com', 1, 'q2b21umax2ua6umuu2oa6ma1wy1xea6v'),
(1372, 1, '2020-03-30 18:07:58', 1936, '760071091@qq.com', 1, 'm82u81iya63u6qsth182y2ohwqqc2xwa'),
(1373, 1, '2020-03-30 18:53:14', 1937, '13814037886@139.com', 1, 'mnqa66sm0rg6zqcbcla2q6z9b2mec602'),
(1374, 1, '2020-03-30 19:34:47', 1938, 'yjchenning@126.com', 1, 'p5k8qemz5kuhwies2me66aywm2ai2a5s'),
(1375, 1, '2020-03-30 20:15:17', 1939, '13851755903@139.com', 1, 'lqxb6c6eyv8j6y86aamxux66vpq6eg6j'),
(1376, 1, '2020-03-30 20:56:27', 1940, 'bjyylkj@126.com', 1, 'iddqmuteuymdvair1zgmieiaqtu6eleu'),
(1377, 1, '2020-03-30 21:36:38', 1941, '1286989@qq.com', 1, 'iyybcapeh2dgnuu6m3agqo6ywaxa9axi'),
(1378, 1, '2020-03-30 22:17:19', 1942, '308407496@qq.com', 1, 'oea2tlqaume0qig2q24ij6aemfqm2qxr'),
(1379, 1, '2020-03-30 22:59:07', 1943, '904556671@qq.com', 1, 'ak7uu2iq3622a6oz5uaex17ag2ui0aay'),
(1380, 1, '2020-03-30 23:40:12', 1944, '438180761@qq.com', 1, 'vymqi2weocteq2qklapye7qsqqaebd2k'),
(1381, 1, '2020-03-31 00:24:08', 1946, '652796191@qq.com', 1, 'eamy6ag9emimyyrwmsy6yj2ih92amhme'),
(1382, 1, '2020-03-31 01:06:30', 1947, '841895593@qq.com', 1, 'ai1qog6kv7iuimuh6oaiy6alma6yt6ai'),
(1383, 1, '2020-03-31 01:50:30', 1948, '297937222@qq.com', 1, 'pyfev97j0bat922p6xer6uvqa0umyq6u'),
(1384, 1, '2020-03-31 02:34:58', 1949, '289349655@qq.com', 1, 'vy2ip3362iiv1qfio62inai6e6uleqwu'),
(1385, 1, '2020-03-31 03:18:11', 1950, '15878556060@163.com', 1, 'lf6o6iuqimm3eaiypif9mmfx5mqy62a0'),
(1386, 1, '2020-03-31 04:02:34', 1951, 'kai1982222@126.com', 1, 'zy6a6oyuuly9eqcgpbama0y4pyixj3iu'),
(1387, 1, '2020-03-31 04:51:12', 1952, '18339529333@qq.com', 1, 'fufiiacqzu2q2y6e36fu261qaujwxqb2'),
(1388, 1, '2020-03-31 05:38:56', 1953, '18976055691@189.com', 1, 'qjqifmy4ia9ep6i06qfqyraaijummyiq'),
(1389, 1, '2020-03-31 06:26:04', 1954, '740448829@qq.com', 1, 'xkcizidvam126u2q4ema9qaaw9iiixjy'),
(1390, 1, '2020-03-31 07:13:34', 1955, '13205460444@163.com', 1, 'ewetyje2kmmt9a66ved44y5bfeqmmain'),
(1391, 1, '2020-03-31 08:03:50', 1956, '224545@qq.com', 1, 'qpy5u82ymmmrqioh2yeeyren6fjmu466'),
(1392, 1, '2020-03-31 08:51:50', 1958, 'lqg200162@163.com', 1, '11qqlqmu68qakue2qm0ugny6bymmbh77'),
(1393, 1, '2020-03-31 09:38:17', 1959, '345164687@qq.com', 1, '3kchi2em2mym2rkaqf56f6eiys6bma03'),
(1394, 1, '2020-03-31 10:23:23', 1960, '472337279@QQ.COM', 1, 'ecqu6qaaayg2iqaw2enq6jy510wy26m0'),
(1395, 1, '2020-03-31 11:07:30', 1961, 'liuhaihui@thit.com.cn', 1, 'uayyaduiiq66yjauuwm2oze6yyyweqyu'),
(1396, 1, '2020-03-31 11:51:58', 1962, '321170718@qq.com', 1, 'b6q4ymumu3y2irgxynimwgpauicqbfzv'),
(1397, 1, '2020-03-31 12:41:00', 1963, '718005225@qq.com', 1, 'aor1flsa46aimqi20iaqavy7l6y6ueea'),
(1398, 1, '2020-03-31 13:32:26', 1964, 'chenhongjv72@163.com', 1, 'q2acq0aiyyyuaaqmvefjgq6ilndr692w'),
(1399, 1, '2020-03-31 14:28:37', 1965, '1097729240@qq.com', 1, '6hfagr6fqeueobyeqmaoaayqoi5iamia'),
(1400, 1, '2020-03-31 15:34:03', 1966, 'jxsncbgs@163.com', 1, 'zlaie0imaw8u6mfqfc3mq4aq82myuy6y'),
(1401, 1, '2020-03-31 16:32:49', 1967, 'drjj6698@163.com', 1, '6cq232qy2u6qarqm71u6tirmy9qqu4ic'),
(1402, 1, '2020-03-31 17:23:30', 1968, '18920376111@163.com', 1, 'v6qjmquyyea6ag6ili6iqergycyy8eqq'),
(1403, 1, '2020-03-31 18:10:00', 1969, '18917866333@163.com', 1, 'g66iyeymhc9i6dekduqameeyqepuct6m'),
(1404, 1, '2020-03-31 18:52:45', 1970, '529459978@qq.com', 1, 'fy29i7ti4abi2ylu0gev2m033m2ueimd'),
(1405, 1, '2020-03-31 19:35:14', 1971, 'shouchenjie@yashi.sina.net', 1, 'a5wujsman6i0buauyyacy056ymrm1isl'),
(1406, 1, '2020-03-31 20:16:59', 1972, 'zhangqin6510@126.com', 1, '4i6qmqyrr2j26aqf2m6qsyih6paayhxi'),
(1407, 1, '2020-03-31 20:56:22', 1973, '1593988@qq.com', 1, 'u2hyai16ypsiif2mypiiaehmqfdsf3ni'),
(1408, 1, '2020-03-31 21:36:45', 1974, '42246065@qq.com', 1, '438umabuij5aba26006mzezmauyygqfq'),
(1409, 1, '2020-03-31 22:18:46', 1975, '422053796@qq.com', 1, 'mb2alyat9li22g6b92p6heeud65ue6di'),
(1410, 1, '2020-03-31 23:00:24', 1976, '18208039123@qq.com', 1, '6y3pm2iefyiqlu6dhlum2we0ei4ie31q'),
(1411, 1, '2020-03-31 23:45:11', 1977, '47419310@qq.com', 1, 'mww66q7vh6myyy626265q6iuq8ddk6mt'),
(1412, 1, '2020-04-01 00:29:27', 1978, '2223548872@qq.com', 1, 'u9268y9ocjmo2pjdsea6imipqii6y3qs'),
(1413, 1, '2020-04-01 01:13:01', 1979, 'deangongju@163.com', 1, 'qkyu0r2ig8736iuyvy1eatqa1hdivi8y'),
(1414, 1, '2020-04-01 01:57:09', 1980, 'HRM@gthinking.com', 1, '87aek2iayym32u49e6mqibt14y216mg2'),
(1415, 1, '2020-04-01 02:44:44', 1981, '18637638371@qq.com', 1, '1qmuu27mggwiy12kq42k46muei0q9m6y'),
(1416, 1, '2020-04-01 03:29:13', 1982, '114630097@qq.com', 1, 'fhas23l21uyeqmyrtaeoyhiaq2ymmpiy'),
(1417, 1, '2020-04-01 04:13:25', 1983, 'xunhong163@163.com', 1, 'ojqwv4b29kyulk9qw1u9eiymqsqiay5m'),
(1418, 1, '2020-04-01 05:53:45', 1984, '511154674@qq.com', 1, '6alylutsi2mei7rxuyakqe60gk5uusll'),
(1419, 1, '2020-04-01 06:43:47', 1985, '410660934@qq.com', 1, '2wyqadbdyim7uybuv4uyly4yq9eypqz5'),
(1420, 1, '2020-04-01 07:35:47', 1986, 'qxckxh@163.com', 1, 'yiojaiqq6nkq2hey6lg6xvegq8q2ua6m'),
(1421, 1, '2020-04-01 08:27:06', 1987, '159468325@qq.com', 1, 'i02ama47q22at6m2ecam6iiq5aam0q4q'),
(1422, 1, '2020-04-01 09:18:10', 1988, '422392118@qq.com', 1, 'jqp4airepwive4dmi4im6wca72a6ku4m'),
(1423, 1, '2020-04-01 10:05:18', 1989, 'chaixp@rifa.com', 1, 'hqidqumqa1afy6a44aysrqs6p22em62z'),
(1424, 1, '2020-04-01 10:52:36', 1990, '510042541@qq.com', 1, 'uymmysyytqn2d5ve2ern4a27iub6oyuq'),
(1425, 1, '2020-04-01 11:40:17', 1991, '13398988117@126.com', 1, 'dafmuffmquumfy2q9a2nm2m6emyatm56'),
(1426, 1, '2020-04-01 12:29:35', 1992, 'wxl8776@126.com', 1, '8ubfi20vu2i2pfi6s3huaiau1yixuun9'),
(1427, 1, '2020-04-01 13:22:00', 1993, '775085248@qq.com', 1, 'meqeyifckmao0qtq2qa98d6zqy6slami'),
(1428, 1, '2020-04-01 14:23:10', 1994, '83075475@qq.com', 1, '9aeauu6j6icqq22y3mmix2iqm8qneytt'),
(1429, 1, '2020-04-01 15:24:50', 1995, '13879805166@139.com', 1, '6aq2iaf4526eyasayisampcjeti3xkk7'),
(1430, 1, '2020-04-01 16:26:58', 1996, 'dengqian5@lenovo.com', 1, '2ic6i2ysuuqexmymymiqvm60e1ozqgne'),
(1431, 1, '2020-04-01 17:24:47', 1997, '1069501205@qq.com', 1, 'a4vga6lu222g2uwkqmvhy6m2db52dx12'),
(1432, 1, '2020-04-01 18:12:49', 1998, '121510861@qq.com', 1, 'yy2ie66pa0i9sij2q2fi259a8q0z6yxe'),
(1433, 1, '2020-04-01 18:57:24', 1999, '394975037@qq.com', 1, 'e9iii4d26aulsf460cz3yd2gbjiizxyc'),
(1434, 1, '2020-04-01 19:39:04', 2000, '578607388@qq.com', 1, 'ex4mfo6rmaz2ee2uyxu6irmxt2x36uix'),
(1435, 1, '2020-04-01 20:19:46', 2001, '344761492@qq.com', 1, '8b4gqxu5c1yq22gjj5e2zasi3m2yosaq'),
(1436, 1, '2020-04-01 21:00:34', 2003, '312899169@qq.com', 1, 'l22v692qe2kiee6v6key2xi2mps2ewyi'),
(1437, 1, '2020-04-01 21:41:41', 2004, 'gaoyu_sy@gainfullcapital.com', 1, '42dy0miqbeeqifamug6yex6mmai2aioy'),
(1438, 1, '2020-04-01 22:22:21', 2005, '517120268@qq.com', 1, 'qm6i1mqycuimqauav66au2m5uaxg9d07'),
(1439, 1, '2020-04-01 23:03:16', 2006, '6859566556@qq.com', 1, 'y26udbdi4z9uq6mu6il3yieqvaq51zz8'),
(1440, 1, '2020-04-01 23:46:37', 2008, 'guihua.wu@valeo.com', 1, 'y2pkccif1y7xemm9rfgmy6wkteey9p2m'),
(1441, 1, '2020-04-02 00:31:09', 2009, '1535251144@qq.com', 1, '22s6iquaqv0yyakmu2uyqaxy6i6nqys5'),
(1442, 1, '2020-04-02 01:15:31', 2010, 'jie_ma315@126.com', 1, 'y66a8j33muu292yaestdmmanjuemaf9m'),
(1443, 1, '2020-04-02 02:00:14', 2011, 'limtion@163.com', 1, 'x3rq2qynq2ifala9i26fhmi2ymo6biy1'),
(1444, 1, '2020-04-02 02:44:42', 2012, 'hanjun18@chinaunicom.cn', 1, '2v2auje2yfzqduey6au2i262i6ykxjuq'),
(1445, 1, '2020-04-02 03:29:30', 2013, 'chloebao88228@xindongying.com', 1, '9bh6f0kh3uyqp6y6jym2amciee664nok'),
(1446, 1, '2020-04-02 04:17:31', 2014, '329535757@qq.com', 1, 'j0qqedlq4fg2smy272ebimquta66qq5u'),
(1447, 1, '2020-04-02 05:05:54', 2015, '1203905151@qq.com', 1, 'r5mix4yae6e61hyaeiuqii1u6m58am6z'),
(1448, 1, '2020-04-02 05:56:47', 2016, '34080232@qq.com', 1, 'rky5e2kmeq1fim622yaiyhvaq6e8tim3'),
(1449, 1, '2020-04-02 06:46:41', 2017, '1020207911@qq.com', 1, '23eqguyn2q6q17mem6n30cea622my22e'),
(1450, 1, '2020-04-02 07:42:02', 2018, '18908364545@qq.com', 1, 'a82w75ao8dyq8ebuebgea3mjzizy6ozm'),
(1451, 1, '2020-04-02 08:31:03', 2019, '47509910@qq.com', 1, 'mquema6o4mtbuaw2az63qzqa62fsywlu'),
(1452, 1, '2020-04-02 09:21:26', 2021, 'buxianhui@163.com', 1, 'i6e6rwmxad4626i8yy9cyumyi99hb2mq'),
(1453, 1, '2020-04-02 10:08:20', 2022, 'xzjkrdyf@163.com', 1, 'mqu2zeceysuqyb6enhq4wb2ym66v6ja2'),
(1454, 1, '2020-04-02 10:55:12', 2023, 'ccb@baoxuewang.com', 1, 'ymy8iost6luv223keeu2e666996emw6i'),
(1455, 1, '2020-04-02 11:40:23', 2024, '1059577502@qq.com', 1, 'yreu6ayeyaeiwk4uueiu6pmmbhq3637u'),
(1456, 1, '2020-04-02 12:30:51', 2025, '1043794820@qq.com', 1, '2d2922hya622utf6qs7m6qcyuuyriiq6'),
(1457, 1, '2020-04-02 13:24:26', 2027, 'yhd123@126.com', 1, 'aeaab66wuqe2a6m6eyykhmasjtmyuvqj'),
(1458, 1, '2020-04-02 14:21:35', 2028, 'INFO@CONVEXDESIGN.GR', 1, 'rjqmfq422v9a6m21gm8u63yx3mq8raie'),
(1459, 1, '2020-04-02 15:23:24', 2029, '108101516@qq.com', 1, 'i18q5syu5yhwu6uiyq8uf12a9uq26mqa'),
(1460, 1, '2020-04-02 16:24:25', 2030, '15043674999@qq.com', 1, '627e3ah29vq2amarguawaua61e6puevu'),
(1461, 1, '2020-04-02 17:18:27', 2032, '384121686@qq.com', 1, '2wuq82qt2mdyje2lrm2e2em2l9a8quq2'),
(1462, 1, '2020-04-02 18:06:33', 2033, '274473446@qq.com', 1, 'y65uxmx9olzgomgii6ehl6u6aypgem62'),
(1463, 1, '2020-04-02 18:53:29', 2034, '526205716@qq.com', 1, '6ixq6uiqa8azz8166u2amieqpmq4m686'),
(1464, 1, '2020-04-02 19:35:56', 2035, 'jian.zhang@cnyouli.cn', 1, 'euqyma4ru4e62w2feauuy72quewaigae'),
(1465, 1, '2020-04-02 20:18:29', 2036, '16486791@qq.com', 1, '6hm86ai62iei6uu6wd594kn26uz1mlu6'),
(1466, 1, '2020-04-02 20:58:16', 2037, '2916717886@qq.com', 1, 'rmu9qauuia2adaux676f5r6xhm4kamy6'),
(1467, 1, '2020-04-02 21:39:14', 2038, '106283237@qq.com', 1, 'kxjtao6mmjeaeai8i2miqeumydzsueea'),
(1468, 1, '2020-04-02 22:20:50', 2039, '1275379141@qq.com', 1, 'mm6xf86nk2z0een7by54g06xuq2u6uhu'),
(1469, 1, '2020-04-02 23:03:04', 2040, 'huayianfang@163.com', 1, 'qw5e72udquim60xhilk6ianmueoi669y'),
(1470, 1, '2020-04-02 23:46:41', 2042, '527166000@qq.com', 1, 'iay2o22sqhyuimvu6qqihemiqabe5ae6'),
(1471, 1, '2020-04-03 00:30:17', 2043, 'android.me@foxmail.com', 1, 'p3osmlx4a39qmur04ujm4qa60q2b2siy'),
(1472, 1, '2020-04-03 01:16:57', 2044, '232134323@qq.com', 1, 'hayyjy16uumq27y1eeqg0wq2wqim2qea'),
(1473, 1, '2020-04-03 02:00:38', 2045, 'buniadi@kligroups.com', 1, 'mjg96q5qtyipaqc21qauimu826al8bxs'),
(1474, 1, '2020-04-03 02:46:26', 2046, '465338341@qq.com', 1, 'qscae4map2mir6mue7mkki6ewee2mlrc'),
(1475, 1, '2020-04-03 03:30:24', 2047, '2907473734@QQ.COM', 1, 'eytnew2bjya66m2fuqe7tymeenay266i'),
(1476, 1, '2020-04-03 04:14:30', 2048, '48105699@qq.com', 1, 'yyau62umyiyuaqpfxmu2wu7ac762semx'),
(1477, 1, '2020-04-03 05:01:17', 2049, 'sxtjam@163.com', 1, 'uyyeaawdryg6x7yuu2oqfmmoyy912baa'),
(1478, 1, '2020-04-03 05:48:32', 2050, '465940856@qq.com', 1, 'p2u2e1dp032ikmgoldluo2f8ceo0al7o'),
(1479, 1, '2020-04-03 06:35:54', 2051, 'mjwh1103@126.com', 1, 'q5yiaizdpmw22nk5neeq21q02um1rexa'),
(1480, 1, '2020-04-03 07:22:20', 2052, 'longhao6669999@126.com', 1, '6oec2ec2qvfb23y2e0imup0mmmhus2y2'),
(1481, 1, '2020-04-03 08:39:53', 2053, '305122899@qq.com', 1, 'tixmmykadxei6bmuvqui8mya6mq2lk2h'),
(1482, 1, '2020-04-03 09:25:42', 2054, '313784173@qq.com', 1, 'mubomgm8eqwqaaeieeesieiy66ye6epm'),
(1483, 1, '2020-04-03 10:09:58', 2055, '373585792@qq.com', 1, 'suw64qey22z7uxm59aeakmm2h6rmjio8'),
(1484, 1, '2020-04-03 10:56:34', 2056, '316262189@qq.com', 1, 'ys6zyximmaruuu90iyua42deceip5ei6'),
(1485, 1, '2020-04-03 11:39:08', 2057, '350149343@qq.com', 1, 'he6y2qeou6r6at6qyefq6uyacom26m3i'),
(1486, 1, '2020-04-03 12:27:28', 2058, '375088325@qq.com', 1, '2wjrc73man7dgzw5z6mqsiu26xmu6rmm'),
(1487, 1, '2020-04-03 13:21:24', 2059, '360194951@qq.com', 1, 'qmaxmwql2mva4cue50ev8ay2r72mauya'),
(1488, 1, '2020-04-03 14:17:10', 2060, '365413058@qq.com', 1, 'uoyqhayqmvgsevsmq27yeuhu52oybqua'),
(1489, 1, '2020-04-03 15:19:59', 2061, '385666301@qq.com', 1, 'aae2qhqddqif2qn2myiam1y36e2fql3p'),
(1490, 1, '2020-04-03 16:25:05', 2062, '394427830@qq.com', 1, '2umsleaqvtg86v3mfm6c6sntxiiia9ku'),
(1491, 1, '2020-04-03 17:26:16', 2063, '312165363@qq.com', 1, 'icqeuuggxoxkda66gidgrruexwq9iem2'),
(1492, 1, '2020-04-03 18:11:17', 2064, 'w0i9p9@yeah.net', 1, 'naueyqsf3t6xt0uamiyeai2ceuutqumy'),
(1493, 1, '2020-04-03 18:15:47', 2065, '308546544@qq.com', 1, 'ee6yaeouquyi622iumaq2eiy4qia6eme'),
(1494, 1, '2020-04-03 19:01:04', 2066, '3286447@qq.com', 1, 'xauam6usa2aqf1ia8qef6iyjqyiz12eu'),
(1495, 1, '2020-04-03 19:43:20', 2067, '36850868@qq.com', 1, 'eri24smu58q6euc3qc6uy2eiquatu99h'),
(1496, 1, '2020-04-03 20:24:46', 2068, '312724598@qq.com', 1, '3ddpxmnycqapme2y6eyp8iuuyuqi4y0l'),
(1497, 1, '2020-04-03 21:06:54', 2070, '348245803@qq.com', 1, 'qa6u29oa5oke1e79q2uiqhzquqi6m5mr'),
(1498, 1, '2020-04-03 21:46:29', 2071, '308316195@qq.com', 1, 'u2m2nl0qryeu7ej6e6d6ieji3cad20ua'),
(1499, 1, '2020-04-03 22:27:54', 2072, '448313299@qq.com', 1, '66ivyquqa9e07fyalaywq1glq2ea4avq'),
(1500, 1, '2020-04-03 23:10:02', 2073, '493374134@qq.com', 1, 'lpqvvqlaammqgq2ymrm6qmaui12am95y'),
(1501, 1, '2020-04-03 23:55:04', 2074, '425250191@qq.com', 1, 'tyimvypwjukm4eaqahyq2uusnm2aismh'),
(1502, 1, '2020-04-04 00:44:40', 2075, '403738516@qq.com', 1, '5be2aqb4puemuvyiquaaudq2qrauxhe2'),
(1503, 1, '2020-04-04 01:30:20', 2076, '403698111@qq.com', 1, 'ey2zu1y2a56yqaqq122fq1c6ym32dqa6'),
(1504, 1, '2020-04-04 02:18:39', 2077, '408919074@qq.com', 1, 'ay0rq6i1mqqm2q7sqe2euuxa22auy3gk'),
(1505, 1, '2020-04-04 03:11:27', 2078, '418551708@qq.com', 1, 'uesaqhzusiula6mfwp666mvmlbd2q62i'),
(1506, 1, '2020-04-04 04:07:05', 2079, '419331553@qq.com', 1, '6q22qquyqw0wauy42m2hu2e2ytaudsez'),
(1507, 1, '2020-04-04 05:02:46', 2080, '469390399@qq.com', 1, '665fw2ye0fzyezemby4q6vae6az69uiz'),
(1508, 1, '2020-04-04 06:05:20', 2081, '419344621@qq.com', 1, '2i2lauyiaqyymzuoiemuetyegmwb7ale');

-- --------------------------------------------------------

--
